-- Table structure for table `budget_money_return`
--

CREATE TABLE `budget_money_return` (
  `id` int(11) NOT NULL AUTO_INCREMENT,
  `budget_year` int(11) DEFAULT NULL,
  `document` varchar(30) NOT NULL DEFAULT '',
  `item` varchar(100) NOT NULL DEFAULT '',
  `pj_activity` varchar(20) NOT NULL DEFAULT '',
  `money` double NOT NULL DEFAULT 0,
  `pay_type` varchar(10) NOT NULL,
  `p_request` varchar(13) NOT NULL DEFAULT '',
  `officer` varchar(13) NOT NULL DEFAULT '',
  `rec_date` date NOT NULL,
  PRIMARY KEY (`id`)
) ENGINE=MyISAM AUTO_INCREMENT=4 DEFAULT CHARSET=utf8 COLLATE=utf8_general_ci;

--
-- Dumping data for table `budget_money_return`
--

INSERT INTO `budget_money_return` VALUES (2,2566,'บช 314-0-02577-7','ค่าไฟฟ้าเดือน มีนาคม 66','017002',18021.2,'204','นางสุภาณี  สิ','3341501458746','2023-08-07');

--
-- Table structure for table `budget_pay_type`
--

CREATE TABLE `budget_pay_type` (
  `id` int(11) NOT NULL AUTO_INCREMENT,
  `pay_type_id` int(11) NOT NULL,
  `pay_group_id` tinyint(4) NOT NULL,
  `pay_type_name` varchar(30) NOT NULL,
  PRIMARY KEY (`id`),
  UNIQUE KEY `pay_type_id` (`pay_type_id`)
) ENGINE=MyISAM AUTO_INCREMENT=16 DEFAULT CHARSET=utf8 COLLATE=utf8_general_ci;

--
-- Dumping data for table `budget_pay_type`
--

INSERT INTO `budget_pay_type` VALUES (1,101,1,'เงินเดือน'),(15,102,1,'ค่าจ้างประจำ'),(3,103,1,'ค่าจ้างชั่วคราว'),(4,104,1,'ค่าตอบแทนพนักงานราชการ'),(5,201,2,'ค่าตอบแทน'),(6,202,2,'ค่าใช้สอย'),(7,203,2,'ค่าวัสดุ'),(8,204,2,'ค่าสาธารณูปโภค'),(9,301,3,'ค่าครุภัณฑ์'),(10,302,3,'ค่าที่ดินและสิ่งก่อสร้าง');

--
-- Table structure for table `budget_permission`
--

CREATE TABLE `budget_permission` (
  `id` int(11) NOT NULL AUTO_INCREMENT,
  `person_id` varchar(13) NOT NULL,
  `p1` tinyint(4) NOT NULL,
  `p2` tinyint(4) NOT NULL,
  `p3` tinyint(4) NOT NULL,
  `p4` tinyint(4) NOT NULL,
  `officer` varchar(13) NOT NULL,
  `rec_date` date NOT NULL,
  PRIMARY KEY (`id`)
) ENGINE=MyISAM AUTO_INCREMENT=6 DEFAULT CHARSET=utf8 COLLATE=utf8_general_ci;

--
-- Dumping data for table `budget_permission`
--

INSERT INTO `budget_permission` VALUES (5,'3349900333979',1,1,1,1,'5341500080894','2022-10-23'),(2,'3341501458746',1,1,1,1,'3341500489761','2020-10-18'),(3,'3341500457894',1,1,1,1,'3341500489761','2020-10-18');

--
-- Table structure for table `budget_project`
--

CREATE TABLE `budget_project` (
  `id` int(11) NOT NULL AUTO_INCREMENT,
  `budget_year` int(11) NOT NULL,
  `code` varchar(16) NOT NULL DEFAULT '',
  `name` varchar(80) NOT NULL DEFAULT '',
  PRIMARY KEY (`id`)
) ENGINE=MyISAM DEFAULT CHARSET=utf8 COLLATE=utf8_general_ci;

--
-- Dumping data for table `budget_project`
--


--
-- Table structure for table `budget_receive`
--

CREATE TABLE `budget_receive` (
  `id` int(11) NOT NULL AUTO_INCREMENT,
  `budget_year` int(11) NOT NULL,
  `num` float NOT NULL DEFAULT 0,
  `book_number` varchar(30) NOT NULL DEFAULT '',
  `out_date` varchar(50) NOT NULL DEFAULT '',
  `book_ref` varchar(30) NOT NULL DEFAULT '',
  `plan` char(1) NOT NULL DEFAULT '',
  `project` varchar(16) NOT NULL DEFAULT '',
  `activity` varchar(50) NOT NULL DEFAULT '',
  `activity2` varchar(200) NOT NULL DEFAULT '',
  `m_source` varchar(7) NOT NULL DEFAULT '',
  `account` varchar(30) NOT NULL DEFAULT '',
  `m_pay` char(3) NOT NULL DEFAULT '',
  `item` varchar(250) NOT NULL DEFAULT '',
  `detail` varchar(250) NOT NULL DEFAULT '',
  `money` double NOT NULL DEFAULT 0,
  `rec_date` date DEFAULT NULL,
  `officer` varchar(13) NOT NULL DEFAULT '',
  PRIMARY KEY (`id`),
  UNIQUE KEY `num` (`num`)
) ENGINE=MyISAM DEFAULT CHARSET=utf8 COLLATE=utf8_general_ci;

--
-- Dumping data for table `budget_receive`
--


--
-- Table structure for table `budget_type`
--

CREATE TABLE `budget_type` (
  `id` int(11) NOT NULL AUTO_INCREMENT,
  `type_id` int(11) NOT NULL,
  `category_id` int(11) NOT NULL,
  `type_name` varchar(70) NOT NULL,
  PRIMARY KEY (`id`),
  UNIQUE KEY `type_id` (`type_id`)
) ENGINE=MyISAM AUTO_INCREMENT=53 DEFAULT CHARSET=utf8 COLLATE=utf8_general_ci;

--
-- Dumping data for table `budget_type`
--

INSERT INTO `budget_type` VALUES (1,101,1,'เงินรายได้สถานศึกษา'),(33,102,1,'เงินภาษีหัก ณ ที่จ่าย'),(7,103,1,'เงินประกันสัญญา'),(8,104,1,'เงินอุดหนุนทั่วไป(ค่าใช้จ่ายรายหัวก่อนประถมศึกษา)'),(49,115,1,'เงิน กสศ.'),(38,304,3,'ดอกเบี้ยอาหารกลางวัน'),(14,301,3,'ค่าขายของเบ็ดเตล็ด'),(36,302,3,'ดอกเบี้ยเงินอุดหนุน'),(37,303,3,'เงินเหลือจ่ายปีเก่าส่งคืน'),(29,105,1,'เงินอุดหนุนทั่วไป(ค่าใช้จ่ายรายหัวประถมศึกษา)'),(23,107,1,'เงินอุดหนุนทั่วไป(ปัจจัยพื้นฐานนักเรียนยากจนประถมศึกษา)'),(24,108,1,'เงินอุดหนุนทั่วไป(ปัจจัยพื้นฐานนักเรียนยากจนมัธยมต้น)'),(25,111,1,'เรียนฟรี15ปี(ค่าหนังสือเรียน)'),(26,109,1,'เรียนฟรี15ปี(ค่าอุปกรณ์การเรียน)'),(27,110,1,'เรียนฟรี15ปี(ค่าเครื่องแบบนักเรียน)'),(28,113,1,'เรียนฟรี15ปี(ค่ากิจกรรมพัฒนาผู้เรียน)'),(30,106,1,'เงินอุดหนุนทั่วไป(ค่าใช้จ่ายรายหัวมัธยมศึกษาตอนต้น)'),(35,112,1,'เงินอาหารกลางวัน'),(48,114,1,'เงินอุดหนุนที่ได้รับจากอบต./เทศบาล'),(50,116,1,'กองทุนพัฒนาอัจฉริยภาพ ทางนาฎดนตรีและกีฬาโรงเรียนบ้านคูเมือง(อ่อนอนุเคร'),(52,117,1,'เงินอุดหนุนพื้นที่นวัตกรรม');

--
-- Table structure for table `budget_withdraw`
--

CREATE TABLE `budget_withdraw` (
  `id` int(11) NOT NULL AUTO_INCREMENT,
  `budget_year` int(11) DEFAULT NULL,
  `document` varchar(30) NOT NULL DEFAULT '',
  `item` varchar(100) NOT NULL DEFAULT '',
  `pj_activity` varchar(20) NOT NULL DEFAULT '',
  `money` double NOT NULL DEFAULT 0,
  `money_type` varchar(3) NOT NULL,
  `pay_type` varchar(10) NOT NULL,
  `p_request` varchar(50) NOT NULL,
  `status` tinyint(4) DEFAULT 0,
  `officer` varchar(13) NOT NULL DEFAULT '',
  `rec_date` date NOT NULL,
  `borrowed_rec_date` date NOT NULL,
  `withdraw_rec_date` date NOT NULL,
  PRIMARY KEY (`id`)
) ENGINE=MyISAM AUTO_INCREMENT=956 DEFAULT CHARSET=utf8 COLLATE=utf8_general_ci;

--
-- Dumping data for table `budget_withdraw`
--

INSERT INTO `budget_withdraw` VALUES (297,2564,'สัญญายืมเงินเลขที่ 24/64','ยืมเงินเพื่อใช้ในกิจกรรมแรลลี่วิชาการ','001008',6000,'105','202','นางนัยรัตน์  สิงห์คง',1,'3341501682930','2021-03-11','2021-03-11','2021-04-21'),(270,2564,'บค.196/64','ค่าจ้างเหมาจัดทำอาหารกลางวัน','010001',28300,'112','202','นางนัยรัตน์  สิงห์คง',1,'3341501682930','2021-03-12','0000-01-01','2021-03-12'),(271,2564,'สัญญายืมเงินที่ 26/64','ยืมเงินเพื่อใช้จ่ายเป้นค่าจ้างเหมารถนำนักเรียนไปสอบโอเน็ตป.6ที่บ้านศรีไค','001002',1000,'105','202','นางนัยรัตน์  สิงห์คง',1,'3341501682930','2021-03-12','2021-03-12','2021-03-14'),(298,2564,'สัญญายืมเงินเลขที่ 25/64','ยืมเงินเพื่อใช้จ่ายกิจกรรมแรลลี่วิชาการ','001008',5000,'106','202','นางนัยรัตน์  สิงห์คง',1,'3341501682930','2021-03-11','2021-03-11','2021-04-21'),(299,2564,'บค.202.1/64','ส่งใช้สัญญายืมเงินเลขที่ 24/64','001008',6000,'105','202','นางนัยรัตน์  สิงห์คง',1,'3341501682930','2021-03-18','0000-01-01','2021-03-18'),(267,2564,'บค.194/64','ค่าจ้างช่างซ่อมระบบไฟฟ้าพร้อมอุปกรณ์','003003',1000,'106','202','นางนัยรัตน์  สิงห์คง',1,'3341501682930','2021-03-11','0000-01-01','2021-03-11'),(265,2564,'บจ.116/64','ค่าซ่อมบำรุงเครื่องดนตรี','008002',4200,'105','202','นางนัยรัตน์  สิงห์คง',1,'3341501682930','2021-03-09','0000-01-01','2021-03-09'),(264,2564,'บจ.115/64','ค่าวัสดุ','003005',559,'105','203','นางนัยรัตน์  สิงห์คง',1,'3341501682930','2021-03-08','0000-01-01','2021-03-08'),(262,2564,'บจ.113/64','ค่าน้ำมันเชื้อเพลิง','003004',1000,'105','202','นางนัยรัตน์  สิงห์คง',1,'3341501682930','2021-03-08','0000-01-01','2021-03-08'),(261,2564,'บค.193/64','ค่าจ้างเหมาจัดทำอาหารกลางวัน','010001',5660,'112','202','นางนัยรัตน์  สิงห์คง',1,'3341501682930','2021-03-06','0000-01-01','2021-03-05'),(277,2564,'บค.190/64','ค่าจ้างเหมาจัดทำอาหารกลางวัน','010001',5660,'112','202','นางนัยรัตน์  สิงห์คง',1,'3341501682930','2021-02-27','0000-01-01','2021-02-25'),(260,2564,'บค.192/64','ค่าจ้างเหมาจัดทำอาหารกลางวัน','010001',28300,'112','202','นางนัยรัตน์  สิงห์คง',1,'3341501682930','2021-03-05','0000-01-01','2021-03-05'),(255,2564,'บจ.112/64','ค่าซ่อมบำรุงอุปกรณ์เกี่ยวกับดอมพิวเตอร์','001003',9330,'105','202','นางนัยรัตน์  สิงห์คง',1,'3341501682930','2021-03-03','0000-01-01','2021-03-03'),(252,2564,'บจ.109/64','ค่าวัสดุ','003005',5890,'105','203','นางนัยรัตน์  สิงห์คง',1,'3341501682930','2021-03-03','0000-01-01','2021-03-03'),(253,2564,'บจ.110/64','ค่าวัสดุ','003005',250,'104','203','นางนัยรัตน์  สิงห์คง',1,'3341501682930','2021-03-03','0000-01-01','2021-03-03'),(254,2564,'บจ.111/64','ค่าวัสดุ','001003',11053,'106','203','นางนัยรัตน์  สิงห์คง',1,'3341501682930','2021-03-03','0000-01-01','2021-03-03'),(266,2564,'บจ.117/64','คาไฟฟ้าเดือน  ก.พ.64','003001',10000.06,'105','204','นางนัยรัตน์  สิงห์คง',1,'3341501682930','2021-03-09','0000-01-01','2021-03-09'),(263,2564,'บจ.114/64','ค่าวัสดุ','003005',2675,'104','203','นางนัยรัตน์  สิงห์คง',1,'3341501682930','2021-03-08','0000-01-01','2021-03-08'),(231,2564,'บค.178/64','ค่าซ่อมเครื่องขยายเสียงและเครื่องช่วยสอน','001003',1600,'106','202','นางนัยรัตน์  สิงห์คง',1,'3341501682930','2021-02-17','0000-01-01','2021-02-17'),(232,2564,'บจ.103/64','ค่าจ้างเข้าเล่ม','001003',300,'106','202','นางนัยรัตน์  สิงห์คง',1,'3341501682930','2021-02-17','0000-01-01','2021-02-17'),(233,2564,'บค.178/64','ค่าจ้างเหมาจัดทำอาหารกลางวัน','010001',28300,'112','202','นางนัยรัตน์  สิงห์คง',1,'3341501682930','2021-02-19','0000-01-01','2021-02-19'),(234,2564,'บจ.104/64','ค่าวัสดุ','003005',635,'105','203','นางนัยรัตน์  สิงห์คง',1,'3341501682930','2021-02-19','0000-01-01','2021-02-19'),(235,2564,'บจ.105/64','ค่าวัสดุ','001003',548,'106','203','นางนัยรัตน์  สิงห์คง',1,'3341501682930','2021-02-19','0000-01-01','2021-02-19'),(236,2564,'บจ.106/64','ค่าวัสดุ','001003',317,'106','203','นางนัยรัตน์  สิงห์คง',1,'3341501682930','2021-02-19','0000-01-01','2021-02-19'),(237,2564,'บค.179/64','ค่าอาหารว่าง-เครื่องดื่ม-อาหารกลางวัน','001003',1800,'106','202','นางนัยรัตน์  สิงห์คง',1,'3341501682930','2021-02-19','0000-01-01','2021-02-19'),(238,2564,'บค.181/64','ค่าจ้างปรับปรุงระบบไฟฟ้าห้องคอมพิวเตอร์','001003',3500,'105','202','นางนัยรัตน์  สิงห์คง',1,'3341501682930','2021-02-24','0000-01-01','2021-02-24'),(239,2564,'บจ.107/64','ค่าโทรศัพท์ เดือนมกราคม  64','003001',32,'104','204','นางนัยรัตน์  สิงห์คง',1,'3341501682930','2021-02-24','0000-01-01','2021-02-24'),(240,2564,'บค.182/64','ค่าจ้างเหมาจัดทำอาหารกลางวัน','010001',22640,'112','202','นางนัยรัตน์  สิงห์คง',1,'3341501682930','2021-02-25','0000-01-01','2021-02-25'),(241,2564,'บค.183/64','ค่าจ้างเหมารถรับส่งนักเรียน','014001',10000,'107','202','นางนัยรัตน์  สิงห์คง',1,'3341501682930','2021-02-25','0000-01-01','2021-02-25'),(242,2564,'บค.184/64','ค่าจ้างเหมารถรับส่งนักเรียน','014002',8000,'108','202','นางนัยรัตน์  สิงห์คง',1,'3341501682930','2021-02-25','0000-01-01','2021-02-25'),(243,2564,'บค.185/64','ค่าจ้างเหมารถรับส่งนักเรียน','014002',7500,'106','202','นางนัยรัตน์  สิงห์คง',1,'3341501682930','2021-02-25','0000-01-01','2021-02-25'),(244,2564,'บค.186/64','ค่าจ้างเหมารถรับส่งนักเรียน','014002',7500,'108','202','นางนัยรัตน์  สิงห์คง',1,'3341501682930','2021-02-25','0000-01-01','2021-02-25'),(245,2564,'บค.187/64','ค่าจ้างเหมารถรับส่งนักเรียน','014002',8000,'108','202','นางนัยรัตน์  สิงห์คง',1,'3341501682930','2021-02-25','0000-01-01','2021-02-25'),(246,2564,'บค.188/64','ค่าตอบแทนวิทยากร','008003',2000,'105','201','นางนัยรัตน์  สิงห์คง',1,'3341501682930','2021-02-25','0000-01-01','2021-02-25'),(247,2564,'บค.189/64','ค่าจ้างครูอัตราจ้าง','011001',1000,'105','201','นางนัยรัตน์  สิงห์คง',1,'3341501682930','2021-02-25','0000-01-01','2021-02-25'),(248,2564,'บจ.107/64','ค่าวัสดุ','003005',800,'105','203','นางนัยรัตน์  สิงห์คง',1,'3341501682930','2021-02-25','0000-01-01','2021-02-25'),(249,2564,'บจ.108/64','ค่าน้ำประปาเดือนกุมภาพันธ์ 2564','003001',1213,'104','204','นางนัยรัตน์  สิงห์คง',1,'3341501682930','2021-03-02','0000-01-01','2021-03-02'),(250,2564,'บค.190/64','ค่าอาหารว่างเครื่องดื่มกิจกรรมกำจัดเหา','005005',1000,'106','202','นางนัยรัตน์  สิงห์คง',1,'3341501682930','2021-03-02','0000-01-01','2021-03-02'),(251,2564,'บค.191/64','ค่าอาหารว่าง-เครื่องดื่มกิจกรรมการถ่ายทำตลาดสร้างสุข','003004',1000,'106','202','นางนัยรัตน์  สิงห์คง',1,'3341501682930','2021-03-02','0000-01-01','2021-03-02'),(272,2564,'บค.199/64','ค่าจ้างเหมาจัดทำอาหารกลางวัน','010001',5660,'112','202','นางนัยรัตน์  สิงห์คง',1,'3341501682930','2021-03-13','0000-01-01','2021-03-13'),(289,2564,'สัญญายืมเงินที่28/64','ยืมเงินเพื่อใช้จ่ายเป็นค่าพาหนะนำนักเรียนไปทัศนศึกษา(ม.2)','015004',12000,'113','202','นางนัยรัตน์  สิงห์คง',1,'3341501682930','2021-03-17','2021-03-17','2021-04-21'),(284,2564,'บจ.123/64','ค่าประกันชีวิตกิจกรรมทัศนศึกษา ชั้น ปฐมวัย','015004',1098.89,'113','202','นางนัยรัตน์  สิงห์คง',1,'3341501682930','2021-03-17','0000-01-01','2021-03-17'),(288,2564,'สัญญายืมเงินเลขที่ 27/64','ยืมเงินเพื่อใช้จ่ายเป็นค่าพาหนะนำนักเรียนไปทัศนศึกษาป.4-6','015004',9500,'113','202','นางนัยรัตน์  สิงห์คง',1,'3341501682930','2021-03-17','2021-03-17','2021-03-19'),(287,2564,'สัญญายืมเงินเลขที่26/64','ยืมเงินเพื่อใช้จ่ายเป็นค่าพาหนะนำนักเรียนไปทัศนศึกษา','015004',7600,'113','202','นางนัยรัตน์  สิงห์คง',1,'3341501682930','2021-03-17','2021-03-17','0000-00-00'),(283,2564,'บจ.122/64','ค่าประกันชีวิตกิจกรรมทัศนศึกษา ม.2','015004',963,'113','202','นางนัยรัตน์  สิงห์คง',1,'3341501682930','2021-03-17','0000-01-01','2021-03-17'),(282,2564,'บจ.122/64','ค่าประกันชีวิตกิจกรรมทัศนศึกษา ป.4-ป.6','015004',1514.4,'113','202','นางนัยรัตน์  สิงห์คง',1,'3341501682930','2021-03-17','0000-01-01','2021-03-17'),(281,2564,'บจ.120/64','ค่าประกันชีวิตกิจกรรมทัศนศึกษาชั้น ม.1,ม.3','015004',2090.78,'113','202','นางนัยรัตน์  สิงห์คง',1,'3341501682930','2021-03-17','0000-01-01','2021-03-17'),(280,2564,'บค.202/64','ค่าจ้างเหมาจัดทำอาหารกลางวัน','010001',16980,'112','202','นางนัยรัตน์  สิงห์คง',1,'3341501682930','2021-03-17','0000-01-01','2021-03-17'),(302,2564,'สัญญายืมเงินที่ 29/64','ยืมเงินเพื่อใช้จ่ายเป็นค่าพาหนะนำนักเรียนไปทัศนศึกษา(ม.2)','015004',26600,'113','202','นางนัยรัตน์  สิงห์คง',1,'3341501682930','2021-03-17','2021-03-17','2021-03-19'),(303,2564,'บค.205/64','ค่าจ้างเหมาจัดทำอาหารกลางวัน','010001',5660,'112','202','นางนัยรัตน์  สิงห์คง',1,'3341501682930','2021-03-20','0000-01-01','2021-03-20'),(276,2564,'บค.180/64','ค่าจ้างเหมาจัดทำอาหารกลางวัน','010001',5660,'112','202','นางนัยรัตน์  สิงห์คง',1,'3341501682930','2021-02-20','0000-01-01','2021-03-19'),(275,2564,'สัญญายืมเงินที่ 24/64','ยืมเงินเพื่อจ่ายเป็นค่าจ้างเหมารถและค่าประกันชีวิตสำหรับนักเรียนช.1ไปทํศนศึกษา','015004',9928,'113','202','นางนัยรัตน์  สิงห์คง',1,'3341501682930','2021-03-12','2021-03-12','2021-03-15'),(273,2564,'สัญญายืมเงินที่2ุ6/64','ยืมเงินเพื่อจ่ายเป็นค่าอาหารกลางวันและน้ำดื่มสำหรับนักเรียนป.6ไปสอบโอเน็ตที่รร.บ้านศรีไค            ','001002',1595,'105','202','นางนัยรัตน์  สิงห์คง',1,'3341501682930','2021-03-12','2021-03-12','2021-03-14'),(274,2564,'สัญญายืมเงินที่ 2ึ7/64','ยืมเงินเพื่อจ่ายเป็นค่าอาหารว่างและเครื่องดื่ม-อาหารกลางวัน','001002',2640,'106','202','นางนัยรัตน์  สิงห์คง',1,'3341501682930','2021-03-12','2021-03-12','2021-03-14'),(349,2564,'บค.232/64','ค่าอาหารว่าง-เครื่องดื่ม-อาหารกลางวันกิจกรรมPLC','012005',2000,'106','202','นางนัยรัตน์  สิงห์คง',1,'3341501682930','2021-04-23','0000-01-01','2021-04-23'),(348,2564,'บจ.146/64','ค่าปพ.อนุบาล','002003',1222,'104','203','นางนัยรัตน์  สิงห์คง',1,'3341501682930','2021-04-19','0000-01-01','2021-04-19'),(347,2564,'บค.231/64','ค่าจ้างเหมาจัดทำอาหารว่างและเครื่องดื่ม อาหารกลางวันกิจกรรมเข้าค่ายปรับพฤติกรรม','015004',7300,'113','202','นางนัยรัตน์  สิงห์คง',1,'3341501682930','2021-04-16','0000-01-01','2021-04-16'),(346,2564,'บค.230/64','ค่าจ้างซ่อมแซมอาคารเรียน เช็คระบบไฟฟ้า ติดตั้งโปรเจคเตอร์','013002',4500,'106','202','นางนัยรัตน์  สิงห์คง',1,'3341501682930','2021-04-16','0000-01-01','2021-04-16'),(345,2564,'บค.229/64','ค่าจ้างจัดทำระบบไฟฟ้าและอินเตอร์เน็ตแหล่งเรียนรู้','003003',4570,'106','202','นางนัยรัตน์  สิงห์คง',1,'3341501682930','2021-04-16','0000-01-01','2021-04-16'),(343,2564,'บค.227/64','ค่าจ้างเหมาจัดทำอาหารกลางวัน','010001',16980,'112','202','นางนัยรัตน์  สิงห์คง',1,'3341501682930','2021-04-09','0000-01-01','2021-04-09'),(344,2564,'บค.228/64','ค่าตอบแทนวิทยากรสอนดนตรี','008003',1500,'104','201','นางนัยรัตน์  สิงห์คง',1,'3341501682930','2021-04-09','0000-01-01','2021-04-09'),(342,2564,'บจ.145/64','ค่าประกันชีวิตกิจกรรมเข้าค่ายปรับพฤติกรรม','015004',2465.21,'113','202','นางนัยรัตน์  สิงห์คง',1,'3341501682930','2021-04-07','0000-01-01','2021-04-07'),(341,2564,'บค.226/64','ค่าจ้างเหมาจัดทำอาหารว่าง-อาหารกลางวัน-เครื่องดื่มกิจกรรมเข้าค่ายปรับพฤติกรรม','015004',6658,'113','202','นางนัยรัตน์  สิงห์คง',1,'3341501682930','2021-04-07','0000-01-01','2021-04-07'),(339,2564,'บค.224/64','ค่าจ้างเหมาจัดทำอาหารกลางวัน','010001',5660,'112','202','นางนัยรัตน์  สิงห์คง',1,'3341501682930','2021-04-05','0000-01-01','2021-04-05'),(340,2564,'บค.225/64','ค่าจ้างเหมาอาหารว่าง-เครื่องดื่ม-อาหารกลางวันกิจกรรมปัจฉิมนิเทศ','003002',15675,'106','202','นางนัยรัตน์  สิงห์คง',1,'3341501682930','2021-04-05','0000-01-01','2021-04-05'),(337,2564,'บจ.143/64','ค่าวัสดุ','001003',8304,'106','203','นางนัยรัตน์  สิงห์คง',1,'3341501682930','2021-04-05','0000-01-01','2021-04-05'),(338,2564,'บจ.144/64','ค่าวัสดุ','001003',5070,'105','203','นางนัยรัตน์  สิงห์คง',1,'3341501682930','2021-04-05','0000-01-01','2021-04-05'),(335,2564,'บจ.141/64','ค่าวัสดุ','003005',1091,'104','203','นางนัยรัตน์  สิงห์คง',1,'3341501682930','2021-04-02','0000-01-01','2021-04-02'),(336,2564,'บจ.142/64','ค่าซ่อมบำรุงปริ๊นเตอร์','001003',9165,'106','202','นางนัยรัตน์  สิงห์คง',1,'3341501682930','2021-04-05','0000-01-01','2021-04-05'),(334,2564,'บจ.140/64','ค่าไฟฟ้าเดือนมีนาคม 64','003001',12786.74,'105','204','นางนัยรัตน์  สิงห์คง',1,'3341501682930','2021-04-02','0000-01-01','2021-04-02'),(332,2564,'บจ.139/64','ค่าน้ำประปาเดือนมีนาคม 64','003001',1012,'104','204','นางนัยรัตน์  สิงห์คง',1,'3341501682930','2021-04-02','0000-01-01','2021-04-02'),(333,2564,'บค.223/64','ค่าจ้างเหมาอาหารกลางวัน','010001',11320,'112','202','นางนัยรัตน์  สิงห์คง',1,'3341501682930','2021-04-02','0000-01-01','2021-04-02'),(301,2564,'บค.204.3/64','ส่งใช้สัญญายืมเงินเลขที่ 28/64','015004',12000,'113','202','นางนัยรัตน์  สิงห์คง',1,'3341501682930','2021-03-17','2021-03-17','2021-03-19'),(300,2564,'บค.203.1/64','ส่งใช้สัญญายืมเงินเลขที่ 25/64ค่าจ้างเหมาอาหารว่างและเครื่องดื่ม','001008',5000,'106','202','นางนัยรัตน์  สิงห์คง',1,'3341501682930','2021-03-18','0000-01-01','2021-03-18'),(292,2564,'บค.203.2/64','ส่งใช้สัญญายืมเงินเลขที่ 26/64 ค่าจ้างเหมารถนำนักเรียนไปทัศนศึกษา','015004',7600,'113','202','นางนัยรัตน์  สิงห์คง',1,'3341501682930','2021-03-18','0000-01-01','2021-03-18'),(293,2564,'บค.203.3/64','ค่าจ้างเหมาจัดทำอาหารกลางวัน','010001',5660,'112','202','นางนัยรัตน์  สิงห์คง',1,'3341501682930','2021-03-18','0000-01-01','2021-03-18'),(294,2564,'บค.204/64','ค่าจ้างเหมาจัดทำอาหารกลางวัน','010001',5660,'112','202','นางนัยรัตน์  สิงห์คง',1,'3341501682930','2021-03-19','0000-01-01','2021-03-19'),(295,2564,'บค.204.1/64','ส่งใช้สัญญายืมเงินเลขที่ 2ุ6/64ค่าจ้างเหมารถนำนักเรียนไปทัศนศึกษาป.4-6','015004',4750,'113','202','นางนัยรัตน์  สิงห์คง',1,'3341501682930','2021-03-19','0000-01-01','2021-03-19'),(296,2564,'บค.204.2/64','ส่งใช้สัญญายืมเงินเลขที่ 2ุ6/64ค่าจ้างเหมารถนำนักเรียนไปทัศนศึกษาป.4-6','015004',4750,'113','202','นางนัยรัตน์  สิงห์คง',1,'3341501682930','2021-03-19','0000-01-01','2021-03-19'),(304,2564,'บค.206/64','ค่าจ้างซ่อมเครื่องปรับอากาศ','013002',1300,'105','202','นางนัยรัตน์  สิงห์คง',1,'3341501682930','2021-03-22','0000-01-01','2021-03-22'),(305,2564,'บจ.127/64','ค่าไวนิลรับสมัครนักเรียน','003005',900,'104','203','นางนัยรัตน์  สิงห์คง',1,'3341501682930','2021-03-22','0000-01-01','2021-03-22'),(306,2564,'บจ.128/64','ค่าวัสดุ','003005',1400,'105','203','นางนัยรัตน์  สิงห์คง',1,'3341501682930','2021-03-22','0000-01-01','2021-03-22'),(307,2564,'บจ.129/64','ค่าวัสดุ','003005',4706,'105','203','นางนัยรัตน์  สิงห์คง',1,'3341501682930','2021-03-22','0000-01-01','2021-03-22'),(308,2564,'บค.207/64','ค่าจ้างซ่อมระบบคอมพิวเตอร์','001003',3730,'105','202','นางนัยรัตน์  สิงห์คง',1,'3341501682930','2021-03-23','0000-01-01','2021-03-23'),(309,2564,'บจ.130/64','ค่าผ้าทอมือ','013004',1820,'104','203','นางนัยรัตน์  สิงห์คง',1,'3341501682930','2021-03-23','0000-01-01','2021-03-23'),(310,2564,'บจ.131/64','ค่าน้ำมันเชื้อเพลิง','003004',1000,'104','202','นางนัยรัตน์  สิงห์คง',1,'3341501682930','2021-03-23','0000-01-01','2021-03-23'),(311,2564,'บจ.132/64','ค่าเข้าเล่ม','013004',280,'104','203','นางนัยรัตน์  สิงห์คง',1,'3341501682930','2021-03-23','0000-01-01','2021-03-23'),(312,2564,'บจ.133/64','ค่ากรอบรูป','001003',1200,'105','203','นางนัยรัตน์  สิงห์คง',1,'3341501682930','2021-03-23','0000-01-01','2021-03-23'),(313,2564,'บจ.134/64','ค่าวัสดุ','003005',2942,'106','203','นางนัยรัตน์  สิงห์คง',1,'3341501682930','2021-03-23','0000-01-01','2021-03-23'),(314,2564,'บค.208/64','ค่าจ้างเหมาอาหารว่างและเครื่องดื่มกิจกรรมกินสบายใจ','003004',450,'106','202','นางนัยรัตน์  สิงห์คง',1,'3341501682930','2021-03-23','0000-01-01','2021-03-23'),(315,2564,'บค.209/64','ค่าจ้างปรับปรุงภูมิทัศน์','003003',1960,'105','202','นางนัยรัตน์  สิงห์คง',1,'3341501682930','2021-03-23','0000-01-01','2021-03-23'),(316,2564,'บจ.135/64','ค่าวัสดุ','003005',1518,'104','203','นางนัยรัตน์  สิงห์คง',1,'3341501682930','2021-03-24','0000-01-01','2021-03-24'),(317,2564,'บค.210/64','ค่าจ้างเหมาจัดทำอาหารกลางวัน','010001',28300,'112','202','นางนัยรัตน์  สิงห์คง',1,'3341501682930','2021-03-26','0000-01-01','2021-03-26'),(318,2564,'บค.211/64','ค่าจ้างเหมาจัดทำอาหารว่าง-เครื่องดื่ม-อาหารกลางวันกิจกรรมขวัญกำลังใจ','011004',6000,'105','202','นางนัยรัตน์  สิงห์คง',1,'3341501682930','2021-03-26','0000-01-01','2021-03-26'),(319,2564,'บค.212/64','ค่าจ้างปรับปรุงระบบไฟฟ้าห้องคอมพิวเตอร์','013002',3782,'106','202','นางนัยรัตน์  สิงห์คง',1,'3341501682930','2021-03-26','0000-01-01','2021-03-26'),(320,2564,'บจ.136/64','ค่าวัสดุ','003005',458,'106','203','นางนัยรัตน์  สิงห์คง',1,'3341501682930','2021-03-26','0000-01-01','2021-03-26'),(321,2564,'บจ.137/64','ค่าวัสดุ','003005',3302,'105','203','นางนัยรัตน์  สิงห์คง',1,'3341501682930','2021-03-26','0000-01-01','2021-03-26'),(322,2564,'บค.213/64','ค่าจ้างซ่อมโน๊ตบุคส์','001003',2890,'106','202','นางนัยรัตน์  สิงห์คง',1,'3341501682930','2021-03-31','0000-01-01','2021-03-31'),(323,2564,'บค.214/64','ค่าจ้างเหมารถรับส่งนักเรียน','014001',10000,'107','201','นางนัยรัตน์  สิงห์คง',1,'3341501682930','2021-03-31','0000-01-01','2021-03-31'),(324,2564,'บค.215/64','ค่าจ้างเหมารถรับ-ส่งนักเรียน','014002',8000,'108','201','นางนัยรัตน์  สิงห์คง',1,'3341501682930','2021-03-31','0000-01-01','2021-03-31'),(325,2564,'บค.216/64','ค่าจ้างเหมารถรับส่งนักเรียน','014002',7500,'108','201','นางนัยรัตน์  สิงห์คง',1,'3341501682930','2021-03-31','0000-01-01','2021-03-31'),(326,2564,'บค.217/64','ค่าจ้างเหมารถรับส่งนักเรียน','014002',7500,'108','201','นางนัยรัตน์  สิงห์คง',1,'3341501682930','2021-03-31','0000-01-01','2021-03-31'),(327,2564,'บค.218/64','ค่าจ้างเหมารถรับส่งนักเรียน','014002',8000,'108','201','นางนัยรัตน์  สิงห์คง',1,'3341501682930','2021-03-31','0000-01-01','2021-03-31'),(328,2564,'บค.219/64','ค่าตอบแทนวิทยากร','008003',2500,'106','201','นางนัยรัตน์  สิงห์คง',1,'3341501682930','2021-03-31','0000-01-01','2021-03-31'),(329,2564,'บจ.138/64','ค่าวัสดุ','003005',719,'106','203','นางนัยรัตน์  สิงห์คง',1,'3341501682930','2021-03-31','0000-01-01','2021-03-31'),(330,2564,'บค.220/64','ค่าจ้างเหมาจัดทำอาหารกลางวัน','010001',16980,'112','202','นางนัยรัตน์  สิงห์คง',1,'3341501682930','2021-03-31','0000-01-01','2021-03-31'),(331,2564,'บค.221/64','ค่าจ้างเหมจัดทำอาหารว่าง-อาหารกลางวันและเครื่องดื่มกิจกรรมเปิดบ้าน','015004',7000,'113','202','นางนัยรัตน์  สิงห์คง',1,'3341501682930','2021-04-02','0000-01-01','2021-04-02'),(350,2564,'บค.222/64','ค่าจ้างเหมาจัดทำอาหารว่าง-เครื่องดื่ม-อาหารกลางวันกิจกรรมกินสบายใจ','003004',2630,'106','202','นางนัยรัตน์  สิงห์คง',1,'3341501682930','2021-04-02','0000-01-01','2021-04-02'),(351,2564,'สัญญายืมเงินที่30/64','ยืมเงินโครงการอาหารกลางวันเพื่อทดลองจ่ายเป็นเงินเดือนธุรการโรงเรียน','010001',15000,'112','202','นางสาวสุดารัตน์  คงคาพันธ์',1,'3341501682930','2021-04-30','2021-04-30','2021-06-05'),(366,2564,'บค.236/64','ค่าจ้างเหมาจัดทำอาหารว่าง-เคาื่องดื่ม-อาหารกลางวัน','012005',1500,'106','202','นางนัยรัตน์  สิงห์คง',1,'3341501682930','2021-05-14','0000-01-01','2021-05-14'),(365,2564,'บจ.128/64','ค่าวัสดุ','003005',8860,'106','203','นางนัยรัตน์  สิงห์คง',1,'3341501682930','2021-05-12','0000-01-01','2021-05-12'),(364,2564,'บจ.127/64','ค่าวัสดุ','003005',1550,'104','203','นางนัยรัตน์  สิงห์คง',1,'3341501682930','2021-05-12','0000-01-01','2021-05-12'),(363,2564,'บจ.126/64','ค่าวัสดุ','003005',11590,'105','203','นางนัยรัตน์  สิงห์คง',1,'3341501682930','2021-05-12','0000-01-01','2021-05-12'),(362,2564,'บจ.130/64','ค่าน้ำมันเชื้อเพลิง','003004',500,'104','202','นางนัยรัตน์  สิงห์คง',1,'3341501682930','2021-05-12','0000-01-01','2021-05-12'),(361,2564,'บจ.129/64','ค่าน้ำมันเชื้อเพลิง','003004',500,'104','202','นางนัยรัตน์  สิงห์คง',1,'3341501682930','2021-05-12','0000-01-01','2021-05-12'),(360,2564,'บค.235/64','ค่าจ้างปรับปรุงภูมิทัศน์','006005',7500,'106','202','นางนัยรัตน์  สิงห์คง',1,'3341501682930','2021-05-11','0000-01-01','2021-05-11'),(359,2564,'บจ.125/64','ค่าไฟฟ้าเดือนเมษายน 64','003001',5875.31,'106','204','นางนัยรัตน์  สิงห์คง',1,'3341501682930','2021-05-07','0000-01-01','2021-05-07'),(358,2564,'บจ.124/64','ค่าวัสดุ','001003',2875,'104','203','นางนัยรัตน์  สิงห์คง',1,'3341501682930','2021-05-07','0000-01-01','2021-05-07'),(357,2564,'สัญญายืมเงินเลขที่ 32/64','ยืมเงินโครงการอาหารกลางวันเพื่อสำรองจ่ายเงินเดือนพนักงานราชการ','010001',15000,'112','202','นางนัยรัตน์  สิงห์คง',1,'3341501682930','2021-05-05','2021-05-05','2021-06-05'),(356,2564,'บค.234/64','ค่าจ้างเหมาอาหารว่าง-เครื่องดื่ม-อาหารกลางวัน','012005',1000,'104','202','นางนัยรัตน์  สิงห์คง',1,'3341501682930','2021-05-05','0000-01-01','2021-05-05'),(355,2564,'บจ.123/64','ค่าเข้าเล่ม','001003',170,'104','202','นางนัยรัตน์  สิงห์คง',1,'3341501682930','2021-05-05','0000-01-01','2021-05-05'),(354,2564,'บจ.122/64','ค่าน้ำประปาเดือนเมษายน 64','003001',412,'104','204','นางนัยรัตน์  สิงห์คง',1,'3341501682930','2021-05-05','0000-01-01','2021-05-05'),(353,2564,'บค.233/64','ค่าจ้างเหมาอาหารว่าง-เครื่องดื่ม-อาหารกลางวันกิจกรรมประชุมเพื่อเตรียมการเปิดเรียน','012005',2000,'104','202','นางนัยรัตน์  สิงห์คง',1,'3341501682930','2021-04-30','0000-01-01','2021-04-30'),(352,2564,'สัญญายืมเงินที่31/64','ส่งใช้เงินยืมสัญญายืมเงินที่ 31/64 โดยการฝากเงินสด','015004',7300,'113','202','นางนัยรัตน์  สิงห์คง',1,'3341501682930','2021-04-30','2021-04-30','2021-05-17'),(373,2564,'บจ.132/64','ค่าหนังสือเรียน','015001',218191,'111','203','นางนัยรัตน์  สิงห์คง',1,'3341501682930','2021-05-17','0000-01-01','2021-05-17'),(375,2564,'บค.243/64','ค่าอาหารว่าง-เครื่องดื่มกิจกรรมติว NT ป.3','001002',500,'105','202','นางนัยรัตน์  สิงห์คง',1,'3341501682930','2021-05-19','0000-01-01','2021-05-19'),(376,2564,'บจ.133/64','ค่าวัสดุ','002002',1500,'104','203','นางนัยรัตน์  สิงห์คง',1,'3341501682930','2021-05-19','0000-01-01','2021-05-19'),(377,2564,'บจ.134/64','ค่าวัสดุ','001003',10500,'105','203','นางนัยรัตน์  สิงห์คง',1,'3341501682930','2021-05-19','0000-01-01','2021-05-19'),(378,2564,'บจ.135/64','ค่าหมึกพิมพ์','013004',16350,'106','203','นางนัยรัตน์  สิงห์คง',1,'3341501682930','2021-05-19','0000-01-01','2021-05-19'),(379,2564,'บค.244/64','ค่าจ้างปรับปรุงภูมิทัศน์','003004',6537.5,'106','202','นางนัยรัตน์  สิงห์คง',1,'3341501682930','2021-05-19','0000-01-01','2021-05-19'),(380,2564,'บจ.136/64','ค่าวัสดุ','001003',9000,'105','203','นางนัยรัตน์  สิงห์คง',1,'3341501682930','2021-05-20','0000-01-01','2021-05-20'),(381,2564,'บจ.138/64','ค่าวัสดุ','001003',1500,'106','203','นางนัยรัตน์  สิงห์คง',1,'3341501682930','2021-05-20','0000-01-01','2021-05-20'),(382,2564,'บจ.139/64','ค่าวัสดุ','001003',1500,'106','203','นางนัยรัตน์  สิงห์คง',1,'3341501682930','2021-05-20','0000-01-01','2021-05-20'),(383,2564,'บจ.140/64','ค่าวัสดุ','001003',1500,'106','203','นางนัยรัตน์  สิงห์คง',1,'3341501682930','2021-05-20','0000-01-01','2021-05-20'),(384,2564,'บจ.141/64','ค่าวัสดุ','001003',18500,'106','203','นางนัยรัตน์  สิงห์คง',1,'3341501682930','2021-05-21','0000-01-01','2021-05-21'),(385,2564,'บค.245/64','ค่าอาหารว่าง-เครื่องดื่มกิจกรรมปฐมนิเทศ','003004',2000,'105','202','นางนัยรัตน์  สิงห์คง',1,'3341501682930','2021-05-21','0000-01-01','2021-05-21'),(386,2564,'บค.246/64','ค่าอาหารว่าง-เครื่องดื่มกิจกรรมประชุมเพื่อจัดการเรียนการสอน(PLC)','012005',2000,'105','202','นางนัยรัตน์  สิงห์คง',1,'3341501682930','2021-05-21','0000-01-01','2021-05-21'),(372,2564,'บจ.132/64','ยืมเงินกิจกรรมพัฒนาผู้เรียนเพื่อมาจ่ายเป็นค่าหนังสือเรียน','015004',107038,'113','203','นางนัยรัตน์  สิงห์คง',0,'3341501682930','2021-05-17','2021-05-17','0000-01-01'),(371,2564,'บจ.131/64','ค่าวัสดุ','003005',2210,'105','203','นางนัยรัตน์  สิงห์คง',1,'3341501682930','2021-05-14','0000-01-01','2021-05-14'),(370,2564,'บค.240/64','ค่าจ้างเหมาจัดทำอาหารว่าง-อาหารกลางวัน-เครื่องดื่มกิจกรรมคิว NT ป.3 ','001002',1000,'105','202','นางนัยรัตน์  สิงห์คง',1,'3341501682930','2021-05-14','0000-01-01','2021-05-14'),(367,2564,'บค.237/64','ค่าอาหารว่าง-เครื่องดื่ม กิจกรรมติว O-net ป.6','001002',3500,'105','202','นางนัยรัตน์  สิงห์คง',1,'3341501682930','2021-05-14','0000-01-01','2021-05-14'),(368,2564,'บค.238/64','ค่าจ้างเหมาจัดทำอาหารว่าง-เครื่องดื่มกิจกรรมติว O-net ม.3','001002',4000,'106','202','นางนัยรัตน์  สิงห์คง',1,'3341501682930','2021-05-14','0000-01-01','2021-05-14'),(369,2564,'บค.239/64','ค่าจ้างเหมาจัดทำอาหารว่าง-อาหารกลางวัน-เครื่องดื่มกิจกรรมอ่านออกเขียนได้ ป.1','001002',2000,'105','202','นางนัยรัตน์  สิงห์คง',1,'3341501682930','2021-05-14','0000-01-01','2021-05-14'),(434,2566,'ศธ 04186.027/บง(รายได้)01/66','จ่ายค่าซ่อมอุปกรณ์คอมพิวเตอร์และลำโพงช่วยสอน','024001',5000,'101','202','นางสุภาณี  สิงห์ธีร์',1,'3341501458746','2022-10-31','0000-01-01','2022-10-31'),(435,2566,'ศธ04186.027/บง(อุดหนุน)02/66','จ่ายค่านน้ำมันเชื้อเพลิง','007001',1500,'106','202','นางสุภาณี  สิงห์ธีร์',1,'3341501458746','2022-10-31','0000-01-01','2022-10-31'),(430,2565,'บจ.1.1/65','ค่าซ่อมปริ๊นเตอร์','003004',12915,'113','202','นางนัยรัตน์  สิงห์คง',1,'3341501682930','2021-10-01','0000-01-01','2021-10-01'),(429,2565,'บจ.1/65','ค่าวัสดุ','003004',32985,'113','203','นางนัยรัตน์  สิงห์คง',1,'3341501682930','2021-10-01','0000-01-01','2021-10-01'),(428,2565,'สัญญายืมเงินที่1/65','ยืมเงินกิจกรรมพัฒนาผู้เรียนเพื่อมาจ่ายในโครงการอาหารกลางวัน','003004',15840,'113','202','นางนัยรัตน์  สิงห์คง',0,'3341501682930','2021-10-01','2021-10-01','0000-01-01'),(427,2564,'บค.258/64','ค่าจ้างเหมาจัดทำอาหารกลางวัน','010001',2280,'112','202','นางนัยรัตน์  สิงห์คง',1,'3341501682930','2021-06-19','0000-01-01','2021-06-19'),(426,2564,'บค.257/64','ค่าจ้างเหมาจัดทำอาหารกลางวัน','010001',3000,'112','202','นางนัยรัตน์  สิงห์คง',1,'3341501682930','2021-06-19','0000-01-01','2021-06-19'),(425,2564,'บค.256/64','ค่าจ้างเหมาจัดทำอาหารกลางวัน','010001',11280,'112','202','นางนัยรัตน์  สิงห์คง',1,'3341501682930','2021-06-18','0000-01-01','2021-06-18'),(424,2564,'บค.255/64','ค่าจ้างเหมาจัดทำอาหารกลางวัน','010001',15120,'112','202','นางนัยรัตน์  สิงห์คง',1,'3341501682930','2021-06-18','0000-01-01','2021-06-18'),(423,2564,'บจ.166/64','ค่าวัสดุ','003005',668,'106','203','นางนัยรัตน์  สิงห์คง',1,'3341501682930','2021-06-16','0000-01-01','2021-06-16'),(422,2564,'บจ.165/64','ค่าวัสดุ','003005',237,'106','203','นางนัยรัตน์  สิงห์คง',1,'3341501682930','2021-06-16','0000-01-01','2021-06-16'),(421,2564,'บจ.164/64','ค่าเข้าเล่ม','013004',180,'106','202','นางนัยรัตน์  สิงห์คง',1,'3341501682930','2021-06-14','0000-01-01','2021-06-14'),(387,2564,'บจ.142/64','ค่าวัสดุ','003005',3657,'105','203','นางนัยรัตน์  สิงห์คง',1,'3341501682930','2021-05-24','0000-01-01','2021-05-24'),(388,2564,'บจ.143/64','ค่าวัสดุ','003005',1000,'104','203','นางนัยรัตน์  สิงห์คง',1,'3341501682930','2021-05-24','0000-01-01','2021-05-24'),(389,2564,'บจ.144/64','ค่าผ้าต่วน','003005',2700,'104','203','นางนัยรัตน์  สิงห์คง',1,'3341501682930','2021-05-31','0000-01-01','2021-05-31'),(390,2564,'บจ.145/64','ค่าตู้ 3 บานกระจกสูง','003005',2200,'104','203','นางนัยรัตน์  สิงห์คง',1,'3341501682930','2021-05-31','0000-01-01','2021-05-31'),(391,2564,'บจ.146/64','ค่าวัสดุ','003005',9093,'104','203','นางนัยรัตน์  สิงห์คง',1,'3341501682930','2021-05-31','0000-01-01','2021-05-31'),(392,2564,'สัญญายืมเงินเลขที่ 35/64','ยืมเงินปัจจัยพื้นฐานนักเรียนยากจน(มัธยมศึกษา)จ่ายค่าเครื่องแบบนักเรียน)','014002',61140,'108','202','นางนัยรัตน์  สิงห์คง',0,'3341501682930','2021-05-24','2021-05-24','0000-01-01'),(393,2564,'บจ.141.1/64','จ่ายเงินค่าเครื่องแบบนักเรียน','015003',116610,'110','202','นางนัยรัตน์  สิงห์คง',1,'3341501682930','2021-05-24','0000-01-01','2021-05-24'),(394,2564,'สัญญายืมเงินเลขที่36/64','ยืมเงินกิจกรรมพัฒนาผู้เรียนเพื่อมาจ่ายเป็นค่าอุปกรณ์การเรียน','015004',29715,'113','202','นางนัยรัตน์  สิงห์คง',0,'3341501682930','2021-05-24','2021-05-24','0000-01-01'),(395,2564,'บจ.141.2/64','จ่ายค่าอุปกรณ์การเรียน','015002',55860,'109','202','นางนัยรัตน์  สิงห์คง',1,'3341501682930','2021-05-24','0000-01-01','2021-05-24'),(396,2564,'บจ.147/64','ค่าวัสดุ','003005',659,'105','203','นางนัยรัตน์  สิงห์คง',1,'3341501682930','2021-05-31','0000-01-01','2021-05-31'),(397,2564,'บจ.148/64','จ่ายค่าผ้า','003005',140,'105','203','นางนัยรัตน์  สิงห์คง',1,'3341501682930','2021-05-31','0000-01-01','2021-05-31'),(398,2564,'บจ.149/64','ค่าคอนกรีตผสมเสร็จ','003005',10000,'105','203','นางนัยรัตน์  สิงห์คง',1,'3341501682930','2021-05-31','0000-01-01','2021-05-31'),(399,2564,'บจ.150/64','ค่าซ่อมบำรุงรถโรงเรียน','003005',13760,'106','203','นางนัยรัตน์  สิงห์คง',1,'3341501682930','2021-05-31','0000-01-01','2021-05-31'),(400,2564,'บจ.151/64','ค่าซ่อมบำรุงรถโรงเรียน','003004',15915,'106','202','นางนัยรัตน์  สิงห์คง',1,'3341501682930','2021-05-31','0000-01-01','2021-05-31'),(401,2564,'บจ.152/64','ค่าโทรศัพท์ เดือนเมษายน 64','003001',2.25,'106','204','นางนัยรัตน์  สิงห์คง',1,'3341501682930','2021-05-31','0000-01-01','2021-05-31'),(402,2564,'บจ.153/64','จ่ายค่าอุปกรณ์การเรียน(เพิ่มเติม)','015002',410,'109','202','นางนัยรัตน์  สิงห์คง',1,'3341501682930','2021-05-31','0000-01-01','2021-05-31'),(403,2564,'บจ.154/64','ค่าเครื่องแบบนักเรียน','015003',360,'110','202','นางนัยรัตน์  สิงห์คง',1,'3341501682930','2021-05-31','0000-01-01','2021-05-31'),(404,2564,'บค.247/64','ค่าจ้างปรับปรุงซ่อมอาคารเรียน','003004',23587,'106','202','นางนัยรัตน์  สิงห์คง',1,'3341501682930','2021-05-31','0000-01-01','2021-05-31'),(405,2564,'บจ.155/64','ค่าหน้ากากอนามัยแบบผ้า','003005',3640,'106','203','นางนัยรัตน์  สิงห์คง',1,'3341501682930','2021-05-31','0000-01-01','2021-05-31'),(412,2564,'บจ.159/64','ค่าผ้ากำมะหยี่','003005',270,'105','203','นางนัยรัตน์  สิงห์คง',1,'3341501682930','2021-06-07','0000-01-01','2021-06-07'),(413,2564,'บจ.160/64','ค่าไวนิล','013001',2100,'105','203','นางนัยรัตน์  สิงห์คง',1,'3341501682930','2021-06-07','0000-01-01','2021-06-07'),(414,2564,'บค.248/64','ค่าติดตั้งระบบสัญญาณเวลา','003003',900,'105','202','นางนัยรัตน์  สิงห์คง',1,'3341501682930','2021-06-08','0000-01-01','2021-06-08'),(409,2564,'บจ.158/64','ค่าน้ำประปาเดือน พ.ค.64','003001',229,'104','204','นางนัยรัตน์  สิงห์คง',1,'3341501682930','2021-06-07','0000-01-01','2021-06-07'),(415,2564,'บค.249/64','ค่าจ้างปรับปรุงห้องสุขา','003003',8296,'106','202','นางนัยรัตน์  สิงห์คง',1,'3341501682930','2021-06-08','0000-01-01','2021-06-08'),(418,2564,'บจ.161/64','ค่าน้ำมันเชื้อเพลิง','003004',1000,'106','202','นางนัยรัตน์  สิงห์คง',1,'3341501682930','2021-06-14','0000-01-01','2021-06-14'),(419,2564,'บจ.162/64','ค่าวัสดุ','003005',1500,'105','203','นางนัยรัตน์  สิงห์คง',1,'3341501682930','2021-06-14','0000-01-01','2021-06-14'),(420,2564,'บจ.163/64','ค่าเข้าเล่ม','001003',160,'106','202','นางนัยรัตน์  สิงห์คง',1,'3341501682930','2021-06-14','0000-01-01','2021-06-14'),(436,2566,'ศธ04186.027/บง(อุดหนุน)02/66','ค่าเครื่องดื่มและอาหารว่างประชุมกินสบายใจ','007002',2250,'106','202','นางศรีสุดา  ทองคำห่อ',1,'3341501458746','2022-10-31','0000-01-01','2022-10-31'),(437,2566,'ศธ04186.027/บง(อุดหนุน)02/66','ค่าจ้างบุคลากร','010001',6000,'106','201','นางสุภาณี  สิงห์ธีร์',1,'3341501458746','2022-10-31','0000-01-01','2022-10-31'),(438,2566,'ศธ04186.027/บง(อุดหนุน)03/66','จ่ายค่าสาธารณูปโภค(ค่าน้ำประปา)เดือนตุลาคม 65','014001',875,'106','202','นางสุภาณี  สิงห์ธีร์',1,'3341501458746','2022-11-04','0000-01-01','2022-11-04'),(439,2566,'ศธ04186.027/บง(อาหารกลางวัน)01','ค่าจ้างประกอบอาหารกลางวัน','009001',27300,'112','202','นางสุภาณี  สิงห์ธีร์',1,'3341501458746','2022-11-07','0000-01-01','2022-11-07'),(440,2566,'ศธ04186.027/บง(อุดหนุน)04/66','จ่ายค่าน้ำมันเชื้อเพลิง','007001',1500,'106','203','นางสุภาณี  สิงห์ธีร์',1,'3341501458746','2022-11-14','0000-01-01','2022-11-11'),(441,2566,'ศธ 04186. 027/บง(อุดหนุน)05/66','จ่ายค่าจ้างเหมาติดตั้งกล้องวงจรปิด','015001',38000,'104','202','นางสุภาณี  สิงห์ธีร์',1,'3341501458746','2022-11-14','0000-01-01','2022-11-14'),(442,2566,'บย01/66','ค่าอุปกรณ์การเรียน','017002',27410,'113','203','นางสุภาณี  สิงห์ธีร์',0,'3341501458746','2022-11-14','2022-11-14','0000-01-01'),(443,2566,'ศธ 04186. 027/บง(อาหารกลางวัน)','ค่าจ้างประกอบอาหารกลางวัน','009001',27300,'112','202','นางสุภาณี  สิงห์ธีร์',1,'3341501458746','2022-11-14','0000-01-01','2022-11-14'),(445,2566,'ศธ04186.027/บง(อุดหนุน)06/66','ค่าอุปกรณ์การเรียนนักเรียนชั้นอนุบาล1ถึงมัธยมศึกษาปีที่3','017001',90840,'109','202','นางสุภาณี  สิงห์ธีร์',1,'3341501458746','2022-11-14','0000-01-01','2022-11-14'),(446,2566,'ศธ04186.027/บง(รายได้)02/66','ค่าจ้างประกอบอาหารว่างและอาหารกลางวันกิจกรรมสอบนักธรรมศึกษา ปีการศึกษา 2565','019001',2925,'101','202','นางสุภาณี  สิงห์ธีร์',1,'3341501458746','2022-11-16','0000-01-01','2022-11-16'),(447,2566,'ศธ04186.027/บง(อุดหนุน)07/66','จ่ายค่าสาธารณูปโภค(ค่าไฟฟ้า)เดือนสิงหาคม ,กันยายน,ตุลาคม 65','014001',45603.37,'106','202','นางสุภาณี  สิงห์ธีร์',1,'3341501458746','2022-11-16','0000-01-01','2022-11-16'),(448,2566,'ศธ04186.027/บง(อุดหนุน)08/66','ค่าวัสดห้องเรียนอนุบาล1 - ม.3','001003',40500,'106','203','นางสุภาณี  สิงห์ธีร์',1,'3341501458746','2022-11-18','0000-01-01','2022-11-18'),(450,2566,'ศธ04186.027/บง(อุดหนุน)09/66','ค่านำนักกีฬาคาราเต้โด้ไปแข่งขัน','005003',25570,'105','202','นางสุภาณี  สิงห์ธีร์',1,'3341501458746','2022-11-21','0000-01-01','2022-11-21'),(451,2566,'ศธ04186.027/บง(อุดหนุน)10/66','จ่ายค่าน้ำมันเชื้อเพลิง','007001',1500,'106','203','นางสุภาณี  สิงห์ธีร์',1,'3341501458746','2022-11-22','0000-01-01','2022-11-22'),(452,2566,'ศธ04186.027/บง(อุดหนุน)11/66','ค่าถังขยะ','007003',3500,'106','203','นางสุภาณี  สิงห์ธีร์',1,'3341501458746','2022-11-23','0000-01-01','2022-11-23'),(453,2566,'ศธ04186.027/บง(อุดหนุน)12/66','ค่าเครื่องดูดฝุ่น','007003',3590,'106','203','นางสุภาณี  สิงห์ธีร์',1,'3341501458746','2022-11-23','0000-01-01','2022-11-23'),(454,2566,'ศธ04186.027/บง(อุดหนุน)13/66','ค่าเครื่องคอมพิวเตอร์(ธุรการ)','007002',19990,'106','301','นางสุภาณี  สิงห์ธีร์',1,'3341501458746','2022-11-23','0000-01-01','2022-11-23'),(455,2566,'ศธ04186.027/บง(อุดหนุน)14/66','ค่าวัสดุฝึกแข่งทักษะศิลปหัตถกรรม','001004',19600,'105','203','นางสุภาณี  สิงห์ธีร์',1,'3341501458746','2022-11-25','0000-01-01','2022-11-25'),(456,2566,'ศธ04186.027/บง(อาหาร04/66','ค่าจ้างประกอบอาหารกลางวัน','009001',27300,'112','202','นางสุภาณี  สิงห์ธีร์',1,'3341501458746','2022-11-28','0000-01-01','2022-11-28'),(461,2566,'ศธ04186.027/บง(อุดหนุน)15/66','ค่าจ้างเหมารถรับส่งนักเรียน','016002',42500,'108','202','นางสุภาณี  สิงห์ธีร์',1,'3341501458746','2022-12-02','0000-01-01','2022-12-02'),(465,2566,'ศธ04186.027/บง(อุดหนุน)16/66','ค่าจ้างบุคลากร','001008',6000,'106','103','นางสุภาณี  สิงห์ธีร์',1,'3341501458746','2022-12-02','0000-01-01','2022-12-02'),(466,2566,'ศธ04186.027/บง(อุดหนุน)17/66','ค่าเดินทางไปราชการครูมะลิวัลย์','005002',1600,'106','202','นางสาวมะลิวัลย์  ประวาฬ',1,'3341501458746','2022-12-02','0000-01-01','2022-12-02'),(467,2566,'ศธ04186.027/บง(อุดหนุน)18/66','จ่ายค่าน้ำมันเชื้อเพลิง','007001',1500,'106','202','นางสุภาณี  สิงห์ธีร์',1,'3341501458746','2022-12-02','0000-01-01','2022-12-02'),(468,2566,'ศธ04186.027/บง(อุดหนุน)19/66','ค่าตอบแทนวิทยากรท้องถิ่น','004001',2500,'105','201','นางสุภาณี  สิงห์ธีร์',1,'3341501458746','2022-12-06','0000-01-01','2022-12-06'),(469,2566,'ศธ04186.027/บง(อุดหนุน)20/66','จ่ายค่าสาธารณูปโภค(น้ำประปา)','014001',1265,'106','202','นางสุภาณี  สิงห์ธีร์',1,'3341501458746','2022-12-06','0000-01-01','2022-12-06'),(470,2566,'ศธ04186.027/บง(อาหารกลางวัน))0','ค่าจ้างประกอบอาหารกลางวัน','009001',27300,'112','202','นางสุภาณี  สิงห์ธีร์',1,'3341501458746','2022-12-06','0000-01-01','2022-12-06'),(471,2566,'ศธ04186.027/บง(อุดหนุน)21/66','ค่าวัสดุอุปกรณ์ผลิตสื่อ','001003',8481,'106','203','นางสุภาณี  สิงห์ธีร์',1,'3341501458746','2022-12-06','0000-01-01','2022-12-06'),(472,2566,'ศธ04186.027/บง(อุดหนุน)22/66','ค่าจ้าซ่อมปริ้นเตอร์','001003',2691,'106','202','นางสุภาณี  สิงห์ธีร์',1,'3341501458746','2022-12-06','0000-01-01','2022-12-06'),(473,2566,'ศธ04186.027/บง(อุดหนุน)23/66','ค่าวัสดุคอมพิวเตอร์ (ฮาร์ตดิส)','001003',1595,'106','202','นางสุภาณี  สิงห์ธีร์',1,'3341501458746','2022-12-06','0000-01-01','2022-12-06'),(474,2566,'ศธ04186.027/บง(อุดหนุน)24/66','ค่าตลับหมึก','001003',1025,'106','203','นางสุภาณี  สิงห์ธีร์',1,'3341501458746','2022-12-06','0000-01-01','2022-12-06'),(475,2566,'ศธ04186.027/บง(อุดหนุน)25/66','ค่าวัสดุตลับหมึกcannon  810','001003',820,'106','203','นางสุภาณี  สิงห์ธีร์',1,'3341501458746','2022-12-06','0000-01-01','2022-12-06'),(476,2566,'ศธ04186.027/บง(อุดหนุน)26/66','ค่ากิจกรรมคูเมืองสร้างสุข','008002',14000,'106','202','นางศรีสุดา  ทองคำห่อ',1,'3341501458746','2022-12-06','0000-01-01','2022-12-06'),(477,2566,'ศธ04186.027/บง(อุดหนุน)28/66','จ่ายค่าน้ำมันเชื้อเพลิง','007001',1500,'106','202','นางสุภาณี  สิงห์ธีร์',1,'3341501458746','2022-12-14','0000-01-01','2022-12-14'),(478,2566,'ศธ04186.027/บง(อุดหนุน)29/66','ค่าเดินทางไปราชการนำนักเรียนแข่งกีฬาคาราเต้โดจ.นครพนม','001003',13968,'106','202','นางสุภาณี  สิงห์ธีร์',0,'3341501458746','2022-12-14','2022-12-14','0000-01-01'),(479,2566,'ศธ04186.027/บง(อุดหนุน)27/66','เงินประกันสัญญา','021001',17785,'103','202','นางสุภาณี  สิงห์ธีร์',1,'3341501458746','2022-12-14','0000-01-01','2022-12-14'),(480,2566,'ศธ04186.027/บง(อาหารกลางวัน)06','ค่าจ้างประกอบอาหารกลางวัน','009001',27300,'112','202','นางสุภาณี  สิงห์ธีร์',1,'3341501458746','2022-12-14','0000-01-01','2022-12-14'),(481,2566,'บันทึกการเก็บรักษาเงินสด','นำส่งภาษีหัก ณ ที่จ่าย ภงด.53','022001',385.98,'102','202','นางสุภาณี  สิงห์ธีร์',1,'3341501458746','2022-12-15','0000-01-01','2022-12-09'),(482,2566,'บันทึกการเก็บรักษาเงินสด','เงินหักภาษี ณ ที่จ่าย','022001',1658.82,'102','202','นางสุภาณี  สิงห์ธีร์',1,'3341501458746','2022-12-15','0000-01-01','2022-12-15'),(483,2566,'ศธ04186.027/บง(อุดหนุน)30/66','ค่าหมึกเครื่อถ่ายเอกสาร','013001',2160,'105','203','นางสุภาณี  สิงห์ธีร์',1,'3341501458746','2022-12-16','0000-01-01','2022-12-16'),(484,2566,'ศธ04186.027/บง(อุดหนุน)31/66','ค่าตรวจสภาพรถ','013001',5196,'106','202','นางสุภาณี  สิงห์ธีร์',1,'3341501458746','2022-12-16','0000-01-01','2022-12-16'),(485,2566,'ศธ04186.027/บง(อุดหนุน)32/66','ค่าวัสดุกิจกรรมแข่งขันศิลปหัตถกรรมและงานแสดงโปงลาง','001004',13520,'106','202','13520',1,'3341501458746','2022-12-20','0000-01-01','2022-12-20'),(486,2566,'ศธ04186.027/บง(อุดหนุน)33/66','ค่าเดินทางไปราชการนำนักเรียนแข่งศิลปหัตถกรรมระดับเขต','001004',5400,'106','202','นางสุภาณี  สิงห์ธีร์',1,'3341501458746','2022-12-20','2022-12-20','2022-12-20'),(487,2566,'ศธ04186.027/บง(อุดหนุน)34/66','ค่าเดินทางไปราชการนำนักเรียนแข่งศิลปหัตถกรรมระดับเขต','001004',9100,'106','202','นางสุภาณี  สิงห์ธีร์',1,'3341501458746','2022-12-20','0000-01-01','2022-12-20'),(488,2566,'ศธ04186.027/บง(อาหารกลางวัน)07','ค่าจ้างประกอบอาหารกลางวัน','009001',27300,'112','202','นางสุภาณี  สิงห์ธีร์',1,'3341501458746','2022-12-20','0000-01-01','2022-12-20'),(489,2566,'ศธ04186.027/บง(อุดหนุน)35/66','จ่ายค่าน้ำมันเชื้อเพลิง','007001',1500,'106','202','นางสุภาณี  สิงห์ธีร์',1,'3341501458746','2022-12-23','0000-01-01','2022-12-23'),(490,2566,'ศธ04186.027/บง(อุดหนุน)36/66','ค่าเดินทางนำนักเรียนแข่งกีฬาระดับกลุ่ม','001003',35000,'105','202','นางสุภาณี  สิงห์ธีร์',1,'3341501458746','2022-12-23','0000-01-01','2022-12-23'),(491,2566,'ศธ04186.027/บง(อุดหนุน)3ึ7/66','ค่าวัสดุกีฬา','001003',10200,'106','203','นางสุภาณี  สิงห์ธีร์',1,'3341501458746','2022-12-23','0000-01-01','2022-12-23'),(492,2566,'ศธ04186.027/บง(อุดหนุน)38/66','ค่าตอบแทนวิทยากรท้องถิ่น','004001',2000,'105','201','นางสุภาณี  สิงห์ธีร์',1,'3341501458746','2022-12-28','0000-01-01','2022-12-28'),(493,2566,'ศธ04186.027/บง(อุดหนุน)39/66','ค่าจ้างบุคลากร','001008',6000,'106','103','นางสุภาณี  สิงห์ธีร์',1,'3341501458746','2022-12-28','0000-01-01','2022-12-28'),(494,2566,'ศธ04186.027/บง(อุดหนุน)40/66','ค่าจ้างเหมารถรับส่งนักเรียน','016002',42500,'108','202','นางสุภาณี  สิงห์ธีร์',1,'3341501458746','2022-12-28','0000-01-01','2022-12-28'),(495,2566,'ศธ04186.027/บง(อาหารกลางวัน)08','ค่าจ้างประกอบอาหารกลางวัน','009001',27300,'112','202','นางสุภาณี  สิงห์ธีร์',1,'3341501458746','2022-12-28','0000-01-01','2022-12-28'),(496,2566,'ศธ04186.027/บง(รายได้)02/66','ค่าผ้าต่วน','024001',3335,'101','203','นางสุภาณี  สิงห์ธีร์',1,'3341501458746','2022-12-28','0000-01-01','2022-12-28'),(497,2566,'ศธ04186.027/บง(อุดหนุน)09/66','ค่าใช้จ่ายแข่งคาราเต้โด','001003',25570,'105','202','นางสุภาณี  สิงห์ธีร์',1,'3341501458746','2022-11-21','0000-01-01','2022-11-21'),(499,2566,'ศธ04186.027/บง(อุดหนุน)41/66','จ่ายค่าน้ำมันเชื้อเพลิง','007001',1500,'106','202','นางสุภาณี  สิงห์ธีร์',1,'3341501458746','2023-01-03','0000-01-01','2023-01-03'),(500,2566,'ศธ04186.027/บง(อุดหนุน)42/66','ค่าน้ำประปา','014003',1080,'105','202','นางสุภาณี  สิงห์ธีร์',1,'3341501458746','2023-01-05','0000-01-01','2023-01-05'),(501,2566,'ศธ04186.027/บง(อาหารกลางวัน)09','ค่าจ้างประกอบอาหารกลางวัน','009001',27300,'112','202','นางสุภาณี  สิงห์ธีร์',1,'3341501458746','2023-01-05','0000-01-01','2023-01-05'),(502,2566,'ศธ04186.027/บง(รายได้สถานศึกษา','ค่าเสื้อกีฬาและทุนนักเรียน','024002',8580,'101','202','นางสุภาณี  สิงห์ธีร์',1,'3341501458746','2023-01-10','0000-01-01','2023-01-10'),(503,2566,'ศธ04186.027/บง(อาหารกลางวัน)10','ค่าจ้างประกอบอาหารกลางวัน','009001',27300,'112','202','นางสุภาณี  สิงห์ธีร์',1,'3341501458746','2023-01-13','0000-01-01','2023-01-13'),(504,2566,'ศธ04186.027/บง(กสศ)02/66','เงินทุนกสศ.อนุบาลและประถมศึกษา','016001',115000,'107','201','นางสุภาณี  สิงห์ธีร์',1,'3341501458746','2023-01-17','0000-01-01','2023-01-17'),(505,2566,'ศธ04186.027/บง(กสศ02/66','เงินทุนกสศ.มัธยมศึกษาตอนต้น','016002',133500,'108','201','นางสุภาณี  สิงห์ธีร์',1,'3341501458746','2023-01-17','0000-01-01','2023-01-17'),(506,2566,'ศธ04186.027/รายได้ฯ)05/66','ค่าดำเนินการแข่งกีฬาอบต.','024001',15000,'101','202','นางสุภาณี  สิงห์ธีร์',1,'3341501458746','2023-01-18','0000-01-01','2023-01-18'),(507,2566,'บันทึกการเก็บรักษาเงินสด','หักภาษี ณ mี่จ่าย 1 %','022001',40.75,'102','203','นางสุภาณี  สิงห์ธีร์',1,'3341501458746','2023-01-19','0000-01-01','2023-01-19'),(508,2566,'บันทึกการเก็บรักษาเงินสด','ภาษีหักณที่จ่าย 1%','022001',1291.95,'102','203','นางสุภาณี  สิงห์ธีร์',1,'3341501458746','2023-01-23','0000-01-01','2023-01-23'),(509,2566,'ศธ04186.027/บง(อุดหนุน)42/66','จ่ายค่าน้ำมันเชื้อเพลิง','007001',1500,'106','202','นายอุไร  แสนดี',1,'3341501458746','2023-01-17','0000-01-01','2023-01-17'),(510,2566,'ศธ04186.027/บง(อุดหนุน)44/66','ค่าเดินทางแข่งขันศิลปหัตถกรรมระดับภาค','001004',62316,'113','202','นางนวลกนก  บุญเฉลียว',0,'3341501458746','2023-01-26','2023-01-26','0000-01-01'),(511,2566,'ศธ04186.027/บง(รายได้)06/66','ค่ากิจกรรมประชุมจัดทำแผนและทุนการศึกษาสำหรับนักเรียน','024002',8200,'101','202','นางสุดจิตร์  ชุนสนิท',1,'3341501458746','2023-01-26','0000-01-01','2023-01-26'),(512,2566,'ศธ04186.027/บง(อุดหนุน)46/66','จ่ายค่าน้ำมันเชื้อเพลิง','007001',1500,'106','202','นายอุไร  แสนดี',1,'3341501458746','2023-01-30','0000-01-01','2023-01-30'),(513,2566,'ศธ04186.027/บง(อุดหนุน)47/66','ค่าตอบแทนวิทยากรท้องถิ่น','004001',2500,'105','201','นางสุภาณี  สิงห์ธีร์',1,'3341501458746','2023-01-30','0000-01-01','2023-01-30'),(514,2566,'ศธ04186.027/บง(อุดหนุน)49/66','ค่าจ้างเหมารถรับส่งนักเรียน','016001',12000,'107','202','นางทวิกา  สุบินยัง',1,'3341501458746','2023-01-30','0000-01-01','2023-01-30'),(515,2566,'ศธ04186.027/บง(อุดหนุน)49/66','ค่าจ้างเหมารถรับส่งนักเรียน','007001',30500,'105','202','นางสุภาณี  สิงห์ธีร์',1,'3341501458746','2023-01-30','0000-01-01','2023-01-30'),(516,2566,'ศธ04186.027/บง(อุดหนุน)48/66','ค่าจ้างบุคลากร','001008',6000,'106','103','นางสุภาณี  สิงห์ธีร์',1,'3341501458746','2023-01-30','0000-01-01','2023-01-30'),(519,2566,'ศธ04186.027/บง(อุดหนุน)51/66','ค่าวัสดุอุปกรณ์ผลิตสื่อ','001003',1438,'106','203','นางสุภาณี  สิงห์ธีร์',1,'3341501458746','2023-02-06','0000-01-01','2023-02-06'),(518,2566,'ศธ04186.027/บง(อุดหนุน)50/66','ค่าน้ำประปา','014002',1230,'104','202','นางสุภาณี  สิงห์ธีร์',1,'3341501458746','2023-02-06','0000-01-01','2023-02-06'),(520,2566,'ศธ04186.027/บง(อาหารกลางวัน)12','ค่าจ้างประกอบอาหารกลางวัน','009001',85800,'112','202','นางสุภาณี  สิงห์ธีร์',1,'3341501458746','2023-02-06','0000-01-01','2023-02-06'),(521,2566,'ศธ04186.027/บง(อุดหนุน)53/66','เดินทางไกลเข้าค่ายพักแรมคืน ลูกเสือสามัญ','023001',12680,'113','202','นางสุภาณี  สิงห์ธีร์',1,'3341501458746','2023-02-10','0000-01-01','2023-02-10'),(522,2566,'ศธ04186.027/บง(อุดหนุน)53/66','ค่าจัดกิจกรรมเดินทางไกลเข้าค่ายพักแรมคืนลูกเสือ ยุวกาชาด ','023002',16500,'113','203','นางสุภาณี  สิงห์ธีร์',1,'3341501458746','2023-02-10','0000-01-01','2023-02-10'),(523,2566,'ศธ04186.027/บง(อาหารกลางวัน)13','ค่าจ้างประกอบอาหารกลางวัน','009001',28710,'112','202','นางสุภาณี  สิงห์ธีร์',1,'3341501458746','2023-02-10','0000-01-01','2023-02-10'),(524,2566,'ศธ04186.027/บง(อุดหนุน)52','ค่าใช้จ่ายกิจกรรมสอบโอเน็ต ป.6และ ม.3','017002',7350,'113','202','นางสุภาณี  สิงห์ธีร์',1,'3341501458746','2023-02-10','0000-01-01','2023-02-10'),(526,2566,'ศธ04186.027/บง(อุดหนุน)54/66','ค่าข้อสอบ RT','017002',1344,'113','202','นางนวลกนก  บุญเฉลียว',1,'3341501458746','2023-02-20','0000-01-01','2023-02-20'),(527,2566,'ศธ04186.027/บง(อาหารกลางวัน)14','ค่าจ้างประกอบอาหารกลางวัน','009001',28710,'112','202','นางสุภาณี  สิงห์ธีร์',1,'3341501458746','2023-02-20','0000-01-01','2023-02-20'),(528,2566,'ศธ04186.027/บง(อุดหนุน)55/66','ค่าน้ำมันเชื้อเพลิง','007001',1500,'106','202','นางสุภาณี  สิงห์ธีร์',1,'3341501458746','2023-02-22','0000-01-01','2023-02-22'),(529,2566,'ศธ04186.027/บง(อุดหนุน)56/66','ค่าจ้างเหมารถรับส่งนักเรียน','016002',42500,'108','202','นางสุภาณี  สิงห์ธีร์',1,'3341501458746','2023-02-22','0000-01-01','2023-02-22'),(530,2566,'ศธ04186.027/บง(อุดหนุน)57/66','ค่าสาธารณูปโภค(ไฟฟ้า)','014003',33859.16,'105','204','นางสุภาณี  สิงห์ธีร์',1,'3341501458746','2023-02-22','0000-01-01','2023-02-22'),(531,2566,'ศธ04186.027/บง(อาหารกลางวัน)15','ค่าจ้างประกอบอาหารกลางวัน','009001',28710,'112','202','นางสุภาณี  สิงห์ธีร์',1,'3341501458746','2023-02-22','0000-01-01','2023-02-22'),(532,2566,'บันทึกการเก็บรักษาเงินสด','ภาษีหักณ ที่จ่าย 1 %','009001',646,'102','202','นางสุภาณี  สิงห์ธีร์',1,'3341501458746','2023-02-15','0000-01-01','2023-02-20'),(533,2566,'ศธ04186.027/บง(อุดหนุน)60/66','ค่าวัสดุอุปกรณ์ผลิตสื่อ','001003',4454,'105','202','นางนวลกนก  บุญเฉลียว',1,'3341501458746','2023-03-07','0000-01-01','2023-03-07'),(534,2566,'ศธ04186.027/บง(อุดหนุน)59/66','ค่าติวโอเนต','001002',14850,'113','202','นางนวลกนก  บุญเฉลียว',1,'3341501458746','2023-03-07','0000-01-01','2023-03-07'),(535,2566,'ศธ04186.027/บง(อุดหนุน)61/66','ค่าน้ำประปา','014001',1255,'104','204','นางสุภาณี  สิงห์ธีร์',1,'3341501458746','2023-03-07','0000-01-01','2023-03-07'),(536,2566,'ศธ04186.027/บง(อุดหนุน)39/66','ค่าวัสดุอุปกรณ์ห้องเรียนคุณภาพ','001003',22910,'106','202','นางแสงเดือน  สายโสภา',1,'3341501458746','2023-03-07','0000-01-01','2023-03-07'),(537,2566,'ศธ04186.027/บง(อุดหนุน)58/66','ค่าตอบแทนวิทยากรท้องถิ่น','004001',2000,'105','201','นางสุภาณี  สิงห์ธีร์',1,'3341501458746','2023-03-07','0000-01-01','2023-03-07'),(538,2566,'ศธ04186.027/บง(อาหารกลางวัน)16','ค่าจ้างประกอบอาหารกลางวัน','009001',28710,'112','202','นางทวิกา  จุลทวี่',1,'3341501458746','2023-03-07','0000-01-01','2023-03-07'),(539,2566,'ศธ04186.027/บง(อาหารกลางวัน)17','ค่าจ้างประกอบอาหารกลางวัน','009001',28710,'112','202','นางทวิกา  จุลทวี่',1,'3341501458746','2023-03-14','0000-01-01','2023-03-14'),(540,2566,'ศธ04186.027/บง(อุดหนุน)ุ63/66','ค่าวัสดุวิชาการ','001007',3000,'104','202','นางนงคราญ  สาธรพันธ์',1,'3341501458746','2023-03-14','0000-01-01','2023-03-14'),(541,2566,'ศธ04186.027/บง(อุดหนุน)64/66','ค่าอาหารว่างกิจกรรมติว NT ป.3','001002',4020,'105','202','นางญานิศา  สมวงษ์',1,'3341501458746','2023-03-14','0000-01-01','2023-03-14'),(542,2566,'บันทึกการเก็บรักษาเงินสด','นำส่งเงินหักภาษี ณ ที่จ่าย ภงด.3','022001',1819,'102','202','นางสุภาณี  สิงห์ธีร์',1,'3341501458746','2023-03-14','0000-01-01','2023-03-14'),(543,2566,'ศธ04186.027/บง(อาหารกลางวัน)18','ค่าจ้างประกอบอาหารกลางวัน','009001',17226,'112','202','นางทวิกา  จุลทวี่',1,'3341501458746','2023-03-20','0000-01-01','2023-03-20'),(544,2566,'ศธ04186.027/บง(อุดหนุน)65/66','ค่าจ้างเหมารถรับส่งนักเรียน','016002',26100,'108','202','นางทวิกา  จุลทวี่',1,'3341501458746','2023-03-20','0000-01-01','2023-03-20'),(545,2566,'ศธ04186.027/บง(อุดหนุน)66/66','ค่าเดินทางไปราชการนำนักเรียนฝึกซ้อมคาราเต้โด้','005001',1200,'105','202','นางสาวมะลิวัลย์  ประวาฬ',1,'3341501458746','2023-03-20','0000-01-01','2023-03-20'),(546,2566,'ศธ04186.027/บง(อุดหนุน)67/66','จ่ายค่าน้ำมันเชื้อเพลิง','007001',1500,'106','202','นางสุภาณี  สิงห์ธีร์',1,'3341501458746','2023-03-20','0000-01-01','2023-03-20'),(547,2566,'ศธ04186.027/บง(อุดหนุน)68/66','ค่าจ้างเหมาซ่อมแอร์','013001',13960,'104','202','นางสุภาณี  สิงห์ธีร์',1,'3341501458746','2023-03-20','0000-01-01','2023-03-20'),(548,2566,'ศธ04186.027/บง(อุดหนุน)69/66','ค่าตอบแทนวิทยากรท้องถิ่น','004001',2000,'105','201','นางสุภาณี  สิงห์ธีร์',1,'3341501458746','2023-03-27','0000-01-01','2023-03-27'),(549,2566,'ศธ04186.027/บง(อุดหนุน)70/66','ค่าใช้จ่ายเดินทางไปแข่งขันกีฬาคาราเต้โด ที่จ.นครสวรรค์','005003',21854,'106','202','นางสาวมะลิวัลย์  ประวาฬ',1,'3341501458746','2023-03-27','0000-01-01','2023-03-27'),(550,2566,'ศธ04186.027/บง(อุดหนุน)71/66','ค่าจัดกิจกรรมปัจฉิมนิ เทศ','018003',24325,'106','202','นางศรีสุดา  ทองคำห่อ',1,'3341501458746','2023-03-27','0000-01-01','2023-03-27'),(551,2566,'ศธ04186.027/บง(กสศ)3/66','ทุนแนวโน่มเรียนต่อ กสศ. ระดับประถม','016001',12800,'107','202','นางดารา  พยัคฆ์',1,'3341501458746','2023-03-14','0000-01-01','2023-03-14'),(552,2566,'ศธ04186.027/บง(กสศ)3/66','เงินทุน กสศ.แนวโน้มเรียนต่อ','016002',18400,'108','202','นางศรีสุดา  ทองคำห่อ',1,'3341501458746','2023-03-14','0000-01-01','2023-03-14'),(553,2566,'ศธ04186.027/(อดหนุนอื่น)72/66','ค่าไฟฟ้าเดือนมกราคม 66 และกุมภาพันธ์ 66','014001',30480.94,'106','202','นางสุภาณี  สิงห์ธีร์',1,'3341501458746','2023-04-03','0000-01-01','2023-04-03'),(554,2566,'ศธ04186.027/(อดหนุนอื่น)73/66','ค่าน้ำประปาเดือน มีนาคม 66','014001',1362,'106','204','นางสุภาณี  สิงห์ธีร์',1,'3341501458746','2023-04-03','0000-01-01','2023-04-03'),(564,2566,'ศธ04186.027/บง(อุดหนุน)80/66','ค่าประชุมคณะกรรมการสถานศึกษา','015002',2000,'106','202','นางศรีสุดา  ทองคำห่อ',1,'3341501458746','2023-05-09','0000-01-01','2023-05-09'),(557,2566,'บันทึกการเก็บรักษาเงินสด','เงินหักภาษี ณ ที่จ่าย','022001',1075.74,'102','202','นางสุภาณี  สิงห์ธีร์',1,'3341501458746','2023-04-10','0000-01-01','2023-04-10'),(558,2566,'ศธ04186.027/บง(อุดหนุน)75/66','ค่าจ้างซ่อมแซมระบบน้ำภายในโรงเรียน','013001',30000,'106','103','นางแสงเดือน  สายโสภา',1,'3341501458746','2023-04-03','0000-01-01','2023-04-27'),(559,2566,'ศธ04186.027/บง(อุดหนุน)76/66','ค่าติดตั้งผ้าม่านห้องบาร์นิคและซ่อมแซมศาลา','007002',25000,'105','202','นางทวิกา  จุลทวี่',1,'3341501458746','2023-04-27','0000-01-01','2023-04-27'),(565,2566,'ศธ04186.027/บง(อุดหนุน)79/66','ค่าอาหารว่างและค่าอาหารประชุมผู้ปกครอง','015002',5000,'105','202','นางทวิกา  จุลทวี่',1,'3341501458746','2023-05-09','0000-01-01','2023-05-09'),(563,2566,'ศธ04186.027/บง(อุดหนุน)81/66','ค่าหมึกเครื่องถ่ายเอกสาร','015002',4800,'105','203','นางสาวสุดารัตน์  คงคาพันธ์',1,'3341501458746','2023-05-11','0000-01-01','2023-05-11'),(562,2566,'ศธ04186.027/บง(อุดหนุน)77/66','ค่าอุปกรณ์ทำความสะอาด','007002',14670,'105','203','นายภานุวัฒน์  ทองมนต์',1,'3341501458746','2023-05-09','0000-01-01','2023-05-09'),(566,2566,'ศธ04186.027/บง(อุดหนุน)78/66','ค่าน้ำประปา','014002',360,'104','204','นางสุภาณี  สิงห์ธีร์',1,'3341501458746','2023-05-09','0000-01-01','2023-05-09'),(567,2566,'ศธ04186.027/บง(อุดหนุน)82/66','ค่าอุปกรณ์การเรียน','017001',69810,'109','202','นางสุภาณี  สิงห์ธีร์',1,'3341501458746','2023-05-11','0000-01-01','2023-05-11'),(568,2566,'ศธ04186.027/บง(อุดหนุน)82/66','ค่าเครื่องแบบนักเรียน','017003',133950,'110','202','นางสุภาณี  สิงห์ธีร์',1,'3341501458746','2023-05-11','0000-01-01','2023-05-11'),(569,2566,'ศธ04186.027/บง(อุดหนุน)82/66','ค่าอุปกรณ์การเรียน','017001',27675,'113','202','นางสุภาณี  สิงห์ธีร์',0,'3341501458746','2023-05-11','2023-05-11','0000-01-01'),(570,2566,'ศธ04186.027/บง(อุดหนุน)82/66','ค่าเครื่องแบบนักเรียน','017002',52575,'113','202','นางสุภาณี  สิงห์ธีร์',0,'3341501458746','2023-05-11','2023-05-11','0000-01-01'),(571,2566,'ศธ04186.027/บง(รายได้)07/66','เงินรายได้สถานศึกษา','024002',1068,'101','203','นางรวิวรรณ  ลาสาย',1,'3341501458746','2023-05-15','0000-01-01','2023-05-15'),(572,2566,'ศธ04186.027/บง(รายได้)08/66','เงินบริจาคเพื่อทุนการศึกษา','024002',8900,'101','202','นางนวลกนก  บุญเฉลียว',1,'3341501458746','2023-05-16','0000-01-01','2023-05-16'),(573,2566,'ศธ04186.027/บง(อุดหนุน)83/66','ค่าวัสดุห้องเรียน','001003',37000,'106','203','นางนวลกนก  บุญเฉลียว',1,'3341501458746','2023-05-15','0000-01-01','2023-05-15'),(575,2566,'ศธ04186.027/บง(อุดหนุน)84/66','ค่าเครื่องดื่มอาหารว่างและอาหารกลางวันประชุมครู','010003',2000,'105','202','นางสุดจิตร์  ชุนสนิท',1,'3341501458746','2023-05-15','0000-01-01','2023-05-15'),(576,2566,'ศธ04186.027/บง(อุดหนุน)8ึ7/66','จ่ายค่านน้ำมันเชื้อเพลิง','007001',1400,'105','202','นายอุไร  แสนดี',1,'3341501458746','2023-05-19','0000-01-01','2023-05-19'),(577,2566,'ศธ04186.027/บง(อาหารกลาวัน)19/','ค่าจ้างประกอบอาหารกลางวัน','009001',17160,'112','202','นางทวิกา  จุลทวี่',1,'3341501458746','2023-05-19','0000-01-01','2023-05-19'),(579,2566,'ศธ04186.027/บง(อุดหนุน)86/66','ค่าแบบเรียน','017004',312227,'111','203','นางนวลกนก  บุญเฉลียว',1,'3341501458746','2023-05-18','0000-01-01','2023-05-18'),(580,2566,'ศธ04186.027/บง(อุดหนุน)86/66','ค่าหนังสือแบบเรียน','017004',89200,'108','203','นางสุภาณี  สิงห์ธีร์',0,'3341501458746','2023-05-18','2023-05-18','0000-01-01'),(581,2566,'บันทึกการเก็บรักษาเงินสด','นำส่งเงินหักภาษี ณ ที่จ่าย ภงด.3','022001',300,'102','202','นางสุภาณี  สิงห์ธีร์',1,'3341501458746','2023-05-15','0000-01-01','2023-05-15'),(582,2566,'บันทึกการเก็บรักษาเงินสด','นำส่งภาษีหัก ณ ที่จ่าย ภงด.53','022001',8.92,'102','203','นางสุภาณี  สิงห์ธีร์',1,'3341501458746','2023-05-15','0000-01-01','2023-05-15'),(583,2566,'ศธ04186.027/บง(อุดหนุน)83/66','ค่าพัดลมห้อง ป.6/1','001003',4980,'104','203','นางนวลกนก  บุญเฉลียว',1,'3341501458746','2023-05-11','2023-05-11','2023-05-11'),(584,2566,'ศธ04186.027/บง(อุดหนุน)83/66','ค่าจ้างเหมารถรับส่งนักเรียน','016001',21250,'107','202','นางสาวอรพิน  แสงคำ',1,'3341501458746','2023-05-31','0000-01-01','2023-05-31'),(585,2566,'ศธ04186.027/บง(อุดหนุน)89/66','ค่าตอบแทนวิทยากรท้องถิ่น','004001',1000,'105','201','นางสุภาณี  สิงห์ธีร์',1,'3341501458746','2023-05-31','0000-01-01','2023-05-31'),(586,2566,'ศธ04186.027/บง(อุดหนุน)75.1/66','ค่าวัสดุไดโนคอม(เครื่องปริ้นเตอร์)','001003',5199,'105','203','นางนงคราญ  สาธรพันธ์',1,'3341501458746','2023-04-03','0000-01-01','2023-04-03'),(587,2566,'ศธ04186.027/บง(อุดหนุน)75.1/66','ค่าจ้างซ่่อมแซมคอมพิวเตอร์','001003',8983,'104','202','นางนวลกนก  บุญเฉลียว',1,'3341501458746','2023-04-03','0000-01-01','2023-04-03'),(588,2566,'ศธ04186.027/บง(อุดหนุน)74/66','ค่าซองใส่ประกาศนียบัตร','001007',954,'106','203','นางนวลกนก  บุญเฉลียว',1,'3341501458746','2023-04-03','0000-01-01','2023-04-03'),(589,2566,'ศธ04186.027/บง(อุดหนุน)90/66','ค่าจ้างซ่อมแซมคอมพิวเตอร์และเครื่องปริ้นเตอร์','001001',4036,'104','202','นางนวลกนก  บุญเฉลียว',1,'3341501458746','2023-05-31','0000-01-01','2023-05-31'),(590,2566,'ศธ04186.027/บง(อาหารกลางวัน)20','ค่าจ้างประกอบอาหารกลางวัน','009001',28380,'112','202','นางทวิกา  จุลทวี่',1,'3341501458746','2023-05-29','0000-01-01','2023-05-29'),(592,2566,'ศธ04186.027/บง(อุดหนุน)91/66','ค่าวัสดุไดโนคอมและค่าจ้างซ่อมครุภัณฑ์คอมพิวเตอร์','001003',16383,'104','203','นางนวลกนก  บุญเฉลียว',1,'3341501458746','2023-06-01','0000-01-01','2023-06-01'),(593,2566,'ศธ04186.027/บง(อุดหนุน)92/66','จ่ายค่าน้ำมันเชื้อเพลิง','007001',1000,'104','203','นายอุไร  แสนดี',1,'3341501458746','2023-06-08','0000-01-01','2023-06-08'),(594,2566,'ศธ04186.027/บง(อุดหนุน)93/66','ค่าสมุดบันทึกพัฒนาการ ระดับอนุบาล','002003',2000,'104','203','นางเย็นจิตร  พัฒนี',1,'3341501458746','2023-06-08','0000-01-01','2023-06-08'),(595,2566,'ศธ04186.027/บง(อาหารกลางัน)21/','ค่าจ้างประกอบอาหารกลางวัน','009001',22704,'112','202','นางทวิกา  จุลทวี่',1,'3341501458746','2023-06-02','0000-01-01','2023-06-02'),(596,2566,'ศธ04186.027/บง(อาหาร)22/66','ค่าจ้างประกอบอาหารกลางวัน','009001',28380,'112','202','นางทวิกา  จุลทวี่',1,'3341501458746','2023-06-12','0000-01-01','2023-06-12'),(597,2566,'ศธ04186.027/บง(อาหาร)22/66','ค่าจ้างประกอบอาหารกลางวัน','009001',28380,'112','202','นางทวิกา  จุลทวี่',1,'3341501458746','2023-06-12','0000-01-01','2023-06-12'),(598,2566,'ศธ04186.027/บง(อาหาร)24/66','ค่าจ้างประกอบอาหารกลางวัน','009001',28380,'112','202','นางณัฐชยา  จุลทวี่',1,'3341501458746','2023-06-19','0000-01-01','2023-06-19'),(599,2566,'ศธ04186.027/บง(อุดหนุน)96/66','ค่าไฟฟ้าเดือนเมษายน 66','014003',8299.97,'105','204','นางสุภาณี  สิงห์ธีร์',1,'3341501458746','2023-06-19','0000-01-01','2023-06-19'),(600,2566,'ศธ04186.027/บง(อุดหนุน)96/66','ค่าไฟฟ้าเดือนมีนาคม','014002',18021.2,'113','204','นางสุภาณี  สิงห์ธีร์',0,'3341501458746','2023-06-19','2023-06-19','0000-01-01'),(601,2566,'ศธ04186.027/บง(อุดหนุน)94/66','ค่าน้ำประปา','014002',605,'104','202','นางสุภาณี  สิงห์ธีร์',1,'3341501458746','2023-06-09','0000-01-01','2023-06-09'),(602,2566,'ศธ04186.027/บง(อุดหนุน)95/66','ซ่อมกำแพง','017002',13635,'113','202','นางสุภาณี  สิงห์ธีร์',0,'3341501458746','2023-06-19','2023-06-19','0000-01-01'),(603,2566,'บันทึกการเก็บรักษาเงินสด','นำส่งเงินหักภาษี ณ ที่จ่าย ภงด.3','022001',455.4,'102','202','นางสุภาณี  สิงห์ธีร์',1,'3341501458746','2023-06-15','0000-01-01','2023-06-15'),(604,2566,'บันทึกการเก็บรักษาเงินสด','เงินหักภาษี ณ ที่จ่าย','022001',3122.27,'102','202','นางสุภาณี  สิงห์ธีร์',1,'3341501458746','2023-06-15','0000-01-01','2023-06-15'),(605,2566,'ศธ04186.027/บง(อุดหนุน)97/66','ค่าซ่อมหลังคา','013001',2500,'104','202','นางสุภาณี  สิงห์ธีร์',1,'3341501458746','2023-06-26','0000-01-01','2023-06-26'),(606,2566,'ศธ04186.027/บง(อาหาร)24/66','ค่าจ้างประกอบอาหารกลางวัน','009001',28380,'112','202','นางทวิกา  จุลทวี่',1,'3341501458746','2023-06-26','0000-01-01','2023-06-26'),(607,2566,'ศธ04186.027/บง(อาหารกลางวันุน)','ค่าจ้างประกอบอาหารกลางวัน','009001',22704,'112','202','นางทวิกา  จุลทวี่',1,'3341501458746','2023-07-03','0000-01-01','2023-07-03'),(608,2566,'ศธ04186.027/บง(อุดหนุน)98/66','ค่าจ้างเหมารถรับส่งนักเรียนศึกษาแหล่งเรียนรู้นอกสถานที่','017002',1500,'113','202','นางสาวทิพากร  ละคร',1,'3341501458746','2023-07-03','0000-01-01','2023-07-03'),(609,2566,'ศธ04186.027/บง(อุดหนุน)100/66','ค่าจ้างเหมารถรับส่งนักเรียน','016002',41500,'108','202','นางทวิกา  จุลทวี่',1,'3341501458746','2023-07-03','0000-01-01','2023-07-03'),(610,2566,'ศธ04186.027/บง(อุดหนุน)99/66','ค่าตอบแทนวิทยากรท้องถิ่น','004001',2000,'104','201','นางสุภาณี  สิงห์ธีร์',1,'3341501458746','2023-07-03','0000-01-01','2023-07-03'),(611,2566,'ศธ04186.027/บง(อุดหนุน)101/66','ค่าสาธารณูปโภค(น้ำประปา)เดือนมิถุนายน 66','014002',865,'104','202','นางสุภาณี  สิงห์ธีร์',1,'3341501458746','2023-07-10','0000-01-01','2023-07-10'),(612,2566,'ศธ04186.027/บง(อุดหนุน)102/66','ค่าหมึกเครื่องปริ้นเตอร์','001003',1220,'105','202','นางทัศนีย์  วิถี',1,'3341501458746','2023-07-10','0000-01-01','2023-07-10'),(613,2566,'ศธ04186.027/บง(อาหาร)26/66','ค่าจ้างประกอบอาหารกลางวัน','009001',28380,'112','202','นางทวิกา  จุลทวี่',1,'3341501458746','2023-07-10','0000-01-01','2023-07-10'),(614,2566,'ศธ04186.027/บง(อาหาร)27/66','ค่าจ้างประกอบอาหารกลางวัน','009001',28380,'112','202','นางสาวณัฐชยา  จุลทวี',1,'3341501458746','2023-07-17','0000-01-01','2023-07-17'),(615,2566,'บันทึกการเก็บรักษาเงินสด','เงินหักภาษี ณ ที่จ่าย','022001',1214.79,'102','202','นางสุภาณี  สิงห์ธีร์',1,'3341501458746','2023-07-17','0000-01-01','2023-07-17'),(616,2566,'บันทึกการเก็บรักษาเงินสด','ค่าวัสดุอุปกรณ์การเกษตร','024002',3039,'101','203','นางศรีสุดา  ทองคำห่อ',1,'3341501458746','2023-07-24','0000-01-01','2023-07-24'),(617,2566,'บันทึกการเก็บรักษาเงินสด','ค่าวัสดุอุปกรณืนาฏศิลป์','024002',1961,'101','203','นางสุภาณี  สิงห์ธีร์',1,'3341501458746','2023-07-24','0000-01-01','2023-07-24'),(618,2566,'ศธ04186.027/บง(อาหารกลางวัน)29','ค่าจ้างประกอบอาหารกลางวัน','009001',28490,'112','202','นางทวิกา  จุลทวี่',1,'3341501458746','2023-08-03','0000-01-01','2023-08-03'),(619,2566,'บช 314-0-02577-7','ค่าหนังสือแบบเรียน','017004',84317,'111','203','นางสุภาณี  สิงห์ธีร์',1,'3341501458746','2023-08-07','0000-01-01','2023-08-07'),(620,2566,'บช 314-0-02577-7','ค่าอุปกรณ์การเรียน','017001',25680,'109','202','นางสุภาณี  สิงห์ธีร์',1,'3341501458746','2023-08-07','0000-01-01','2023-08-07'),(621,2566,'บช 314-0-02577-7','ค่าเครื่องแบบนักเรียน','017003',48600,'110','202','นางสุภาณี  สิงห์ธีร์',1,'3341501458746','2023-08-07','0000-01-01','2023-08-07'),(622,2566,'ศธ04186.027/บง(อุดหนุน)103/ุุ6','ค่าฝึกอบรมนวดฝ่าเท้าด้วยสมุนไพร','019003',22510,'114','202','นางสาวสุดารัตน์  คงคาพันธ์',1,'3341501458746','2023-07-17','0000-01-01','2023-07-17'),(623,2566,'บช 314-0-02577-7','จ่ายเงินคืนค่ายืมซื้อหนังสือแบบเรียน','017003',4883,'106','202','นางสุภาณี  สิงห์ธีร์',1,'3341501458746','2023-08-07','0000-01-01','2023-08-07'),(624,2566,'ศธ04186.027/บง(อาหารกลางวัน)28','ค่าจ้างประกอบอาหารกลางวัน','009001',28490,'112','202','นางสุภาณี  สิงห์ธีร์',1,'3341501458746','2023-07-24','0000-01-01','2023-07-24'),(625,2566,'บันทึกการเก็บรักษาเงินสด','ค่าจ้างบุคลากร','001008',3000,'101','201','นางสาวอุษณิษา เจริญเชาว์',1,'3341501458746','2023-06-01','0000-01-01','2023-06-01'),(626,2566,'บันทึกการเก็บรักษาเงินสด','บริจาคเพื่อการศึกษา','024001',480,'101','203','นางสุภาณี  สิงห์ธีร์',1,'3341501458746','2023-06-01','0000-01-01','2023-06-01'),(627,2566,'ศธ04186.027/บง(อุดหนุน)104/66','ค่าจ้างเหมารถรับส่งนักเรียน','016001',19700,'107','202','นางทวิกา  จุลทวี่',1,'3341501458746','2023-08-03','2023-08-03','2023-08-03'),(628,2566,'ศธ04186.027/บง(อุดหนุน)104/66','ค่าจ้างเหมารถรับส่งนักเรียน','016002',21800,'108','202','นางทวิกา  จุลทวี่',1,'3341501458746','2023-08-03','0000-01-01','2023-08-03'),(629,2566,'ศธ04186.027/บง(อุดหนุน)105/66','จ่ายค่าน้ำมันเชื้อเพลิง','007001',1200,'106','202','นายอุไร  แสนดี',1,'3341501458746','2023-08-07','0000-01-01','2023-08-07'),(630,2566,'ศธ04186.027/บง(อุดหนุน)106/66','ค่าน้ำประปา','014001',910,'106','202','นางสุภาณี  สิงห์ธีร์',1,'3341501458746','2023-08-07','0000-01-01','2023-08-07'),(631,2566,'ศธ04186.027/บง(อาหาร)30/66','ค่าจ้างประกอบอาหารกลางวัน','009001',28490,'112','202','นางสาวณัฐชยา  จุลทวี',1,'3341501458746','2023-08-10','0000-01-01','2023-08-10'),(632,2566,'ศธ04186.027/บง(อาหาร)31/66','ค่าจ้างประกอบอาหารกลางวัน','009001',28490,'112','202','นางสาวณัฐชยา  จุลทวี',1,'3341501458746','2023-08-18','0000-01-01','2023-08-18'),(633,2566,'ศธ04186.027/บง(อุดหนุนยืม)01 /','จ่ายคืนเงินยืมกิจกรรมพัฒนาผู้เรียนค่าไฟฟ้าเดือนมีนาคม 2566','014001',18021.2,'106','204','นางสุภาณี  สิงห์ธีร์',1,'3341501458746','2023-08-07','0000-01-01','2023-08-07'),(635,2566,'บช 314-0-02577-7','ส่งใช้เงินยืมค่าแบบเรียน','013002',4883,'106','203','นางสุภาณี  สิงห์ธีร์',1,'3341501458746','2023-08-07','0000-01-01','2023-08-07'),(636,2566,'บช 314-0-02577-7','ส่งใชเงินยืมค่าซ่อมกำแพง','015001',13635,'105','202','นางสุภาณี  สิงห์ธีร์',1,'3341501458746','2023-08-07','0000-01-01','2023-08-07'),(637,2566,'บันทึกการเก็บรักษาเงินสด','เงินภาษีหัก ณ ที่จ่าย 1 %  ภงด.53','022001',28.4,'102','202','นางสุภาณี  สิงห์ธีร์',1,'3341501458746','2023-08-14','0000-01-01','2023-08-14'),(638,2566,'บันทึกการเก็บรักษาเงินสด','เงินหักภาษี ณ ที่จ่าย ภงด.3','022001',1179.54,'102','202','นางสุภาณี  สิงห์ธีร์',1,'3341501458746','2023-08-14','0000-01-01','2023-08-14'),(639,2566,'ศธ04186.027/บง(อุดหนุน)107/66','ค่าวัสดุกิจกรรมวันภาษาไทย','018003',5000,'106','203','นางสาวอรพิน  แสงคำ',1,'3341501458746','2023-08-10','0000-01-01','2023-08-10'),(640,2566,'บันทึกการเก็บรักษาเงินสด','เงินบริจาคนางสาวอรพิน  แสงคำ รางวัลตัวละครวันภาษาไทย','024002',514,'101','202','นางสุภาณี  สิงห์ธีร์',1,'3341501458746','2023-08-10','0000-01-01','2023-08-10'),(641,2566,'ศธ04186.027/บง(อุดหนุน)108/66','ค่าวัสดุกิจกรรมวันแม่','018003',2500,'105','203','นางรวิวรรณ  ลาคำสาย',1,'3341501458746','2023-08-10','0000-01-01','2023-08-10'),(642,2566,'ศธ04186.027/บง(อุดหนุน)109/66','ค่าสาธารณูปโภค(ไฟฟ้า)เดือนพฤษภาคมและเดือนมิถุนายน 256ุ6','014003',30129.35,'106','204','นางสุภาณี  สิงห์ธีร์',1,'3341501458746','2023-08-18','0000-01-01','2023-08-18'),(643,2566,'ศธ04186.027/บง(อาหาร)32/66','เงินคงค้างเกิน 2 ปีงบประมาณ','009002',5.21,'112','202','นางสุภาณี  สิงห์ธีร์',1,'3341501458746','2023-08-01','0000-01-01','2023-08-18'),(644,2566,'ศธ04186.027/บง(อุดหนุน)111/66','ค่าวัสดุและค่าจ้างร้านไดโนคอม','001003',4482,'106','202','นางสุภาณี  สิงห์ธีร์',1,'3341501458746','2023-08-18','0000-01-01','2023-08-18'),(645,2566,'ศธ04186.027/บง(อุดหนุน)112/66','ค่าจ้างเหมารถรับส่งนักเรียนศึกษาแหล่งเรียนรู้วันวิทยาศาสตร์ ที่ ม.อุบลฯ','017002',5900,'113','202','นายภานุวัฒน์  ทองมนต์',1,'3341501458746','2023-08-18','0000-01-01','2023-08-18'),(646,2566,'ศธ04186.027/บง(อุดหนุน)31/66','ค่าจ้างประกอบอาหารกลางวัน','009001',28490,'112','202','นางสาวอรพิน  แสงคำ',1,'3341501458746','2023-08-18','0000-01-01','2023-08-18'),(649,2566,'ศธ04186.027/บง(อุดหนุน)114/66','ค่าหมึกเครื่องถ่ายเอกสารงานธุรการ','013001',6000,'106','203','นางสาวสุดารัตน์  คงคาพันธ์',1,'3341501458746','2023-08-21','0000-01-01','2023-08-21'),(648,2566,'ศธ04186.027/บง(อุดหนุน)113/66','ค่าหมึกเครื่องถ่ายเอกสารส่วนกลาง','013001',16600,'106','203','นางสาวสุดารัตน์  คงคาพันธ์',1,'3341501458746','2023-08-18','0000-01-01','2023-08-18'),(650,2566,'ศธ04186.027/บง(กสศ)4/66','ทุนกสศ.ปฐมวัย','025001',18000,'115','202','ครูสายอนุบาล',1,'3341501458746','2023-08-21','0000-01-01','2023-08-21'),(651,2566,'ศธ04186.027/บง(กสศ)4/66','เงินทุนกสศ.ระดับประถมศึกษา','025002',39000,'115','202','ครูสายประถม',1,'3341501458746','2023-08-21','0000-01-01','2023-08-21'),(652,2566,'ศธ04186.027/บง(กสศ)4/66','ทุนกสศ.ระดับมัธยมศึกษาตอนต้น','025003',85500,'115','202','ครูสายมัธยม',1,'3341501458746','2023-08-21','0000-01-01','2023-08-21'),(653,2566,'ศธ04186.027/บง(อุดหนุน)115/66','ค่ากิจกรรมกีฬาสีภายใน','005003',6000,'106','202','นางสาวมะลิวัลย์  ประวาฬ',1,'3341501458746','2023-08-25','0000-01-01','2023-08-25'),(654,2566,'ศธ04186.027/บง(อุดหนุน)116/66','ค่าน้ำยาทำความสะอาด','013001',1400,'105','203','นายภานุวัฒน์  ทองมนต์',1,'3341501458746','2023-08-25','0000-01-01','2023-08-25'),(655,2566,'ศธ04186.027/บง(อุดหนุน)115/66','ค่าดำเนินกิจกรรมกีฬาสีภายใน','005003',9000,'105','202','นางสาวมะลิวัลย์  ประวาฬ',0,'3341501458746','2023-08-25','2023-08-25','0000-01-01'),(656,2566,'ศธ04186.027/บง(อาหาร)33/66','ค่าจ้างประกอบอาหารกลางวัน','009001',28490,'112','202','นางทวิกา  จุลทวี่',1,'3341501458746','2023-08-25','0000-01-01','2023-08-25'),(657,2566,'ศธ04186.027/บง(อุดหนุน)117/66','ค่าจ้างเหมาทำตาข่ายกั้นพนักอาคารชั้น 2','013001',14000,'105','202','นายภานุวัฒน์  ทองมนต์',1,'3341501458746','2023-08-28','0000-01-01','2023-08-28'),(658,2566,'ศธ04186.027/บง(อุดหนุน)118/66','ค่าวัสดุประตูบานทึบแข็งพร้อมอุปกรณ์','013001',2980,'105','203','นางอรวรรณ  บำเรอพงษ์',1,'3341501458746','2023-08-28','0000-01-01','2023-08-28'),(659,2566,'ศธ04186.027/บง(อาหาร)34/66','ค่าจ้างประกอบอาหารกลางวัน','009001',22792,'112','202','นางสาวณัฐชยา  จุลทวี',1,'3341501458746','2023-09-01','0000-01-01','2023-09-01'),(660,2566,'ศธ04186.027/บง(อุดหนุน)119/66','ค่ารถรับส่งนักรียนประจำเดือนสิงหาคม 66','016002',41500,'108','202','นางทวิกา  จุลทวี่',1,'3341501458746','2023-09-01','0000-01-01','2023-09-01'),(661,2566,'ศธ04186.027/บง(อุดหนุน)120/66','ค่าน้ำประปา','014003',905,'105','202','นางสุภาณี  สิงห์ธีร์',1,'3341501458746','2023-09-06','0000-01-01','2023-09-06'),(662,2566,'ศธ04186.027/บง(อุดหนุน)121/66','ค่าทราย','015003',2000,'105','203','นางทวิกา  จุลทวี่',1,'3341501458746','2023-09-06','0000-01-01','2023-09-06'),(663,2566,'ศธ04186.027/บง(อุดหนุน)122/66','ค่าไวนิลยุวเกษตร','015003',180,'105','203','นางศรีสุดา  ทองคำห่อ',1,'3341501458746','2023-09-06','0000-01-01','2023-09-06'),(664,2566,'ศธ04186.027/บง(อุดหนุน)123/66','ค่าวัสดุและค่าจ้างไดโนคอม','001003',12802,'106','203','นางทวิกา  จุลทวี่,นางเย็นจิตร,นายภาณุวัฒน์',1,'3341501458746','2023-09-06','0000-01-01','2023-09-06'),(665,2566,'ศธ04186.027/บง(อุดหนุน)124/66','ค่าจ้างซ่อมหลังคาประชาสัมพันธ์','015001',5000,'106','202','นายภานุวัฒน์  ทองมนต์',1,'3341501458746','2023-09-06','0000-01-01','2023-09-06'),(666,2566,'ศธ04186.027/บง(อุดหนุน)125/66','ค่าน้ำมันมวยกีฬาสีภายใน','005002',1464,'105','203','นางสาวมะลิวัลย์  ประวาฬ',1,'3341501458746','2023-09-06','0000-01-01','2023-09-06'),(667,2566,'ศธ04186.027/บง(อุดหนุน)126/66','ค่าจ้างแต่งตัวดรัมเมเยอร์และป้ายกีฬาสีภายใน','001006',5000,'106','202','นางสุภาณี  สิงห์ธีร์',1,'3341501458746','2023-09-06','0000-01-01','2023-09-06'),(668,2566,'ศธ04186.027/บง(อุดหนุน)127/66','ค่าทำรางน้ำ','015001',2500,'106','202','นายภานุวัฒน์  ทองมนต์',1,'3341501458746','2023-09-11','0000-01-01','2023-09-11'),(669,2566,'ศธ04186.027/บง(อุดหนุน)129/66','ค่าวัสดุฝึกทักษะศิลปหัตถกรรมนักเรียนระดับกลุ่ม','001004',9845,'106','203','นางนวลกนก  บุญเฉลียว',1,'3341501458746','2023-09-11','0000-01-01','2023-09-14'),(670,2566,'ศธ04186.027/บง(อุดหนุน)130/66','ค่าจ้างและค่าวัสดุแข่งขันศิลปหัตถกรรมระดับกลุ่ม','001004',7600,'106','202','นางนวลกนก  บุญเฉลียว',1,'3341501458746','2023-09-14','0000-01-01','2023-09-14'),(671,2566,'ศธ04186.027/บง(อุดหนุน)127/66','ค่าวัสดุจัดทำทำเนียบบุคลากร','012001',2008,'106','203','นางสุดจิตร์  ชุนสนิท',1,'3341501458746','2023-09-06','0000-01-01','2023-09-06'),(672,2566,'ศธ04186.027/บง(อุดหนุน)129/66','ค่าวัสดุฝึกทักษะศิลปหัตถกรรมนักเรียนระดับกลุ่ม','001004',10139,'106','203','นางนวลกนก  บุญเฉลียว',1,'3341501458746','2023-09-11','0000-01-01','2023-09-11'),(673,2566,'บันทึกการเก็บรักษาเงินสด','เบิกเงินสดนำส่งภาษีหักณ ที่จ่าย 1%','022001',1436.03,'102','202','นางสุภาณี  สิงห์ธีร์',1,'3341501458746','2023-09-15','0000-01-01','2023-09-15'),(674,2566,'ศธ04186.027/บง(อุดหนุน)131/66','ค่าทัศนศึกษาแหล่งเรียนรู้นอกสถานที่(กิจกรรมพัฒนาผู้เรียน) ระดับมัธยม','017002',54000,'113','202','นางทวิกา  จุลทวี่',1,'3341501458746','2023-09-20','0000-01-01','2023-09-20'),(675,2566,'ศธ04186.027/บง(อุดหนุน)135/66','ค่าไฟฟ้าเดือนกรกฎาคม 2566','014001',15628.26,'106','202','นางสุภาณี  สิงห์ธีร์',1,'3341501458746','2023-09-28','0000-01-01','2023-09-28'),(676,2566,'ศธ04186.027/บง(อุดหนุน)133/66','งบปัจจัยพื้นฐานนักเรียนยากจน','016002',41500,'108','202','นางสุภาณี  สิงห์ธีร์',1,'3341501458746','2023-09-28','0000-01-01','2023-09-28'),(677,2566,'ศธ04186.027/บง(อาหาร)35/66','ค่าจ้างประกอบอาหารกลางวัน','009001',28490,'112','202','นางสุภาณี  สิงห์ธีร์',1,'3341501458746','2023-09-06','0000-01-01','2023-09-06'),(678,2566,'ศธ04186.027/บง(อาหาร)3ุ6/66','ค่าจ้างประกอบอาหารกลางวัน','009001',28490,'112','202','นางสุภาณี  สิงห์ธีร์',1,'3341501458746','2023-09-14','0000-01-01','2023-09-14'),(679,2566,'ศธ04186.027/บง(อาหาร)3ึ7/66','ค่าจ้างประกอบอาหารกลางวัน','009001',28490,'112','202','นางสาวณัฐชยา  จุลทวี',1,'3341501458746','2023-09-20','0000-01-01','2023-09-20'),(680,2566,'ศธ04186.027/บง(อุดหนุน)37/66','ค่าจ้างประกอบอาหารกลางวัน','009001',39886,'112','202','นางสาวณัฐชยา  จุลทวี',1,'3341501458746','2023-09-28','0000-01-01','2023-09-28'),(681,2566,'ศธ04186.027/บง(อุดหนุน)13266','ค่าทัศนศึกษาแหล่งเรียนรู้นอกสถานที่(กิจกรรมพัฒนาผู้เรียน) ระดับอนุบาล-ป.6','017002',60806,'113','202','นางญานิศา  สมวงษ์',1,'3341501458746','2023-09-28','0000-01-01','2023-09-28'),(682,2566,'ศธ04186.027/บง(อุดหนุน)130/66','ค่ากิจกรรมศิลปหัตถกรรมระดับกลุ่ม','001004',7600,'105','202','นางนวลกนก  บุญเฉลียว',1,'3341501458746','2023-09-14','0000-01-01','2023-09-14'),(683,2567,'บง(อุดหนุน)01/67              ','ค่าน้ำประปาเดือนกันยายน 66','016003',1225,'106','204','นางสุภาณี  สิงห์ธีร์',1,'3341501458746','2023-10-03','0000-01-01','2023-10-03'),(684,2567,'บง(อุดหนุน)02/67              ','ค่าไวนิล กิจกรรม Active Learning','001001',1900,'106','203','นางศรีสุดา  ทองคำห่อ',1,'3341501458746','2023-10-03','0000-01-01','2023-10-03'),(685,2567,'ศธ04186.027/บง03(อุดหนุน)/67','ค่าวัสดุ  ปูนทราย','015001',3196,'105','203','นางทวิกา  จุลทวี',1,'3341501458746','2023-10-03','0000-01-01','2023-10-03'),(686,2567,'ศธ04186.027/บง05(อุดหนุน)/67','ค่าน้ำมันรถโรงเรียน','007001',1000,'105','202','นายอุไร  แสนดี',1,'3341501458746','2023-10-03','0000-01-01','2023-10-03'),(687,2567,'ศธ04186.027/บง05(อุดหนุน)/67','ค่าอาหารนักกีฬาคาราเต้โดเดินทางไปซ้อมกีฬา','005002',1560,'105','202','นางสาวมะลิวัลย์  ประวาฬ',1,'3341501458746','2023-10-03','0000-01-01','2023-10-03'),(688,2567,'ศธ04186.027/บง06(อุดหนุน)/67','ค่าซ่อมระบบไฟฟ้าพร้อมเปลี่ยนบล๊อกไฟฟ้าห้องบาร์นิค','017002',2000,'106','202','นายอุไร  แสนดี',1,'3341501458746','2023-10-03','0000-01-01','2023-10-03'),(689,2567,'ศธ04186.027/บง07(อุดหนุน)/67','ค่าจ้างซ่อมและเปลี่ยนหลอดไฟฟ้าห้องอนุบาล 2','017004',1800,'104','202','นายภานุวัฒน์  ทองมนต์',1,'3341501458746','2023-10-09','0000-01-01','2023-10-09'),(690,2567,'ศธ04186.027/บง08(อุดหนุน)/67','ค่าอบรมอพัฒนาบุคลากรเรื่องการจัดทำสื่ออการเรียนรู้','012001',5600,'106','202','นางสุดจิตร์  ชุนสนิท',1,'3341501458746','2023-10-09','0000-01-01','2023-10-09'),(691,2567,'ศธ04186.027/บง10(อุดหนุน)/67','ค่าจ้างและค่าวัสดุ ร้านไดโนคอม','001003',10044,'105','202','นางสุภาณี  สิงห์ธีร์',1,'3341501458746','2023-10-09','0000-01-01','2023-10-09'),(692,2567,'ศธ04186.027/บง09(อุดหนุน)/67','เงินปัจจัยพื้นฐานสำหรับนักเรียนยากจน','018001',37500,'107','202','นางสุภาณี  สิงห์ธีร์',1,'3341501458746','2023-10-09','0000-01-01','2023-10-09'),(693,2567,'ศธ04186.027/บง09(อุดหนุน)/67','เงินปัจจัยพื้นฐานสำหรับนักเรียนยากจนมัธยม','018002',213000,'108','202','นางศรีสุดา  ทองคำห่อ',1,'3341501458746','2023-10-09','0000-01-01','2023-10-09'),(694,2567,'ศธ04186.027/บง10(อุดหนุน)/67','ค่าไฟฟ้าเดือนสิงหาคม 66','016002',16605.89,'105','204','นางสุภาณี  สิงห์ธีร์',1,'3341501458746','2023-10-16','0000-01-01','2023-10-16'),(695,2567,'ศธ04186.027/บง10(อุดหนุน)/67','ค่าไฟฟ้าเดือนกันยายน 66','016001',17712.96,'106','204','นางสุภาณี  สิงห์ธีร์',1,'3341501458746','2023-10-16','0000-01-01','2023-10-16'),(696,2567,'ศธ04186.027/บง01(รายได้)/67','ค่าจ้างทำโครงหลังคาร่มเย็น','017003',5000,'101','202','นายภานุวัฒน์  ทองมนต์',1,'3341501458746','2023-10-16','0000-01-01','2023-10-16'),(697,2567,'ศธ04186.027/บง02(รายได้)/67','ค่าสร้างรั้วกั้นอาคารอนุบาล','017004',10000,'101','202','นายภานุวัฒน์  ทองมนต์',1,'3341501458746','2023-10-16','0000-01-01','2023-10-16'),(698,2567,'บันทึกเก็บรักษา','ภาษีหัก ณที่จ่าย 1 %','019001',100,'102','202','นางสุภาณี  สิงห์ธีร์',1,'3341501458746','2023-10-15','0000-01-01','2023-10-13'),(699,2567,'บันทึกเก็บรักษา','นำส่งภาษีหัก ณ ที่จ่าย  1 %','019001',1581.48,'102','202','นางสุภาณี  สิงห์ธีร์',1,'3341501458746','2023-10-15','0000-01-01','2023-10-15'),(700,2567,'บันทึกเก็บรักษา','นำส่งภาษีหัก ณ ที่จ่าย  1 %','019002',1008.02,'102','202','นางสุภาณี  สิงห์ธีร์',1,'3341501458746','2023-10-15','0000-01-01','2023-10-15'),(701,2567,'ศธ04186.027/บง13(อุดหนุน)/67','ค่าวัสดุห้องเรียนอนุบาล','001003',6000,'104','203','นางสุภาณี  สิงห์ธีร์',1,'3341501458746','2023-10-30','0000-01-01','2023-10-30'),(702,2567,'ศธ04186.027/บง13(อุดหนุน)/67','ค่าวัสดุห้องเรียนประถม','001003',14000,'105','203','นางนวลกนก  บุญเฉลียว',1,'3341501458746','2023-10-30','0000-01-01','2023-10-30'),(703,2567,'ศธ04186.027/บง13(อุดหนุน)/67','ค่าวัสดุห้องเรียนมัธยม','001003',30000,'106','203','นางนวลกนก  บุญเฉลียว',1,'3341501458746','2023-10-30','0000-01-01','2023-10-30'),(704,2567,'ศธ04186.027/บง11(อุดหนุน)/67','ค่าวัสดุธงชาติไทย','017003',1020,'105','203','นายภานุวัฒน์  ทองมนต์',1,'3341501458746','2023-10-30','0000-01-01','2023-10-30'),(705,2567,'ศธ04186.027/บง12(อุดหนุน)/67','ค่าเครื่องปรับอากาศแบบแขวน','017003',29000,'104','202','นายภานุวัฒน์  ทองมนต์',1,'3341501458746','2023-10-30','0000-01-01','2023-10-30'),(709,2567,'ศธ04186.027/บง15(อุดหนุน)/67','ค่าวัสดุ สีและถังเครื่องทำน้ำเย็น','017003',11593.01,'106','203','นางทวิกา  จุลทวี',1,'3341501458746','2023-11-06','0000-01-01','2023-11-06'),(710,2567,'ศธ04186.027/บง02(อาหาร)/6ึ7','ค่าอาหารกลางวันนักเรียน','021001',28490,'112','202','นางทวิกา  จุลทวี',1,'3341501458746','2023-11-06','0000-01-01','2023-11-06'),(711,2567,'ศธ04186.027/บง13(อุดหนุน)/67','ค่าวัสดุสี','015001',1918,'106','203','นางทวิกา  จุลทวี',1,'3341501458746','2023-11-06','0000-01-01','2023-11-06'),(712,2567,'ศธ04186.027/บง03(รายได้)/67','ค่าวัสดุคาราเต้โด','005002',4775,'101','203','นางสาวมะลิวัลย์  ประวาฬ',1,'3341501458746','2023-11-15','0000-01-01','2023-11-06'),(713,2567,'ศธ04186.027/บง14(อุดหนุน)/67','ค่าเดินทางไปราชการนำนักเรียนฝึกซ้อมคาราเต้โด','005002',4800,'106','202','นางสาวมะลิวัลย์  ประวาฬ',0,'3341501458746','2023-11-06','2023-11-06','0000-01-01'),(714,2567,'ศธ04186.027/บง15.1(อุดหนุน)/67','ค่าแบตเตอรี่รถตู้','017002',2500,'106','203','นายอุไร  แสนดี',1,'3341501458746','2023-11-06','0000-01-01','2023-11-06'),(715,2567,'ศธ04186.027/บง16(อุดหนุน)/67','ค่าหมึกเครื่องถ่ายเอกสาร','022002',3300,'106','203','นางสุภาณี  สิงห์ธีร์',1,'3341501458746','2023-11-13','0000-01-01','2023-11-13'),(716,2567,'ศธ04186.027/บง18(อุดหนุน)/67','ค่าฝึกอบรมพัฒนาครูและบุคลากรเรื่องความก้าวหน้าทางวิชาชีพ','012001',6940,'105','202','นางสุดจิตร์  ชุนสนิท',0,'3341501458746','2023-11-13','2023-11-13','0000-01-01'),(717,2567,'ศธ04186.027/บง17(อุดหนุน)/67','ค่าจัดเขียนป้ายไม้','015001',1500,'106','202','นายภานุวัฒน์  ทองมนต์',1,'3341501458746','2023-11-13','0000-01-01','2023-11-13'),(718,2567,'ศธ04186.027/บง02(อาหาร)/67','ค่าอาหารกลางวันนักเรียน','021001',28490,'112','202','นางทวิกา  จุลทวี',1,'3341501458746','2023-11-13','0000-01-01','2023-11-13'),(719,2567,'ศธ04186.027/บง02(เพื่อการศึกษา','ค่าจ้างทำหลังคาร่มเย็น','015002',50000,'101','202','นายภานุวัฒน์  ทองมนต์',1,'3341501458746','2023-11-15','0000-01-01','2023-11-15'),(720,2567,'ศธ04186.027/บง/21(อุดหนุน)/67','ค่าน้ำมันรถ','007001',1500,'106','202','นายอุไร  แสนดี',1,'3341501458746','2023-11-20','0000-01-01','2023-11-20'),(721,2567,'ศธ04186.027/บง22(อุดหนุน)/67','ค่าวัสดุกิจกรรมแข่งขันศิลปหัตกรรม','001004',13453,'106','203','นางนวลกนก  บุญเฉลียว',1,'3341501458746','2023-11-20','0000-01-01','2023-11-20'),(725,2567,'ศธ04186.027/บง04(อาหารกลางวัน)','ค่าอาหารกลางวันนักเรียน','021001',28490,'112','202','นางทวิกา  จุลทวี',1,'3341501458746','2023-11-20','0000-01-01','2023-12-20'),(763,2567,'ศธ04186.027/บง44(อุดหนุน)/67','ค่าน้ำมันรถตู้','007001',1000,'106','203','นายอุไร  แสนดี',1,'3341501458746','2024-01-05','0000-01-01','2024-01-05'),(729,2567,'ศธ04186.027/บง20(อุดหนุน)/67','ค่าวัสดุไดโนคอม','022002',26431,'106','203','นางสุภาณี  สิงห์ธีร์',1,'3341501458746','2023-11-20','0000-01-01','2023-11-20'),(728,2567,'ศธ04186.027/บง19(อุดหนุน)/67','ค่าอุปกรณ์การเรียนภาคเรียนที่ 2/ุุ66','024001',68335,'109','202','นางสุภาณี  สิงห์ธีร์',1,'3341501458746','2023-11-20','0000-01-01','2023-11-20'),(730,2567,'ศธ04186.027/บง24(อุดหนุน)/67','ค่าน้ำประปา','016003',470,'104','204','นางสุภาณี  สิงห์ธีร์',1,'3341501458746','2023-11-24','0000-01-01','2023-11-24'),(731,2567,'ศธ04186.027/บง25(อุดหนุน)/67','ค่าอุปกรณืทำความสะอาด','017003',17360,'106','203','นายภานุวัฒน์  ทองมนต์',1,'3341501458746','2023-11-24','0000-01-01','2023-11-24'),(732,2567,'ศธ04186.027/บง26(อุดหนุน)/67','ค่าวัสดุแข่งศิลปะหัตถกรรม','001004',6100,'106','203','นางนวลกนก  บุญเฉลียว',1,'3341501458746','2023-11-24','0000-01-01','2023-11-24'),(733,2567,'ศธ04186.027/บง23(อุดหนุน)/67','ค่าติดตั้งกล้องวงจรปิด','017004',20000,'106','202','นายภานุวัฒน์  ทองมนต์',1,'3341501458746','2023-11-24','0000-01-01','2023-11-24'),(734,2567,'ศธ04186.027/บง27(อุดหนุน)/67','ค่ารถรับส่งนักเรียน','007002',15750,'106','202','นางทวิกา  จุลทวี',1,'3341501458746','2023-11-29','0000-01-01','2023-11-29'),(735,2567,'ศธ04186.027/บง08(อาหาร)/67','ค่าอาหารกลางวันนักเรียน','021001',56980,'112','202','นางทวิกา  จุลทวี',1,'3341501458746','2023-11-29','0000-01-01','2023-11-29'),(736,2567,'ศธ04186.027/บง30(อุดหนุน)/67','ค่าวัสดุปูพื้น  จิกซอร์ห้องคาราเต้โด','005002',14520,'105','203','นางสาวมะลิวัลย์  ประวาฬ',1,'3341501458746','2023-11-29','0000-01-01','2023-11-29'),(737,2567,'ศธ04186.027/บง28(อุดหนุน)/67','ค่าจ้างครูอัตราจ้าง','001009',12000,'106','201','นางนวลกนก  บุญเฉลียว',1,'3341501458746','2023-11-29','0000-01-01','2023-11-29'),(738,2567,'ศธ04186.027/บง29.1(อุดหนุน)/67','ค่าเครื่องปรับอากาศ งวด 2','022002',29000,'105','203','นางสุภาณี  สิงห์ธีร์',1,'3341501458746','2023-11-29','0000-01-01','2023-11-29'),(739,2567,'บันทึกเก็บรักษา','ภาษีหัก ณที่จ่าย 1 %','019001',2181.48,'102','202','นางสุภาณี  สิงห์ธีร์',1,'3341501458746','2023-11-15','0000-01-01','2023-11-15'),(740,2567,'ศธ04186.027/บง/29(อุดหนุน)/67','ค่าใช้สอยนำนักเรียนแข่งศิลปหัตถกรรม','001004',13150,'105','202','นางนวลกนก  บุญเฉลียว',0,'3341501458746','2023-11-29','2023-11-29','0000-01-01'),(741,2567,'ศธ04186.027/บง04(รายได้)/67','คาจ้างมุงหลังคาร่มเย็น','015002',38400,'101','202','นายภานุวัฒน์  ทองมนต์',1,'3341501458746','2023-12-12','0000-01-01','2023-12-12'),(742,2567,'ศธ04186.027/บง34(อุดหนุน)/67','ค่าวัสดุโครงงานอาชีพ','001001',1450,'106','203','นางศรีสุดา  ทองคำห่อ',1,'3341501458746','2023-12-12','0000-01-01','2023-12-12'),(743,2567,'ศธ04186.027/บง31(อุดหนุน)/67','ค่าน้ำมันรถโรงเรียน','007001',1500,'105','203','นายอุไร  แสนดี',1,'3341501458746','2023-12-12','0000-01-01','2023-12-12'),(744,2567,'ศธ04186.027/บง35(อุดหนุน)/67','ค่าจ้างทำหลังคาร่มเย็น','015002',11600,'105','203','นายภานุวัฒน์  ทองมนต์',1,'3341501458746','2023-12-12','0000-01-01','2023-12-12'),(745,2567,'บันทึกเก็บรักษา','เงินหักภาษี ณ ที่จ่าย','019001',2045.2,'102','202','นางสุภาณี  สิงห์ธีร์',1,'3341501458746','2023-12-15','0000-01-01','2023-12-15'),(746,2567,'บันทึกเก็บรักษา','เงินภาษีหัก ณ ที่จ่าย','019002',157.12,'102','202','นางสุภาณี  สิงห์ธีร์',1,'3341501458746','2023-12-15','0000-01-01','2023-12-15'),(747,2567,'ศธ04186.027/บง36(อุดหนุน)/67','ค่าสายคล้องคอนามบัตรแข่งขันศิลปหัตถกรรม','001004',2400,'105','203','นางนวลกนก  บุญเฉลียว',1,'3341501458746','2023-12-15','0000-01-01','2023-12-15'),(748,2567,'ศธ04186.027/บง32(อุดหนุน)/67','ค่าน้ำประปาเดือนพฤศจิกายน 66','016003',1080,'105','203','นางสุภาณี  สิงห์ธีร์',1,'3341501458746','2023-12-15','0000-01-01','2023-12-15'),(749,2567,'ศธ04186.027/บง33(อุดหนุน)/67','ค่ายาสามัญประจำบ้าน','017004',3144,'105','203','นางสาวมะลิวัลย์  ประวาฬ',1,'3341501458746','2023-12-15','0000-01-01','2023-12-15'),(750,2567,'ศธ04186.027/บง39(อุดหนุน)/67','ยืมค่าประชุมจัดทำแผนกลยุทธืพื้นที่นวัตถกรรม','017001',9500,'106','202','นางสุภาณี  สิงห์ธีร์',0,'3341501458746','2023-12-15','2023-12-15','0000-01-01'),(751,2567,'ศธ04186.027/บง37(อุดหนุน)/67','ยืมเงินเดินทางไปราชการนำนักเรียนแข่งคาราเต้โด จ.สุรินทร์','005002',27960,'105','202','นางสาวมะลิวัลย์  ประวาฬ',0,'3341501458746','2023-12-15','2023-12-15','0000-01-01'),(752,2567,'ศธ04186.027/บง06(อาหาร)/67','ค่าอาหารกลางวันนักเรียน','021001',28490,'112','202','นางทวิกา  จุลทวี',1,'3341501458746','2023-12-15','0000-01-01','2023-12-15'),(753,2567,'ศธ04186.027/บง01(อาหาร)/67','นำเงินเหลือจ่ายอาหารกลางวันส่งคืน อบต..คูเมือง','021002',44494,'112','202','นางสุภาณี  สิงห์ธีร์',1,'3341501458746','2023-10-30','0000-01-01','2023-10-30'),(754,2567,'ศธ04186.027/บง38(อุดหนุน)/67','ยืมเงินกิจกรรมกีฬาระดับกลุ่ม','005001',54300,'106','202','นางสาวมะลิวัลย์  ประวาฬ',0,'3341501458746','2023-12-18','2023-12-18','0000-01-01'),(755,2567,'ศธ04186.027/บง13(อุดหนุน)/67','ค่าจ้างอาหารกลางวันนักเรียน','021001',28490,'112','202','นางทวิกา  จุลทวี',1,'3341501458746','2023-12-21','0000-01-01','2023-12-21'),(756,2567,'ศธ04186.027/บง08(อาหาร)/67','ค่าอาหารกลางวันนักเรียน','021001',28490,'112','202','นางทวิกา  จุลทวี',1,'3341501458746','2023-12-28','0000-01-01','2023-12-28'),(757,2567,'ศธ04186.027/บง40(อุดหนุน)/67','ค่าสาธารณูปโภค(ไฟฟ้า)','016002',8844.09,'106','204','นางสุภาณี  สิงห์ธีร์',1,'3341501458746','2023-12-28','0000-01-01','2023-12-28'),(758,2567,'ศธ04186.027/บง40(อุดหนุน)/67','ค่าไฟฟ้าเดือนพฤศจิกายน 66','016001',13476,'106','204','นางสุภาณี  สิงห์ธีร์',1,'3341501458746','2023-12-28','0000-01-01','2023-12-28'),(759,2567,'ศธ04186.027/บง43.1(อุดหนุน)/67','ค่าจ้างครูอัตราจ้าง','001009',0,'104','103','นางสุดจิตร์  ชุนสนิท',1,'3341501458746','2023-12-28','0000-01-01','2023-12-28'),(760,2567,'ศธ04186.027/บง42(อุดหนุน)/67','ค่าวัสดุปฐมวัย','002001',20382,'104','203','นางรวิวรรณ  ลาคำสาย',1,'3341501458746','2023-12-28','0000-01-01','2023-12-28'),(761,2567,'ศธ04186.027/บง41(อุดหนุน)/67','ค่าจ้างเหมารถรับส่งนักเรียน','007002',15750,'104','202','นางทวิกา  จุลทวี',1,'3341501458746','2023-12-28','0000-01-01','2023-12-28'),(762,2567,'ศธ04186.027/บง43(อุดหนุน)/67','ค่าหมึกเครื่องถ่ายเอกสาร','001003',13280,'105','203','นางนวลกนก  บุญเฉลียว',1,'3341501458746','2023-12-28','0000-01-01','2023-12-28'),(764,2567,'ศธ04186.027/บง45(อุดหนุน)/67','ค่าน้ำประปา','016003',725,'104','204','นางสุภาณี  สิงห์ธีร์',1,'3341501458746','2024-01-05','0000-01-01','2024-01-05'),(765,2567,'บย07/67','ยืมเงินเดินทางไปราชการนำนักเรียนแข่งคาราเต้โด จ.อุตรดิตถ์','005002',33100,'113','202','นางสาวมะลิวัลย์  ประวาฬ',0,'3341501458746','2024-01-05','2024-01-05','0000-01-01'),(766,2567,'ศธ04186.027/บง47อุดหนุน)/67','ค่าตอบแทนวิทยากรท้องถิ่น','004001',3000,'105','201','นางสุภาณี  สิงห์ธีร์',1,'3341501458746','2024-01-08','0000-01-01','2024-01-08'),(767,2567,'ศธ04186.027/บง49(อุดหนุน)/67','ค่าจัดทำป้ายสติกเกอร์','017003',5350,'106','202','นางสุดจิตร์  ชุนสนิท',1,'3341501458746','2024-01-08','0000-01-01','2024-01-08'),(768,2567,'ศธ04186.027/บง48(อุดหนุน)/67','ค่ากระดาษเอ 4','022003',2340,'106','203','นางสุภาณี  สิงห์ธีร์',1,'3341501458746','2024-01-08','0000-01-01','2024-01-08'),(769,2567,'ศธ04186.027/บง51(อุดหนุน)/67','ค่ากุญแจ','017004',1932,'105','203','นางทวิกา  จุลทวี',1,'3341501458746','2024-01-11','0000-01-01','2024-01-11'),(770,2567,'ศธ04186.027/บง52(อุดหนุน)/67','ค่าวัสดุห้องคอมพิวเตอร์','001003',12913,'106','203','นายภานุวัฒน์  ทองมนต์',1,'3341501458746','2024-01-11','0000-01-01','2024-01-11'),(771,2567,'ศธ04186.027/บง09(อาหารกลางวัน)','ค่าอาหารกลางวันนักเรียน','021001',28490,'112','202','นางทวิกา  จุลทวี',1,'3341501458746','2024-01-08','0000-01-01','2024-01-08'),(772,2567,'ศธ04186.027/บง50(อุดหนุน)/67','ค่าน้ำมันรถโรงเรียน','007001',1500,'106','203','นายอุไร  แสนดี',1,'3341501458746','2024-01-11','0000-01-01','2024-01-11'),(773,2567,'บันทึกเก็บรักษา','นำส่งภาษีหัก ณ ที่จ่าย  1 %','019001',2013.42,'102','202','นางสุภาณี  สิงห์ธีร์',1,'3341501458746','2024-01-17','0000-01-01','2024-01-17'),(774,2567,'บันทึกเก็บรักษา','นำส่งภาษีหัก ณ ที่จ่าย  1 %','019002',175.92,'102','202','นางสุภาณี  สิงห์ธีร์',1,'3341501458746','2024-01-17','0000-01-01','2024-01-17'),(775,2567,'ศธ04186.027/บง53(อุดหนุน)/67','ค่าตัดกิ่งไม้ในบริเวณโรงเรียน','015001',6000,'106','202','นางทวิกา  จุลทวี',1,'3341501458746','2024-01-15','0000-01-01','2024-01-15'),(776,2567,'ศธ04186.027/บง55(อุดหนุน)/67','ค่าตรายาง','022002',550,'106','203','ร้าน',1,'3341501458746','2024-01-15','0000-01-01','2024-01-15'),(777,2567,'ศธ04186.027/บง54(อุดหนุน)/67','ค่าจัดจ้างทำบ่อหมักปุ๋ย','013001',6250,'106','202','นางศรีสุดา  ทองคำห่อ',1,'3341501458746','2024-01-15','0000-01-01','2024-01-15'),(778,2567,'ศธ04186.027/บง10(อาหารกลางวัน)','ค่าจ้างเหมาจัทำอาหารกลางวันนักเรียน','021001',28490,'112','202','นางทวิกา  จุลทวี',1,'3341501458746','2024-01-15','0000-01-01','2024-01-15'),(779,2567,'ศธ04186.027/บง56(อุดหนุน)/67','ค่าน้ำมันรถโรงเรียน','007001',1500,'106','203','นายอุไร  แสนดี',1,'3341501458746','2024-01-23','0000-01-01','2024-01-23'),(780,2567,'ศธ04186.027/บง60(อุดหนุน)/67','ค่าจ้างครูอัตราจ้าง','001009',6000,'104','201','นางนวลกนก  บุญเฉลียว',1,'3341501458746','2024-01-31','0000-01-01','2024-01-31'),(781,2567,'ศธ04186.027/บง62(อุดหนุน)/67','ค่าน้ำมันรถ','007001',1500,'106','203','นายอุไร  แสนดี',1,'3341501458746','2024-01-31','0000-01-01','2024-01-31'),(782,2567,'ศธ04186.027/บง58(อุดหนุน)/67','ยืมเงินกิจกรรมกีฬา อบต.','005001',9360,'106','202','นางสาวมะลิวัลย์  ประวาฬ',1,'3341501458746','2024-01-31','0000-01-01','2024-01-31'),(783,2567,'ศธ04186.027/บง57(อุดหนุน)/67','ค่าจ้างเหมารถรับส่งนักเรียน','007002',15750,'105','202','นางทวิกา  จุลทวี',1,'3341501458746','2024-01-31','0000-01-01','2024-01-31'),(784,2567,'ศธ 04186. 027/บง(รายได้)05/67 ','ค่าต่อเติมหลังคาร่วมร่มเย็น','015002',17000,'101','202','นายภานุวัฒน์  ทองมนต์',1,'3341501458746','2023-12-28','0000-01-01','2023-12-28'),(785,2567,'ศธ04186.027/บงุ61(อุดหนุน)/67','ค่าต่อเติมหลังคาร่วมร่มเย็น','015002',18000,'106','202','นายภานุวัฒน์  ทองมนต์',1,'3341501458746','2024-01-31','0000-01-01','2024-01-31'),(786,2567,'ศธ04186.027/บง65(อุดหนุน)/67','ยืมเงินนำนร.ซ้อมคาราเต้โด','005002',4568,'105','202','นางสาวมะลิวัลย์  ประวาฬ',0,'3341501458746','2024-02-02','2024-02-02','0000-01-01'),(787,2567,'ศธ04186.027/บง64(อุดหนุน)/67','ค่าไฟฟาเดือนธันวาคม 2566','016001',8214.69,'106','202','กฟผ.วารินชำราบ',1,'3341501458746','2024-02-02','0000-01-01','2024-02-02'),(788,2567,'ศธ04186.027/บง66(อุดหนุน)/67','ค่า่วัสดุสีทาภายใน','015001',3981,'106','203','นายภานุวัฒน์  ทองมนต์',1,'3341501458746','2024-02-02','0000-01-01','2024-02-02'),(789,2567,'ศธ04186.027/บง63(อุดหนุน)/67','ค่าน้ำประปาเดือนมกราคม 67','016003',1485,'106','204','นางสุภาณี  สิงห์ธีร์',1,'3341501458746','2024-02-02','0000-01-01','2024-02-02'),(790,2567,'ศธ04186.027/บง68(อุดหนุน)/67','ค่ากิจกรรมค่ายวิชาการติวโอเน็ต','001002',21390,'113','202','นางนวลกนก  บุญเฉลียว',0,'3341501458746','2024-02-05','2024-02-05','0000-01-01'),(791,2567,'ศธ04186.027/บง67(อุดหนุน)/67','ค่าวัสดุกุญแจ','017004',1080,'105','203','นางทวิกา  จุลทวี',1,'3341501458746','2024-02-06','0000-01-01','2024-02-05'),(792,2567,'ศธ04186.027/บง14(อาหาร)/67','ค่าจ้างปรุงอาหารสำเร็จสำหรับนักเรียน','021001',24890,'112','202','นางทวิกา  จุลทวี',1,'3341501458746','2024-02-06','0000-01-01','2024-02-06'),(793,2567,'ศธ04186.027/บง72(อุดหนุน)/67','ค่าไวนิลมาตรการปลอดภัยในโรงเรียน','017001',1032,'107','202','นายภานุวัฒน์  ทองมนต์',1,'3341501458746','2024-02-09','0000-01-01','2024-02-09'),(794,2567,'ศธ04186.027/บง71(อุดหนุน)/67','ค่าลงทะเบียนอบรมคณิตศาสตร์','001001',1000,'105','202','นางนงคราญ  สาธรพันธ์',1,'3341501458746','2024-02-09','0000-01-01','2024-02-09'),(795,2567,'ศธ04186.027/บง73(อุดหนุน)/67','ค่าผ้าม่าน','015001',1500,'106','203','นายภานุวัฒน์  ทองมนต์',1,'3341501458746','2024-02-09','0000-01-01','2024-02-09'),(796,2567,'ศธ04186.027/บง70(อุดหนุน)/67','ค่าอาหารนักเรียนสอบโอเน็ต','001002',5300,'113','202','นางนวลกนก  บุญเฉลียว',0,'3341501458746','2024-02-09','2024-02-09','0000-01-01'),(797,2567,'ศธ04186.027/บง76(อุดหนุน)/67','ค่าน้ำมันรถโรงเรียน','007001',1500,'105','203','นายอุไร  แสนดี',1,'3341501458746','2024-02-12','0000-01-01','2024-02-12'),(798,2567,'ศธ04186.027/บง74(อุดหนุน)/67','ยืมเงินลงทะเบียนเข้าค่ายลูกเสือ ยุวกาชาดสามัญรุ่นใหญ่','024002',38450,'113','202','นางสุภาณี  สิงห์ธีร์',1,'3341501458746','2024-02-12','0000-01-01','2024-02-12'),(799,2567,'ศธ04186.027/บง75(อุดหนุน)/67','ค่าจ้างเหมารถรับส่งนักเรียนสอลโฮเน็ต','001002',3000,'113','202','นางนวลกนก  บุญเฉลียว',1,'3341501458746','2024-02-12','0000-01-01','2024-02-12'),(800,2567,'ศธ04186.027/บง78(อุดหนุน)/67','ค่าวัสดุห้องคาราเต้โด','015001',3000,'105','203','นางสาวมะลิวัลย์  ประวาฬ',1,'3341501458746','2024-02-14','0000-01-01','2024-02-14'),(801,2567,'ศธ04186.027/บง77(อุดหนุน)/67','ยืมค่าลงทะเบียนกิจกรรมเข้าค่ายลูกเสือสามัญ','024002',10680,'113','202','นางสมรัก  เจริญเชาว์',0,'3341501458746','2024-02-14','2024-02-14','0000-01-01'),(802,2567,'ศธ04186.027/บง79(อุดหนุน)/67','ยืมค่าจัดกิจกรรมลูกเสือสำรองเดินทางไกล','024002',5020,'113','202','นางญาณิศา  สมวงษ์',0,'3341501458746','2024-02-15','2024-02-15','0000-01-01'),(803,2567,'ศธ04186.027/บง80(อุดหนุน)/67','ค่าจ้างเหมารถรับส่งลูกเสือสามัญรุ่นใหญ่ ยุวการชาด และลูกเสือสามัญเข้าค่ายฯ','024002',13200,'113','202','นางสุภาณี  สิงห์ธีร์',1,'3341501458746','2024-02-15','0000-01-01','2024-02-15'),(804,2567,'ศธ04186.027/บง81(อุดหนุน)/67','ค่าจ้างทำบ่อหมัก ','013001',2870,'106','202','นางศรีสุดา  ทองคำห่อ',1,'3341501458746','2024-02-15','0000-01-01','2024-02-15'),(805,2567,'ศธ04186.027/บง83(อุดหนุน)/67','ค่าปรับปรุงห้องเรียนคอมพิวเตอร์  ห้องภาษาอังกฤษ  ห้องภาษาไทย','001003',9832,'106','203','นางนวลกนก  บุญเฉลียว',1,'3341501458746','2024-02-21','0000-01-01','2024-02-21'),(806,2567,'ศธ04186.027/บง82(อุดหนุน)/67','ค่าน้ำมันรถโรงเรียน','007001',1500,'105','202','นายอุไร  แสนดี',1,'3341501458746','2024-02-21','0000-01-01','2024-02-21'),(807,2567,'ศธ04186.027/บง84(อุดหนุน)/67','ค่าวัสดุวิชาการงานปพ.','001008',7860,'105','203','นางนวลกนก  บุญเฉลียว',1,'3341501458746','2024-02-23','0000-01-01','2024-02-23'),(808,2567,'แบบ 4235','นำส่งภาษีหัก ณ ที่จ่าย  1 %','019001',1498.73,'102','202','นางสุภาณี  สิงห์ธีร์',1,'3341501458746','2024-02-15','0000-01-01','2024-02-15'),(809,2567,'ศธ04186.027/บง86(อุดหนุน)/67','เงินปัจจัยพื้นฐานนักเรียนยากจนภาคเรียนที่ 2/2566','018001',37500,'107','202','นางสุภาณี  สิงห์ธีร์',1,'3341501458746','2024-02-29','0000-01-01','2024-02-29'),(810,2567,'ศธ04186.027/บง86(อุดหนุน)/67','เงินปัจจัยพื้นฐานสำหรับนักเรียนยากจนมัธยม ภาคเรียนที่ 2/66','018002',202500,'108','202','นางสุภาณี  สิงห์ธีร์',1,'3341501458746','2024-02-29','0000-01-01','2024-02-29'),(811,2567,'ศธ04186.027/บง85(อุดหนุน)/67','ค่าข้อสอบNT และ RT','001002',1530,'105','203','นางญาณิศา  สมวงษ์',1,'3341501458746','2024-02-28','0000-01-01','2024-02-28'),(812,2567,'ศธ04186.027/บง11(อาหาร)/67','ค่าจ้างเหมาทำอาหารกลางวันปรุงสำเร็จ','021001',28490,'112','202','นางทวิกา  จุลทวี',1,'3341501458746','2024-01-23','0000-01-01','2024-01-23'),(813,2567,'ศธ04186.027/บง12(อาหาร)/67','ค่าจ้างประกอบอาหารกลางวันปรุงสำเร็จปรุงสำเร็จ','021001',28490,'112','202','นางทวิกา  จุลทวี',1,'3341501458746','2024-01-31','0000-01-01','2024-01-31'),(814,2567,'ศธ04186.027/บง15(อาหาร)/67','ค่าจ้่งเหมาประกอบอาหารกลางวันปรุงสำเร็จ','021001',27522,'112','202','นางทวิกา  จุลทวี',1,'3341501458746','2024-02-13','0000-01-01','2024-02-13'),(815,2567,'ศธ04186.027/บง16(อาหาร)/67','ค่าจ้างเหมาจัดทำอาหารกลางวันนักเรียน','021001',25146,'112','202','นางทวิกา  จุลทวี',1,'3341501458746','2024-02-20','0000-01-01','2024-02-20'),(816,2567,'ศธ04186.027/บง17(อาหาร)/67','ค่าจ้างเหมาจัทำอาหารกลางวันนักเรียน','021001',28490,'112','202','28490',1,'3341501458746','2024-02-28','0000-01-01','2024-02-28'),(817,2567,'ศธ04186.027/บง87(อุดหนุน)/67','ค่าวัสดปรับปรุงห้อง่เรียน','017004',1001,'106','203','นายอุไร  แสนดี',1,'3341501458746','2024-03-01','0000-01-01','2024-03-01'),(818,2567,'ศธ04186.027/บง88(อุดหนุน)/67','ค่าจ้างครูอัตราจ้าง','001009',6000,'104','202','นางสุดจิตร์  ชุนสนิท',1,'3341501458746','2024-03-01','0000-01-01','2024-03-01'),(819,2567,'ศธ04186.027/บง(อุดหนุน)/67','ค่ากิจกรรมค่ายวิชาการติวNT','001002',5220,'113','202','นางญาณิศา  สมวงษ์',1,'3341501458746','2024-03-01','0000-01-01','2024-03-01'),(820,2567,'ศธ04186.027/บง89(อุดหนุน)/67','ค่าจ้างเหมารถรับส่งนักเรียน','007002',15750,'105','202','นางทวิกา  จุลทวี',1,'3341501458746','2024-03-01','0000-01-01','2024-03-01'),(821,2567,'ศธ04186.027/บง92(อุดหนุน)/67','ค่าวัสดุห้องเรียนคุณภาพครูพัชรา','001003',3000,'106','203','นางพัชรา  จันทร์รุ่งโรจน์',1,'3341501458746','2024-03-07','0000-01-01','2024-03-07'),(822,2567,'ศธ04186.027/บง19(อาหารกลางวัน)','ค่าจ้างเหมาจัทำอาหารกลางวันนักเรียน','021001',28490,'112','202','นางทวิกา  จุลทวี',1,'3341501458746','2024-03-07','0000-01-01','2024-03-07'),(823,2567,'ศธ04186.027/บง07(รายได้ฯ)/67','ค่าน้ำมันรถโรงเรียน','007001',1500,'101','203','นายอุไร  แสนดี',1,'3341501458746','2024-03-05','0000-01-01','2024-03-05'),(824,2567,'ศธ04186.027/บง19(อาหาร)/67','ค่าจ้างเหมาจัทำอาหารกลางวันนักเรียน','021001',28490,'112','202','นางสาวณัฐชยา  จุลทวี',1,'3341501458746','2024-03-13','0000-01-01','2024-03-13'),(825,2567,'ศธ04186.027/บง)/67','นำส่งภาษีหัก ณที่จ่าย 1 %','019001',1096.48,'102','202','นางสุภาณี  สิงห์ธีร์',1,'3341501458746','2024-03-15','0000-01-01','2024-03-15'),(826,2567,'ศธ04186.027/บง/67','นำ','019002',120.11,'102','202','นางสุภาณี  สิงห์ธีร์',1,'3341501458746','2024-03-15','0000-01-01','2024-03-15'),(827,2567,'ศธ04186.027/บง95(อุดหนุน)/67','ค่าวัสดุดนตรี','004002',5790,'106','203','นางสุภาณี  สิงห์ธีร์',1,'3341501458746','2024-03-13','0000-01-01','2024-03-13'),(828,2567,'ศธ04186.027/บง94(อุดหนุน)/67','ค่าเดินทางไปราชการนำนรงแข่งกีฬาเขต','005001',2000,'105','202','นางสาวมะลิวัลย์  ประวาฬ',1,'3341501458746','2024-03-13','0000-01-01','2024-03-13'),(829,2567,'ศธ04186.027/บง97อุดหนุน)/67','ยืมค่าพัฒนากิจกรรมพัฒนาผู้เรียนที่มีความสามารถด้านดนตรี กีฬา และวิชาการ','001001',25500,'113','202','นางนวลกนก  บุญเฉลียว',0,'3341501458746','2024-03-18','2024-03-18','0000-01-01'),(830,2567,'ศธ04186.027/บง20(อาหารหลางวัน)','ค่าจ้างเหมาจัทำอาหารกลางวันนักเรียน','021001',28490,'112','202','นางทวิกา  จุลทวี',1,'3341501458746','2024-03-20','0000-01-01','2024-03-20'),(831,2567,'ศธ04186.027/บง98(อุดหนุน)/67','ค่าน้ำมันรถโรงเรียน','007001',1500,'104','203','นายอุไร  แสนดี',1,'3341501458746','2024-03-18','0000-01-01','2024-03-18'),(832,2567,'บย15/67','ยืมเงินจัดกิจกรรมเปิดบ้านวิชาการ','001001',10000,'106','202','นางนวลกนก  บุญเฉลียว',0,'3341501458746','2024-03-18','2024-03-18','0000-01-01'),(833,2567,'ศธ04186.027/บง99(อุดหนุน)/67','ยืมเงินจัดกิจกรรมปัจจฉิมนิเทศ','014006',8000,'104','202','นางศรีสุดา  ทองคำห่อ',0,'3341501458746','2024-03-18','2024-03-18','0000-01-01'),(837,2567,'บช3140025777','ยืมเงินกิจกรรมพัฒนาผู้เรียนจ่ายค่ารถรับส่งนักเรียน','007002',15750,'113','202','นางสุภาณี  สิงห์ธีร์',1,'3341501458746','2024-03-27','0000-01-01','2024-03-27'),(835,2567,'ศธ04186.027/บง100(อุดหนุน)/67','เงินยืมค่าจัดกิจกรรมพัฒนาบุคลากรนอกสถานที่','012001',20000,'105','202','นางสุดจิตร์  ชุนสนิท',0,'3341501458746','2024-03-27','2024-03-27','0000-01-01'),(836,2567,'ศธ04186.027/บง100(อุดหนุน)/67','เงินยืมจัดกิจกรรมพัฒนาบุคลากร','012001',28200,'106','202','นางสุดจิตร์  ชุนสนิท',0,'3341501458746','2024-03-27','2024-03-27','0000-01-01'),(838,2567,'ศธ04186.027/บง102(อุดหนุน)/67','ค่าจ้างครูอัตราจ้างนางสาวอุษณิษา  เจริญเชาว์','001009',6000,'104','103','นางสุดจิตร์  ชุนสนิท',1,'3341501458746','2024-03-27','0000-01-01','2024-03-27'),(839,2567,'ศธ04186.027/บง104(อุดหนุน)/67','ค่าวัสดุไดโนคอม','001003',11773,'106','203','นางนวลกนก  บุญเฉลียว',1,'3341501458746','2024-03-27','0000-01-01','2024-03-27'),(840,2567,'ศธ04186.027/บง104(อุดหนุน)/67','ค่าจ้างเหมาบริการซ่อมคอมพิวเตอร์','022001',5373,'105','202','นางสุภาณี  สิงห์ธีร์',1,'3341501458746','2024-03-27','0000-01-01','2024-03-27'),(841,2567,'ศธ04186.027/บง21(อาหาร)/67','ค่าจ้างเหมาจัดทำอาหารกลางวันนักเรียน','021001',28490,'112','202','นางสาวณัฐชยา  จุลทวี',1,'3341501458746','2024-03-27','0000-01-01','2024-03-27'),(842,2567,'ศธ04186.027/บง02(กองทุนฯ))/67','ยืมเงินแข่งขันคาราเต้โดที่ จ.ราชบุรี','005002',17928,'116','202','นางสาวมะลิวัลย์  ประวาฬ',0,'3341501458746','2024-03-20','2024-03-20','0000-01-01'),(843,2567,'ศธ04186.027/บง(รายได้ฯ)/67','ค่าน้ำดื่ม 15 แพ็ค','016003',500,'101','203','นางสุภาณี  สิงห์ธีร์',1,'3341501458746','2024-03-27','0000-01-01','2024-03-27'),(844,2567,'ศธ04186.027/บง(อุดหนุน)/67','ค่ากระดาษเอ 4','022003',597.19,'106','203','นางสุภาณี  สิงห์ธีร์',1,'3341501458746','2024-03-27','0000-01-01','2024-03-27'),(845,2567,'บันทึกเก็บรักษา','นำส่งภาษีหัก ณที่จ่าย 1 %','019001',1257.33,'102','203','นางสุภาณี  สิงห์ธีร์',1,'3341501458746','2024-04-17','0000-01-01','2024-04-17'),(846,2567,'บันทึกเก็บรักษา','นำส่งภาษีหัก ณ ที่จ่าย  1 %','019002',9.36,'102','203','นางสุภาณี  สิงห์ธีร์',1,'3341501458746','2024-04-17','0000-01-01','2024-04-17'),(847,2567,'ศธ04186.027/บง105(อุดหนุน)/67','ค่าน้ำประปาเดือนมีนาคม','016003',1630,'106','202','นางสุภาณี  สิงห์ธีร์',1,'3341501458746','2024-04-05','0000-01-01','2024-04-05'),(849,2567,'ศธ04186.027/บง108(อุดหนุน)/67','ขอเบิกเงินประกันสัญญา','015001',17785,'103','202','นางสุภาณี  สิงห์ธีร์',1,'3341501458746','2024-05-13','0000-01-01','2024-05-13'),(850,2567,'ศธ04186.027/บง109(อุดหนุน)/67','ค่าอุปรณ์การเรียน ภาคเรียนที่ 1/67','024001',49200,'109','202','นางสุภาณี  สิงห์ธีร์',1,'3341501458746','2024-05-13','0000-01-01','2024-05-13'),(851,2567,'ศธ04186.027/บง109(อุดหนุน)/67','ยืมค่าอุปกรณ์การเรียนภาคเรียนที่ 1/67','024001',39925,'110','202','นางสุภาณี  สิงห์ธีร์',1,'3341501458746','2024-05-13','0000-01-01','2024-05-13'),(852,2567,'ศธ04186.027/บง109(อุดหนุน)/67','ค่าเครื่องแบบนักเรียนภาคเรียนที่ 1/67','024003',169825,'110','202','นางสุภาณี  สิงห์ธีร์',1,'3341501458746','2024-05-13','0000-01-01','2024-05-13'),(853,2567,'ศธ04186.027/บง106(อุดหนุน)/67','ค่าน้ำประปาเดือนเมษายน 67','016003',1010,'105','202','นางสุภาณี  สิงห์ธีร์',1,'3341501458746','2024-05-13','0000-01-01','2024-05-13'),(854,2567,'ศธ04186.027/บง107(อุดหนุน)/67','ค่าวัสดุกิจกรรมปฐมนิเทศ 67','014010',3725,'104','203','นางทวิกา  จุลทวี',1,'3341501458746','2024-05-13','0000-01-01','2024-05-13'),(855,2567,'บช3140025777','เบิกเงินคืนกิจกรรมพัฒนาผู้เรียน','007002',15750,'106','202','นางสุภาณี  สิงห์ธีร์',1,'3341501458746','2024-05-16','0000-01-01','2024-05-16'),(856,2567,'ศธ04186.027/บง91(อุดหนุน)/67','ค่าน้ำประปาเือนกุมภาพันธ์','016003',1405,'104','204','นางสุภาณี  สิงห์ธีร์',1,'3341501458746','2024-03-07','0000-01-01','2024-03-07'),(857,2567,'บันทึกข้อความ','ขอเบิกเงินเพื่อจ่ายเป็นเงินทุนการศึกษา(ครูสมรัก)','001002',2700,'101','202','นางสุภาณี  สิงห์ธีร์',1,'3341501458746','2024-05-13','0000-01-01','2024-05-13'),(858,2567,'ศธ04186.027/บง08(รายได้น)/67','ค่าเครื่องบดใบไม้','008002',10900,'101','203','นางศรีสุดา  ทองคำห่อ',1,'3341501458746','2024-04-05','0000-01-01','2024-04-05'),(859,2567,'ศธ04186.027/บง13(อุดหนุน)/67','ค่าจ้างปรับปรุงป้ายโรงเรียนในฝัน','017002',2500,'105','202','นางทวิกา  จุลทวี',1,'3341501458746','2024-05-23','2024-05-23','2024-05-23'),(860,2567,'ศธ04186.027/บง111(อุดหนุน)/67','ค่าไฟฟ้าเดือนก.พ 67','016002',7781.63,'104','204','นางสุภาณี  สิงห์ธีร์',1,'3341501458746','2024-05-23','0000-01-01','2024-05-23'),(861,2567,'ศธ04186.027/บง111(อุดหนุน)/67','ค่าไฟฟ้าเดือนมีนาคม 67','016002',9306.64,'105','204','นางสุภาณี  สิงห์ธีร์',1,'3341501458746','2024-05-23','0000-01-01','2024-05-23'),(862,2567,'ศธ04186.027/บง111(อุดหนุน)/67','ค่าไฟฟ้าเดือนเมษายน 67','016001',13100.65,'106','204','นางสุภาณี  สิงห์ธีร์',1,'3341501458746','2024-05-23','0000-01-01','2024-05-23'),(863,2567,'ศธ04186.027/บง22(อาหาร)/67','ค่าจ้างเหมาจัทำอาหารกลางวันนักเรียน','021001',25080,'112','202','นางทวิกา  จุลทวี',1,'3341501458746','2024-05-23','0000-01-01','2024-05-23'),(864,2567,'ศธ04186.027/บง112(อุดหนุน)/67','ค่าหมึกเครื่องถ่ายเอกสาร','022001',6640,'106','203','นางสุภาณี  สิงห์ธีร์',1,'3341501458746','2024-05-23','0000-01-01','2024-05-23'),(865,2567,'ศธ04186.027/บง113(อุดหนุน)/67','ค่าเปลี่ยนอุปกรณ์เครื่องถ่ายเอกสาร','022001',3500,'106','203','นางสุภาณี  สิงห์ธีร์',1,'3341501458746','2024-05-23','0000-01-01','2024-05-23'),(866,2567,'ศธ04186.027/บง114(อุดหนุน)/67','ค่าจ้างซ่อมปรับปรุงหลังคา','017002',22980,'106','202','นายภานุวัฒน์  ทองมนต์',1,'3341501458746','2024-05-27','0000-01-01','2024-05-27'),(868,2567,'ศธ04186.027/บง115(อุดหนุน)/67','ค่าวัสดุห้องเรียนและงานประจำ','001003',41000,'106','203','นางนวลกนก  บุญเฉลียว',1,'3341501458746','2024-05-29','0000-01-01','2024-05-29'),(869,2567,'ศธ04186.027/บง........./67','คืนเงินยืมค่าเครื่องแบบให้ค่าหนังสือ','024003',23400,'110','203','นางสุภาณี  สิงห์ธีร์',1,'3341501458746','2024-05-16','0000-01-01','2024-05-16'),(870,2567,'ศธ04186.027/บง.......(อุดหนุน)','จ่ายค่าอุปกรณ์การเรียนนักเรียนอ.3,ม,1,และม.2','024001',925,'109','202','นางสุภาณี  สิงห์ธีร์',1,'3341501458746','2024-05-30','0000-01-01','2024-05-30'),(871,2567,'ศธ04186.027/บง.......(อุดหนุน)','ขอเบิกค่าเครื่องแบบสำหรับนักเรียนชั้น อ.3,ม.1,และม,2','024003',1325,'110','202','นางสุภาณี  สิงห์ธีร์',1,'3341501458746','2024-05-30','0000-01-01','2024-05-30'),(872,2567,'ศธ04186.027/บง23(อาหาร)/67','ค่าจ้างเหมาจัทำอาหารกลางวันนักเรียน','021001',25080,'112','202','นางทวิกา  จุลทวี',1,'3341501458746','2024-05-30','0000-01-01','2024-05-30'),(873,2567,'ศธ04186.027/บง116(อุดหนุน)/67','ค่ารถรับส่งนักเรียน','007002',12775,'106','202','นางทวิกา  จุลทวี',1,'3341501458746','2024-05-30','0000-01-01','2024-05-30'),(874,2567,'ศธ04186.027/บง118(อุดหนุน)/67','ค่าน้ำมันรถโรงเรียน','007001',1500,'106','203','นายอุไร  แสนดี',1,'3341501458746','2024-05-30','0000-01-01','2024-05-30'),(875,2567,'ศธ04186.027/บง119(อุดหนุน)/67','ค่าจ้างครูอัตราจ้าง','001009',3000,'105','101','นางนวลกนก  บุญเฉลียว',1,'3341501458746','2024-05-30','0000-01-01','2024-05-30'),(876,2567,'ศธ04186.027/บง126(อุดหนุน)/67','ค่าจ้างซ่อมหลังคาชั้นป.3','017002',22680,'105','202','นายภานุวัฒน์  ทองมนต์',1,'3341501458746','2024-06-05','0000-01-01','2024-06-05'),(877,2567,'ศธ04186.027/บง123(อุดหนุน)/67','ค่าจ้างทำไวนิลทรงผมนักเรียน','017003',1970,'106','202','นายภานุวัฒน์  ทองมนต์',1,'3341501458746','2024-06-05','0000-01-01','2024-06-05'),(878,2567,'ศธ04186.027/บง125(อุดหนุน)/67','ค่าน้ำมันรถโรงเรียน 2 คัน','007001',3000,'106','203','นางทวิกา  จุลทวี',1,'3341501458746','2024-06-05','0000-01-01','2024-06-05'),(879,2567,'ศธ04186.027/บง122(อุดหนุน)/67','ค่าเข้าเล่มรายงาน SAR','017001',110,'104','202','นางนวลกนก  บุญเฉลียว',1,'3341501458746','2024-06-05','0000-01-01','2024-06-05'),(880,2567,'ศธ04186.027/บง124(อุดหนุน)/67','ค่าน้ำประปา','016003',1210,'104','204','นางสุภาณี  สิงห์ธีร์',1,'3341501458746','2024-06-05','0000-01-01','2024-06-05'),(881,2567,'ศธ04186.027/บง121(อุดหนุน)/67','ค่าไวนิลหน้าโรงเรียน','017003',1080,'104','202','นายภานุวัฒน์  ทองมนต์',1,'3341501458746','2024-06-05','0000-01-01','2024-06-05'),(882,2567,'ศธ04186.027/บง127(อุดหนุน)/67','ค่ากิจกรรมวันไหว้ครู','014005',2000,'105','202','นางสาวทิพากร  ละคร',1,'3341501458746','2024-06-14','0000-01-01','2024-06-14'),(883,2567,'ศธ04186.027/บง128(อุดหนุน)/67','ยืมเงินจัดกิจกรรมอบรมส่งเสริมสุขภาพและอนามัยนักเรียน','026001',20000,'114','202','นางสาวมะลิวัลย์  ประวาฬ',0,'3341501458746','2024-06-14','2024-06-14','0000-01-01'),(884,2567,'ศธ04186.027/บง120(อุดหนุน)/67','ค่าเอกสารคู่มือนักเรียน','017002',1750,'105','203','นางทวิกา  จุลทวี',1,'3341501458746','2024-06-05','0000-01-01','2024-06-05'),(886,2567,'บันทึกเก็บรักษา','นำส่งภาษีหักณที่จ่าย','019001',731.4,'102','202','นางสุภาณี  สิงห์ธีร์',1,'3341501458746','2024-06-13','0000-01-01','2024-06-13'),(887,2567,'บันทึกเก็บรักษา','นำส่งภาษีหัก ณ ที่จ่าย  1 %','019002',457.83,'102','202','นางสุภาณี  สิงห์ธีร์',1,'3341501458746','2024-06-13','0000-01-01','2024-06-13'),(923,2567,'148/67','ค่าวัสดุเวทีห้องบาร์นิต','015001',5509,'106','203','นายธราธิป  จันดี',1,'3341501458746','2024-08-28','0000-01-01','2024-08-28'),(924,2567,'ศธ04186.027/บง31(อาหาร)/67','ค่าจ้างเหมาจัทำอาหารกลางวันนักเรียน','021001',25080,'112','202','นางสาวณัฐชยา  จุลทวี',1,'3341501458746','2024-07-31','0000-01-01','2024-07-31'),(891,2567,'ศธ04186.027/บง129(อุดหนุน)/67','เงินเหลือจ่ายปัจจัยพื้นฐานยากจน','018002',35735,'108','202','นางสุภาณี  สิงห์ธีร์',1,'3341501458746','2024-06-21','0000-01-01','2024-06-21'),(892,2567,'ศธ04186.027/บง129(อุดหนุน)/67','เงินเหลือจ่ายค่าอุปกรณ์ภาคเรียนที่ 2/66','024001',220,'109','202','นางสุภาณี  สิงห์ธีร์',1,'3341501458746','2024-06-21','0000-01-01','2024-06-21'),(893,2567,'ศธ04186.027/บง.....(อุดหนุน)/6','คืนเงินยืมค่าเครื่องแบบ','024003',3275,'110','202','นางสุภาณี  สิงห์ธีร์',1,'3341501458746','2024-05-30','0000-01-01','2024-05-30'),(894,2567,'บันทึกการรับเงินเพื่อกเกแ็บรัก','คืนเงินค่าอุปกรณ์การเรียนให้กิจกรรมพัฒนาผู้เรียน','024001',1715,'109','202','นางสุภาณี  สิงห์ธีร์',1,'3341501458746','2024-06-11','0000-01-01','2024-06-11'),(895,2567,'ศธ04186.027/บง128(อุดหนุน)/67','ค่าหนังสือแบบเรียน','024004',287370,'111','203','นางสุภาณี  สิงห์ธีร์',1,'3341501458746','2024-06-14','0000-01-01','2024-06-14'),(896,2567,'ศธ04186.027/บง129.1(อุดหนุน)/6','ค่าน้ำมันรถโรงเรียน','007001',1500,'106','202','นายอุไร  แสนดี',1,'3341501458746','2024-06-21','0000-01-01','2024-06-21'),(897,2567,'ศธ04186.027/บง130(อุดหนุน)/67','ค่าไวท์บอร์ดห้องม.2/1','015001',3363,'106','203','นางพัชรา  จันทร์รุ่งโรจน์',1,'3341501458746','2024-06-26','0000-01-01','2024-06-28'),(898,2567,'ศธ04186.027/บง132(อุดหนุน)/67','ค่าน้ำมันรถโรงเรียน','007001',3000,'106','203','นายอุไร  แสนดี',1,'3341501458746','2024-06-28','0000-01-01','2024-06-28'),(899,2567,'ศธ04186.027/บง02(กสศ)/67','เงินทุนแบบมีเงิื่อนไข(กสศ)','020001',233000,'115','202','นางสุภาณี  สิงห์ธีร์',1,'3341501458746','2024-01-18','0000-01-01','2024-01-18'),(900,2567,'ศธ04186.027/บง24(อาหารกลางวัน)','ค่าจ้างเหมาอาหารปรุงสำเร็จ','021001',25080,'112','202','นางทวิกา  จุลทวี',1,'3341501458746','2024-06-07','0000-01-01','2024-06-07'),(901,2567,'ศธ04186.027/บง25(อาหาร)/67','ค่าจ้างเหมาจัทำอาหารกลางวันนักเรียน','021001',25080,'112','202','นางทวิกา  จุลทวี',1,'3341501458746','2024-06-14','0000-01-01','2024-06-14'),(902,2567,'ศธ04186.027/บง/26(อาหาร)/67','ค่าจ้างเหมาจัทำอาหารกลางวันนักเรียน','021001',25080,'112','202','นางทวิกา  จุลทวี',1,'3341501458746','2024-06-21','0000-01-01','2024-06-21'),(903,2567,'ศธ04186.027/บง26(อาหาร)/67','ค่าจ้างเหมาจัทำอาหารกลางวันนักเรียน','021001',25190,'112','202','นางทวิกา  จุลทวี',1,'3341501458746','2024-06-28','0000-01-01','2024-06-28'),(904,2567,'ศธ04186.027/บง131(อุดหนุน)/67','ค่าจ้างเหมารถรับส่งนักเรียน','007002',21600,'104','203','นางทวิกา  จุลทวี',1,'3341501458746','2024-06-28','0000-01-01','2024-06-28'),(905,2567,'ศธ04186.027/บง133(อุดหนุน)/67','ค่าจ้างวิทยากรไทยเข้มแข็ง','027003',3000,'117','201','นางนวลกนก  บุญเฉลียว',1,'3341501458746','2024-06-28','0000-01-01','2024-06-28'),(906,2567,'ศธ04186.027/บง134(อุดหนุน)/67','ค่าน้ำประปา','016003',915,'104','204','นางสุภาณี  สิงห์ธีร์',1,'3341501458746','2024-07-05','0000-01-01','2024-07-05'),(908,2567,'ศธ04186.027/บง136(อุดหนุน)/67','ค่าวัสดุกิจกรรมวันภาษาไทย','014008',2000,'113','203','นางสาวอรพิน  แสงคำ',1,'3341501458746','2024-07-23','0000-01-01','2024-07-23'),(909,2567,'ศธ04186.027/บง137(อุดหนุน)/67','ค่าวิทยากรดนตรีท้องถิ่น','027001',9000,'117','201','นางสุภาณี  สิงห์ธีร์',1,'3341501458746','2024-07-23','0000-01-01','2024-07-23'),(910,2567,'ศธ04186.027/บง138(อุดหนุน)/67','ยืมเงินนวัตกรรมจ่ายค่ารถรับส่งนักเรียน','007002',22500,'117','202','นางสุภาณี  สิงห์ธีร์',1,'3341501458746','2024-07-31','0000-01-01','2024-07-31'),(911,2567,'ศธ04186.027/บง139(อุดหนุน)/67','ค่าวิทยากรภาษาไทยเข้มแข็ง','027003',6000,'117','201','นางสุดจิตร์  ชุนสนิท',1,'3341501458746','2024-07-31','0000-01-01','2024-07-31'),(912,2567,'ศธ04186.027/บง140(อุดหนุน)/67','ยิมเงินนวัตกรรมจ่ายค่าน้ำมันรถโรงเรียน','007001',3000,'117','203','นางสุภาณี  สิงห์ธีร์',1,'3341501458746','2024-07-31','0000-01-01','2024-07-31'),(913,2567,'ศธ04186.027/บง28(อาหาร)/67','ค่าจ้างเหมาจัทำอาหารกลางวันนักเรียน','021001',25190,'112','202','นางทวิกา  จุลทวี',1,'3341501458746','2024-07-05','0000-01-01','2024-07-05'),(914,2567,'ศธ04186.027/บง29/67(อุดหนุน)/6','ค่าจ้างเหมาจัทำอาหารกลางวันนักเรียน','021001',25190,'112','202','นางทวิกา  จุลทวี',1,'3341501458746','2024-07-12','0000-01-01','2024-07-12'),(915,2567,'ศธ04186.027/บง30(อาหาร)/67','ค่าจ้างเหมาจัทำอาหารกลางวันนักเรียน','021001',25080,'112','202','นางทวิกา  จุลทวี',1,'3341501458746','2024-07-19','0000-01-01','2024-07-19'),(916,2567,'ศธ04186.027/บง32Z(อาหาร)/67','ค่าจ้างเหมาจัทำอาหารกลางวันนักเรียน','021001',25080,'112','202','นางสาวณัฐชยา  จุลทวี',1,'3341501458746','2024-08-06','0000-01-01','2024-08-06'),(917,2567,'ศธ04186.027/บง144(อุดหนุน)/67','เบิกจ่ายค่าอินเทอร์เนต','017002',4500.64,'105','202','นายภานุวัฒน์  ทองมนต์',1,'3341501458746','2024-08-14','0000-01-01','2024-08-14'),(918,2567,'ศธ04186.027/บง141(อุดหนุน)/67','เบิกค่าวัสดุระบบดูแลนักเรียน','006001',11090,'106','203','นางพัชรา  จันทร์รุ่งโรจน์',1,'3341501458746','2024-08-14','0000-01-01','2024-08-14'),(919,2567,'ศธ04186.027/บง146(อุดหนุน)/67','เบิกเงินค่าจ้างเหมาต่อเติมหลังคามัฐผา','015001',30000,'106','202','นายภานุวัฒน์  ทองมนต์',1,'3341501458746','2024-08-22','0000-01-01','2024-08-22'),(920,2567,'ศธ04186.027/บง150(อุดหนุน)/67','เบิกจ่ายค่าหมึกงานธุรการ','001003',13280,'105','203','นางสาวสุดารัตน์  คงคาพันธ์',1,'3341501458746','2024-08-27','0000-01-01','2024-08-27'),(921,2567,'ศธ04186.027/บง151(อุดหนุน)/67','เบิกค่าน้ำมันรถโรงเรียน','007001',3000,'105','203','นายอุไร  แสนดี',1,'3341501458746','2024-08-27','0000-01-01','2024-08-27'),(922,2567,'ศธ04186.027/บง149(อุดหนุน)/67','เบิกค่าซ่อมห้องน้ำอนุบาล','015001',16000,'105','202','นายภานุวัฒน์  ทองมนต์',1,'3341501458746','2024-08-28','0000-01-01','2024-08-28'),(925,2567,'ศธ04186.027/บง33(อุดหนุน)/67','ค่าจ้างเหมาจัทำอาหารกลางวันนักเรียน','021001',25080,'112','202','นางสาวณัฐชยา  จุลทวี',1,'3341501458746','2024-08-14','0000-01-01','2024-08-14'),(926,2567,'บช 3141773521','ค่าจ้างเหมาจัทำอาหารกลางวันนักเรียน','021001',25080,'112','202','นางสาวณัฐชยา  จุลทวี',1,'3341501458746','2024-08-20','0000-01-01','2024-08-20'),(927,2567,'ศธ04186.027/บง36(อาหาร)/67','ค่าจ้างเหมาจัทำอาหารกลางวันนักเรียน','021001',25080,'112','202','นางสาวณัฐชยา  จุลทวี',1,'3341501458746','2024-08-28','0000-01-01','2024-08-28'),(928,2567,'ศธ04186.027/บง37(อาหาร)/67','ค่าจ้างเหมาจัทำอาหารกลางวันนักเรียน','021001',25080,'112','202','นางสาวณัฐชยา  จุลทวี',1,'3341501458746','2024-09-04','0000-01-01','2024-09-04'),(929,2567,'ศธ04186.027/บง156(อุดหนุน)/67','ยืมค่าจัดกิจกรรมค่ายวิทยาศาสตร์','024002',4000,'113','202','นางสาวศศิพินท์ ศรไชย',0,'3341501458746','2024-09-03','2024-09-03','0000-01-01'),(930,2567,'ศธ04186.027/บง157(อุดหนุน)/67','ค่าจัดกิจกรรมอบรม ict','024002',10000,'113','202','นายภานุวัฒน์  ทองมนต์',0,'3341501458746','2024-09-03','2024-09-03','0000-01-01'),(931,2567,'ศธ04186.027/บง158(อุดหนุน)/67','ค่าวัสดุงบพื้นที่นวัตกรรม','027001',36500,'117','203','นางนวลกนก  บุญเฉลียว',1,'3341501458746','2024-09-04','0000-01-01','2024-09-04'),(932,2567,'ศธ04186.027/บง133(อุดหนุน)/67','ค่าตอบแทนวิทยากรภาษาไทยเข้มแข็ง','001009',6000,'106','202','นางนวลกนก  บุญเฉลียว',1,'3341501458746','2024-06-28','0000-01-01','2024-06-28'),(933,2567,'ศธ04186.027/บง38(อาหาร)/67','ค่าจ้างเหมาจัทำอาหารกลางวันนักเรียน','021001',25080,'112','202','นางทวิกา  จุลทวี',1,'3341501458746','2024-09-11','0000-01-01','2024-09-11'),(934,2567,'ศธ04186.027/บง159(อุดหนุน)/67','ค่าน้ำมันรถตู้','007001',2000,'106','203','นางทวิกา  จุลทวี',1,'3341501458746','2024-09-16','0000-01-01','2024-09-16'),(935,2567,'ศธ04186.027/บง1ุ60(อุดหนุน)/67','ค่ารื้อถอนและติดตั้งแอร์','017002',10300,'106','202','นายภานุวัฒน์  ทองมนต์',1,'3341501458746','2024-09-16','0000-01-01','2024-09-16'),(936,2567,'บย22/67','ยืมเงินค่ากิจกรรมทัศนศึกษาระดับอนุบาล-ประถมศึกษา','024002',57312,'113','202','นางญาณิศา  สมวงษ์',0,'3341501458746','2024-09-17','2024-09-17','0000-01-01'),(937,2567,'บย23/67','ยืมเงินกิจกรรมกัฒนาผู้เรียนกิจกรรมศึกษาแหล่งเรียนรู้นอกสถานที่','024002',51800,'113','202','นางทวิกา  จุลทวี',0,'3341501458746','2024-09-18','2024-09-18','0000-01-01'),(938,2567,'ศธ04186.027/บง164(อุดหนุน)/67','ค่าน้ำประปา','016003',910,'105','204','นางสุภาณี  สิงห์ธีร์',1,'3341501458746','2024-09-25','0000-01-01','2024-09-25'),(939,2567,'ศธ04186.027/บง1ุ63(อุดหนุน)/67','ค่าจ้างซ่อมห้องน้ำและวางท่อ','017001',4600,'105','202','นายภานุวัฒน์  ทองมนต์',1,'3341501458746','2024-09-25','0000-01-01','2024-09-25'),(940,2567,'ศธ04186.027/บง40(อาหาร)/67','ค่าจ้างเหมาจัทำอาหารกลางวันนักเรียน','021001',25080,'112','202','นางสาวณัฐชยา  จุลทวี',1,'3341501458746','2024-09-25','0000-01-01','2024-09-25'),(941,2567,'ศธ04186.027/บง39(อาหาร)/67','ค่าจ้างเหมาจัทำอาหารกลางวันนักเรียน','021001',25080,'112','202','นางสาวมะลิวัลย์  ประวาฬ',1,'3341501458746','2024-09-18','0000-01-01','2024-09-18'),(942,2567,'บช3140025777','ค่าน้ำมันรถโรงเรียน','007001',1500,'106','202','นางทวิกา  จุลทวี',1,'3341501458746','2024-07-05','0000-01-01','2024-07-05'),(943,2567,'บช3140025777','ยืมเงินพัฒนาพื้นที่นวัตกรรมค่าค่าน้ำมันรถโรงเรียน','007001',1500,'117','202','นางทวิกา  จุลทวี',1,'3341501458746','2024-07-05','0000-01-01','2024-07-05'),(944,2567,'ศธ04186.027/บง03(กสศ)/67','เงินทุนแบบมีเงิื่อนไข(กสศ) กลุ่มต่อเนื่องภาคเรียนที่ 1/67','020001',168080,'115','202','นางสุภาณี  สิงห์ธีร์',1,'3341501458746','2024-08-20','0000-01-01','2024-08-20'),(945,2567,'ศธ04186.027/บง142(อุดหนุน)/67','ค่าน้ำมันรถโรงเรียน','007002',3000,'106','203','นางสุภาณี  สิงห์ธีร์',1,'3341501458746','2024-08-14','0000-01-01','2024-08-14'),(946,2567,'ศธ04186.027/บง143(อุดหนุน)/67','ค่าน้ำประปา','016003',1130,'105','204','นางวันทอง  วิสาร',1,'3341501458746','2024-08-14','0000-01-01','2024-08-14'),(948,2567,'ศธ04186.027/บง147(อุดหนุน)/67','ค่าสาธารณูปโภค(ไฟฟ้า)เดือนเม.ย,พ.ค.,และมิ.ย.67','016002',28553,'105','204','นางสุภาณี  สิงห์ธีร์',1,'3341501458746','2024-08-28','0000-01-01','2024-08-28'),(949,2567,'ศธ04186.027/บง13(อุดหนุน)/67','ค่าวิทยากรภาษาไทยเข้มแข็ง','001009',3000,'105','201','นางสาวพัชรี',1,'3341501458746','2024-08-30','0000-01-01','2024-08-30'),(950,2567,'ศธ04186.027/บง154(อุดหนุน)/67','ค่าอบรมพัฒนาบุคลากร','012001',29920,'106','202','นางสุดจิตร์  ชุนสนิท',1,'3341501458746','2024-08-30','0000-01-01','2024-08-30'),(951,2567,'ศธ04186.027/บง152(อุดหนุน)/67','ค่ารถรับส่งนักเรียน','007002',24000,'105','202','นางทวิกา  จุลทวี',1,'3341501458746','2024-08-30','0000-01-01','2024-08-30'),(952,2567,'ศธ04186.027/บง153(อุดหนุน)/67','ค่าวิทยากรงบพื้นที่นวัตกรรม','027001',10500,'117','202','นางสุภาณี  สิงห์ธีร์',1,'3341501458746','2024-08-30','0000-01-01','2024-08-30'),(953,2567,'ศธ04186.027/บง01(อุดหนุน)/68','ขอเบิกเงินปัจจัยพื้นฐานนักเรียนยากจน','018001',41500,'107','202','นางสุภาณี  สิงห์ธีร์',1,'3341501458746','2024-10-01','0000-01-01','2024-10-01'),(954,2567,'ศธ04186.027/บง01(อุดหนุน)/68','ขอเบิกงบปัจจัยพื้นฐานนักเรียนยากจน','018002',207000,'108','202','นางสุภาณี  สิงห์ธีร์',1,'3341501458746','2024-10-01','0000-01-01','2024-10-01'),(955,2567,'ศธ04186.027/บง02(อุดหนุน)/68','ค่ารถรับส่งนักเรียน','007002',23700,'106','202','นางสุภาณี  สิงห์ธีร์',1,'3341501458746','2024-10-01','0000-01-01','2024-10-01');

--
-- Table structure for table `budget_year`
--

CREATE TABLE `budget_year` (
  `id` int(11) NOT NULL AUTO_INCREMENT,
  `budget_year` int(11) NOT NULL,
  `year_active` tinyint(1) NOT NULL,
  PRIMARY KEY (`id`),
  UNIQUE KEY `budget_year` (`budget_year`)
) ENGINE=MyISAM AUTO_INCREMENT=8 DEFAULT CHARSET=utf8 COLLATE=utf8_general_ci;

--
-- Dumping data for table `budget_year`
--

INSERT INTO `budget_year` VALUES (4,2566,0),(3,2565,0),(5,2567,0),(6,2558,0),(7,2568,1);

--
-- Table structure for table `cabinet_cabinet`
--

CREATE TABLE `cabinet_cabinet` (
  `id` int(11) NOT NULL AUTO_INCREMENT,
  `cabinet_id` int(11) NOT NULL,
  `cabinet_type` tinyint(4) NOT NULL,
  `cabinet_name` varchar(100) NOT NULL,
  `cabinet_size` double NOT NULL,
  `tray_size` double NOT NULL,
  `cabinet_person` varchar(13) NOT NULL,
  PRIMARY KEY (`id`),
  UNIQUE KEY `cabinet_id` (`cabinet_id`)
) ENGINE=MyISAM AUTO_INCREMENT=3 DEFAULT CHARSET=utf8 COLLATE=utf8_general_ci;

--
-- Dumping data for table `cabinet_cabinet`
--

INSERT INTO `cabinet_cabinet` VALUES (1,1,1,'คำสั่งปี 59',1000,100,'1349900232165'),(2,2,1,'เอกสารรื้ออาคาร',100,100,'1349900232165');

--
-- Table structure for table `cabinet_file`
--

CREATE TABLE `cabinet_file` (
  `id` int(11) NOT NULL AUTO_INCREMENT,
  `file_id` int(11) NOT NULL,
  `tray_id` bigint(11) NOT NULL,
  `cabinet_id` int(11) NOT NULL,
  `file_name` varchar(100) NOT NULL,
  PRIMARY KEY (`id`)
) ENGINE=MyISAM AUTO_INCREMENT=8 DEFAULT CHARSET=utf8 COLLATE=utf8_general_ci;

--
-- Dumping data for table `cabinet_file`
--

INSERT INTO `cabinet_file` VALUES (1,1,1,1,'เดือนกรกฎาคม'),(3,1,2,1,'คำสั่งครูเวรอบรมนักเรียนประจำวันศุกร์ ภาคเรียนที่ 1 ปีการศึกษา 2559'),(4,2,2,1,'คำสั่งที่ปรึกษาสภานักเรียนเพิ่มเติม(สารวัตนักเรียน) ปีการศึกษา 2559'),(5,1,3,1,'แต่งตั้งคณะกรรมการการจัดประชุมใหญ่ ข้าราชการครู และบุคลากรทางการศึกษา ปีการศึกษา 2559'),(6,1,4,1,'คำสั่งแต่งตั้งคณะกรรมการดำเนินการจัดงานวันคล้ายวันสถาปนาคณะลูกเสือแห่งชาติ 1 กรกฎาคม ประจำปี 2559 (ฉ'),(7,1,1,2,'รื้ออาคาร');

--
-- Table structure for table `cabinet_main`
--

CREATE TABLE `cabinet_main` (
  `id` int(11) NOT NULL AUTO_INCREMENT,
  `file_id` int(11) NOT NULL,
  `tray_id` bigint(11) NOT NULL,
  `cabinet_id` int(11) NOT NULL,
  `cabinet_type` tinyint(4) NOT NULL,
  `doc_subject` varchar(150) NOT NULL,
  `doc_size` double NOT NULL,
  `doc_name` varchar(100) NOT NULL,
  `doc_type` varchar(10) NOT NULL,
  `status` tinyint(4) NOT NULL DEFAULT 0,
  `person_id` varchar(13) NOT NULL,
  `rec_date` datetime NOT NULL,
  PRIMARY KEY (`id`)
) ENGINE=MyISAM AUTO_INCREMENT=12 DEFAULT CHARSET=utf8 COLLATE=utf8_general_ci;

--
-- Dumping data for table `cabinet_main`
--

INSERT INTO `cabinet_main` VALUES (1,1,1,1,1,'เวรเดือนกรกฏาคม',1460123,'13499002321651467618435.jpg','jpg',0,'1349900232165','2016-07-04 14:47:15'),(2,1,1,1,1,'เวรเดือนกรกฏาคม 2',1209570,'13499002321651467618568.jpg','jpg',0,'1349900232165','2016-07-04 14:49:28'),(3,2,1,1,1,'คำสั่งครูเวรอบรมนักเรียนประจำวันศุกร์ ภาคเรียนที่ 1 ปีการศึกษา 2559',551512,'13499002321651467689501.docx','docx',0,'1349900232165','2016-07-05 10:31:41'),(4,1,2,1,1,'คำสั่งครูเวรอบรมนักเรียนประจำวันศุกร์ ภาคเรียนที่ 1 ปีการศึกษา 2559',551512,'13499002321651467689783.docx','docx',0,'1349900232165','2016-07-05 10:36:23'),(5,2,2,1,1,'คำสั่งที่ปรึกษาสภานักเรียนเพิ่มเติม(สารวัตนักเรียน) ปีการศึกษา 2559',381107,'13499002321651467689834.docx','docx',0,'1349900232165','2016-07-05 10:37:14'),(6,1,3,1,1,'แต่งตั้งคณะกรรมการการจัดประชุมใหญ่ ข้าราชการครู และบุคลากรทางการศึกษา ปีการศึกษา 2559',43807,'13499002321651467777477.docx','docx',0,'1349900232165','2016-07-06 10:57:57'),(7,1,4,1,1,'คำสั่งแต่งตั้งคณะกรรมการดำเนินการจัดงานวันคล้ายวันสถาปนาคณะลูกเสือแห่งชาติ 1 กรกฎาคม ประจำปี 2559 (ฉบับแก้ไข/เพิ่มเติม)',3520893,'13499002321651468375188.pdf','pdf',0,'1349900232165','2016-07-13 08:59:48'),(8,1,1,2,1,'1',989821,'13499002321651473219254.jpg','jpg',0,'1349900232165','2016-09-07 10:34:14'),(9,1,1,2,1,'2',919414,'13499002321651473219299.jpg','jpg',0,'1349900232165','2016-09-07 10:34:59'),(10,1,1,2,1,'3',977176,'13499002321651473219337.jpg','jpg',0,'1349900232165','2016-09-07 10:35:37'),(11,1,1,2,1,'4',954783,'13499002321651473219381.jpg','jpg',0,'1349900232165','2016-09-07 10:36:21');

--
-- Table structure for table `cabinet_permission`
--

CREATE TABLE `cabinet_permission` (
  `id` int(11) NOT NULL AUTO_INCREMENT,
  `person_id` varchar(13) NOT NULL,
  `p1` tinyint(4) DEFAULT NULL,
  `officer` varchar(13) NOT NULL,
  `rec_date` date NOT NULL,
  PRIMARY KEY (`id`),
  UNIQUE KEY `person_id` (`person_id`)
) ENGINE=MyISAM AUTO_INCREMENT=2 DEFAULT CHARSET=utf8 COLLATE=utf8_general_ci;

--
-- Dumping data for table `cabinet_permission`
--

INSERT INTO `cabinet_permission` VALUES (1,'1349900232165',1,'1349900232165','2016-07-04');

--
-- Table structure for table `cabinet_tray`
--

CREATE TABLE `cabinet_tray` (
  `id` int(11) NOT NULL AUTO_INCREMENT,
  `tray_id` bigint(20) NOT NULL,
  `cabinet_id` int(11) NOT NULL,
  `tray_name` varchar(100) NOT NULL,
  PRIMARY KEY (`id`)
) ENGINE=MyISAM AUTO_INCREMENT=6 DEFAULT CHARSET=utf8 COLLATE=utf8_general_ci;

--
-- Dumping data for table `cabinet_tray`
--

INSERT INTO `cabinet_tray` VALUES (1,1,1,'คำสั่งเวร'),(2,2,1,'คำสั่งทั่วไป'),(3,3,1,'คำสั่งกลุ่มส่งเสริมประสิทธิภาพการศึกษาเมืองโพธิ์ศรี'),(4,4,1,'คำสั่ง สพป.อบ.4'),(5,1,2,'เอกสารรื้ออาคาร');

--
-- Table structure for table `delegate_main`
--

CREATE TABLE `delegate_main` (
  `id` int(11) NOT NULL AUTO_INCREMENT,
  `person_id` varchar(13) NOT NULL,
  `start` date NOT NULL,
  `finish` date NOT NULL,
  `remark` varchar(250) NOT NULL,
  `officer` varchar(13) NOT NULL,
  `rec_date` date NOT NULL,
  PRIMARY KEY (`id`)
) ENGINE=MyISAM AUTO_INCREMENT=14 DEFAULT CHARSET=utf8 COLLATE=utf8_general_ci;

--
-- Dumping data for table `delegate_main`
--

INSERT INTO `delegate_main` VALUES (1,'3340400209430','2020-07-19','2021-07-19','','3341500489761','2020-10-20'),(2,'3320300013231','2020-12-03','2020-12-03','ผู้อำนวยการไปราชการ','1349900232165','2020-12-03'),(3,'3320300013231','2020-12-08','2020-12-08','ผู้อำนวยการไปราชการ ประชุมประเดือนผู้บริหารสพป.อบ.4','1349900232165','2020-12-08'),(4,'3320300013231','2021-01-19','2021-01-19','ศธ ๐๔๑๘๖/๑๕๖ เชิญประชุมคณะกรรมการและอนุกรรมการติดตาม ตรวจสอบ ประเมินผลและนิเทศการศึกษา','1349900232165','2021-01-19'),(5,'3320300013231','2021-01-22','2021-01-22','ผอ.ลาป่วย','1349900232165','2021-01-22'),(6,'3320300013231','2021-01-29','2021-01-29','ประชุมคณะกรรมการับนักเรียน ว312 ลงวันที่ 12 มกราคม 2564','1349900232165','2021-01-31'),(7,'3340400209430','2021-02-15','2021-02-15','ผอ.ไปประชุมที่สุนีย์ ท่ารองไปนิเทศการสอนกลุ่มวารินชำราบ 3','1349900232165','2021-02-15'),(8,'3340400209430','2021-02-16','2021-02-16','ผอ.ไปประชุมที่สุนีย์ ท่ารองไปนิเทศการสอนกลุ่มวารินชำราบ 3','1349900232165','2021-02-16'),(9,'3340400209430','2021-02-17','2021-02-17','ผอ.ไปประชุมที่สุนีย์ ท่ารองไปนิเทศการสอนกลุ่มวารินชำราบ 3','3341500489761','2021-02-18'),(10,'3320300013231','2021-04-05','2021-04-05','ผอ.ร่วมกิจกรรมปรับคุณ​ลักษณะ​อันพึง​ประสงค์​ให้แก่นักเรียน​  ณ​ ค่ายสิงห์​ดำ​ กรมทหารพรานที่​ 23​ อ.กันทรลักษ์​ จ.ศรีสะเกษ​','1349900232165','2021-04-05'),(11,'3320300013231','2022-06-15','2022-06-15','ผู้อำนวยการไปศึกษาดูงาน','1349900232165','2022-06-15'),(12,'3320300013231','2022-09-05','2022-09-05','กิจกรรมผู้เกษียน','1349900232165','2022-09-05'),(13,'3330300129931','2024-09-05','2024-09-06','ผู้อำนวยการไปอบรมพัฒนาบุคลากร','1349900232165','2024-09-06');

--
-- Table structure for table `delegate_permission`
--

CREATE TABLE `delegate_permission` (
  `id` int(11) NOT NULL AUTO_INCREMENT,
  `person_id` varchar(13) NOT NULL,
  `p1` tinyint(4) NOT NULL,
  `officer` varchar(13) NOT NULL,
  `rec_date` date NOT NULL,
  PRIMARY KEY (`id`)
) ENGINE=MyISAM AUTO_INCREMENT=7 DEFAULT CHARSET=utf8 COLLATE=utf8_general_ci;

--
-- Dumping data for table `delegate_permission`
--

INSERT INTO `delegate_permission` VALUES (6,'3349800064101',1,'3320300013231','2022-07-23'),(3,'3341501682930',1,'3341500489761','2020-07-19'),(4,'3341500788556',1,'3341500489761','2020-07-19'),(5,'1349900232165',1,'3341500489761','2020-07-19');

--
-- Table structure for table `health_age_height`
--

CREATE TABLE `health_age_height` (
  `id` int(11) NOT NULL AUTO_INCREMENT,
  `type` tinyint(4) NOT NULL DEFAULT 1,
  `sex` tinyint(4) NOT NULL DEFAULT 2,
  `age` double NOT NULL,
  `height_1` double NOT NULL,
  `height_2` double NOT NULL,
  `height_3` double NOT NULL,
  `height_4` double NOT NULL,
  PRIMARY KEY (`id`)
) ENGINE=MyISAM AUTO_INCREMENT=63 DEFAULT CHARSET=utf8 COLLATE=utf8_general_ci;

--
-- Dumping data for table `health_age_height`
--

INSERT INTO `health_age_height` VALUES (1,0,1,1,70,71.5,80,81),(2,0,1,1.25,72.5,73.5,83.5,85),(3,0,1,1.5,75,77,86.5,88),(4,0,1,1.75,77.5,79.5,89.5,91),(5,0,1,2,80,81.5,92,93.5),(6,0,1,2.25,82,84,94,96),(7,0,1,2.5,83.5,84.5,96.5,98),(8,0,1,2.75,85.5,87.5,98.5,100),(9,0,1,3,87,89.5,100.5,102),(10,0,1,3.25,89,91,102.5,104),(11,0,1,3.5,90.5,93,104.5,106),(12,0,1,3.75,92,94.5,106.5,108),(13,0,1,4,93.5,96,108,110),(14,0,1,4.25,95,96.5,110,112),(15,0,1,4.5,97,99,112,113.5),(16,0,1,4.75,98.5,100.5,113.5,115),(17,0,1,5,100,102,115,117.7),(18,0,2,1,67,69,79,80.5),(19,0,2,1.25,70,72,82.5,84.5),(20,0,2,1.5,73,74.5,85,87.5),(21,0,2,1.75,75.5,77,88,89.5),(22,0,2,2,78,79.5,90.5,92),(23,0,2,2.25,80,82,92.5,94.5),(24,0,2,2.5,82,84,95,96.5),(25,0,2,2.75,84,86,97,98.5),(26,0,2,3,85.5,88,99,100.5),(27,0,2,3.25,87.5,89.5,100.5,102.5),(28,0,2,3.5,89,91.5,102.5,104.5),(29,0,2,3.75,90.5,93,104.5,106),(30,0,2,4,92.5,94.5,106.5,108.5),(31,0,2,4.25,94,96,108.5,110.5),(32,0,2,4.5,95.5,98,110.5,112.5),(33,0,2,4.75,97.5,99.5,112.5,114),(34,0,2,5,99,101,114,116),(35,1,1,5,100,102,115,117.5),(36,1,1,6,105.5,107.5,121.5,123.5),(37,1,1,7,110.5,113,127.5,130),(38,1,1,8,114.5,117.5,133.5,136),(39,1,1,9,119,122,138,141),(40,1,1,10,123.5,126.5,143.5,145.5),(41,1,1,11,127.5,130.5,149.5,153),(42,1,1,12,131.5,135,157,161),(43,1,1,13,135,139,162,166),(44,1,1,14,143,147.5,170,173),(45,1,1,15,149.5,153.5,173,176.5),(46,1,1,16,155,158.5,176,178.5),(47,1,1,17,157.5,160.5,177,179.5),(48,1,1,18,158.5,161.5,177.5,180),(49,1,2,5,99,101,114,116),(50,1,2,6,105,107.5,120.5,123),(51,1,2,7,109.5,112.5,126.5,129),(52,1,2,8,114.5,117,132.5,135),(53,1,2,9,119,122,139,142),(54,1,2,10,124,127,146,149.5),(55,1,2,11,129.5,133,152.5,155.5),(56,1,2,12,135.5,138.5,157,159.5),(57,1,2,13,140.5,143.5,160,162.5),(58,1,2,14,144.5,147,162,164.5),(59,1,2,15,146,148,163.5,166),(60,1,2,16,146.5,149,164,166.5),(61,1,2,17,147,149,164,166.5),(62,1,2,18,147,149.5,164,166.5);

--
-- Table structure for table `health_age_weight`
--

CREATE TABLE `health_age_weight` (
  `id` int(11) NOT NULL AUTO_INCREMENT,
  `type` tinyint(4) NOT NULL DEFAULT 1,
  `sex` tinyint(4) NOT NULL DEFAULT 2,
  `age` double NOT NULL,
  `weight_1` double NOT NULL,
  `weight_2` double NOT NULL,
  `weight_3` double NOT NULL,
  `weight_4` double NOT NULL,
  PRIMARY KEY (`id`)
) ENGINE=MyISAM AUTO_INCREMENT=63 DEFAULT CHARSET=utf8 COLLATE=utf8_general_ci;

--
-- Dumping data for table `health_age_weight`
--

INSERT INTO `health_age_weight` VALUES (1,0,1,1,7.8,8.3,11.5,11.5),(2,0,1,1.25,8.5,9,12,12.5),(3,0,1,1.5,8.9,9.4,12.9,13.5),(4,0,1,1.75,9.4,10,13.7,14.4),(5,0,1,2,9.8,10.5,14.5,15.2),(6,0,1,2.25,10.2,11,15,15.8),(7,0,1,2.5,10.6,11.4,15.8,16.7),(8,0,1,2.75,11,11.8,16.6,17.4),(9,0,1,3,11.4,12.2,17.3,18.2),(10,0,1,3.25,11.7,12.6,18,19),(11,0,1,3.5,12,12.8,18.7,19.8),(12,0,1,3.75,12.4,13.3,19.3,20.6),(13,0,1,4,12.7,13.6,20,21.3),(14,0,1,4.25,13.2,13.9,20.7,22),(15,0,1,4.5,13.4,14.3,21.3,22.7),(16,0,1,4.75,13.8,14.6,21.9,23.7),(17,0,1,5,14,15,23,24),(18,0,2,1,7.3,7.7,10.5,11),(19,0,2,1.25,7.8,8.3,11.3,11.9),(20,0,2,1.5,8.3,8.8,12,12.8),(21,0,2,1.75,8.8,9.3,12.9,13.6),(22,0,2,2,9,9.8,13.6,14.4),(23,0,2,2.25,9.5,10.2,14.4,15.2),(24,0,2,2.5,9.8,10.7,15.2,15.9),(25,0,2,2.75,10.3,11.2,15.9,16.9),(26,0,2,3,10.7,11.5,16.6,17.4),(27,0,2,3.25,11.2,11.9,17.3,18.2),(28,0,2,3.5,11.5,12.3,17.9,18.9),(29,0,2,3.75,11.8,12.7,18.5,19.7),(30,0,2,4,12.2,13,19.3,20.5),(31,0,2,4.25,12.4,13.4,19.7,21),(32,0,2,4.5,12.8,13.7,20.3,21.7),(33,0,2,4.75,13,13.9,20.9,22.3),(34,0,2,5,13.5,14,22,23.5),(35,1,1,5,14,15,23,24),(36,1,1,6,15.5,16.5,25.5,27),(37,1,1,7,17,18.5,28.5,31),(38,1,1,8,18.5,20,32,35),(39,1,1,9,20,21.5,36,39.5),(40,1,1,10,21.5,23.5,40.5,44.5),(41,1,1,11,23,25.5,45,49.5),(42,1,1,12,25.5,28,50,54.5),(43,1,1,13,28,31.5,54.5,58.5),(44,1,1,14,32,35.5,58.5,63.5),(45,1,1,15,36.5,40,62,65.5),(46,1,1,16,40.5,44,64,67.5),(47,1,1,17,43,46,66,69),(48,1,1,18,45,48,67,70),(49,1,2,5,13.5,14,22,23.5),(50,1,2,6,15,16,24.5,26.5),(51,1,2,7,16.5,17.5,28.5,31),(52,1,2,8,17.5,19,32.5,35.5),(53,1,2,9,19.5,21,37.5,41),(54,1,2,10,21.5,23.5,42,46),(55,1,2,11,23.5,26,46.5,50.5),(56,1,2,12,26.5,29,50,54),(57,1,2,13,29.5,33,53,55.5),(58,1,2,14,33.5,36.5,55,58.5),(59,1,2,15,36.5,38.5,56.5,59.5),(60,1,2,16,37.5,40,57,60),(61,1,2,17,38,41,57.5,60.5),(62,1,2,18,38.5,41,57.5,60.5);

--
-- Table structure for table `health_base`
--

CREATE TABLE `health_base` (
  `base_id` int(5) NOT NULL AUTO_INCREMENT,
  `study_year` int(5) NOT NULL,
  `term` int(3) NOT NULL,
  `status` int(2) NOT NULL,
  PRIMARY KEY (`base_id`)
) ENGINE=MyISAM AUTO_INCREMENT=5 DEFAULT CHARSET=utf8 COLLATE=utf8_general_ci;

--
-- Dumping data for table `health_base`
--

INSERT INTO `health_base` VALUES (2,2559,1,0),(3,2559,2,0),(4,2564,1,1);

--
-- Table structure for table `health_checking`
--

CREATE TABLE `health_checking` (
  `check_id` int(11) NOT NULL AUTO_INCREMENT,
  `student_id` int(11) NOT NULL,
  `student_number` varchar(13) NOT NULL,
  `year_std` varchar(5) NOT NULL,
  `term_std` varchar(3) NOT NULL,
  `class_now` tinyint(4) NOT NULL,
  `room` tinyint(4) NOT NULL,
  `number_check` int(5) NOT NULL,
  `gum` varchar(100) NOT NULL,
  `iodine` varchar(100) NOT NULL,
  `tooth` varchar(100) NOT NULL,
  `weight` varchar(10) NOT NULL,
  `tall` varchar(10) NOT NULL,
  `comment` text NOT NULL,
  `day` datetime NOT NULL,
  `usenull` text DEFAULT NULL,
  `life` varchar(10) NOT NULL,
  `push` varchar(10) NOT NULL,
  `sit` varchar(10) NOT NULL,
  `roll` varchar(10) NOT NULL,
  `run` varchar(10) NOT NULL,
  `person_check` varchar(255) NOT NULL,
  PRIMARY KEY (`check_id`)
) ENGINE=MyISAM DEFAULT CHARSET=utf8 COLLATE=utf8_general_ci;

--
-- Dumping data for table `health_checking`
--


--
-- Table structure for table `health_personal`
--

CREATE TABLE `health_personal` (
  `per_id` int(11) NOT NULL AUTO_INCREMENT,
  `personal_code` varchar(13) NOT NULL,
  `per_position` int(3) NOT NULL,
  `per_status` int(3) NOT NULL,
  `person_room` int(3) NOT NULL,
  PRIMARY KEY (`per_id`)
) ENGINE=MyISAM AUTO_INCREMENT=65 DEFAULT CHARSET=utf8 COLLATE=utf8_general_ci;

--
-- Dumping data for table `health_personal`
--

INSERT INTO `health_personal` VALUES (48,'3349900075236',8,1,2),(38,'3360500413462',2,1,0),(39,'3349800072626',3,1,0),(40,'3340400209430',4,1,1),(41,'1310900138420',4,1,2),(42,'3330700397568',5,1,1),(58,'3349800087887',8,1,1),(45,'3330501220544',6,1,1),(46,'3341500898173',6,1,2),(47,'5341500013321',7,1,1),(49,'123456789012',9,1,1),(50,'3341500788556',12,1,2),(51,'3341500457894',11,1,2),(52,'3341501458746',11,1,2),(53,'3349800052790',11,1,1),(54,'3341501541473',11,1,1),(55,'3341501380607',12,1,1),(56,'3349800064101',12,1,1),(57,'3330300129931',9,1,2),(59,'3349900007915',12,1,3),(60,'3330500098036',12,1,3),(61,'3349900333979',10,1,1),(62,'3341501682930',10,1,1),(63,'3341501663480',10,1,2),(64,'3349800221672',10,1,2);

--
-- Table structure for table `health_weight_height`
--

CREATE TABLE `health_weight_height` (
  `id` int(11) NOT NULL AUTO_INCREMENT,
  `type` tinyint(4) NOT NULL DEFAULT 0,
  `sex` tinyint(4) NOT NULL DEFAULT 1,
  `height` int(11) NOT NULL,
  `weight_1` double NOT NULL,
  `weight_2` double NOT NULL,
  `weight_3` double NOT NULL,
  `weight_4` double NOT NULL,
  `weight_5` double NOT NULL,
  PRIMARY KEY (`id`)
) ENGINE=MyISAM AUTO_INCREMENT=75 DEFAULT CHARSET=utf8 COLLATE=utf8_general_ci;

--
-- Dumping data for table `health_weight_height`
--

INSERT INTO `health_weight_height` VALUES (1,0,1,50,2.5,3,3.8,4,4.5),(2,0,1,55,3.5,4,4.8,5,6),(3,0,1,60,4.5,5,6.3,6.5,7.5),(4,0,1,65,5.5,6,7.8,8,9),(5,0,1,70,7,7.5,9.3,9.5,10.5),(6,0,1,75,8,8.5,10.8,11,12),(7,0,1,80,9,9.5,12,12.5,13.5),(8,0,1,85,10,10.5,13.5,14,15.5),(9,0,1,90,11,11.5,15,15.5,17),(10,0,1,95,12,12.5,16.5,17,19),(11,0,1,100,13,14,18.5,19,21),(12,0,1,105,14,15,20,21,22.5),(13,0,1,110,15.5,16.5,22,23,25),(14,0,1,115,17,18,24,25,28),(15,0,1,120,18.5,19.5,26.5,28,31),(16,0,1,125,20.5,21.5,29.5,31,35),(17,0,1,130,22,23.5,33,35,39.5),(18,0,1,135,24,25.5,37,39,45),(19,0,1,140,26.5,28,41,44,50),(20,0,2,50,3,3.1,3.8,4,4.5),(21,0,2,55,3.5,4,4.8,5,6),(22,0,2,60,4.5,5,6.3,6.5,7),(23,0,2,65,5.5,6,7.8,8,8.5),(24,0,2,70,6.5,7.5,8.8,9,10),(25,0,2,75,7.5,8.5,10.8,10.5,11.5),(26,0,2,80,8.5,9,11.5,12.5,13),(27,0,2,85,9.5,10,13,13.5,14.5),(28,0,2,90,10.5,11.5,14.5,15.5,16.5),(29,0,2,95,11.5,13,16.5,17,18.5),(30,0,2,100,13,13.5,18,18.5,20.5),(31,0,2,110,15.5,16,22,23,25),(32,0,2,115,16.5,17.5,24,25,28),(33,0,2,120,18,19,27,28.5,31.5),(34,0,2,125,19.5,21.5,30,31.5,35.5),(35,0,2,130,21.5,23,34,36,41),(36,0,2,135,23.5,25,38,40.5,46),(37,0,2,140,25.5,27.5,42.5,45.5,55.5),(38,0,2,105,14,15,19.5,20.5,22.5),(39,1,1,90,11,11.5,15,16,17),(40,1,1,95,12,12.5,17,17.5,19),(41,1,1,100,13,14,18,19,21),(42,1,1,105,14.5,15,19.5,20.5,22.5),(43,1,1,110,16,16.6,21.5,22.5,24.5),(44,1,1,115,17,18,24,25,27.5),(45,1,1,120,19,19.5,26.5,28,30.5),(46,1,1,125,20,21,29,31,34),(47,1,1,130,22,23,33,35,39),(48,1,1,135,24.5,25.5,37,39.5,45),(49,1,1,140,26.5,28.5,41,44,50),(50,1,1,145,29,31,45,48,54.5),(51,1,1,150,32,34,49,52.5,58.5),(52,1,1,155,35,37,53,56.5,62.5),(53,1,1,160,38.5,41,57,60.5,66.5),(54,1,1,165,42.5,45,61.5,64.5,70),(55,1,1,170,46,48.5,65,68,74.5),(56,1,1,175,49.5,52.5,69,72,77),(57,1,1,180,53,56,72,75,80),(58,1,2,90,11,11.5,15,16,17),(59,1,2,95,12,12.5,16,17,18.5),(60,1,2,100,13,13.5,18,19,20.5),(61,1,2,105,14,15,19.5,20.5,22.5),(62,1,2,110,15.5,16,21.5,22.5,25),(63,1,2,115,17,17.5,24,25,27.5),(64,1,2,120,18.5,19,26.5,28,31),(65,1,2,125,20,21,30,32,36),(66,1,2,130,21.5,22.5,33.5,36,41),(67,1,2,135,23.5,25,38,41,46),(68,1,2,140,26,27.5,42.5,45.5,51.5),(69,1,2,145,29,31,47,50,56.5),(70,1,2,150,32.5,34.5,51.5,54.5,61),(71,1,2,155,36,38.5,55.5,58.5,65),(72,1,2,160,39.5,42,59,62,68),(73,1,2,165,43,45.5,62,65,70.5),(74,1,2,170,47,48.5,65.5,67.5,72.5);

--
-- Table structure for table `idplan_education`
--

CREATE TABLE `idplan_education` (
  `id` int(11) NOT NULL AUTO_INCREMENT,
  `person_id` varchar(15) DEFAULT NULL,
  `class` varchar(30) DEFAULT NULL,
  `initials` varchar(30) DEFAULT NULL,
  `subject_1` varchar(150) DEFAULT NULL,
  `subject` varchar(150) DEFAULT NULL,
  `institute` varchar(200) DEFAULT NULL,
  `province` varchar(50) DEFAULT NULL,
  `finish_year` varchar(10) DEFAULT NULL,
  PRIMARY KEY (`id`)
) ENGINE=MyISAM AUTO_INCREMENT=12 DEFAULT CHARSET=utf8 COLLATE=utf8_general_ci;

--
-- Dumping data for table `idplan_education`
--

INSERT INTO `idplan_education` VALUES (9,'3320300013231','ปริญญาโท','กศ.ม.','','หลักสูตรและการสอน','มหาวิทยาลัยมหาสารคาม','มหาสารคาม','2549'),(10,'3341501458746','ปริญาโท','กศ.ม.','-','จิตวิทยาการศึกษา','มหาวิทยาลัยมหาสารคาม','มหาสารคาม','2538'),(11,'3349800087887','วิทยาศาสตร์มหาบัณฑิต','วท.ม.','ไม่มี','ชีววิทยา','มหาวิทยาลัยราชภัฏอุบลราชธานี','อุบลราชธานี','ตุลาคม พ.ศ');

--
-- Table structure for table `idplan_list_setting`
--

CREATE TABLE `idplan_list_setting` (
  `id` int(11) NOT NULL AUTO_INCREMENT,
  `rating` int(5) DEFAULT NULL,
  `item_list` char(50) DEFAULT NULL,
  `permission` int(2) DEFAULT NULL,
  PRIMARY KEY (`id`)
) ENGINE=MyISAM AUTO_INCREMENT=12 DEFAULT CHARSET=utf8 COLLATE=utf8_general_ci;

--
-- Dumping data for table `idplan_list_setting`
--


--
-- Table structure for table `idplan_lookbook_1`
--

CREATE TABLE `idplan_lookbook_1` (
  `id` int(11) NOT NULL AUTO_INCREMENT,
  `person_id` varchar(15) DEFAULT NULL,
  `study_year` varchar(5) DEFAULT NULL,
  `term` varchar(2) DEFAULT NULL,
  `office` varchar(200) DEFAULT NULL,
  `school_name` varchar(250) DEFAULT NULL,
  `class` varchar(5) DEFAULT NULL,
  `subject_1` varchar(3) DEFAULT NULL,
  `subject_2` varchar(150) DEFAULT NULL,
  `house` int(3) DEFAULT NULL,
  PRIMARY KEY (`id`)
) ENGINE=MyISAM AUTO_INCREMENT=27 DEFAULT CHARSET=utf8 COLLATE=utf8_general_ci;

--
-- Dumping data for table `idplan_lookbook_1`
--

INSERT INTO `idplan_lookbook_1` VALUES (22,'3340400209430','2563','2','','โรงเรียนบ้านคูเมือง(อ่อนอนุเคราะห์)','4','2','คณิตศาสตร์   สังคมศึกษา',20),(23,'3349800087887','','1','สำนักงานคณะกรรมการการศึกษาขั้นพื้นฐาน','โรงเรียนบ้านคูเมือง(อ่อนอนุเคราะห์)','9','3','วิทยาศาสตร์และเทคโนโลยี,สุขศึกษา',0),(24,'3349800087887','','','','','9','','',0),(25,'3320300013231','2565','1','','โรงเรียนบ้านคูเมือง(อ่อนอนุเคราะห์)','11','1','',9);

--
-- Table structure for table `idplan_lookbook_2`
--

CREATE TABLE `idplan_lookbook_2` (
  `id` int(11) NOT NULL AUTO_INCREMENT,
  `person_id` varchar(15) DEFAULT NULL,
  `year` varchar(5) DEFAULT NULL,
  `term` varchar(1) DEFAULT NULL,
  `week` varchar(3) DEFAULT NULL,
  `start_date` date DEFAULT NULL,
  `end_date` date DEFAULT NULL,
  `group_vicha_id` varchar(2) DEFAULT NULL,
  `vicha_name` varchar(200) DEFAULT NULL,
  `vicha_code` varchar(10) DEFAULT NULL,
  `vitaya` varchar(2) DEFAULT NULL,
  `hour_term` varchar(5) DEFAULT NULL,
  `time` varchar(5) DEFAULT NULL,
  `time_unit` varchar(25) DEFAULT NULL,
  `learn_type` varchar(2) DEFAULT NULL,
  `garantee` varchar(2) DEFAULT NULL,
  PRIMARY KEY (`id`)
) ENGINE=MyISAM AUTO_INCREMENT=20 DEFAULT CHARSET=utf8 COLLATE=utf8_general_ci;

--
-- Dumping data for table `idplan_lookbook_2`
--


--
-- Table structure for table `idplan_lookbook_3`
--

CREATE TABLE `idplan_lookbook_3` (
  `id` int(11) NOT NULL AUTO_INCREMENT,
  `person_id` varchar(15) DEFAULT NULL,
  `year` varchar(5) DEFAULT NULL,
  `term` varchar(1) DEFAULT NULL,
  `week` varchar(3) DEFAULT NULL,
  `start_date` date DEFAULT NULL,
  `end_date` date DEFAULT NULL,
  `vicha_support` varchar(200) DEFAULT NULL,
  `hour_week` varchar(5) DEFAULT NULL,
  `garantee` varchar(2) DEFAULT NULL,
  PRIMARY KEY (`id`)
) ENGINE=MyISAM AUTO_INCREMENT=22 DEFAULT CHARSET=utf8 COLLATE=utf8_general_ci;

--
-- Dumping data for table `idplan_lookbook_3`
--


--
-- Table structure for table `idplan_lookbook_4`
--

CREATE TABLE `idplan_lookbook_4` (
  `id` int(11) NOT NULL AUTO_INCREMENT,
  `person_id` varchar(15) DEFAULT NULL,
  `year` varchar(5) DEFAULT NULL,
  `term` varchar(1) DEFAULT NULL,
  `week` varchar(3) DEFAULT NULL,
  `start_date` date DEFAULT NULL,
  `end_date` date DEFAULT NULL,
  `policy` varchar(255) DEFAULT NULL,
  `hour_week` varchar(5) DEFAULT NULL,
  `garantee` varchar(2) DEFAULT NULL,
  PRIMARY KEY (`id`)
) ENGINE=MyISAM AUTO_INCREMENT=24 DEFAULT CHARSET=utf8 COLLATE=utf8_general_ci;

--
-- Dumping data for table `idplan_lookbook_4`
--


--
-- Table structure for table `idplan_lookbook_5`
--

CREATE TABLE `idplan_lookbook_5` (
  `id` int(11) NOT NULL AUTO_INCREMENT,
  `person_id` varchar(15) DEFAULT NULL,
  `rec_date` date DEFAULT NULL,
  `develop_name` varchar(255) DEFAULT NULL,
  `develop_code` varchar(15) DEFAULT NULL,
  `knowledge` varchar(10) DEFAULT NULL,
  `skill` varchar(10) DEFAULT NULL,
  `teacher` varchar(10) DEFAULT NULL,
  `develop_hour` varchar(5) DEFAULT NULL,
  `develop_start_date` date DEFAULT NULL,
  `num_date` int(5) DEFAULT NULL,
  `development` varchar(10) DEFAULT NULL,
  `garantee` varchar(2) DEFAULT NULL,
  PRIMARY KEY (`id`)
) ENGINE=MyISAM AUTO_INCREMENT=5 DEFAULT CHARSET=utf8 COLLATE=utf8_general_ci;

--
-- Dumping data for table `idplan_lookbook_5`
--

INSERT INTO `idplan_lookbook_5` VALUES (4,'3349800087887','2021-08-15','การพัฒนาทักษะการจัดการเรียนรู้รูปแบบออนไลน์สำหรับครูสังกัดสำนักงานคณะกรรมการการศึกษาขั้นพื้นฐาน','','1','1','1','','2021-08-14',0,'1','1');

--
-- Table structure for table `idplan_lookbook_6`
--

CREATE TABLE `idplan_lookbook_6` (
  `id` int(11) NOT NULL AUTO_INCREMENT,
  `person_id` varchar(15) DEFAULT NULL,
  `group_activities` varchar(255) DEFAULT NULL,
  `num_member` int(5) DEFAULT NULL,
  `activities_name` varchar(255) DEFAULT NULL,
  `round` varchar(3) DEFAULT NULL,
  `date_activities` date DEFAULT NULL,
  `term` varchar(2) DEFAULT NULL,
  `year` varchar(5) DEFAULT NULL,
  `num_hour` varchar(5) DEFAULT NULL,
  `r_character` varchar(3) DEFAULT NULL,
  `income_activities` varchar(5) DEFAULT NULL,
  `issues` varchar(255) DEFAULT NULL,
  `cause` varchar(255) DEFAULT NULL,
  `knowledge` varchar(255) DEFAULT NULL,
  `activities` varchar(255) DEFAULT NULL,
  `r_activities` varchar(255) DEFAULT NULL,
  `reapply` varchar(255) DEFAULT NULL,
  `other` varchar(255) DEFAULT NULL,
  `garantee` varchar(2) DEFAULT NULL,
  PRIMARY KEY (`id`)
) ENGINE=MyISAM AUTO_INCREMENT=6 DEFAULT CHARSET=utf8 COLLATE=utf8_general_ci;

--
-- Dumping data for table `idplan_lookbook_6`
--


--
-- Table structure for table `idplan_lookbook_group_subject`
--

CREATE TABLE `idplan_lookbook_group_subject` (
  `id` int(11) NOT NULL AUTO_INCREMENT,
  `g_subject` varchar(255) DEFAULT NULL,
  PRIMARY KEY (`id`)
) ENGINE=MyISAM AUTO_INCREMENT=21 DEFAULT CHARSET=utf8 COLLATE=utf8_general_ci;

--
-- Dumping data for table `idplan_lookbook_group_subject`
--


--
-- Table structure for table `idplan_management_crown`
--

CREATE TABLE `idplan_management_crown` (
  `id` int(11) NOT NULL AUTO_INCREMENT,
  `crown_name_th` char(100) DEFAULT NULL,
  `crown_shot_name` char(10) DEFAULT NULL,
  `crown_name_en` char(150) DEFAULT NULL,
  PRIMARY KEY (`id`)
) ENGINE=MyISAM AUTO_INCREMENT=37 DEFAULT CHARSET=utf8 COLLATE=utf8_general_ci;

--
-- Dumping data for table `idplan_management_crown`
--


--
-- Table structure for table `idplan_management_crown_year`
--

CREATE TABLE `idplan_management_crown_year` (
  `id` int(11) NOT NULL AUTO_INCREMENT,
  `person_id` varchar(15) DEFAULT NULL,
  `crown_id` varchar(3) DEFAULT NULL,
  `crown_year` varchar(7) DEFAULT NULL,
  PRIMARY KEY (`id`)
) ENGINE=MyISAM AUTO_INCREMENT=4 DEFAULT CHARSET=utf8 COLLATE=utf8_general_ci;

--
-- Dumping data for table `idplan_management_crown_year`
--


--
-- Table structure for table `idplan_management_family`
--

CREATE TABLE `idplan_management_family` (
  `id` int(11) NOT NULL AUTO_INCREMENT,
  `person_id` varchar(15) DEFAULT NULL,
  `family_prename` varchar(20) DEFAULT NULL,
  `family_name` varchar(100) DEFAULT NULL,
  `family_surname` varchar(150) DEFAULT NULL,
  `birth_date` date DEFAULT NULL,
  `family_type` varchar(5) DEFAULT NULL,
  PRIMARY KEY (`id`)
) ENGINE=MyISAM AUTO_INCREMENT=12 DEFAULT CHARSET=utf8 COLLATE=utf8_general_ci;

--
-- Dumping data for table `idplan_management_family`
--

INSERT INTO `idplan_management_family` VALUES (9,'3341501458746','นาย','เพียร','ทองประสาน','0000-00-00','1'),(10,'3341501458746','นาง','สมบูรณ์','ทองประสาน','0000-00-00','2'),(11,'3349800087887','นายอินทร์ พูนในเมือง','อินทร์ ','พูนในเมือง','1873-11-05','1');

--
-- Table structure for table `idplan_management_marry`
--

CREATE TABLE `idplan_management_marry` (
  `person_id` varchar(15) NOT NULL,
  `m_type` varchar(5) DEFAULT NULL,
  `m_prename` varchar(10) DEFAULT NULL,
  `m_name` varchar(50) DEFAULT NULL,
  `m_surname` varchar(150) DEFAULT NULL,
  PRIMARY KEY (`person_id`)
) ENGINE=MyISAM DEFAULT CHARSET=utf8 COLLATE=utf8_general_ci;

--
-- Dumping data for table `idplan_management_marry`
--

INSERT INTO `idplan_management_marry` VALUES ('3341500489761','2','','',''),('3341501667884','2','นาง','ดารา','พยัคฆ์'),('3320300013231','2','','',''),('3341501458746','2','นาย','ชวัลชัย','สิงห์ธีร์'),('3349800087887','2','นาวาอากาศเ','อุทัย','เจริญเชาว์');

--
-- Table structure for table `idplan_management_member`
--

CREATE TABLE `idplan_management_member` (
  `id` int(11) NOT NULL AUTO_INCREMENT,
  `person_id` varchar(15) DEFAULT NULL,
  `member_name` varchar(255) DEFAULT NULL,
  `member_number` varchar(30) DEFAULT NULL,
  PRIMARY KEY (`id`)
) ENGINE=MyISAM AUTO_INCREMENT=4 DEFAULT CHARSET=utf8 COLLATE=utf8_general_ci;

--
-- Dumping data for table `idplan_management_member`
--


--
-- Table structure for table `idplan_management_portfolio`
--

CREATE TABLE `idplan_management_portfolio` (
  `id` int(11) NOT NULL AUTO_INCREMENT,
  `person_id` varchar(15) DEFAULT NULL,
  `topic` varchar(200) DEFAULT NULL,
  `date` date DEFAULT NULL,
  `address` varchar(255) DEFAULT NULL,
  `pic_upload` varchar(50) DEFAULT NULL,
  PRIMARY KEY (`id`)
) ENGINE=MyISAM AUTO_INCREMENT=16 DEFAULT CHARSET=utf8 COLLATE=utf8_general_ci;

--
-- Dumping data for table `idplan_management_portfolio`
--


--
-- Table structure for table `idplan_management_vitaya`
--

CREATE TABLE `idplan_management_vitaya` (
  `id` int(11) NOT NULL AUTO_INCREMENT,
  `person_id` varchar(15) DEFAULT NULL,
  `vitaya_name` varchar(250) DEFAULT NULL,
  `vitaya_shot` varchar(50) DEFAULT NULL,
  `vitaya_date` date DEFAULT NULL,
  PRIMARY KEY (`id`)
) ENGINE=MyISAM AUTO_INCREMENT=10 DEFAULT CHARSET=utf8 COLLATE=utf8_general_ci;

--
-- Dumping data for table `idplan_management_vitaya`
--

INSERT INTO `idplan_management_vitaya` VALUES (8,'3341501458746','ชำนาญการพิเศษ','ช.น.พ.','0000-00-00'),(9,'3349800087887','ชำนาญการพิเศษ','คศ.3','2009-04-03');

--
-- Table structure for table `idplan_permission`
--

CREATE TABLE `idplan_permission` (
  `per_id` int(5) NOT NULL AUTO_INCREMENT,
  `person_id` char(15) DEFAULT NULL,
  `p1` int(2) DEFAULT NULL,
  `office` char(15) DEFAULT NULL,
  `rec_dat` date DEFAULT NULL,
  PRIMARY KEY (`per_id`)
) ENGINE=MyISAM AUTO_INCREMENT=36 DEFAULT CHARSET=utf8 COLLATE=utf8_general_ci;

--
-- Dumping data for table `idplan_permission`
--


--
-- Table structure for table `idplan_person_sch_profile`
--

CREATE TABLE `idplan_person_sch_profile` (
  `person_id` varchar(15) NOT NULL,
  `birth_date` date DEFAULT NULL,
  `f_date` date DEFAULT NULL,
  `vittaya` varchar(50) DEFAULT NULL,
  `work_old` int(3) DEFAULT NULL,
  `at_home` varchar(10) DEFAULT NULL,
  `moo` varchar(3) DEFAULT NULL,
  `tambun` varchar(50) DEFAULT NULL,
  `ampher` varchar(50) DEFAULT NULL,
  `province` varchar(70) DEFAULT NULL,
  `postcode` varchar(10) DEFAULT NULL,
  `home_phone` varchar(15) DEFAULT NULL,
  `mobile` varchar(15) DEFAULT NULL,
  `salary` int(10) DEFAULT NULL,
  `emoluments` int(10) DEFAULT NULL,
  `money_of_position` int(10) DEFAULT NULL,
  `m_type` varchar(5) DEFAULT NULL,
  `update_date` date DEFAULT NULL,
  PRIMARY KEY (`person_id`)
) ENGINE=MyISAM DEFAULT CHARSET=utf8 COLLATE=utf8_general_ci;

--
-- Dumping data for table `idplan_person_sch_profile`
--

INSERT INTO `idplan_person_sch_profile` VALUES ('3341500489761','1962-04-18','1983-05-16','ชำนาญการพิเศษ',38,'329/1','9','แสนสุข','วารินชำราบ','อุบลราชธานี','','','0837445561',68,0,1200,'2','2021-08-14'),('3349800221672',NULL,NULL,NULL,NULL,NULL,NULL,NULL,NULL,NULL,NULL,NULL,NULL,NULL,NULL,NULL,NULL,NULL),('1349900232165',NULL,NULL,NULL,NULL,NULL,NULL,NULL,NULL,NULL,NULL,NULL,NULL,NULL,NULL,NULL,NULL,NULL),('3341501667884','1974-01-01','2553-04-19','ครูชำนาญการพิเศษ',15,'94','7','คูเมือง','วารินชำราบ','อุบลราชธานี','','-','0850973745',32,0,5,'2','2025-08-10'),('3320300013231','1971-08-08','2538-10-30','รองผู้อำนวยการชำนาญการพิเศษ',0,'380','15','แสนสุข','วารินชำราบ','อุบลราชธานี','','','',0,0,0,'2','2020-12-22'),('3341501682930',NULL,NULL,NULL,NULL,NULL,NULL,NULL,NULL,NULL,NULL,NULL,NULL,NULL,NULL,NULL,NULL,NULL),('3340400209430','0000-00-00','0000-00-00','',0,'176','','วาริน','วารินชำราบ','อุบลราชธานี','','','0873763510',0,0,0,'','2021-06-25'),('3341501458746','1969-11-13','1994-02-14','ชำนาญการพิเศษ',29,'50','6','แสนสุข','วารินชำราบ','อุบลราชธานี','','-','0928682253',0,5600,5600,'2','2023-05-03'),('3349800064101',NULL,NULL,NULL,NULL,NULL,NULL,NULL,NULL,NULL,NULL,NULL,NULL,NULL,NULL,NULL,NULL,NULL),('3341500788556',NULL,NULL,NULL,NULL,NULL,NULL,NULL,NULL,NULL,NULL,NULL,NULL,NULL,NULL,NULL,NULL,NULL),('3349800087887','1963-11-05','1986-12-01','ชำนาญการพิเศษ',35,'391/1','','วารินชำราบ','วารินชำราบ','อุบลราชธานี','','','0898669688',59,0,5,'2','2021-09-10'),('3341500457894',NULL,NULL,NULL,NULL,NULL,NULL,NULL,NULL,NULL,NULL,NULL,NULL,NULL,NULL,NULL,NULL,NULL),('3330700397568',NULL,NULL,NULL,NULL,NULL,NULL,NULL,NULL,NULL,NULL,NULL,NULL,NULL,NULL,NULL,NULL,NULL),('3341500898173',NULL,NULL,NULL,NULL,NULL,NULL,NULL,NULL,NULL,NULL,NULL,NULL,NULL,NULL,NULL,NULL,NULL),('3739900212574','1974-02-13','2002-06-17','ชำนาญการพิเศษ',21,'318/188/18','','กุดลาด','เมือง','อุบลราชธานี','','','0831262964',54,5600,5600,'1','2025-08-02'),('3330300129931',NULL,NULL,NULL,NULL,NULL,NULL,NULL,NULL,NULL,NULL,NULL,NULL,NULL,NULL,NULL,NULL,NULL),('3330500098036',NULL,NULL,NULL,NULL,NULL,NULL,NULL,NULL,NULL,NULL,NULL,NULL,NULL,NULL,NULL,NULL,NULL),('3341501541473',NULL,NULL,NULL,NULL,NULL,NULL,NULL,NULL,NULL,NULL,NULL,NULL,NULL,NULL,NULL,NULL,NULL),('3349800052790',NULL,NULL,NULL,NULL,NULL,NULL,NULL,NULL,NULL,NULL,NULL,NULL,NULL,NULL,NULL,NULL,NULL);

--
-- Table structure for table `la_cancel`
--

CREATE TABLE `la_cancel` (
  `id` int(11) NOT NULL AUTO_INCREMENT,
  `person_id` varchar(13) NOT NULL,
  `la_type` tinyint(4) NOT NULL,
  `write_at` varchar(100) DEFAULT NULL,
  `permission_start` date NOT NULL,
  `permission_finish` date NOT NULL,
  `permission_total` int(11) NOT NULL,
  `because` varchar(200) NOT NULL,
  `cancel_la_start` date NOT NULL,
  `cancel_la_finish` date NOT NULL,
  `cancel_la_total` int(11) NOT NULL,
  `no_comment` int(11) NOT NULL DEFAULT 0,
  `grant_p_selected` varchar(13) DEFAULT NULL,
  `rec_date` datetime NOT NULL,
  `officer_comment` varchar(200) DEFAULT NULL,
  `officer_sign` varchar(13) DEFAULT NULL,
  `officer_date` datetime DEFAULT NULL,
  `group_comment` varchar(100) DEFAULT NULL,
  `group_sign` varchar(13) DEFAULT NULL,
  `group_date` datetime DEFAULT NULL,
  `comment_date` datetime DEFAULT NULL,
  `commander_grant` tinyint(4) DEFAULT NULL,
  `commander_comment` varchar(100) DEFAULT NULL,
  `commander_sign` varchar(13) DEFAULT NULL,
  `grant_date` datetime DEFAULT NULL,
  PRIMARY KEY (`id`)
) ENGINE=MyISAM AUTO_INCREMENT=2 DEFAULT CHARSET=utf8 COLLATE=utf8_general_ci;

--
-- Dumping data for table `la_cancel`
--

INSERT INTO `la_cancel` VALUES (1,'3349800064101',2,'รร.บ้านคูเมือง(อ่อนอนุเคราะห์)','2024-07-18','2024-07-18',3,'ลงวันผิด','2024-07-18','2024-07-18',3,0,'','2024-07-18 15:15:00',NULL,NULL,NULL,NULL,NULL,NULL,NULL,NULL,NULL,NULL,NULL);

--
-- Table structure for table `la_collect`
--

CREATE TABLE `la_collect` (
  `id` int(11) NOT NULL AUTO_INCREMENT,
  `year` int(11) NOT NULL,
  `person_id` varchar(13) NOT NULL,
  `collect_day` tinyint(4) NOT NULL DEFAULT 0,
  `this_year_day` tinyint(4) NOT NULL DEFAULT 0,
  `officer` varchar(13) DEFAULT NULL,
  `rec_date` date DEFAULT NULL,
  PRIMARY KEY (`id`)
) ENGINE=MyISAM DEFAULT CHARSET=utf8 COLLATE=utf8_general_ci;

--
-- Dumping data for table `la_collect`
--


--
-- Table structure for table `la_main`
--

CREATE TABLE `la_main` (
  `id` int(11) NOT NULL AUTO_INCREMENT,
  `person_id` varchar(13) NOT NULL,
  `la_type` tinyint(4) NOT NULL,
  `write_at` varchar(100) DEFAULT NULL,
  `because` varchar(250) DEFAULT NULL,
  `la_start` date NOT NULL,
  `la_finish` date NOT NULL,
  `la_total` int(11) NOT NULL,
  `last_la_start` date DEFAULT NULL,
  `last_la_finish` date DEFAULT NULL,
  `last_la_total` int(11) DEFAULT NULL,
  `contact` varchar(150) DEFAULT NULL,
  `contact_tel` varchar(20) DEFAULT NULL,
  `document` varchar(100) DEFAULT NULL,
  `no_comment` tinyint(4) NOT NULL DEFAULT 0,
  `grant_p_selected` varchar(13) DEFAULT NULL,
  `sick_ago` int(11) DEFAULT NULL,
  `sick_this` int(11) DEFAULT NULL,
  `sick_total` int(11) DEFAULT NULL,
  `privacy_ago` int(11) DEFAULT NULL,
  `privacy_this` int(11) DEFAULT NULL,
  `privacy_total` int(11) DEFAULT NULL,
  `birth_ago` int(11) DEFAULT NULL,
  `birth_this` int(11) DEFAULT NULL,
  `birth_total` int(11) DEFAULT NULL,
  `relax_ago` int(11) DEFAULT NULL,
  `relax_this` int(11) DEFAULT NULL,
  `relax_total` int(11) DEFAULT NULL,
  `relax_collect` tinyint(4) DEFAULT NULL,
  `relax_this_year` tinyint(4) DEFAULT NULL,
  `job_person` varchar(13) DEFAULT NULL,
  `job_person_sign` tinyint(4) NOT NULL DEFAULT 0,
  `rec_date` datetime NOT NULL,
  `officer_comment` varchar(200) DEFAULT NULL,
  `officer_sign` varchar(13) DEFAULT NULL,
  `officer_date` datetime DEFAULT NULL,
  `group_comment` varchar(100) DEFAULT NULL,
  `group_sign` varchar(13) DEFAULT NULL,
  `group_date` datetime DEFAULT NULL,
  `comment_date` datetime DEFAULT NULL,
  `commander_grant` tinyint(4) DEFAULT NULL,
  `commander_comment` varchar(100) DEFAULT NULL,
  `commander_sign` varchar(13) DEFAULT NULL,
  `grant_date` datetime DEFAULT NULL,
  PRIMARY KEY (`id`)
) ENGINE=MyISAM AUTO_INCREMENT=28 DEFAULT CHARSET=utf8 COLLATE=utf8_general_ci;

--
-- Dumping data for table `la_main`
--

INSERT INTO `la_main` VALUES (1,'3341500489761',1,'โรงเรียนบ้านคูเมือง(อ่อนอนุเคราะห์)','ผาตัดข้อมือ','2020-01-22','2020-01-24',3,'2020-01-22','2020-01-24',3,'329/9 ต.แสนสุข อ.วารินชำรบ จ.อุบลราชธานี','0837445561','',0,'',0,0,0,0,0,0,0,0,0,NULL,NULL,NULL,NULL,NULL,NULL,0,'2020-01-27 13:07:55',NULL,NULL,NULL,NULL,NULL,NULL,NULL,1,NULL,'3341500489761','2021-09-18 08:51:12'),(2,'3341500489761',1,'โรงเรียนบ้านคูเมือง(อ่อนอนุเคราะห์)','ป่วย','2021-01-22','2021-01-22',1,'2020-01-22','2021-01-24',3,'329/1 ม.9 ต.แสนสุข อ.วารินชำราบ จ.อุบลราชธานี','0837445561','',0,'',0,0,0,0,0,0,0,0,0,NULL,NULL,NULL,NULL,NULL,NULL,0,'2021-01-25 16:03:00',NULL,NULL,NULL,NULL,NULL,NULL,NULL,1,NULL,'3341500489761','2021-09-18 08:51:12'),(3,'3341500788556',1,'โรงเรียนบ้านคูเมือง(อ่อนอนุเคราะห์)','ป่วย','2021-07-20','2021-07-20',1,'2021-07-20','2021-07-20',1,'184 ม.10 ต.แสนสุข อ.วารินชำราบ จ.อุบลราชธานี','0872399035','modules/la/upload_files/doc_162873536214841.pdf',0,'',0,0,0,0,1,1,0,0,0,NULL,NULL,NULL,NULL,NULL,NULL,0,'2021-08-12 09:29:22',NULL,NULL,NULL,'','3320300013231','2022-07-23 11:48:37',NULL,1,NULL,'3341500489761','2022-07-26 21:07:03'),(4,'3360500413462',2,'โรงเรียนบ้านคูเมือง(อ่อนอนุเคราะห์)','ลากิจ','2021-06-12','2021-06-12',1,'2021-06-12','2021-06-12',1,'-','0872399035','modules/la/upload_files/doc_16287357585392.pdf',0,'',0,0,0,0,1,1,0,0,0,NULL,NULL,NULL,NULL,NULL,NULL,0,'2021-08-12 09:35:58',NULL,NULL,NULL,'','3320300013231','2022-07-23 11:48:44',NULL,1,NULL,'3341500489761','2022-07-26 21:07:03'),(5,'3349900333979',1,'โรงเรียนบ้านคูเมือง(อ่อนอนุเคราะห์)','หมอนัดผ่าตัดใส่รากฟันเทียม','2021-06-11','2021-06-11',1,'2021-08-12','2021-08-12',0,'-','-','modules/la/upload_files/doc_162873601823054.pdf',0,'',0,0,0,0,1,1,0,0,0,NULL,NULL,NULL,NULL,NULL,NULL,0,'2021-08-12 09:40:18',NULL,NULL,NULL,'','3320300013231','2022-07-23 11:48:50',NULL,1,NULL,'3341500489761','2022-07-26 21:07:03'),(6,'3341501667884',2,'โรงเรียนบ้านคูเมือง(อ่อนอนุเคราะห์)','ช่วยงานอุปสมบทหลาน','2021-06-24','2021-06-24',1,'2021-08-12','2021-08-12',0,'94 ม.7 บ้านคูเมือง ต.คูเมือง อ.วารินชำราบ จ.อุบลราชธานี','','modules/la/upload_files/doc_162873640616599.pdf',0,'',0,0,0,0,1,1,0,0,0,NULL,NULL,NULL,NULL,NULL,NULL,0,'2021-08-12 09:46:46',NULL,NULL,NULL,'','3320300013231','2022-07-23 11:48:56',NULL,1,NULL,'3341500489761','2022-07-26 21:07:03'),(7,'3349900007915',2,'โรงเรียนบ้านคูเมือง(อ่อนอนุเคราะห์)','ดูแลสามี','2021-08-18','2021-08-18',1,'2020-12-08','2021-12-08',1,'-','0862536991','modules/la/upload_files/doc_162873706029052.pdf',0,'',0,1,1,0,0,0,0,0,0,NULL,NULL,NULL,NULL,NULL,NULL,0,'2021-08-12 09:57:40',NULL,NULL,NULL,NULL,NULL,NULL,NULL,NULL,NULL,NULL,NULL),(8,'3341501541473',1,'โรงเรียนบ้านคูเมือง(อ่อนอนุเคราะห์)','ป่วย','2021-06-11','2021-06-11',1,'2021-03-10','2021-03-10',1,'-','0862586465','modules/la/upload_files/doc_162873755420508.pdf',0,'',0,1,1,0,0,0,0,0,0,NULL,NULL,NULL,NULL,NULL,NULL,0,'2021-08-12 10:05:54',NULL,NULL,NULL,'','3320300013231','2022-07-23 11:49:02',NULL,1,NULL,'3341500489761','2022-07-26 21:07:03'),(9,'3349800052790',1,'โรงเรียนบ้านคูเมือง(อ่อนอนุเคราะห์)','ป่วยเป็นไข้หวัด','2021-06-11','2021-06-11',1,'2021-04-05','2021-04-07',3,'-','0862586465','modules/la/upload_files/doc_16287377771197.pdf',0,'',0,1,1,0,0,0,0,0,0,NULL,NULL,NULL,NULL,NULL,NULL,0,'2021-08-12 10:09:37',NULL,NULL,NULL,'','3320300013231','2022-07-23 11:49:07',NULL,1,NULL,'3341500489761','2022-07-26 21:07:03'),(10,'1349900232165',1,'โรงเรียนบ้านคูเมือง(อ่อนอนุเคราะห์)','ป่วย','2021-06-12','2021-06-12',1,'2021-02-23','2021-02-23',1,'98 ม.4 ต.เมืองศรีไค อ.วารินชำราบ จ.อุบลราชธานี','0863273671','modules/la/upload_files/doc_162874151821820.pdf',0,'',1,0,1,0,1,2,0,0,0,NULL,NULL,NULL,NULL,NULL,NULL,0,'2021-08-12 11:11:58',NULL,NULL,NULL,'','3320300013231','2022-07-23 11:49:11',NULL,1,NULL,'3341500489761','2022-07-26 21:07:03'),(11,'3330500098036',1,'โรงเรียนบ้านคูเมือง(อ่อนอนุเคราะห์)','ปวดศรีษะ','2021-06-13','2021-06-13',1,'2021-03-11','2021-03-11',1,'-','-','',0,'',0,1,1,0,0,0,0,0,0,NULL,NULL,NULL,NULL,NULL,NULL,0,'2021-08-16 15:01:44',NULL,NULL,NULL,'','3320300013231','2022-07-23 11:49:17',NULL,1,NULL,'3341500489761','2022-07-26 21:07:03'),(12,'3341501458746',2,'โรงเรียนบ้านคูเมือง(อ่อนอนุเคราะห์)','เดินทางไปร่วมงานรับปริญญาน้องสาวที่ม.สุรนารี จ.นครราชสีมา','2022-07-07','2022-07-08',2,'2022-07-06','2022-07-06',0,'50  หมู่ 6  ต.แสนสุข  อ.วารินชำราบ  จ.อุบลราชธานี','0928682253','',0,'',0,0,0,0,2,2,0,0,0,NULL,NULL,NULL,NULL,NULL,NULL,0,'2022-07-06 11:43:22',NULL,NULL,NULL,'','3320300013231','2022-07-23 11:49:22',NULL,1,NULL,'3341500489761','2022-07-26 21:07:03'),(13,'3341500457894',2,'โรงเรียนบ้านคูเมือง (อ่อนอนุเคราะห์)','จะเดินทางไปมอบตัวบุตรสาวที่วิทยาลัยพยาบาลทหารอากาศ','2022-08-15','2022-08-17',3,'2022-02-17','2022-02-18',2,'14 หมู่ 12 ต.คูเมือง อ.วารินชำราบ จ.อุบลราชธานี 34190','0810692218','',0,'3341500489761',0,0,0,2,3,5,0,0,0,NULL,NULL,NULL,NULL,NULL,NULL,0,'2022-08-11 13:20:32',NULL,NULL,NULL,'','3320300013231','2022-12-15 20:32:07',NULL,NULL,NULL,NULL,NULL),(14,'3349800064101',2,'รร.บ้านคูเมือง(อ่อนอนุเคราะห์)','มอบตัวบุตรสาวศึกษาต่อต่างจังหวัด','2022-06-30','2022-07-01',2,'2022-02-03','2022-02-04',2,'222 ม.7 ต.คูเมือง อ. วารินชำราบจ.อุบลราชธานี','0945066222','',0,'',0,0,0,0,2,2,0,0,0,NULL,NULL,NULL,NULL,NULL,NULL,0,'2022-08-20 15:09:16',NULL,NULL,NULL,'','3320300013231','2022-08-29 09:13:30',NULL,NULL,NULL,NULL,NULL),(15,'3349800064101',1,'รร.บ้านคูเมือง(อ่อนอนุเคราะห์)','ปวดศีรษะ','2022-07-04','2022-07-04',1,'2022-07-01','2022-07-01',1,'222 ม.7 ตคูเมือง อ.วารินชำราบ จ.อุบลราชธานี','0945066222','',0,'',0,1,3,2,0,0,0,0,0,NULL,NULL,NULL,NULL,NULL,NULL,0,'2022-08-20 15:14:15',NULL,NULL,NULL,'','3320300013231','2022-08-29 09:13:37',NULL,NULL,NULL,NULL,NULL),(16,'3341501663480',2,'โรงเรียนบ้านคูเมือง (อ่อนอนุเคราะห์)','ทำธุระส่วนตัว','2022-11-08','2022-11-08',1,'2022-11-08','2022-11-08',1,'0819675779','0819675779','',0,'5341500080894',0,0,0,0,0,0,0,0,0,NULL,NULL,NULL,NULL,NULL,NULL,0,'2022-11-15 10:29:12',NULL,NULL,NULL,'','3320300013231','2022-12-15 20:32:39',NULL,1,'','5341500080894','2023-01-24 20:51:25'),(17,'3341501380607',2,'โรงเรียนบ้านคูเมือง(อ่อนอนุเคราะห์)','ร่วมงานฌาปนกิจ','2022-11-14','2022-11-17',4,'2021-07-27','2021-07-27',1,'139 หมู่ 12 ต.คูเมือง อ.วารินชำราบ  จ.อุบลราชธานี','0872587584','',0,'5341500080894',0,0,0,0,4,4,0,0,0,NULL,NULL,NULL,NULL,NULL,NULL,0,'2022-11-18 11:29:22',NULL,NULL,NULL,'','3320300013231','2022-12-15 20:32:34',NULL,1,'','5341500080894','2023-01-24 20:51:42'),(18,'3341501667884',1,'โรงเรียนบ้านคูเมือง (อ่อนอนุเคราะห์ )','ปวดขามาก','2022-12-13','2022-12-13',1,'2022-12-13','2022-12-13',1,'94 หมู่ที่ ึ 7 บ้านคูเมือง ต.คูเมือง อ.วารินชำราบ จ.อุบลราชธานี 34190','0885562872','',0,'5341500080894',0,1,1,0,0,0,0,0,0,NULL,NULL,NULL,NULL,NULL,NULL,0,'2022-12-14 09:24:49',NULL,NULL,NULL,'','3320300013231','2022-12-15 20:32:25',NULL,1,'','5341500080894','2023-01-24 20:51:02'),(19,'3349800064101',2,'รร.บ้านคูเมือง(อ่อนอนุเคราะห์)','พาบิดาไปพบแพทย์','2022-12-16','2022-12-16',1,'2022-07-01','2022-07-01',1,'-','0945066222','',0,'',0,0,0,0,1,1,0,0,0,NULL,NULL,NULL,NULL,NULL,NULL,0,'2022-12-19 10:22:15',NULL,NULL,NULL,'','3320300013231','2022-12-20 09:43:19',NULL,NULL,NULL,NULL,NULL),(20,'3341500457894',2,'โรงเรียนบ้านคูเมือง (อ่อนอนุเคราะห์)','คุณยายไม่สบายพาไปพบแพทย์ตามใบนัด','2022-12-28','2022-12-29',2,'2022-08-15','2022-08-17',3,'14 หมู่ 12 ต.คูเมือง อ.วารินชำราบ จ.อุบลราชธานี 34190','0810692218','',0,'5341500080894',0,0,0,0,2,2,0,0,0,NULL,NULL,NULL,NULL,NULL,NULL,0,'2022-12-28 20:43:21',NULL,NULL,NULL,'','3320300013231','2022-12-29 22:04:09',NULL,1,'','5341500080894','2023-01-24 20:52:03'),(21,'3320300013231',1,'โรงเรียนบ้านคูเมือง(อ่อนอนุเคราะห์)','มีอาการไอเจ็บคอไม่มีเสียง','2023-01-10','2023-01-13',4,'2022-01-31','2022-02-01',2,'380 หมู่ 15 ต.แสนสุข อ.วารินชำราบ จ.อุบลราชธานี','0879634491','',1,'',0,4,4,2,0,2,0,0,0,NULL,NULL,NULL,NULL,NULL,NULL,0,'2023-01-24 14:15:26',NULL,NULL,NULL,NULL,NULL,NULL,NULL,NULL,NULL,NULL,NULL),(23,'3349800064101',2,'รร.บ้านคูเมือง','เดินทางไปต่างจังหวัด','2024-01-29','2024-01-31',3,'2023-12-16','2023-12-16',1,'เชียงใหม่','0945066222','',0,'',0,0,0,0,1,3,0,0,0,NULL,NULL,NULL,NULL,NULL,NULL,0,'2024-03-04 15:23:15',NULL,NULL,NULL,NULL,NULL,NULL,NULL,NULL,NULL,NULL,NULL),(24,'3349800064101',2,'รร.บ้านคูเมือง(อ่อนอนุเคราะห์)','เดินทางไปต่างจังหวัด','2024-07-16','2024-07-17',2,'2024-01-29','2024-01-29',1,'222ม 7 ต.คูเมือง อ.วารินชำราบ จ.อุบลราชธานี','0945066222','',0,'',0,0,0,0,1,2,0,0,0,NULL,NULL,NULL,NULL,NULL,NULL,0,'2024-07-18 15:12:43',NULL,NULL,NULL,NULL,NULL,NULL,NULL,NULL,NULL,NULL,NULL),(25,'3349800064101',2,'รร.บ้านคูเมือง(อ่อนอนุเคราะห์)','เดินทางไปต่างจังหวัด','2024-07-25','2024-07-25',1,'2024-07-16','2024-07-17',2,'222ม 7 ต.คูเมือง อ.วารินชำราบ จ.อุบลราชธานี','0945066222','',0,'',0,0,0,2,1,3,0,0,0,NULL,NULL,NULL,NULL,NULL,NULL,0,'2024-07-18 15:17:32',NULL,NULL,NULL,NULL,NULL,NULL,NULL,NULL,NULL,NULL,NULL),(26,'3349800064101',2,'รร.บ้านคูเมือง(อ่อนอนุเคราะห์)','จัดงานฌาปนกิจมารดา','2024-07-04','2024-07-10',5,'2024-07-25','2024-07-25',1,'222ม 7 ต.คูเมือง อ.วารินชำราบ จ.อุบลราชธานี','0945066222','',0,'',0,0,0,3,5,8,0,0,0,NULL,NULL,NULL,NULL,NULL,NULL,0,'2024-07-18 15:18:49',NULL,NULL,NULL,NULL,NULL,NULL,NULL,NULL,NULL,NULL,NULL),(27,'3349800064101',2,'รร.บ้านคูเมือง(อ่อนอนุเคราะห์)','เดินทางไปต่างจังหวัด','2024-08-26','2024-08-26',1,'2024-07-04','2024-08-10',5,'222ม 7 ต.คูเมือง อ.วารินชำราบ จ.อุบลราชธานี','','',0,'',0,0,0,0,0,0,0,0,0,NULL,NULL,NULL,NULL,NULL,NULL,0,'2024-08-23 04:16:01',NULL,NULL,NULL,NULL,NULL,NULL,NULL,NULL,NULL,NULL,NULL);

--
-- Table structure for table `la_permission`
--

CREATE TABLE `la_permission` (
  `id` int(11) NOT NULL AUTO_INCREMENT,
  `person_id` varchar(13) NOT NULL,
  `p1` tinyint(4) NOT NULL,
  `officer` varchar(13) NOT NULL,
  `rec_date` date NOT NULL,
  PRIMARY KEY (`id`)
) ENGINE=MyISAM AUTO_INCREMENT=7 DEFAULT CHARSET=utf8 COLLATE=utf8_general_ci;

--
-- Dumping data for table `la_permission`
--

INSERT INTO `la_permission` VALUES (4,'3320300013231',1,'3341500489761','2022-07-26'),(2,'1349900232165',1,'1349900232165','2018-11-06'),(3,'3349800064101',1,'3320300013231','2021-04-20');

--
-- Table structure for table `la_person_set`
--

CREATE TABLE `la_person_set` (
  `id` int(11) NOT NULL AUTO_INCREMENT,
  `person_id` varchar(13) NOT NULL,
  `comment_person` varchar(13) DEFAULT NULL,
  `grant_person` varchar(13) DEFAULT NULL,
  `officer` varchar(13) DEFAULT NULL,
  `rec_date` date DEFAULT NULL,
  PRIMARY KEY (`id`),
  UNIQUE KEY `person_id` (`person_id`)
) ENGINE=MyISAM AUTO_INCREMENT=28 DEFAULT CHARSET=utf8 COLLATE=utf8_general_ci;

--
-- Dumping data for table `la_person_set`
--

INSERT INTO `la_person_set` VALUES (1,'3341500489761','3320300013231','3341500489761','3341500489761','2022-07-26'),(2,'3320300013231','3349800064101','3341500489761','3320300013231','2022-07-23'),(3,'3349800087887','3320300013231','3341500489761','3320300013231','2021-07-30'),(4,'3341500788556','3320300013231','3341500489761','3320300013231','2022-07-23'),(5,'3349900333979','3320300013231','3341500489761','3320300013231','2022-07-23'),(6,'3360500413462','3320300013231','3341500489761','3320300013231','2022-07-23'),(7,'3341501541473','3320300013231','3341500489761','3320300013231','2022-07-23'),(8,'3349800064101','3320300013231','3341500489761','3320300013231','2022-07-23'),(9,'3349800072626','3320300013231','3341500489761','3320300013231','2022-07-23'),(10,'3341501663480','3320300013231','3341500489761','3320300013231','2022-07-23'),(11,'1340900173616','3320300013231','3341500489761','3320300013231','2022-07-23'),(12,'3341501682930','3320300013231','3341500489761','3320300013231','2022-07-23'),(13,'3341501380607','3320300013231','3341500489761','3320300013231','2022-07-23'),(14,'3330300129931','3320300013231','3341500489761','3320300013231','2022-07-23'),(15,'3330700397568','3320300013231','3341500489761','3320300013231','2022-07-23'),(16,'3341501667884','3320300013231','3341500489761','3320300013231','2022-07-23'),(17,'5341500013321','3320300013231','3341500489761','3320300013231','2022-07-23'),(18,'3349800052790','3320300013231','3341500489761','3320300013231','2022-07-23'),(19,'3341500898173','3320300013231','3341500489761','3320300013231','2022-07-23'),(20,'3341501458746','3320300013231','3341500489761','3320300013231','2022-07-23'),(21,'3330501220544','3320300013231','3341500489761','3320300013231','2022-07-23'),(22,'3341500457894','3320300013231','3341500489761','3320300013231','2022-07-23'),(23,'3330500098036','3320300013231','3341500489761','3320300013231','2022-07-23'),(24,'3341400805833','3320300013231','3341500489761','3320300013231','2022-07-23'),(25,'11111111111','3320300013231','3341500489761','3320300013231','2022-07-23'),(26,'1349900232165','3320300013231','3341500489761','3320300013231','2022-07-23'),(27,'3341501677324','3320300013231','3341500489761','3320300013231','2022-07-23');

--
-- Table structure for table `la_year`
--

CREATE TABLE `la_year` (
  `id` int(11) NOT NULL AUTO_INCREMENT,
  `budget_year` int(11) NOT NULL,
  `year_active` tinyint(1) NOT NULL,
  PRIMARY KEY (`id`),
  UNIQUE KEY `budget_year` (`budget_year`)
) ENGINE=MyISAM AUTO_INCREMENT=5 DEFAULT CHARSET=utf8 COLLATE=utf8_general_ci;

--
-- Dumping data for table `la_year`
--

INSERT INTO `la_year` VALUES (1,2559,0),(2,2564,0),(3,2565,0),(4,2568,1);

--
-- Table structure for table `mail_filebook`
--

CREATE TABLE `mail_filebook` (
  `id` int(11) NOT NULL AUTO_INCREMENT,
  `ref_id` varchar(50) NOT NULL,
  `file_name` varchar(100) NOT NULL,
  `file_des` varchar(100) NOT NULL,
  PRIMARY KEY (`id`)
) ENGINE=MyISAM AUTO_INCREMENT=126 DEFAULT CHARSET=utf8 COLLATE=utf8_general_ci;

--
-- Dumping data for table `mail_filebook`
--

INSERT INTO `mail_filebook` VALUES (1,'13499002321651466221962','13499002321651466221962_1.docx','ออกแบบหน่วยการเรียนรู้'),(2,'13499002321651466308142','13499002321651466308142_1.docx','ออกแบบหน่วยการเรียนรู้'),(17,'33498000726261466309152','33498000726261466309152_1.docx','ใบงาน'),(4,'33499000079151466308208','33499000079151466308208_1.docx','โปสเตอร์'),(5,'13499003154271466308224','13499003154271466308224_1.docx','แผน ป. 2'),(6,'33305012205441466308255','33305012205441466308255_1.docx','รายชื่อนักเรียน'),(7,'33415016829301466308343','33415016829301466308343_1.docx','รายชื่อนักเรียนม.1'),(8,'33499002883961466308199','33499002883961466308199_1.jpg','แก้มใส'),(9,'33499002883961466308199','33499002883961466308199_2.pdf','แผน'),(10,'33498000726261466308234','33498000726261466308234_1.docx','นักเรียน  58'),(11,'33498000726261466308234','33498000726261466308234_1.docx','นักเรียน  58'),(12,'33498000641011466308535','33498000641011466308535_1.xlsx','เกรด3/1'),(40,'33308001195271466755776','33308001195271466755776_1.docx','ผลการทดสอบ'),(14,'33415007885561466308214','33415007885561466308214_1.jpg','ใบงาน'),(15,'33308001195271466308222','33308001195271466308222_1.jpg','ชื่อเด็กนักเรียน'),(16,'33498000878871466308550','33498000878871466308550_1.jpg','อบรมโปรแกรมSMSS'),(18,'33415016829301466309053','33415016829301466309053_1.docx','รายชื่อนักเรียนม.1.59'),(19,'33415004623831466309179','33415004623831466309179_1.docx','ป.1-3'),(20,'33415016634801466308927','33415016634801466308927_1.docx','จำนวนนักเรียน'),(21,'33303001299311466309246','33303001299311466309246_1.jpg','รูปสวย'),(22,'33499002883961466309379','33499002883961466309379_1.jpg','สวัสดี'),(23,'13499002321651466315801','13499002321651466315801_1.xlsx','กรอกข้อมูลนักเรียน'),(24,'13499002321651466316607','13499002321651466316607_1.xlsx','Excel กรอกรายชื่อนักเรียน เพิ่มเติม'),(25,'33499002883961466316877','33499002883961466316877_1.xlsx','ส่งจ๊ะ'),(26,'33415004623831466318161','33415004623831466318161_1.xlsx','ป.6เอื้อเฟื้อ'),(27,'33499002883961466318712','33499002883961466318712_1.xlsx','ส่งใหม่'),(28,'13499002321651466497566','13499002321651466497566_1.xlsx','เอกสารแนบ'),(29,'13499002321651466500140','13499002321651466500140_1.xls','รหัสคำนำหน้า'),(30,'13499002321651466500140','13499002321651466500140_2.xls','รหัสพื้นที่'),(31,'13499002321651466500140','13499002321651466500140_3.xls','รหัสวุฒิ'),(32,'13499002321651466500140','13499002321651466500140_4.xls','รหัสสถานศึกษา'),(33,'13499002321651466500140','13499002321651466500140_5.xls','รหัสวิชาเอก'),(34,'33415008981731466572479','33415008981731466572479_1.docx','ปักผ้า'),(35,'33415008981731466585312','33415008981731466585312_1.docx','การปักผ้า'),(36,'33415004623831466586168','33415004623831466586168_1.xlsx','นักเรียน'),(37,'33499002883961466586320','33499002883961466586320_1.jpg','ที่รัก'),(38,'33415008981731466586366','33415008981731466586366_1.docx','ขนมครก'),(39,'33415004623831466586303','33415004623831466586303_1.xlsx','จ่ายตรง'),(41,'13499003154271466757419','13499003154271466757419_1.docx','แบบสรุปการอ่าน เขียน ครั้งที่ 1'),(42,'33499000752361467008417','33499000752361467008417_1.docx','รายงานผล'),(43,'33415004623831467017348','33415004623831467017348_1.docx','ค่านิยม'),(44,'33305012205441467081238','33305012205441467081238_1.docx','แบบสรุปผลการอ่าน-เขียนป.3'),(45,'13499002321651467345318','13499002321651467345318_1.jpg','บันทึกข้อความ'),(46,'13499002321651467599092','13499002321651467599092_1.docx','แบบบันทึกข้อมูลการเยี่ยมบ้าน'),(47,'13499002321651467601322','13499002321651467601322_1.pdf','เนื้อหา'),(48,'13499002321651467603448','13499002321651467603448_1.pdf','เนื้อหานักเรียน'),(49,'13499002321651467603514','13499002321651467603514_1.pdf','ป้ายประชาสัมพันธ์'),(50,'33499002883961467613226','33499002883961467613226_1.docx','คู่มือ'),(51,'33407014234571467617542','33407014234571467617542_1.docx','รายชื่ออ1'),(52,'33407014234571467701753','33407014234571467701753_1.docx','รายชื่อ'),(53,'33407014234571467702149','33407014234571467702149_1.docx','อ.1'),(54,'13499002321651467777368','13499002321651467777368_1.docx','คำสั่ง'),(55,'13499002321651468380051','13499002321651468380051_1.xlsx','รายชื่อ'),(56,'33499002883961468662351','33499002883961468662351_1.xlsx','สรุป'),(57,'33499002883961468662351','33499002883961468662351_2.doc','คู่มือ'),(58,'33415008981731469516988','33415008981731469516988_1.xlsx','เยี่ยมบ้าน'),(59,'13499002321651469519703','13499002321651469519703_1.docx','เอกสารประกอบ'),(60,'33499002883961469585103','33499002883961469585103_1.docx','ส่งงาน'),(61,'13499003154271469590364','13499003154271469590364_1.xlsx','คัดกรอง'),(62,'13499003154271469590364','13499003154271469590364_2.docx','เยี่ยมบ้าน'),(63,'33499002883961469675145','33499002883961469675145_1.doc','คู่มือ'),(64,'13499002321651470971414','13499002321651470971414_1.doc','มาตรฐาน 1'),(65,'13499002321651470971414','13499002321651470971414_2.doc','มาตรฐานปฐมวัย'),(66,'13499002321651470971414','13499002321651470971414_3.doc','มาตรฐานของครูแต่ละท่าน'),(67,'13499002321651470971414','13499002321651470971414_4.pdf','ตัวอย่าง1'),(68,'13499002321651470971414','13499002321651470971414_5.pdf','ตัวอย่าง2'),(69,'13499002321651471412765','13499002321651471412765_1.xlsx','เกณฑ์'),(70,'13499003154271471935657','13499003154271471935657_1.docx','ภูมิปัญญาท้องถิ่น'),(71,'13499002321651471940176','13499002321651471940176_1.pdf','หนังสือนำส่ง'),(72,'13499002321651471940176','13499002321651471940176_2.doc','แบบสรุป'),(73,'13499002321651471940176','13499002321651471940176_3.rar','1'),(74,'13499002321651471940176','13499002321651471940176_4.rar','2'),(75,'13499002321651471940176','13499002321651471940176_5.rar','3'),(76,'13499002321651471940439','13499002321651471940439_1.rar','4'),(77,'13499002321651471940439','13499002321651471940439_2.rar','5'),(78,'13499002321651471940439','13499002321651471940439_5.rar','6'),(79,'13499002321651471940642','13499002321651471940642_1.rar','7'),(80,'13499002321651471940642','13499002321651471940642_2.rar','8'),(81,'13499002321651471940642','13499002321651471940642_3.rar','9'),(82,'13499002321651472196012','13499002321651472196012_1.pdf','1'),(83,'13499002321651472196012','13499002321651472196012_2.pdf','2'),(84,'13499002321651472196012','13499002321651472196012_3.pdf','3'),(85,'13499002321651472197912','13499002321651472197912_1.pdf','1'),(86,'13499002321651472197912','13499002321651472197912_2.pdf','2'),(87,'13499002321651472197912','13499002321651472197912_3.pdf','3'),(88,'13499002321651473124929','13499002321651473124929_1.pdf','หนังสือนำส่ง'),(89,'13499002321651473124929','13499002321651473124929_2.xls','แบบรายงาน'),(90,'13499003154271473131424','13499003154271473131424_1.xls','ข้อมูลนักเรียน'),(91,'33404002094301473297199','33404002094301473297199_1.docx','เล่ม'),(92,'33404002094301473297199','33404002094301473297199_1.docx','เล่ม'),(93,'13499002321651473403662','13499002321651473403662_1.pdf','หนังสือนำส่ง'),(94,'13499002321651473403662','13499002321651473403662_2.pdf','แบบสำรวจ'),(95,'13499002321651474025985','13499002321651474025985_1.xls','รายการแข่งขัน'),(96,'13499002321651474250823','13499002321651474250823_1.pdf','การงานและเทคดนโลยี'),(97,'13499002321651474250823','13499002321651474250823_2.pdf','การศึกษาพิเศษ'),(98,'13499002321651474250823','13499002321651474250823_3.pdf','กิจกรรมพัฒนาผู้เรียน'),(99,'13499002321651474250823','13499002321651474250823_4.pdf','คณิตศาสตร์'),(100,'13499002321651474250823','13499002321651474250823_5.pdf','นักบินน้อย'),(101,'13499002321651474276765','13499002321651474276765_1.pdf','ปฐมวัย'),(102,'13499002321651474276765','13499002321651474276765_2.pdf','ภาษาต่างประเทศ'),(103,'13499002321651474276765','13499002321651474276765_3.pdf','ภาษาไทย'),(104,'13499002321651474276765','13499002321651474276765_4.pdf','วิทยาศาสตร์'),(105,'13499002321651474276765','13499002321651474276765_5.pdf','ศิลปะ'),(106,'13499002321651474276974','13499002321651474276974_1.pdf','สังคม'),(107,'13499002321651474276974','13499002321651474276974_2.pdf','สุข พลศึกษา'),(108,'33499002883961474891753','33499002883961474891753_1.xls','คำนวณน้ำหนักส่วนสูง'),(109,'13499003154271476086308','13499003154271476086308_1.xlsx','ปริ้น'),(110,'13499003154271476086308','13499003154271476086308_2.xlsx','ปริ้น'),(111,'13499003154271477545418','13499003154271477545418_1.docx','ปัญหาการอ่านเขียน ป.2'),(112,'33308001195271477547990','33308001195271477547990_1.docx','ป1'),(113,'13499003154271477793915','13499003154271477793915_1.docx','รายงานตนเอง'),(114,'13499002321651479783161','13499002321651479783161_1.pdf','หนังสือนำส่ง'),(115,'13499002321651479783161','13499002321651479783161_2.docx','รายละเอียด'),(116,'13499002321651479783161','13499002321651479783161_3.pdf','รายละเอียด2'),(117,'33308001195271480044724','33308001195271480044724_1.docx','ป1 อาสา'),(118,'13499003154271480300036','13499003154271480300036_1.docx','ครั้งที่ี3'),(119,'13499002321651485143456','13499002321651485143456_1.rar','รายละเอียด'),(120,'13499002321651485143456','13499002321651485143456_2.pdf','หนังสือนำส่ง'),(121,'13499002321651485145759','13499002321651485145759_1.xlsx','รายละเอียด'),(122,'13499002321651485145759','13499002321651485145759_2.xlsx','รายละเอียด '),(123,'13499002321651487230381','13499002321651487230381_1.pdf','คู่มือสอบ ป.1-4'),(124,'13499002321651489026562','13499002321651489026562_1.docx','รายละเอียด');

--
-- Table structure for table `mail_group`
--

CREATE TABLE `mail_group` (
  `grp_id` int(11) NOT NULL AUTO_INCREMENT,
  `grp_name` varchar(50) NOT NULL,
  PRIMARY KEY (`grp_id`)
) ENGINE=MyISAM DEFAULT CHARSET=utf8 COLLATE=utf8_general_ci;

--
-- Dumping data for table `mail_group`
--


--
-- Table structure for table `mail_group_member`
--

CREATE TABLE `mail_group_member` (
  `id` int(11) NOT NULL AUTO_INCREMENT,
  `grp_id` int(11) NOT NULL,
  `person_id` varchar(13) NOT NULL,
  PRIMARY KEY (`id`)
) ENGINE=MyISAM DEFAULT CHARSET=utf8 COLLATE=utf8_general_ci;

--
-- Dumping data for table `mail_group_member`
--


--
-- Table structure for table `mail_main`
--

CREATE TABLE `mail_main` (
  `ms_id` int(11) NOT NULL AUTO_INCREMENT,
  `sender` varchar(13) NOT NULL,
  `subject` varchar(150) NOT NULL,
  `detail` text DEFAULT NULL,
  `ref_id` varchar(50) NOT NULL,
  `send_date` datetime NOT NULL,
  PRIMARY KEY (`ms_id`),
  KEY `ref_id` (`ref_id`)
) ENGINE=MyISAM AUTO_INCREMENT=139 DEFAULT CHARSET=utf8 COLLATE=utf8_general_ci;

--
-- Dumping data for table `mail_main`
--

INSERT INTO `mail_main` VALUES (1,'1349900232165','เชิญประชุม','เชิญประชุมที่เขตในวันที่ 19 ม.ค.59','13499002321651466221962','2016-06-18 11:04:51'),(2,'1349900232165','เรียนเชิญประชุม','เรียนเชิญประชุมเวลา 08:30 น. ณ สพป.อบ.4','13499002321651466308142','2016-06-19 10:50:11'),(3,'3340701423457','ขอหยุดเรียน','เนื่องด้วยฝนตกถนนขาดมาไม่ได้','33407014234571466308220','2016-06-19 10:52:10'),(4,'3349800221672','เชิญประชุม','๑.การเตรียมความพร้อมทัศนศึกษา','33498002216721466308296','2016-06-19 10:53:04'),(5,'3340701423457','ขอหยุดเรียน','ควายออกลูกรอน้องมัน','33407014234571466308363','2016-06-19 10:54:00'),(28,'3341500788556','อิอิ','ง่วงนอนแฮง','33415007885561466309018','2016-06-19 11:04:26'),(7,'3341501380607','ถั่วทีปถั่วแดน','พยากรทางบนคาดว่ามีลมมรสุมมาแถบทางสาธิตจุลาจะทำให้เกิดลมพายุอารมเป็นแห่งให้คะนะคุหลบให้พ้นที่พายุผ่าน','33415013806071466308215','2016-06-19 10:54:24'),(8,'3341501663480','อบรมยุวกาชาด','อบรมวันที่  15-18  มิ.ย.59','33415016634801466308427','2016-06-19 10:54:46'),(9,'3340701423457','หยุดเรียน','ควายออกลูกรอน้องมัน','33407014234571466308467','2016-06-19 10:54:58'),(10,'3330300129931','รายชื่อนักเรียน','ขอรายชื่อนักเรียนชั้นอนุบาลและ ป.4 ด้วยค่ะ\r\nส่งด่วนนะค่ะ','33303001299311466308379','2016-06-19 10:55:08'),(11,'1349900232165','เรียนเชิญประชุม  15.00น.','   ทุกท่าน','13499002321651466308292','2016-06-19 10:55:47'),(30,'3349800072626','ผลไม้','ผลไม้','33498000726261466309152','2016-06-19 11:07:39'),(31,'3340701423457','เรื่องอุ๋ยขอเลี่ยงอาหาร','เนื่องด้วยอุ๋ยเงินตกเบิกขอเลี้ยงอาหารเพื่อน','33407014234571466309232','2016-06-19 11:08:05'),(13,'3349900007915','โปสเตอร์ปศพพ.','จุ๊บๆ','33499000079151466308208','2016-06-19 10:56:57'),(14,'1349900315427','แผนการจัดการเรียนรู้ ชั้นประถมศึกษาปีที่ 2','แผนการจัดการเรียนรู้แบบบูรณาการ','13499003154271466308224','2016-06-19 10:56:59'),(15,'3300101848881','ขอเชิญประชุม','ประชุมเวลา 10.00 น','33001018488811466308471','2016-06-19 10:57:53'),(16,'3330501220544','รายชื่อนักเรียน','รายชื่อนักเรียน','33305012205441466308255','2016-06-19 10:58:05'),(17,'3341501682930','รายชื่อนักเรียนม.1.59','รายชื่อนักเรียนม.1.59','33415016829301466308343','2016-06-19 10:58:05'),(18,'3349900288396','ไปกินกันเถอะ','คิดถึงเด้อ','33499002883961466308199','2016-06-19 10:58:09'),(19,'3349800072626','รายชื่อนักเรียนอนุบาล 2','รายชื่อนักเรียนอนุบาล 2','33498000726261466308234','2016-06-19 10:58:11'),(20,'3349800072626','รายชื่อนักเรียนอนุบาล 2','รายชื่อนักเรียนอนุบาล 2','33498000726261466308234','2016-06-19 10:58:16'),(21,'3330300129931','เวลาว่าง','เราควรหาเวลาไปร้องเพลงกันนะ','33303001299311466308627','2016-06-19 10:58:20'),(22,'3349800064101','เกรด3/1','รายละเอียดนักเรียน','33498000641011466308535','2016-06-19 10:58:26'),(74,'3349900075236','แผนปฏิบัติการประจำปี2559','อ้อมพรุ่งน้ีแม่ตู่ไปอบรมระบบควบคุมภายในที่เขตให้อ้อมส่งไฟล์แผนปฏิบัติการประจำปี2559ให้แม่ด้วยแมม่หลวยว่าเค้าจะให้กรอกข้อมูลนี้จ้ะ\r\nขอบคุณล่วงหน้าจ้ะ\r\n\r\n','33499000752361466647383','2016-06-23 09:06:41'),(24,'3341500788556','จ๊ะเอ๋','ทดสอบ','33415007885561466308214','2016-06-19 10:59:16'),(25,'3330800119527','รายชื่อนักเรียน','รายชื่อนักเรียน','33308001195271466308222','2016-06-19 11:00:12'),(26,'3349800087887','อบรมSMSS','อบรมเชิงปฏิบัติการ','33498000878871466308550','2016-06-19 11:00:31'),(27,'3340701423457','เด็กอนุบาลหยุดเรียน','เนื่่องจากครออนุบาลไปอบรมมอนเตสซอรีจึงขออนุญาติหยุดเรียน วันที่26-2 นี้คะ','33407014234571466308716','2016-06-19 11:00:43'),(29,'3341501380607','เลี้ยงอาหาร','มื้อนี้ครูอรพินชิเลี้ยงข้าวเที่ยงนะค่ะ','33415013806071466309053','2016-06-19 11:05:40'),(32,'3341501682930','รายชื่อนักเรียนม.1.59','รายชื่อนักเรียนม.1.59','33415016829301466309053','2016-06-19 11:08:13'),(33,'3341500462383','นักเรียนป.4-6','นักเรียนป.4-6','33415004623831466309179','2016-06-19 11:08:19'),(34,'3341501663480','จำนวนนักเรียน','จำนวนนักเรียนปี 59','33415016634801466308927','2016-06-19 11:09:13'),(35,'3349900007915','ขอเลื่อนการเลี้ยงอาหาร','ตามที่เหมาขอให้อุ๋ยเลี้ยงอาหาร ช่วงนี้เป็นเดือนถือศีลอด เลยขอเลื่อนไปอย่างไม่มีกำหนด คริๆๆ','33499000079151466309354','2016-06-19 11:11:40'),(36,'3330300129931','สังสรรค์เฮหาประสาคนสวย','ฮิ้ว','33303001299311466309246','2016-06-19 11:12:08'),(37,'3341501682930','เครค่ะ','เครค่ะ','33415016829301466309444','2016-06-19 11:12:11'),(38,'3349900288396','ขอพักผ่อนเตรียมเกษียณ','ไปก่อนเด้อจ้า','33499002883961466309379','2016-06-19 11:13:12'),(39,'3330300129931','ไม่อนุมัติ','ยังแข็งแรงและมาทำงานได้ ให้มาทำงานปกติจนถึงวันสุดท้ายของการทำงาน','33303001299311466309695','2016-06-19 11:16:08'),(40,'3349900288396','เลี้ยงอาหาร','อาหารเที่ยงวันนี้หน้อเหมา','33499002883961466309850','2016-06-19 11:19:37'),(41,'1349900232165','Excel กรอกรายชื่อนักเรียน','Excel กรอกรายชื่อนักเรียน','13499002321651466315801','2016-06-19 12:57:40'),(42,'1349900232165','Excel กรอกรายชื่อนักเรียน เพิ่มเติม','Excel กรอกรายชื่อนักเรียน เพิ่มเติม','13499002321651466316607','2016-06-19 13:11:20'),(43,'3349900288396','รายชื่อ','ป.4.2','33499002883961466316877','2016-06-19 13:15:48'),(44,'3341500462383','ชื่อนักเรียนป.6ห้องจตเอื้อเฟื้อ','ชื่อนักเรียนป.6ห้องจตเอื้อเฟื้อ','33415004623831466318161','2016-06-19 13:37:55'),(45,'3349900288396','ส่งใหม่','แอดมิน','33499002883961466318712','2016-06-19 13:46:39'),(46,'3349900288396','อนุญาต','อนุญาตให้ครูเป็นผู้ตั้งค่าระบบในบางเรื่องลูก ถึงจะลงมือทำได้','33499002883961466485015','2016-06-21 11:58:54'),(47,'1349900232165','โครงการจ่ายตรงเงินเดือน ด่วนค่ะ','แจ้งให้ข้าราชการ/ลูกจ้างประจำ ตรวจสอบรายละเอียดข้อมูลครอบครัว ข้อมูลที่อยู่ ข้อมูลประวัติการศึกษาของตนเองให้ถูกต้องครบถ้วนตรงกัน เพื่อใช้ในการดำเนินการโครงการจ่ายตรงเงินเดือน ด่วนค่ะ ถ้าข้อมูลผิดให้แจ้งที่ธุรการภายในวันที่ 23 มิ.ย.59','13499002321651466497566','2016-06-21 15:27:48'),(48,'1349900232165','ระบบจ่ายตรง เพิ่มเติม','ตรวจสอบข้อมูล ด่วนค่ะ','13499002321651466500140','2016-06-21 16:11:50'),(49,'3341500898173','ปักถุงผ้า','ปักถุงผ้า','33415008981731466572479','2016-06-22 12:18:01'),(50,'3330300129931','เชิญกินเนื้อย้าง ','ครูอุ๋ยเชิญสมาชิกกินเนื้อย้างเย็นนี้ วาซ้าน','33303001299311466585104','2016-06-22 15:48:00'),(51,'3340701423457','ฟรีหรือหาร','ฟรีหรือหาร','33407014234571466585343','2016-06-22 15:49:54'),(52,'3340701423457','ฟรีไปหารบ่ไป','ฟรีไปหารบ่ไป','33407014234571466585453','2016-06-22 15:51:29'),(53,'3341500898173','การปักผ้า','การปักผ้า','33415008981731466585312','2016-06-22 15:53:00'),(54,'3341501380607','กิน','ได้กินล่ะบ้อ','33415013806071466586152','2016-06-22 16:03:33'),(55,'1349900232165','การอบรม smss','เรียนเชิญอบรม','13499002321651466586151','2016-06-22 16:04:12'),(56,'1341500187505','smss','smss','13415001875051466586150','2016-06-22 16:04:20'),(57,'3341500788556','u baa','miss u','33415007885561466586166','2016-06-22 16:04:39'),(58,'3349800072626','นับเงินฝากด้วยค่ะ','นับเงินฝากด้วยค่ะ','33498000726261466586222','2016-06-22 16:04:43'),(59,'3341500462383','ชื่อนักเรียนป.6ห้องจตเอื้อเฟื้อ','อนักเรียนป.6ห้องจตเอื้อเฟื้อ','33415004623831466586168','2016-06-22 16:04:50'),(60,'3341500457894','การมาเรียน','ของนักเรียนม.1','33415004578941466586258','2016-06-22 16:05:01'),(61,'3341501682930','ตรวจสุขภาพนักเรียน','ส่งป.6ไปตรวจสุขภาพแน่เด้อพรุ่งนี้','33415016829301466586158','2016-06-22 16:05:52'),(62,'3340400209430','การแต่งตัวไปเป็นวิทยากรค่ายสิงห์ดำ',' เสื้อฟ้าวิจัย กางเกงสีดำ ไปถึงก่อน 2 โมงเช้า','33404002094301466586150','2016-06-22 16:06:49'),(63,'3300101848881','การมาเรียน','การมาเรียนเด็กชั้น ม.2/3','33001018488811466586324','2016-06-22 16:06:53'),(64,'3349900288396','หวิ่งเด้','ไปกินเถอะ','33499002883961466586320','2016-06-22 16:07:03'),(65,'3341500898173','ขนม','ขนมครก','33415008981731466586366','2016-06-22 16:07:27'),(66,'3330401761764','ลากิจ','ไปกรุงเทพฯ   2   วัน','33304017617641466586381','2016-06-22 16:07:37'),(67,'3349800072626','วันนี้น้องกันมีการบ้านเล่มใหม่','วันนี้น้องกันมีการบ้านเล่มใหม่','33498000726261466586417','2016-06-22 16:08:07'),(68,'3330800119527','ขายผลผลิตทางการเกษตร(กล้วยนำ้หว้า)','  เรียนคณะคุณครูทุกท่าน\r\n          ดิฉันมีกล้วยนำ้หว้าจากสวน   หวีใหญ่  ปลอดจากสารพิษ  จำหน่ายในราคาถูก   ใครสนใจติดต่อได้นะคะ','33308001195271466586164','2016-06-22 16:08:12'),(69,'3341500462383','จ่ายตรง','จ่ายตรง','33415004623831466586303','2016-06-22 16:09:15'),(70,'3341501663463','ไปอบรมมอสเตรส','ได้ไปนำบ่','33415016634631466586383','2016-06-22 16:09:31'),(71,'3330700397568','จ่ายตรง','เปลี่ยนนามสกุลจาก นางวัฒนาภรณ์  บัวแย้ม\r\nเป็น  นางวัฒนาภรณ์  พานะรมย์','33307003975681466586464','2016-06-22 16:09:46'),(72,'3349800087887','การปฏิบัติราชการ','ข้าพเจ้านางสมรัก  เจริญเชาว์ ไปราชการเพื่อปฏิบัติหน้าที่นำเสนอผลการจัดกิจกรรมลดเวลาเรียน เพิ่มเวลารู้ ของโรงเรียนบ้านคูเมือง (อ่อนอนุเคราะห์)กับผู้ตรวจราชการและผู้บริหารโรงเรียนท่ีเข้าร่วมเป็นโรงเรียนแกนนำการจัดกิจกรรมลดเวลาเรียนเพิ่มเวลารู้ จำนวน 30 โรงเรียน ในปีการศึกษา 2559 ณ สำนักงานเขตพื้นท่ีการศึกษาประถมศึกษาอุบลราชธานี เขต4 เมื่อวันจันทร์ที่ 20 มิถุนายน 2559 ผลการปฏิบัติงานเป็นที่สำเร็จด้วยดี\r\n     จึงเรียนมาเพื่อทราบ\r\n          สมรัก  เจริญเชาว์','33498000878871466586528','2016-06-22 16:14:44'),(73,'3349900075236','ตรวจสุขภาพนรป6','ใช่จ้ะ','33499000752361466646674','2016-06-23 08:52:04'),(75,'3349900007915','ไปค่าย','ยาย ไปจั่งไดมื้ออื่น','33499000079151466652855','2016-06-23 10:35:19'),(76,'3349800052790','.ใส่ผ้าไทย','วันศุกร์ที่  24  ม.1  ใส่ผ้าถุงไทยเด้อ','33498000527901466658907','2016-06-23 12:17:20'),(77,'3349900288396','กล้วย','สนใจจ๊ะ  หวีเท่าไหร่ ดูได้ที่ห้องบ่','33499002883961466664579','2016-06-23 13:50:55'),(78,'3341501682930','เครค่า','เครค่า','33415016829301466667580','2016-06-23 14:40:20'),(79,'3341501682930','เช็คนร.','ด.ช.ทรงสวัสดิ์ ต้องเช็คขาดทุกวันนะจ๊ะ','33415016829301466667644','2016-06-23 14:42:19'),(80,'3330800119527','ส่งแบบสรุปการอ่าน เขียน ป1 จิตอาสา','ส่งแบบสรุปการอ่าน  เขียน  ครั้งที่  1  รายบุคคลปี  59','33308001195271466755776','2016-06-24 15:14:17'),(81,'1349900315427','แบบสรุปการอ่าน เขียน','ชั้นประถมศึกษาปีที่ ๒ ห้องจิตเอื้อเฟื้อ','13499003154271466757419','2016-06-24 15:40:07'),(82,'3349900075236','การประชุมเชิงปฏิบัติการเพื่อสร้างความรู้ความเข้าใจระบบควบคุมภายในของสถานศึกษาในสังกัดประจำปี2559','รายงานผลการไปราชการ','33499000752361467008417','2016-06-27 13:25:22'),(83,'3341500462383','ค่านิยม 12 ประการ','ค่านิยม 12 ประการ','33415004623831467017348','2016-06-27 15:51:13'),(84,'3349900288396','กล้วย','กล้วยอยู่ไสล่ะนาง','33499002883961467080726','2016-06-28 09:26:15'),(85,'3330501220544','ผลการประเมินการอ่าน-เขียน ป.3','ส่งผลการประเมินการอ่าน-เขียน ป.3 ค่ะ','33305012205441467081238','2016-06-28 09:35:25'),(86,'3349900288396','ลูก','ฟ้าวส่งมา ก่อนแม่จะโดนย่ำ','33499002883961467174001','2016-06-29 11:21:36'),(87,'3349900288396','ลงเงินซ้ำ','ลงเงินออมทรัพย์ซ้ำ  แก้ไขไงลูก\r\nลบใหม่ แม่จะเริ่มใหม่ได้บ่','33499002883961467204510','2016-06-29 19:50:28'),(88,'1349900232165','การเยี่ยมนักเรียน','ให้คุณครูทุกท่านดำเนินการเยี่ยมบ้านระหว่างวันที่ 4-6 กรกฎาคม 2556 ตั้งแต่เวลา 14.30 น. เป็นต้นไป','13499002321651467345318','2016-07-01 10:59:10'),(89,'1349900232165','แบบบันทึกเก็บข้อมูลการเยี่ยมบ้าน','เอกสารการเยี่ยมบ้าน','13499002321651467599092','2016-07-04 09:28:36'),(90,'1349900232165','ประชาสัมพันธ์การออกเสียงประชามติ',' คู่มือสำหรับครูและนักเรียน\r\n\r\nใช้เป็นแนวทางดำเนินงานเผยแพร่ประชาสัมพันธ์การออกเสียงประชามติ ','13499002321651467601322','2016-07-04 10:37:20'),(91,'1349900232165','ประชาสัมพันธ์การออกเสียงประชามติ(เพิ่มเติม) 1',' คู่มือสำหรับครูและนักเรียน\r\n\r\nใช้เป็นแนวทางดำเนินงานเผยแพร่ประชาสัมพันธ์การออกเสียงประชามติ ','13499002321651467603448','2016-07-04 10:38:30'),(92,'1349900232165','ประชาสัมพันธ์การออกเสียงประชามติ(เพิ่มเติม) 2',' คู่มือสำหรับครูและนักเรียน\r\n\r\nใช้เป็นแนวทางดำเนินงานเผยแพร่ประชาสัมพันธ์การออกเสียงประชามติ ','13499002321651467603514','2016-07-04 10:41:12'),(93,'3349900288396','เอกสารเยี่ยมบ้าน','ทำแบบรายงานการเยี่ยมบ้านกับแบบบันทึกการสังเกตของผู้เยี่ยมบ้านและการสัมภาษณ์ผู้ปกครองก่อนค่ะ','33499002883961467613226','2016-07-04 13:24:08'),(94,'3340701423457','รายชื่ออ.1','จัดเรียงไห้ตามนี้นะคะอ้อม','33407014234571467617542','2016-07-04 14:42:48'),(95,'3340701423457','รายชื่ออ1','รายชื่ออ1','33407014234571467701753','2016-07-05 13:58:32'),(96,'3340701423457','รายชื่ออ.1','รายชื่อไหม่','33407014234571467702149','2016-07-05 14:03:39'),(97,'1349900232165','แต่งตั้งคณะกรรมการการจัดประชุมใหญ่ ข้าราชการครู และบุคลากรทางการศึกษา ปีการศึกษา 2559','แต่งตั้งคณะกรรมการการจัดประชุมใหญ่ ข้าราชการครู และบุคลากรทางการศึกษา ปีการศึกษา 2559','13499002321651467777368','2016-07-06 10:56:29'),(98,'1349900315427','ประชามติ','หนูเข้าดูไฟล์ที่พี่แนบมาในเรื่องการทำประชามติไม่ได้ค่ะ มันบอกว่าซีเลียวปลอมค่ะ','13499003154271468289362','2016-07-12 09:11:07'),(99,'1349900232165','รายชื่อนักเรียนอนุบาล 1','เรียงหมายเลขประจำตัวนักเรียนใหเด้วยนะค่ะ','13499002321651468380051','2016-07-13 10:21:58'),(100,'3349900288396','คู่มือและสรุป','คู่มือแนะนำการใช้แบบประเมินพฤติกรรมเด็ก ( SDQ )\r\nสรุป','33499002883961468662351','2016-07-16 16:50:04'),(101,'3349900288396','แอดมิน','ขอรหัสแอดมิน amss ให้ด้วยด่วน','33499002883961469248512','2016-07-23 11:37:11'),(102,'3349900288396','ส่งสรุป,การเยี่ยมบ้าน,SDQ','ส่งข้อมูลด้วยค่ะ ภายในวันนี้ค่ะ ต้องสรุปส่งเขตฯ พรุ่งนี้ ขอบคุณ  (เลื่อนมาจากวันศุกร์)','33499002883961469414473','2016-07-25 09:45:26'),(103,'3341500898173','สรุปเยี่ยมบ้าน59 ม.2 จิตอาสา','เยี่ยมบ้านม.2 จิตอาสา','33415008981731469516988','2016-07-26 14:12:03'),(104,'1349900232165','การติดตามและประเมินผลการดำเนินงานโครงการในความรับผิดชอบของกลุ่มส่งเสริมการจัดการศึกษา','การติดตามและประเมินผลการดำเนินงานโครงการในความรับผิดชอบของกลุ่มส่งเสริมการจัดการศึกษ','13499002321651469519703','2016-07-26 14:56:33'),(105,'3349900288396','ส่งงาน','ช่วยส่ง SDQ สรุปเยี่ยมบ้าน,สรุปคัดกรองด้วย','33499002883961469585103','2016-07-27 09:08:57'),(106,'1349900315427','ชั้นประถมศึกษาปีที่ 2 ห้องจิตเอื้อเฟื้อ','สรุปคัดกรองนักเรียนและสรุปเยี่ยมบ้าน','13499003154271469590364','2016-07-27 10:45:07'),(107,'3349900288396','คู่มือ SDQ','คู่มือ SDQ','33499002883961469675145','2016-07-28 10:08:48'),(108,'1349900232165','ตรวจสอบภาย','รายละเอียด','13499002321651470971414','2016-08-12 10:11:43'),(109,'1349900232165','อัตรากำลัง','อัตารากำลัง','13499002321651471412765','2016-08-17 12:46:40'),(110,'1349900315427','ข้อมูล','ข้อมูลภูมิปัญญาท้องถิ่น','13499003154271471935657','2016-08-23 14:04:16'),(111,'1349900232165','อ่านออก-เขียนได้ป.1-6','อ่านออก-เขียนได้ป.1-6','13499002321651471940176','2016-08-23 15:20:33'),(112,'1349900232165','อ่านออก-เขียนได้ป.1-6','อ่านออก-เขียนได้ป.1-6','13499002321651471940439','2016-08-23 15:23:51'),(113,'1349900232165','อ่านออก-เขียนได้ป.1-6 เพิ่มเติม 3','อ่านออก-เขียนได้ป.1-6','13499002321651471940642','2016-08-23 15:25:36'),(114,'1349900232165','คำชี้แจงการอ่านออก-เขียนได้ป.1-3','คำชี้แจงการอ่านออก-เขียนได้ป.1-3','13499002321651472196012','2016-08-26 14:22:29'),(115,'1349900232165','คำชี้แจงการอ่าน ป.1-3','คำชี้แจงการอ่าน ป.1-3','13499002321651472197912','2016-08-26 14:53:00'),(116,'1349900232165','การประเมินการอ่านออกเขียนได้ ระดับชั้นประถมศึกษาปีที่ 1-4 ','การประเมินการอ่านออกเขียนได้ ระดับชั้นประถมศึกษาปีที่ 1-4 ','13499002321651473124929','2016-09-06 08:22:50'),(117,'1349900315427','ข้อมูลนักเรียน','การอ่านออกเขียนได้','13499003154271473131424','2016-09-06 10:12:41'),(118,'3340400209430','ลดเวลาเรียน','ลดเวลาเรียน','33404002094301473297199','2016-09-08 08:14:54'),(119,'3340400209430','ลดเวลาเรียน','ลดเวลาเรียน','33404002094301473297199','2016-09-08 08:15:06'),(120,'1349900232165','  การสำรวจข้อมูลการใช้บริการห้องสมุดในหน่วยงานสังกัดกระทรวงศึกษาธิการ มีไฟล์แนบ ','  การสำรวจข้อมูลการใช้บริการห้องสมุดในหน่วยงานสังกัดกระทรวงศึกษาธิการ มีไฟล์แนบ ','13499002321651473403662','2016-09-09 13:48:56'),(121,'1349900232165','การจัดกิจกรรม/แข่งขันศิลปหัตถกรรมนักเรียน ระดับกลุ่มฯ ปี2559','การจัดกิจกรรม/แข่งขันศิลปหัตถกรรมนักเรียน ระดับกลุ่มฯ ปี2559','13499002321651474025985','2016-09-16 18:40:53'),(122,'1349900232165','เกณฑ์การแข่งขันศิลปหัตกรรม','เกณฑ์การแข่งขันศิลปหัตกรรม','13499002321651474250823','2016-09-19 09:11:38'),(123,'1349900232165','หลักเกณฑ์การแข่งขันงานศิลปหัตถกรรมนักเรียน ปี 59(เพิ่มเติม)','หลักเกณฑ์การแข่งขันงานศิลปหัตถกรรมนักเรียน ปี 59','13499002321651474276765','2016-09-19 16:22:33'),(124,'1349900232165','หลักเกณฑ์การแข่งขันงานศิลปหัตถกรรมนักเรียน ปี 59(เพิ่มเติม)2','หลักเกณฑ์การแข่งขันงานศิลปหัตถกรรมนักเรียน ปี 59(เพิ่มเติม)2','13499002321651474276974','2016-09-19 16:23:39'),(125,'3349900288396','เรียน  คุณครูทุกคน','ช่วยกรอกข้อมูล ส่งให้ด้วยค่ะ  ส่งวันพุธค่ะ','33499002883961474891753','2016-09-26 19:13:02'),(126,'1349900315427','รบกวนพี่อ้อมช่วยปริ้นให้ด้วยค่ะ','ขอบคุณค่ะ','13499003154271476086308','2016-10-10 14:59:51'),(127,'1349900315427','ปัญหาการอ่านเขียน','ป.2','13499003154271477545418','2016-10-27 12:24:12'),(128,'3330800119527','ปัญหาอ่านไม่ออกเขียนไม่ได้','ป1','33308001195271477547990','2016-10-27 13:01:37'),(129,'1349900315427','มาตรฐาน','1/59','13499003154271477793915','2016-10-30 09:20:08'),(130,'1349900232165','อ่านออก-เขียนได้ป.1-6','อ่านออก-เขียนได้ป.1-6','13499002321651479783161','2016-11-22 09:54:06'),(131,'3330800119527','ส่งแบบสรุปการอ่าน เขียน ป1 จิตอาสา','แบบประเมินการอ่านการเขียน','33308001195271480044724','2016-11-25 10:33:21'),(132,'1349900315427','แบบประเมินการอ่านการเขียน','ป.2 ','13499003154271480300036','2016-11-28 09:29:57'),(133,'1349900232165','รายละเอียดอ่าน-เขียน ป.1-6 ประจำเดือนมกราคม 2560','รายละเอียดอ่าน-เขียน ป.1-6 ประจำเดือนมกราคม 2560','13499002321651485143456','2017-01-23 10:55:15'),(134,'1349900232165','กรอกข้อมูล SAR ','กรอกข้อมูล SAR ','13499002321651485145759','2017-01-23 11:30:18'),(135,'1349900232165','คู่มือสอบ ป.1-4','คู่มือสอบ ป.1-4','13499002321651487230381','2017-02-16 14:33:28'),(136,'1349900232165','มาตรฐานด้านคุณภาพผู้เรียน','มาตรฐานด้านคุณภาพผู้เรียน','13499002321651489026562','2017-03-09 09:29:59'),(137,'3330500098036','fswrdg','cgsfgw','33305000980361622774362','2021-06-04 09:40:36');

--
-- Table structure for table `mail_permission`
--

CREATE TABLE `mail_permission` (
  `id` int(11) NOT NULL AUTO_INCREMENT,
  `person_id` varchar(13) NOT NULL,
  `p1` tinyint(4) NOT NULL,
  `officer` varchar(13) NOT NULL,
  `rec_date` date NOT NULL,
  PRIMARY KEY (`id`)
) ENGINE=MyISAM DEFAULT CHARSET=utf8 COLLATE=utf8_general_ci;

--
-- Dumping data for table `mail_permission`
--


--
-- Table structure for table `mail_sendto_answer`
--

CREATE TABLE `mail_sendto_answer` (
  `id` int(11) NOT NULL AUTO_INCREMENT,
  `ref_id` varchar(50) NOT NULL,
  `send_to` varchar(13) NOT NULL,
  `answer` tinyint(4) NOT NULL DEFAULT 0,
  `answer_time` datetime NOT NULL,
  PRIMARY KEY (`id`),
  KEY `ref_id` (`ref_id`),
  KEY `send_to` (`send_to`)
) ENGINE=MyISAM AUTO_INCREMENT=1832 DEFAULT CHARSET=utf8 COLLATE=utf8_general_ci;

--
-- Dumping data for table `mail_sendto_answer`
--

INSERT INTO `mail_sendto_answer` VALUES (1,'13499002321651466221962','3341501663480',1,'2016-06-19 10:31:08'),(2,'13499002321651466221962','3341500462383',1,'2016-06-19 11:01:35'),(3,'13499002321651466308142','3340701423457',1,'2016-06-19 11:02:56'),(4,'13499002321651466308142','3349800087887',1,'2016-06-19 11:01:51'),(5,'13499002321651466308142','3341501663480',0,'0000-00-00 00:00:00'),(6,'13499002321651466308142','3330500098036',0,'0000-00-00 00:00:00'),(7,'13499002321651466308142','3349900075236',1,'2016-06-19 11:03:43'),(8,'13499002321651466308142','3330300129931',1,'2016-06-19 10:55:37'),(9,'13499002321651466308142','3341500462383',1,'2016-06-19 11:01:59'),(10,'13499002321651466308142','5341990025593',0,'0000-00-00 00:00:00'),(11,'13499002321651466308142','3300101848881',1,'2016-06-19 10:54:22'),(12,'13499002321651466308142','3330700397568',1,'2016-06-19 13:15:21'),(13,'13499002321651466308142','3330800119527',0,'0000-00-00 00:00:00'),(14,'13499002321651466308142','3349900885882',0,'0000-00-00 00:00:00'),(15,'13499002321651466308142','5341500013321',0,'0000-00-00 00:00:00'),(16,'13499002321651466308142','3349800052790',0,'0000-00-00 00:00:00'),(17,'13499002321651466308142','3341500898173',1,'2016-06-22 15:45:50'),(18,'13499002321651466308142','3349900288396',1,'2016-06-19 10:59:28'),(19,'13499002321651466308142','3330501220544',1,'2016-06-19 13:42:21'),(20,'13499002321651466308142','1349900315427',1,'2016-06-19 11:00:29'),(21,'13499002321651466308142','3330401761764',0,'0000-00-00 00:00:00'),(22,'13499002321651466308142','3341500457894',1,'2016-06-22 16:09:09'),(23,'13499002321651466308142','3341501380607',1,'2016-06-19 11:01:39'),(24,'13499002321651466308142','3341501682930',1,'2016-06-19 11:02:01'),(25,'13499002321651466308142','3340400209430',1,'2016-06-23 09:10:23'),(26,'13499002321651466308142','3349900007915',1,'2016-06-19 10:57:40'),(27,'13499002321651466308142','3341500788556',1,'2016-06-19 11:03:11'),(28,'13499002321651466308142','3341300218454',1,'2016-06-19 10:54:43'),(29,'13499002321651466308142','3349900333979',1,'2016-06-22 16:06:15'),(30,'13499002321651466308142','3340100141376',0,'0000-00-00 00:00:00'),(31,'13499002321651466308142','3349800045751',1,'2016-06-19 10:53:06'),(32,'13499002321651466308142','3341501663463',0,'0000-00-00 00:00:00'),(33,'13499002321651466308142','3349800221672',1,'2016-06-19 10:54:59'),(34,'13499002321651466308142','3341501541473',0,'0000-00-00 00:00:00'),(35,'13499002321651466308142','3349800064101',1,'2016-06-19 11:03:40'),(36,'13499002321651466308142','3349800072626',1,'2016-06-19 11:00:24'),(37,'13499002321651466308142','3341500808859',0,'0000-00-00 00:00:00'),(38,'33498002216721466308296','3300101848881',1,'2016-06-19 11:01:47'),(39,'33407014234571466308220','3330300129931',1,'2016-06-19 10:56:04'),(40,'13499003154271466308224','3349800072626',1,'2016-06-19 11:00:57'),(41,'33498002216721466308296','3349800045751',1,'2016-06-19 10:53:37'),(42,'33499000079151466308208','3340701423457',1,'2016-06-19 11:03:05'),(43,'33499000079151466308208','3330300129931',1,'2016-06-19 13:42:23'),(44,'33499002883961466308199','3341501682930',1,'2016-06-19 11:03:37'),(45,'33499002883961466308199','3341500788556',1,'2016-06-19 11:03:28'),(46,'33498000726261466308234','5341990025593',0,'0000-00-00 00:00:00'),(47,'33498000726261466308234','1349900315427',1,'2016-06-19 11:02:48'),(48,'33001018488811466308233','3349800045751',0,'0000-00-00 00:00:00'),(49,'33001018488811466308233','3341501380607',0,'0000-00-00 00:00:00'),(50,'13499003154271466308224','5341990025593',0,'0000-00-00 00:00:00'),(51,'33415007885561466308214','3349800087887',0,'0000-00-00 00:00:00'),(52,'33415007885561466308214','3349900288396',1,'2016-06-19 11:03:20'),(53,'33305012205441466308255','3349800072626',1,'2016-06-19 11:01:09'),(54,'33305012205441466308255','3341501663480',1,'2016-06-19 11:01:27'),(244,'33498000726261466309152','3330501220544',1,'2016-07-01 08:55:09'),(57,'33415016829301466308343','3340100141376',0,'0000-00-00 00:00:00'),(58,'33415016829301466308343','3349900288396',1,'2016-06-19 11:03:54'),(59,'33415008981731466308209','3341500462383',0,'0000-00-00 00:00:00'),(60,'33303001299311466308379','3340701423457',1,'2016-06-19 10:56:09'),(61,'33303001299311466308379','5341500013321',0,'0000-00-00 00:00:00'),(201,'33415008981731466308813','3341500462383',0,'0000-00-00 00:00:00'),(64,'33407014234571466308363','3341501380607',1,'2016-06-19 11:01:46'),(65,'33407014234571466308363','3330300129931',1,'2016-06-19 10:56:30'),(66,'33407014234571466308363','5341500013321',0,'0000-00-00 00:00:00'),(67,'33407014234571466308363','3341501663463',1,'2016-06-22 15:51:56'),(68,'33407014234571466308363','1349900232165',1,'2016-06-19 10:56:15'),(69,'33499000752361466308385','3349800064101',0,'0000-00-00 00:00:00'),(70,'33499000752361466308385','3349800087887',0,'0000-00-00 00:00:00'),(71,'33308001195271466308222','3330501220544',1,'2016-06-23 09:22:34'),(72,'33308001195271466308222','5341990025593',0,'0000-00-00 00:00:00'),(73,'33415016634801466308427','3341501663463',0,'0000-00-00 00:00:00'),(74,'33415016634801466308427','1349900232165',1,'2016-06-19 10:56:35'),(75,'33415013806071466308215','3349800045751',1,'2016-06-19 10:57:13'),(76,'33415013806071466308215','3340701423457',1,'2016-06-19 11:03:13'),(77,'33415013806071466308215','3341300218454',1,'2016-06-19 10:54:51'),(78,'33415013806071466308215','3349800221672',1,'2016-06-19 10:54:43'),(79,'33415013806071466308215','3349800064101',0,'0000-00-00 00:00:00'),(80,'33415013806071466308215','3330300129931',1,'2016-06-19 10:56:37'),(81,'33415013806071466308215','3300101848881',1,'2016-06-19 11:02:09'),(84,'33407014234571466308467','3349800087887',1,'2016-06-19 11:02:55'),(85,'33407014234571466308467','3341501663480',1,'2016-06-19 11:27:17'),(86,'33407014234571466308467','3330500098036',0,'0000-00-00 00:00:00'),(87,'33407014234571466308467','3349900075236',1,'2016-06-19 11:06:07'),(88,'33407014234571466308467','3330300129931',1,'2016-06-19 10:56:57'),(89,'33407014234571466308467','3341500462383',1,'2016-06-19 11:02:06'),(90,'33407014234571466308467','5341990025593',0,'0000-00-00 00:00:00'),(91,'33407014234571466308467','3300101848881',1,'2016-06-19 11:02:57'),(92,'33407014234571466308467','3330700397568',0,'0000-00-00 00:00:00'),(93,'33407014234571466308467','3330800119527',0,'0000-00-00 00:00:00'),(94,'33407014234571466308467','3349900885882',0,'0000-00-00 00:00:00'),(95,'33407014234571466308467','5341500013321',0,'0000-00-00 00:00:00'),(96,'33407014234571466308467','3349800052790',0,'0000-00-00 00:00:00'),(97,'33407014234571466308467','3341500898173',1,'2016-06-22 15:46:44'),(98,'33407014234571466308467','3349900288396',1,'2016-06-19 11:02:31'),(99,'33407014234571466308467','3330501220544',1,'2016-06-19 13:43:41'),(100,'33407014234571466308467','1349900315427',1,'2016-06-19 10:59:59'),(101,'33407014234571466308467','3330401761764',0,'0000-00-00 00:00:00'),(102,'33407014234571466308467','3341500457894',1,'2016-06-23 09:38:36'),(103,'33407014234571466308467','3341501380607',1,'2016-06-19 11:03:32'),(104,'33407014234571466308467','3341501682930',1,'2016-06-19 11:03:22'),(105,'33407014234571466308467','3340400209430',0,'0000-00-00 00:00:00'),(106,'33407014234571466308467','3349900007915',1,'2016-06-19 10:57:13'),(107,'33407014234571466308467','3341500788556',1,'2016-06-19 11:03:18'),(108,'33407014234571466308467','3341300218454',1,'2016-06-19 10:56:27'),(109,'33407014234571466308467','3349900333979',1,'2016-06-22 16:07:00'),(110,'33407014234571466308467','3340100141376',0,'0000-00-00 00:00:00'),(111,'33407014234571466308467','3349800045751',1,'2016-06-19 10:57:02'),(112,'33407014234571466308467','3341501663463',1,'2016-06-22 15:51:48'),(113,'33407014234571466308467','3349800221672',1,'2016-06-19 10:55:51'),(114,'33407014234571466308467','1349900232165',1,'2016-06-19 10:56:40'),(115,'33407014234571466308467','3341501541473',0,'0000-00-00 00:00:00'),(116,'33407014234571466308467','3349800064101',0,'0000-00-00 00:00:00'),(117,'33407014234571466308467','3349800072626',1,'2016-06-19 11:00:38'),(118,'33407014234571466308467','3341500808859',0,'0000-00-00 00:00:00'),(119,'33001018488811466308471','3349800045751',0,'0000-00-00 00:00:00'),(120,'33001018488811466308471','3341500457894',1,'2016-06-25 22:11:37'),(121,'13499002321651466308292','3340701423457',1,'2016-06-19 11:03:29'),(122,'13499002321651466308292','3349800087887',0,'0000-00-00 00:00:00'),(123,'13499002321651466308292','3341501663480',1,'2016-06-19 11:27:20'),(124,'13499002321651466308292','3330500098036',0,'0000-00-00 00:00:00'),(125,'13499002321651466308292','3349900075236',1,'2016-06-19 12:47:42'),(126,'13499002321651466308292','3330300129931',1,'2016-06-19 11:21:35'),(127,'13499002321651466308292','3341500462383',1,'2016-06-19 11:02:14'),(128,'13499002321651466308292','5341990025593',0,'0000-00-00 00:00:00'),(129,'13499002321651466308292','3300101848881',1,'2016-06-19 11:03:32'),(130,'13499002321651466308292','3330700397568',0,'0000-00-00 00:00:00'),(131,'13499002321651466308292','3330800119527',0,'0000-00-00 00:00:00'),(132,'13499002321651466308292','3349900885882',0,'0000-00-00 00:00:00'),(133,'13499002321651466308292','5341500013321',0,'0000-00-00 00:00:00'),(134,'13499002321651466308292','3349800052790',0,'0000-00-00 00:00:00'),(135,'13499002321651466308292','3341500898173',1,'2016-06-22 15:47:18'),(136,'13499002321651466308292','3349900288396',1,'2016-06-19 11:02:38'),(137,'13499002321651466308292','3330501220544',1,'2016-06-19 13:44:14'),(138,'13499002321651466308292','1349900315427',1,'2016-06-19 11:02:41'),(139,'13499002321651466308292','3330401761764',0,'0000-00-00 00:00:00'),(140,'13499002321651466308292','3341500457894',1,'2016-06-23 10:17:42'),(141,'13499002321651466308292','3341501380607',1,'2016-06-19 11:01:58'),(142,'13499002321651466308292','3341501682930',1,'2016-06-19 11:03:30'),(143,'13499002321651466308292','3340400209430',1,'2016-07-01 08:37:41'),(144,'13499002321651466308292','3349900007915',1,'2016-06-19 10:58:03'),(145,'13499002321651466308292','3341500788556',1,'2016-06-19 11:03:22'),(146,'13499002321651466308292','3341300218454',1,'2016-06-19 10:56:38'),(147,'13499002321651466308292','3349900333979',1,'2016-06-22 16:07:04'),(148,'13499002321651466308292','3340100141376',0,'0000-00-00 00:00:00'),(149,'13499002321651466308292','3349800045751',1,'2016-06-19 10:56:54'),(150,'13499002321651466308292','3341501663463',1,'2016-06-22 16:05:55'),(151,'13499002321651466308292','3349800221672',1,'2016-06-19 11:11:50'),(152,'13499002321651466308292','3341501541473',0,'0000-00-00 00:00:00'),(153,'13499002321651466308292','3349800064101',0,'0000-00-00 00:00:00'),(154,'13499002321651466308292','3349800072626',1,'2016-06-19 11:00:49'),(155,'13499002321651466308292','3341500808859',0,'0000-00-00 00:00:00'),(156,'33498000641011466308535','3341501380607',1,'2016-06-19 11:02:05'),(157,'33498000641011466308535','3349900075236',1,'2016-06-19 11:06:13'),(158,'33498000641011466308535','3330300129931',1,'2016-06-19 11:06:36'),(159,'33498000641011466308535','3349800087887',1,'2016-06-19 11:03:06'),(160,'33303001299311466308627','3349800064101',0,'0000-00-00 00:00:00'),(161,'33498000878871466308550','3349900075236',1,'2016-06-19 11:05:46'),(162,'33498000878871466308550','3330300129931',1,'2016-06-19 11:07:06'),(163,'33498000878871466308550','3341500462383',1,'2016-06-19 11:02:17'),(164,'33498000878871466308550','5341500013321',0,'0000-00-00 00:00:00'),(165,'33498000878871466308550','3349900288396',1,'2016-06-19 11:03:12'),(166,'33407014234571466308716','3349800087887',0,'0000-00-00 00:00:00'),(167,'33407014234571466308716','3341501663480',0,'0000-00-00 00:00:00'),(168,'33407014234571466308716','3330500098036',0,'0000-00-00 00:00:00'),(169,'33407014234571466308716','3349900075236',1,'2016-06-19 11:06:23'),(170,'33407014234571466308716','3330300129931',1,'2016-06-19 11:13:02'),(171,'33407014234571466308716','3341500462383',1,'2016-06-19 11:02:21'),(172,'33407014234571466308716','5341990025593',0,'0000-00-00 00:00:00'),(173,'33407014234571466308716','3300101848881',1,'2016-06-19 11:03:51'),(174,'33407014234571466308716','3330700397568',0,'0000-00-00 00:00:00'),(175,'33407014234571466308716','3330800119527',0,'0000-00-00 00:00:00'),(176,'33407014234571466308716','3349900885882',0,'0000-00-00 00:00:00'),(177,'33407014234571466308716','5341500013321',0,'0000-00-00 00:00:00'),(178,'33407014234571466308716','3349800052790',0,'0000-00-00 00:00:00'),(179,'33407014234571466308716','3341500898173',1,'2016-06-22 15:47:26'),(180,'33407014234571466308716','3349900288396',1,'2016-06-19 11:03:06'),(181,'33407014234571466308716','3330501220544',1,'2016-06-23 09:22:43'),(182,'33407014234571466308716','1349900315427',1,'2016-06-19 11:02:52'),(183,'33407014234571466308716','3330401761764',0,'0000-00-00 00:00:00'),(184,'33407014234571466308716','3341500457894',1,'2016-06-30 07:59:47'),(185,'33407014234571466308716','3341501380607',1,'2016-06-19 11:02:20'),(186,'33407014234571466308716','3341501682930',1,'2016-06-19 11:03:54'),(187,'33407014234571466308716','3340400209430',0,'0000-00-00 00:00:00'),(188,'33407014234571466308716','3349900007915',1,'2016-06-19 11:01:23'),(189,'33407014234571466308716','3341500788556',1,'2016-06-19 11:03:33'),(190,'33407014234571466308716','3341300218454',1,'2016-06-19 11:01:11'),(191,'33407014234571466308716','3349900333979',1,'2016-06-22 16:07:12'),(192,'33407014234571466308716','3340100141376',0,'0000-00-00 00:00:00'),(193,'33407014234571466308716','3349800045751',0,'0000-00-00 00:00:00'),(194,'33407014234571466308716','3341501663463',1,'2016-06-22 16:05:30'),(195,'33407014234571466308716','3349800221672',1,'2016-06-19 11:03:17'),(196,'33407014234571466308716','1349900232165',0,'0000-00-00 00:00:00'),(197,'33407014234571466308716','3341501541473',0,'0000-00-00 00:00:00'),(198,'33407014234571466308716','3349800064101',0,'0000-00-00 00:00:00'),(199,'33407014234571466308716','3349800072626',1,'2016-06-19 13:00:03'),(200,'33407014234571466308716','3341500808859',0,'0000-00-00 00:00:00'),(202,'33415008981731466308985','3341500462383',0,'0000-00-00 00:00:00'),(203,'33415008981731466308985','3330800119527',0,'0000-00-00 00:00:00'),(204,'33415007885561466309018','3349900288396',1,'2016-06-19 11:09:31'),(709,'33499000752361466647383','1349900232165',0,'0000-00-00 00:00:00'),(205,'33415013806071466309053','3340701423457',1,'2016-06-19 11:10:31'),(206,'33415013806071466309053','3349800087887',0,'0000-00-00 00:00:00'),(207,'33415013806071466309053','3341501663480',1,'2016-06-19 11:27:26'),(208,'33415013806071466309053','3330500098036',0,'0000-00-00 00:00:00'),(209,'33415013806071466309053','3349900075236',1,'2016-06-19 12:47:59'),(210,'33415013806071466309053','3330300129931',1,'2016-06-19 11:07:12'),(211,'33415013806071466309053','3341500462383',0,'0000-00-00 00:00:00'),(212,'33415013806071466309053','5341990025593',0,'0000-00-00 00:00:00'),(213,'33415013806071466309053','3300101848881',1,'2016-06-19 11:21:52'),(214,'33415013806071466309053','3330700397568',0,'0000-00-00 00:00:00'),(215,'33415013806071466309053','3330800119527',0,'0000-00-00 00:00:00'),(216,'33415013806071466309053','3349900885882',0,'0000-00-00 00:00:00'),(217,'33415013806071466309053','5341500013321',0,'0000-00-00 00:00:00'),(218,'33415013806071466309053','3349800052790',0,'0000-00-00 00:00:00'),(219,'33415013806071466309053','3341500898173',1,'2016-06-22 15:47:33'),(220,'33415013806071466309053','3349900288396',1,'2016-06-19 11:09:15'),(221,'33415013806071466309053','3330501220544',1,'2016-06-28 09:36:26'),(222,'33415013806071466309053','1349900315427',1,'2016-06-19 11:20:43'),(223,'33415013806071466309053','3330401761764',0,'0000-00-00 00:00:00'),(224,'33415013806071466309053','3341500457894',1,'2016-06-30 20:08:43'),(225,'33415013806071466309053','3341501682930',1,'2016-06-19 11:09:03'),(226,'33415013806071466309053','3340400209430',0,'0000-00-00 00:00:00'),(227,'33415013806071466309053','3349900007915',0,'0000-00-00 00:00:00'),(228,'33415013806071466309053','3341500788556',0,'0000-00-00 00:00:00'),(229,'33415013806071466309053','3341300218454',1,'2016-06-19 11:49:30'),(230,'33415013806071466309053','3349900333979',1,'2016-06-22 16:07:16'),(231,'33415013806071466309053','3340100141376',0,'0000-00-00 00:00:00'),(232,'33415013806071466309053','3349800045751',0,'0000-00-00 00:00:00'),(233,'33415013806071466309053','3341501663463',1,'2016-06-22 16:05:22'),(234,'33415013806071466309053','3349800221672',1,'2016-06-19 13:53:31'),(235,'33415013806071466309053','1349900232165',0,'0000-00-00 00:00:00'),(236,'33415013806071466309053','3341501541473',0,'0000-00-00 00:00:00'),(237,'33415013806071466309053','3349800064101',0,'0000-00-00 00:00:00'),(238,'33415013806071466309053','3349800072626',1,'2016-06-19 12:59:42'),(239,'33415013806071466309053','3341500808859',0,'0000-00-00 00:00:00'),(240,'33415016829301466309053','3349900007915',0,'0000-00-00 00:00:00'),(241,'33415016829301466309053','1349900232165',0,'0000-00-00 00:00:00'),(242,'33415008981731466309133','3341500462383',0,'0000-00-00 00:00:00'),(243,'33415008981731466309133','3330800119527',0,'0000-00-00 00:00:00'),(245,'33498000726261466309152','1349900315427',1,'2016-06-19 11:21:00'),(246,'33415004623831466309179','3349900075236',1,'2016-06-19 12:48:35'),(247,'33415004623831466309179','3330300129931',1,'2016-06-19 11:20:46'),(248,'33415004623831466309179','3349800087887',0,'0000-00-00 00:00:00'),(249,'33407014234571466309232','3349800087887',0,'0000-00-00 00:00:00'),(250,'33407014234571466309232','3341501663480',1,'2016-06-19 11:27:38'),(251,'33407014234571466309232','3330500098036',0,'0000-00-00 00:00:00'),(252,'33407014234571466309232','3349900075236',1,'2016-06-19 12:47:49'),(253,'33407014234571466309232','3330300129931',1,'2016-06-19 13:42:10'),(254,'33407014234571466309232','3341500462383',0,'0000-00-00 00:00:00'),(255,'33407014234571466309232','5341990025593',0,'0000-00-00 00:00:00'),(256,'33407014234571466309232','3300101848881',1,'2016-06-19 11:21:37'),(257,'33407014234571466309232','3330700397568',0,'0000-00-00 00:00:00'),(258,'33407014234571466309232','3330800119527',0,'0000-00-00 00:00:00'),(259,'33407014234571466309232','3349900885882',0,'0000-00-00 00:00:00'),(260,'33407014234571466309232','5341500013321',0,'0000-00-00 00:00:00'),(261,'33407014234571466309232','3349800052790',0,'0000-00-00 00:00:00'),(262,'33407014234571466309232','3341500898173',1,'2016-06-22 15:47:39'),(263,'33407014234571466309232','3349900288396',1,'2016-06-19 11:09:23'),(264,'33407014234571466309232','3330501220544',1,'2016-06-28 09:37:34'),(265,'33407014234571466309232','1349900315427',1,'2016-06-19 11:21:05'),(266,'33407014234571466309232','3330401761764',0,'0000-00-00 00:00:00'),(267,'33407014234571466309232','3341500457894',1,'2016-06-30 20:08:48'),(268,'33407014234571466309232','3341501380607',1,'2016-06-19 11:46:00'),(269,'33407014234571466309232','3341501682930',1,'2016-06-19 11:10:32'),(270,'33407014234571466309232','3340400209430',0,'0000-00-00 00:00:00'),(271,'33407014234571466309232','3349900007915',1,'2016-06-19 11:08:32'),(272,'33407014234571466309232','3341500788556',0,'0000-00-00 00:00:00'),(273,'33407014234571466309232','3341300218454',1,'2016-06-19 11:49:46'),(274,'33407014234571466309232','3349900333979',1,'2016-06-22 16:09:05'),(275,'33407014234571466309232','3340100141376',0,'0000-00-00 00:00:00'),(276,'33407014234571466309232','3349800045751',0,'0000-00-00 00:00:00'),(277,'33407014234571466309232','3341501663463',1,'2016-06-22 15:52:02'),(278,'33407014234571466309232','3349800221672',1,'2016-06-19 13:53:36'),(279,'33407014234571466309232','1349900232165',0,'0000-00-00 00:00:00'),(280,'33407014234571466309232','3341501541473',0,'0000-00-00 00:00:00'),(281,'33407014234571466309232','3349800064101',0,'0000-00-00 00:00:00'),(282,'33407014234571466309232','3349800072626',1,'2016-06-19 13:00:28'),(283,'33407014234571466309232','3341500808859',0,'0000-00-00 00:00:00'),(284,'33303001299311466309246','3340701423457',0,'0000-00-00 00:00:00'),(285,'33303001299311466309246','3341501380607',1,'2016-06-19 11:12:49'),(286,'33303001299311466309246','3349800064101',0,'0000-00-00 00:00:00'),(287,'33303001299311466309246','3330501220544',0,'0000-00-00 00:00:00'),(288,'33303001299311466309246','5341500013321',0,'0000-00-00 00:00:00'),(289,'33415016634801466308927','3340701423457',1,'2016-06-19 11:10:25'),(290,'33415016634801466308927','3349800087887',0,'0000-00-00 00:00:00'),(291,'33415016634801466308927','3330500098036',0,'0000-00-00 00:00:00'),(292,'33415016634801466308927','3349900075236',1,'2016-06-19 12:48:10'),(293,'33415016634801466308927','3330300129931',1,'2016-06-19 11:21:06'),(294,'33415016634801466308927','3341500462383',0,'0000-00-00 00:00:00'),(295,'33415016634801466308927','5341990025593',0,'0000-00-00 00:00:00'),(296,'33415016634801466308927','3300101848881',1,'2016-06-19 11:21:59'),(297,'33415016634801466308927','3330700397568',0,'0000-00-00 00:00:00'),(298,'33415016634801466308927','3330800119527',0,'0000-00-00 00:00:00'),(299,'33415016634801466308927','3349900885882',0,'0000-00-00 00:00:00'),(300,'33415016634801466308927','5341500013321',0,'0000-00-00 00:00:00'),(301,'33415016634801466308927','3349800052790',0,'0000-00-00 00:00:00'),(302,'33415016634801466308927','3341500898173',1,'2016-06-22 15:47:46'),(303,'33415016634801466308927','3349900288396',1,'2016-06-19 11:13:36'),(304,'33415016634801466308927','3330501220544',1,'2016-07-01 08:55:22'),(305,'33415016634801466308927','1349900315427',1,'2016-06-19 11:21:13'),(306,'33415016634801466308927','3330401761764',0,'0000-00-00 00:00:00'),(307,'33415016634801466308927','3341500457894',1,'2016-06-30 07:59:52'),(308,'33415016634801466308927','3341501380607',1,'2016-06-19 11:45:44'),(309,'33415016634801466308927','3341501682930',1,'2016-06-19 11:10:14'),(310,'33415016634801466308927','3340400209430',0,'0000-00-00 00:00:00'),(311,'33415016634801466308927','3349900007915',0,'0000-00-00 00:00:00'),(312,'33415016634801466308927','3341500788556',0,'0000-00-00 00:00:00'),(313,'33415016634801466308927','3341300218454',1,'2016-06-19 11:49:54'),(314,'33415016634801466308927','3349900333979',1,'2016-06-23 12:09:38'),(315,'33415016634801466308927','3340100141376',0,'0000-00-00 00:00:00'),(316,'33415016634801466308927','3349800045751',0,'0000-00-00 00:00:00'),(317,'33415016634801466308927','3341501663463',0,'0000-00-00 00:00:00'),(318,'33415016634801466308927','3349800221672',1,'2016-06-19 13:53:40'),(319,'33415016634801466308927','1349900232165',0,'0000-00-00 00:00:00'),(320,'33415016634801466308927','3341501541473',0,'0000-00-00 00:00:00'),(321,'33415016634801466308927','3349800064101',0,'0000-00-00 00:00:00'),(322,'33415016634801466308927','3349800072626',1,'2016-06-19 13:00:32'),(323,'33415016634801466308927','3341500808859',0,'0000-00-00 00:00:00'),(324,'33499000079151466309354','3340701423457',0,'0000-00-00 00:00:00'),(325,'33499000079151466309354','3341501380607',1,'2016-06-19 11:12:37'),(326,'33499000079151466309354','3330501220544',0,'0000-00-00 00:00:00'),(327,'33499000079151466309354','3330300129931',1,'2016-06-19 11:12:29'),(328,'33498000641011466309454','3341501663480',0,'0000-00-00 00:00:00'),(329,'33498000641011466309454','3330700397568',0,'0000-00-00 00:00:00'),(330,'33415016829301466309444','3341501380607',1,'2016-06-19 11:45:47'),(331,'33415016829301466309444','5341500013321',0,'0000-00-00 00:00:00'),(332,'33499002883961466309379','3340701423457',0,'0000-00-00 00:00:00'),(333,'33499002883961466309379','3341501380607',1,'2016-06-19 11:45:49'),(334,'33499002883961466309379','3341501682930',1,'2016-06-19 11:14:01'),(335,'33499002883961466309379','3349900007915',1,'2016-06-19 11:19:36'),(336,'33499002883961466309379','3341500788556',0,'0000-00-00 00:00:00'),(337,'33499002883961466309379','3341501663480',0,'0000-00-00 00:00:00'),(338,'33499002883961466309379','3349900075236',1,'2016-06-19 12:48:20'),(339,'33499002883961466309379','3330300129931',1,'2016-06-19 11:14:45'),(340,'33499002883961466309379','3349800087887',0,'0000-00-00 00:00:00'),(341,'33499002883961466309379','5341500013321',0,'0000-00-00 00:00:00'),(342,'33499002883961466309379','1349900232165',0,'0000-00-00 00:00:00'),(343,'33303001299311466309695','3349900288396',1,'2016-06-19 11:20:33'),(344,'33499002883961466309850','3340701423457',1,'2016-06-19 11:31:19'),(345,'13499002321651466315801','3340701423457',0,'0000-00-00 00:00:00'),(346,'13499002321651466315801','3349800087887',0,'0000-00-00 00:00:00'),(347,'13499002321651466315801','3341501663480',0,'0000-00-00 00:00:00'),(348,'13499002321651466315801','3330500098036',0,'0000-00-00 00:00:00'),(349,'13499002321651466315801','3349900075236',1,'2016-06-21 15:39:59'),(350,'13499002321651466315801','3330300129931',1,'2016-06-19 13:42:32'),(351,'13499002321651466315801','3341500462383',1,'2016-06-19 12:58:19'),(352,'13499002321651466315801','5341990025593',0,'0000-00-00 00:00:00'),(353,'13499002321651466315801','3300101848881',1,'2016-06-22 15:24:58'),(354,'13499002321651466315801','3330700397568',0,'0000-00-00 00:00:00'),(355,'13499002321651466315801','3330800119527',0,'0000-00-00 00:00:00'),(356,'13499002321651466315801','3349900885882',0,'0000-00-00 00:00:00'),(357,'13499002321651466315801','5341500013321',0,'0000-00-00 00:00:00'),(358,'13499002321651466315801','3349800052790',0,'0000-00-00 00:00:00'),(359,'13499002321651466315801','3341500898173',1,'2016-06-22 15:47:55'),(360,'13499002321651466315801','3349900288396',1,'2016-06-19 13:02:58'),(361,'13499002321651466315801','3330501220544',0,'0000-00-00 00:00:00'),(362,'13499002321651466315801','1349900315427',1,'2016-06-19 12:58:23'),(363,'13499002321651466315801','3330401761764',0,'0000-00-00 00:00:00'),(364,'13499002321651466315801','3341500457894',1,'2016-06-30 08:00:02'),(365,'13499002321651466315801','3341501380607',0,'0000-00-00 00:00:00'),(366,'13499002321651466315801','3341501682930',1,'2016-06-19 13:03:08'),(367,'13499002321651466315801','3340400209430',1,'2016-06-27 11:12:11'),(368,'13499002321651466315801','3349900007915',0,'0000-00-00 00:00:00'),(369,'13499002321651466315801','3341500788556',0,'0000-00-00 00:00:00'),(370,'13499002321651466315801','3341300218454',1,'2016-06-22 15:49:17'),(371,'13499002321651466315801','3349900333979',1,'2016-06-23 12:08:53'),(372,'13499002321651466315801','3340100141376',0,'0000-00-00 00:00:00'),(373,'13499002321651466315801','3349800045751',0,'0000-00-00 00:00:00'),(374,'13499002321651466315801','3341501663463',0,'0000-00-00 00:00:00'),(375,'13499002321651466315801','3349800221672',1,'2016-06-19 13:53:46'),(376,'13499002321651466315801','3341501541473',0,'0000-00-00 00:00:00'),(377,'13499002321651466315801','3349800064101',0,'0000-00-00 00:00:00'),(378,'13499002321651466315801','3349800072626',1,'2016-06-19 13:00:38'),(379,'13499002321651466315801','3341500808859',0,'0000-00-00 00:00:00'),(380,'13499002321651466316607','3340701423457',0,'0000-00-00 00:00:00'),(381,'13499002321651466316607','3349800087887',1,'2016-06-22 15:50:59'),(382,'13499002321651466316607','3341501663480',0,'0000-00-00 00:00:00'),(383,'13499002321651466316607','3330500098036',0,'0000-00-00 00:00:00'),(384,'13499002321651466316607','3349900075236',1,'2016-06-21 15:40:58'),(385,'13499002321651466316607','3330300129931',1,'2016-06-19 13:42:53'),(386,'13499002321651466316607','3341500462383',0,'0000-00-00 00:00:00'),(387,'13499002321651466316607','5341990025593',0,'0000-00-00 00:00:00'),(388,'13499002321651466316607','3300101848881',1,'2016-06-22 15:26:57'),(389,'13499002321651466316607','3330700397568',0,'0000-00-00 00:00:00'),(390,'13499002321651466316607','3330800119527',0,'0000-00-00 00:00:00'),(391,'13499002321651466316607','3349900885882',0,'0000-00-00 00:00:00'),(392,'13499002321651466316607','5341500013321',0,'0000-00-00 00:00:00'),(393,'13499002321651466316607','3349800052790',0,'0000-00-00 00:00:00'),(394,'13499002321651466316607','3341500898173',1,'2016-06-22 15:48:02'),(395,'13499002321651466316607','3349900288396',1,'2016-06-19 13:42:03'),(396,'13499002321651466316607','3330501220544',0,'0000-00-00 00:00:00'),(397,'13499002321651466316607','1349900315427',1,'2016-06-19 13:42:40'),(398,'13499002321651466316607','3330401761764',0,'0000-00-00 00:00:00'),(399,'13499002321651466316607','3341500457894',1,'2016-06-30 08:00:05'),(400,'13499002321651466316607','3341501380607',0,'0000-00-00 00:00:00'),(401,'13499002321651466316607','3341501682930',1,'2016-06-19 13:52:50'),(402,'13499002321651466316607','3340400209430',1,'2016-07-01 08:37:55'),(403,'13499002321651466316607','3349900007915',0,'0000-00-00 00:00:00'),(404,'13499002321651466316607','3341500788556',0,'0000-00-00 00:00:00'),(405,'13499002321651466316607','3341300218454',1,'2016-06-22 15:49:25'),(406,'13499002321651466316607','3349900333979',1,'2016-06-23 12:08:58'),(407,'13499002321651466316607','3340100141376',0,'0000-00-00 00:00:00'),(408,'13499002321651466316607','3349800045751',0,'0000-00-00 00:00:00'),(409,'13499002321651466316607','3341501663463',0,'0000-00-00 00:00:00'),(410,'13499002321651466316607','3349800221672',1,'2016-06-19 13:53:51'),(411,'13499002321651466316607','3341501541473',0,'0000-00-00 00:00:00'),(412,'13499002321651466316607','3349800064101',0,'0000-00-00 00:00:00'),(413,'13499002321651466316607','3349800072626',0,'0000-00-00 00:00:00'),(414,'13499002321651466316607','3341500808859',0,'0000-00-00 00:00:00'),(415,'33499002883961466316877','1349900232165',0,'0000-00-00 00:00:00'),(416,'33415004623831466318161','1349900232165',1,'2016-06-19 13:38:12'),(417,'33499002883961466318712','1349900232165',1,'2016-06-20 11:15:00'),(418,'33499002883961466485015','1349900232165',1,'2016-06-21 15:12:44'),(419,'13499002321651466497566','3340701423457',0,'0000-00-00 00:00:00'),(420,'13499002321651466497566','3349800087887',1,'2016-06-22 16:18:00'),(421,'13499002321651466497566','3341501663480',1,'2016-06-21 15:54:07'),(422,'13499002321651466497566','3330500098036',0,'0000-00-00 00:00:00'),(423,'13499002321651466497566','3349900075236',1,'2016-06-21 15:42:14'),(424,'13499002321651466497566','3330300129931',1,'2016-06-22 15:38:17'),(425,'13499002321651466497566','3341500462383',0,'0000-00-00 00:00:00'),(426,'13499002321651466497566','5341990025593',0,'0000-00-00 00:00:00'),(427,'13499002321651466497566','3300101848881',1,'2016-06-22 15:27:38'),(428,'13499002321651466497566','3330700397568',0,'0000-00-00 00:00:00'),(429,'13499002321651466497566','3330800119527',1,'2016-06-22 15:45:59'),(430,'13499002321651466497566','5341500013321',0,'0000-00-00 00:00:00'),(431,'13499002321651466497566','3349800052790',0,'0000-00-00 00:00:00'),(432,'13499002321651466497566','3341500898173',1,'2016-06-22 15:48:11'),(433,'13499002321651466497566','3349900288396',1,'2016-06-22 15:30:25'),(434,'13499002321651466497566','3330501220544',0,'0000-00-00 00:00:00'),(435,'13499002321651466497566','1349900315427',1,'2016-06-22 15:48:13'),(436,'13499002321651466497566','3330401761764',0,'0000-00-00 00:00:00'),(437,'13499002321651466497566','3341500457894',1,'2016-06-30 09:27:38'),(438,'13499002321651466497566','3341501380607',0,'0000-00-00 00:00:00'),(439,'13499002321651466497566','3341501682930',1,'2016-06-22 15:20:20'),(440,'13499002321651466497566','3340400209430',1,'2016-07-01 08:38:07'),(441,'13499002321651466497566','3349900007915',0,'0000-00-00 00:00:00'),(442,'13499002321651466497566','3341500788556',0,'0000-00-00 00:00:00'),(443,'13499002321651466497566','3341300218454',0,'0000-00-00 00:00:00'),(444,'13499002321651466497566','3349900333979',1,'2016-06-22 16:08:48'),(445,'13499002321651466497566','3340100141376',0,'0000-00-00 00:00:00'),(446,'13499002321651466497566','3349800045751',1,'2016-06-22 15:28:48'),(447,'13499002321651466497566','3341501663463',1,'2016-06-22 15:50:04'),(448,'13499002321651466497566','3349800221672',1,'2016-06-23 09:18:48'),(449,'13499002321651466497566','3341501541473',1,'2016-06-22 08:44:48'),(450,'13499002321651466497566','3349800064101',0,'0000-00-00 00:00:00'),(451,'13499002321651466497566','3349800072626',0,'0000-00-00 00:00:00'),(452,'13499002321651466497566','3330300595427',0,'0000-00-00 00:00:00'),(453,'13499002321651466500140','3340701423457',0,'0000-00-00 00:00:00'),(454,'13499002321651466500140','3349800087887',1,'2016-06-22 16:17:31'),(455,'13499002321651466500140','3341501663480',1,'2016-06-22 09:32:42'),(456,'13499002321651466500140','3330500098036',0,'0000-00-00 00:00:00'),(457,'13499002321651466500140','3349900075236',1,'2016-06-22 15:41:01'),(458,'13499002321651466500140','3330300129931',1,'2016-06-22 15:39:03'),(459,'13499002321651466500140','3341500462383',0,'0000-00-00 00:00:00'),(460,'13499002321651466500140','5341990025593',0,'0000-00-00 00:00:00'),(461,'13499002321651466500140','3300101848881',1,'2016-06-22 15:25:33'),(462,'13499002321651466500140','3330700397568',0,'0000-00-00 00:00:00'),(463,'13499002321651466500140','3330800119527',1,'2016-06-22 15:45:26'),(464,'13499002321651466500140','5341500013321',0,'0000-00-00 00:00:00'),(465,'13499002321651466500140','3349800052790',1,'2016-06-27 08:20:19'),(466,'13499002321651466500140','3341500898173',1,'2016-06-22 15:48:18'),(467,'13499002321651466500140','3349900288396',1,'2016-06-22 15:30:31'),(468,'13499002321651466500140','3330501220544',0,'0000-00-00 00:00:00'),(469,'13499002321651466500140','1349900315427',1,'2016-06-22 15:48:34'),(470,'13499002321651466500140','3330401761764',0,'0000-00-00 00:00:00'),(471,'13499002321651466500140','3341500457894',1,'2016-06-22 16:12:47'),(472,'13499002321651466500140','3341501380607',0,'0000-00-00 00:00:00'),(473,'13499002321651466500140','3341501682930',1,'2016-06-22 15:27:34'),(474,'13499002321651466500140','3340400209430',0,'0000-00-00 00:00:00'),(475,'13499002321651466500140','3349900007915',0,'0000-00-00 00:00:00'),(476,'13499002321651466500140','3341500788556',0,'0000-00-00 00:00:00'),(477,'13499002321651466500140','3341300218454',0,'0000-00-00 00:00:00'),(478,'13499002321651466500140','3349900333979',1,'2016-06-23 12:09:18'),(479,'13499002321651466500140','3340100141376',0,'0000-00-00 00:00:00'),(480,'13499002321651466500140','3349800045751',1,'2016-06-22 16:06:00'),(481,'13499002321651466500140','3341501663463',0,'0000-00-00 00:00:00'),(482,'13499002321651466500140','3349800221672',1,'2016-06-23 09:19:01'),(483,'13499002321651466500140','3341501541473',1,'2016-06-22 08:44:27'),(484,'13499002321651466500140','3349800064101',0,'0000-00-00 00:00:00'),(485,'13499002321651466500140','3349800072626',0,'0000-00-00 00:00:00'),(486,'13499002321651466500140','3330300595427',0,'0000-00-00 00:00:00'),(487,'33415008981731466572479','3349800052790',0,'0000-00-00 00:00:00'),(488,'33303001299311466585104','3340701423457',1,'2016-06-22 15:48:51'),(489,'33303001299311466585104','3341501380607',0,'0000-00-00 00:00:00'),(490,'33303001299311466585104','3340400209430',0,'0000-00-00 00:00:00'),(491,'33303001299311466585104','3349800064101',0,'0000-00-00 00:00:00'),(492,'33303001299311466585104','3330501220544',0,'0000-00-00 00:00:00'),(493,'33303001299311466585104','3341501663480',0,'0000-00-00 00:00:00'),(494,'33303001299311466585104','5341500013321',1,'2016-06-22 15:49:15'),(495,'33407014234571466585343','3330300129931',1,'2016-06-22 15:52:12'),(496,'33415008981731466585312','3341500457894',1,'2016-06-30 20:08:53'),(497,'33415008981731466585312','3349900333979',1,'2016-06-23 15:11:43'),(498,'33415008981731466585312','3341501541473',0,'0000-00-00 00:00:00'),(499,'33415008981731466585312','3330401761764',0,'0000-00-00 00:00:00'),(500,'33415008981731466585312','3341500462383',0,'0000-00-00 00:00:00'),(501,'33407014234571466585453','3330300129931',1,'2016-06-22 15:52:03'),(502,'13415001875051466586150','1349900315427',1,'2016-06-22 16:05:18'),(503,'33498000726261466586149','3349900333979',0,'0000-00-00 00:00:00'),(504,'33415013806071466586152','3340701423457',0,'0000-00-00 00:00:00'),(505,'33415007885561466586166','3349900288396',1,'2016-06-22 16:05:04'),(506,'33415007885561466586166','1349900232165',0,'0000-00-00 00:00:00'),(507,'33415016829301466586158','3349900075236',1,'2016-06-23 08:50:06'),(508,'33498000726261466586222','3349900333979',1,'2016-06-23 12:09:42'),(510,'33404002094301466586150','3330300129931',1,'2016-06-23 10:08:11'),(511,'33404002094301466586150','5341500013321',1,'2016-06-22 16:07:17'),(512,'13499002321651466586151','3340701423457',1,'2016-06-22 16:04:43'),(513,'13499002321651466586151','3349800087887',0,'0000-00-00 00:00:00'),(514,'13499002321651466586151','3341501663480',0,'0000-00-00 00:00:00'),(515,'13499002321651466586151','3330500098036',0,'0000-00-00 00:00:00'),(516,'13499002321651466586151','3349900075236',1,'2019-07-22 09:56:05'),(517,'13499002321651466586151','3330300129931',1,'2016-06-22 16:04:43'),(518,'13499002321651466586151','3341500462383',0,'0000-00-00 00:00:00'),(519,'13499002321651466586151','5341990025593',0,'0000-00-00 00:00:00'),(520,'13499002321651466586151','3300101848881',1,'2016-06-22 16:04:47'),(521,'13499002321651466586151','3330700397568',0,'0000-00-00 00:00:00'),(522,'13499002321651466586151','3330800119527',0,'0000-00-00 00:00:00'),(523,'13499002321651466586151','1341500187505',1,'2016-06-22 16:06:20'),(524,'13499002321651466586151','5341500013321',0,'0000-00-00 00:00:00'),(525,'13499002321651466586151','3349800052790',0,'0000-00-00 00:00:00'),(526,'13499002321651466586151','3341500898173',1,'2016-06-23 15:05:04'),(527,'13499002321651466586151','3349900288396',1,'2016-06-22 16:04:57'),(528,'13499002321651466586151','3330501220544',0,'0000-00-00 00:00:00'),(529,'13499002321651466586151','1349900315427',1,'2016-06-22 16:05:11'),(530,'13499002321651466586151','3330401761764',0,'0000-00-00 00:00:00'),(531,'13499002321651466586151','3341500457894',1,'2016-06-23 10:17:28'),(532,'13499002321651466586151','3341501380607',0,'0000-00-00 00:00:00'),(533,'13499002321651466586151','3341501682930',1,'2016-06-22 16:07:35'),(534,'13499002321651466586151','3340400209430',0,'0000-00-00 00:00:00'),(535,'13499002321651466586151','3349900007915',0,'0000-00-00 00:00:00'),(536,'13499002321651466586151','3341500788556',0,'0000-00-00 00:00:00'),(537,'13499002321651466586151','3341300218454',0,'0000-00-00 00:00:00'),(538,'13499002321651466586151','3349900333979',1,'2016-06-23 15:11:49'),(539,'13499002321651466586151','3340100141376',0,'0000-00-00 00:00:00'),(540,'13499002321651466586151','3349800045751',0,'0000-00-00 00:00:00'),(541,'13499002321651466586151','3341501663463',0,'0000-00-00 00:00:00'),(542,'13499002321651466586151','3349800221672',1,'2016-06-23 12:52:06'),(543,'13499002321651466586151','3341501541473',0,'0000-00-00 00:00:00'),(544,'13499002321651466586151','3349800064101',0,'0000-00-00 00:00:00'),(545,'13499002321651466586151','3349800072626',0,'0000-00-00 00:00:00'),(546,'13499002321651466586151','3330300595427',0,'0000-00-00 00:00:00'),(547,'33415004623831466586168','3340701423457',0,'0000-00-00 00:00:00'),(548,'33415004623831466586168','3349800087887',0,'0000-00-00 00:00:00'),(549,'33415004623831466586168','3341501663480',0,'0000-00-00 00:00:00'),(550,'33415004623831466586168','3330500098036',0,'0000-00-00 00:00:00'),(551,'33415004623831466586168','3349900075236',1,'2016-06-22 16:05:41'),(552,'33415004623831466586168','3330300129931',1,'2016-06-22 16:05:07'),(553,'33415004623831466586168','5341990025593',0,'0000-00-00 00:00:00'),(554,'33415004623831466586168','3300101848881',0,'0000-00-00 00:00:00'),(555,'33415004623831466586168','3330700397568',0,'0000-00-00 00:00:00'),(556,'33415004623831466586168','3330800119527',0,'0000-00-00 00:00:00'),(557,'33415004623831466586168','1341500187505',1,'2016-06-22 16:07:37'),(558,'33415004623831466586168','5341500013321',0,'0000-00-00 00:00:00'),(559,'33415004623831466586168','3349800052790',0,'0000-00-00 00:00:00'),(560,'33415004623831466586168','3341500898173',1,'2016-06-23 15:05:15'),(561,'33415004623831466586168','3349900288396',1,'2016-06-22 16:05:16'),(562,'33415004623831466586168','3330501220544',0,'0000-00-00 00:00:00'),(563,'33415004623831466586168','1349900315427',1,'2016-06-22 16:05:24'),(564,'33415004623831466586168','3330401761764',0,'0000-00-00 00:00:00'),(565,'33415004623831466586168','3341500457894',1,'2016-06-30 09:27:49'),(566,'33415004623831466586168','3341501380607',0,'0000-00-00 00:00:00'),(567,'33415004623831466586168','3341501682930',1,'2016-06-22 16:08:35'),(568,'33415004623831466586168','3340400209430',0,'0000-00-00 00:00:00'),(569,'33415004623831466586168','3349900007915',0,'0000-00-00 00:00:00'),(570,'33415004623831466586168','3341500788556',0,'0000-00-00 00:00:00'),(571,'33415004623831466586168','3341300218454',0,'0000-00-00 00:00:00'),(572,'33415004623831466586168','3349900333979',1,'2016-06-23 15:12:03'),(573,'33415004623831466586168','3340100141376',0,'0000-00-00 00:00:00'),(574,'33415004623831466586168','3349800045751',0,'0000-00-00 00:00:00'),(575,'33415004623831466586168','3341501663463',0,'0000-00-00 00:00:00'),(576,'33415004623831466586168','3349800221672',1,'2016-06-23 10:18:03'),(577,'33415004623831466586168','1349900232165',0,'0000-00-00 00:00:00'),(578,'33415004623831466586168','3341501541473',0,'0000-00-00 00:00:00'),(579,'33415004623831466586168','3349800064101',0,'0000-00-00 00:00:00'),(580,'33415004623831466586168','3349800072626',0,'0000-00-00 00:00:00'),(581,'33415004623831466586168','3330300595427',0,'0000-00-00 00:00:00'),(582,'33498000457511466586150','3341501380607',0,'0000-00-00 00:00:00'),(583,'33498000457511466586150','3349800221672',0,'0000-00-00 00:00:00'),(584,'33498000457511466586150','3349800064101',0,'0000-00-00 00:00:00'),(585,'33498000457511466586150','3300101848881',0,'0000-00-00 00:00:00'),(586,'33498000457511466586150','3330700397568',0,'0000-00-00 00:00:00'),(587,'33415004578941466586258','3340701423457',0,'0000-00-00 00:00:00'),(588,'33415004578941466586258','3349800087887',0,'0000-00-00 00:00:00'),(589,'33415004578941466586258','3341501663480',0,'0000-00-00 00:00:00'),(590,'33415004578941466586258','3330500098036',0,'0000-00-00 00:00:00'),(591,'33415004578941466586258','3349900075236',1,'2016-06-22 16:06:34'),(592,'33415004578941466586258','3330300129931',1,'2016-06-23 10:33:32'),(593,'33415004578941466586258','3341500462383',0,'0000-00-00 00:00:00'),(594,'33415004578941466586258','5341990025593',0,'0000-00-00 00:00:00'),(595,'33415004578941466586258','3300101848881',0,'0000-00-00 00:00:00'),(596,'33415004578941466586258','3330700397568',0,'0000-00-00 00:00:00'),(597,'33415004578941466586258','3330800119527',0,'0000-00-00 00:00:00'),(598,'33415004578941466586258','1341500187505',1,'2016-06-22 16:06:44'),(599,'33415004578941466586258','5341500013321',0,'0000-00-00 00:00:00'),(600,'33415004578941466586258','3349800052790',0,'0000-00-00 00:00:00'),(601,'33415004578941466586258','3341500898173',1,'2016-06-23 15:05:22'),(602,'33415004578941466586258','3349900288396',0,'0000-00-00 00:00:00'),(603,'33415004578941466586258','3330501220544',1,'2016-06-28 09:37:16'),(604,'33415004578941466586258','1349900315427',1,'2016-06-22 16:05:29'),(605,'33415004578941466586258','3330401761764',0,'0000-00-00 00:00:00'),(606,'33415004578941466586258','3341501380607',0,'0000-00-00 00:00:00'),(607,'33415004578941466586258','3341501682930',1,'2016-06-22 16:09:08'),(608,'33415004578941466586258','3340400209430',0,'0000-00-00 00:00:00'),(609,'33415004578941466586258','3349900007915',0,'0000-00-00 00:00:00'),(610,'33415004578941466586258','3341500788556',0,'0000-00-00 00:00:00'),(611,'33415004578941466586258','3341300218454',0,'0000-00-00 00:00:00'),(612,'33415004578941466586258','3349900333979',1,'2016-06-23 15:14:10'),(613,'33415004578941466586258','3340100141376',0,'0000-00-00 00:00:00'),(614,'33415004578941466586258','3349800045751',0,'0000-00-00 00:00:00'),(615,'33415004578941466586258','3341501663463',0,'0000-00-00 00:00:00'),(616,'33415004578941466586258','3349800221672',1,'2016-06-23 10:18:06'),(617,'33415004578941466586258','1349900232165',0,'0000-00-00 00:00:00'),(618,'33415004578941466586258','3341501541473',0,'0000-00-00 00:00:00'),(619,'33415004578941466586258','3349800064101',0,'0000-00-00 00:00:00'),(620,'33415004578941466586258','3349800072626',0,'0000-00-00 00:00:00'),(621,'33415004578941466586258','3330300595427',0,'0000-00-00 00:00:00'),(622,'33404002094301466586150','3341501380607',1,'2016-06-22 16:09:02'),(623,'33404002094301466586150','3349900007915',0,'0000-00-00 00:00:00'),(624,'33404002094301466586150','3341500788556',0,'0000-00-00 00:00:00'),(625,'33404002094301466586150','3341501663480',0,'0000-00-00 00:00:00'),(626,'33404002094301466586150','3349800087887',0,'0000-00-00 00:00:00'),(627,'33404002094301466586150','1349900232165',1,'2016-06-22 16:07:07'),(628,'33499002883961466586320','3341500788556',0,'0000-00-00 00:00:00'),(629,'33415004623831466586303','1349900232165',0,'0000-00-00 00:00:00'),(630,'33415008981731466586366','3330300129931',1,'2016-06-23 10:08:01'),(631,'33415008981731466586366','3341500462383',0,'0000-00-00 00:00:00'),(632,'33415016634631466586383','3340701423457',1,'2016-07-04 13:50:35'),(633,'33001018488811466586324','3340701423457',0,'0000-00-00 00:00:00'),(634,'33001018488811466586324','3349800087887',1,'2016-06-23 08:28:52'),(635,'33001018488811466586324','3341501663480',0,'0000-00-00 00:00:00'),(636,'33001018488811466586324','3330500098036',0,'0000-00-00 00:00:00'),(637,'33001018488811466586324','3349900075236',1,'2016-06-23 08:50:23'),(638,'33001018488811466586324','3330300129931',1,'2016-06-23 10:08:05'),(639,'33001018488811466586324','3341500462383',0,'0000-00-00 00:00:00'),(640,'33001018488811466586324','5341990025593',0,'0000-00-00 00:00:00'),(641,'33001018488811466586324','3330700397568',0,'0000-00-00 00:00:00'),(642,'33001018488811466586324','3330800119527',0,'0000-00-00 00:00:00'),(643,'33001018488811466586324','1341500187505',0,'0000-00-00 00:00:00'),(644,'33001018488811466586324','5341500013321',1,'2016-06-22 16:07:40'),(645,'33001018488811466586324','3349800052790',0,'0000-00-00 00:00:00'),(646,'33001018488811466586324','3341500898173',1,'2016-06-23 15:05:44'),(647,'33001018488811466586324','3349900288396',1,'2016-06-23 13:49:20'),(648,'33001018488811466586324','3330501220544',1,'2016-07-01 08:54:14'),(649,'33001018488811466586324','1349900315427',1,'2016-06-23 09:34:42'),(650,'33001018488811466586324','3330401761764',0,'0000-00-00 00:00:00'),(651,'33001018488811466586324','3341500457894',1,'2016-06-22 16:12:26'),(652,'33001018488811466586324','3341501380607',1,'2016-06-22 16:09:48'),(653,'33001018488811466586324','3341501682930',1,'2016-06-22 16:08:42'),(654,'33001018488811466586324','3340400209430',0,'0000-00-00 00:00:00'),(655,'33001018488811466586324','3349900007915',0,'0000-00-00 00:00:00'),(656,'33001018488811466586324','3341500788556',0,'0000-00-00 00:00:00'),(657,'33001018488811466586324','3341300218454',0,'0000-00-00 00:00:00'),(658,'33001018488811466586324','3349900333979',1,'2016-06-23 12:09:36'),(659,'33001018488811466586324','3340100141376',0,'0000-00-00 00:00:00'),(660,'33001018488811466586324','3349800045751',0,'0000-00-00 00:00:00'),(661,'33001018488811466586324','3341501663463',0,'0000-00-00 00:00:00'),(662,'33001018488811466586324','3349800221672',1,'2016-06-23 10:18:08'),(663,'33001018488811466586324','1349900232165',0,'0000-00-00 00:00:00'),(664,'33001018488811466586324','3341501541473',0,'0000-00-00 00:00:00'),(665,'33001018488811466586324','3349800064101',0,'0000-00-00 00:00:00'),(666,'33001018488811466586324','3349800072626',0,'0000-00-00 00:00:00'),(667,'33001018488811466586324','3330300595427',0,'0000-00-00 00:00:00'),(668,'33498000726261466586417','3330401761764',0,'0000-00-00 00:00:00'),(669,'33304017617641466586381','3349900333979',1,'2016-06-23 15:12:11'),(670,'33307003975681466586464','1349900232165',0,'0000-00-00 00:00:00'),(671,'33308001195271466586164','3340701423457',0,'0000-00-00 00:00:00'),(672,'33308001195271466586164','3349800087887',1,'2016-06-23 08:29:06'),(673,'33308001195271466586164','3341501663480',1,'2016-06-22 16:08:45'),(674,'33308001195271466586164','3330500098036',0,'0000-00-00 00:00:00'),(675,'33308001195271466586164','3349900075236',1,'2016-06-23 08:49:27'),(676,'33308001195271466586164','3330300129931',1,'2016-06-23 10:07:53'),(677,'33308001195271466586164','3341500462383',0,'0000-00-00 00:00:00'),(678,'33308001195271466586164','5341990025593',0,'0000-00-00 00:00:00'),(679,'33308001195271466586164','3300101848881',0,'0000-00-00 00:00:00'),(680,'33308001195271466586164','3330700397568',0,'0000-00-00 00:00:00'),(681,'33308001195271466586164','1341500187505',0,'0000-00-00 00:00:00'),(682,'33308001195271466586164','5341500013321',1,'2016-07-04 13:16:15'),(683,'33308001195271466586164','3349800052790',0,'0000-00-00 00:00:00'),(684,'33308001195271466586164','3341500898173',1,'2016-06-23 15:05:52'),(685,'33308001195271466586164','3349900288396',1,'2016-06-23 13:49:25'),(686,'33308001195271466586164','3330501220544',1,'2016-06-23 08:13:29'),(687,'33308001195271466586164','1349900315427',1,'2016-06-23 09:34:48'),(688,'33308001195271466586164','3330401761764',0,'0000-00-00 00:00:00'),(689,'33308001195271466586164','3341500457894',1,'2016-06-22 16:12:34'),(690,'33308001195271466586164','3341501380607',1,'2016-06-22 16:09:58'),(691,'33308001195271466586164','3341501682930',1,'2016-06-24 08:02:20'),(692,'33308001195271466586164','3340400209430',0,'0000-00-00 00:00:00'),(693,'33308001195271466586164','3349900007915',0,'0000-00-00 00:00:00'),(694,'33308001195271466586164','3341500788556',0,'0000-00-00 00:00:00'),(695,'33308001195271466586164','3341300218454',0,'0000-00-00 00:00:00'),(696,'33308001195271466586164','3349900333979',1,'2016-06-23 12:09:09'),(697,'33308001195271466586164','3340100141376',0,'0000-00-00 00:00:00'),(698,'33308001195271466586164','3349800045751',0,'0000-00-00 00:00:00'),(699,'33308001195271466586164','3341501663463',0,'0000-00-00 00:00:00'),(700,'33308001195271466586164','3349800221672',1,'2016-06-23 10:18:09'),(701,'33308001195271466586164','1349900232165',0,'0000-00-00 00:00:00'),(702,'33308001195271466586164','3341501541473',0,'0000-00-00 00:00:00'),(703,'33308001195271466586164','3349800064101',1,'2016-06-22 16:08:42'),(704,'33308001195271466586164','3349800072626',0,'0000-00-00 00:00:00'),(705,'33308001195271466586164','3330300595427',0,'0000-00-00 00:00:00'),(706,'33498000878871466586528','3340100141376',0,'0000-00-00 00:00:00'),(707,'33498000878871466586528','1349900232165',0,'0000-00-00 00:00:00'),(708,'33499000752361466646674','3341501682930',1,'2016-06-24 08:02:40'),(710,'33499000079151466652855','3340400209430',0,'0000-00-00 00:00:00'),(711,'33498000527901466658907','3341500457894',1,'2016-06-30 20:09:00'),(712,'33498000527901466658907','3341501682930',1,'2016-06-23 14:38:26'),(713,'33498000527901466658907','3349900333979',1,'2016-06-23 15:12:15'),(714,'33498000527901466658907','3341501541473',0,'0000-00-00 00:00:00'),(715,'33498000527901466658907','3330401761764',0,'0000-00-00 00:00:00'),(716,'33498000527901466658907','3349800052790',1,'2016-06-23 14:02:40'),(717,'33499002883961466664579','3330800119527',0,'0000-00-00 00:00:00'),(718,'33415016829301466667580','3349800052790',1,'2016-06-27 08:19:51'),(719,'33415016829301466667644','3341500457894',1,'2016-06-30 20:09:07'),(720,'33308001195271466755776','3330300129931',1,'2016-06-29 11:24:53'),(721,'13499003154271466757419','3330300129931',1,'2016-06-29 11:23:31'),(722,'33499000752361467008417','3340100141376',0,'0000-00-00 00:00:00'),(723,'33499000752361467008417','3349800045751',0,'0000-00-00 00:00:00'),(724,'33499000752361467008417','1349900232165',1,'2016-06-29 08:26:11'),(725,'33415004623831467017348','3349800087887',1,'2016-06-27 16:09:58'),(726,'33499002883961467080726','3330800119527',0,'0000-00-00 00:00:00'),(727,'33305012205441467081197','3330300129931',0,'0000-00-00 00:00:00'),(728,'33305012205441467081238','3330300129931',1,'2016-06-29 11:23:23'),(729,'33499002883961467174001','3341501541473',0,'0000-00-00 00:00:00'),(730,'33499002883961467204510','1349900232165',0,'0000-00-00 00:00:00'),(731,'13499002321651467345318','3340701423457',1,'2016-07-04 14:03:07'),(732,'13499002321651467345318','3349800087887',0,'0000-00-00 00:00:00'),(733,'13499002321651467345318','3341501663480',1,'2016-07-04 13:13:16'),(734,'13499002321651467345318','3330500098036',0,'0000-00-00 00:00:00'),(735,'13499002321651467345318','3349900075236',1,'2016-07-04 13:17:08'),(736,'13499002321651467345318','3330300129931',1,'2016-07-04 08:38:33'),(737,'13499002321651467345318','3341500462383',0,'0000-00-00 00:00:00'),(738,'13499002321651467345318','5341990025593',0,'0000-00-00 00:00:00'),(739,'13499002321651467345318','3300101848881',0,'0000-00-00 00:00:00'),(740,'13499002321651467345318','3330700397568',0,'0000-00-00 00:00:00'),(741,'13499002321651467345318','3330800119527',0,'0000-00-00 00:00:00'),(742,'13499002321651467345318','1341500187505',0,'0000-00-00 00:00:00'),(743,'13499002321651467345318','5341500013321',1,'2016-07-04 13:16:31'),(744,'13499002321651467345318','3349800052790',0,'0000-00-00 00:00:00'),(745,'13499002321651467345318','3341500898173',1,'2016-07-04 08:52:03'),(746,'13499002321651467345318','3349900288396',0,'0000-00-00 00:00:00'),(747,'13499002321651467345318','3330501220544',1,'2016-07-04 13:11:06'),(748,'13499002321651467345318','1349900315427',1,'2016-07-01 11:18:15'),(749,'13499002321651467345318','3330401761764',0,'0000-00-00 00:00:00'),(750,'13499002321651467345318','3341500457894',1,'2016-07-05 10:27:23'),(751,'13499002321651467345318','3341501380607',1,'2016-07-05 10:40:15'),(752,'13499002321651467345318','3341501682930',1,'2016-07-04 14:23:56'),(753,'13499002321651467345318','3340400209430',0,'0000-00-00 00:00:00'),(754,'13499002321651467345318','3349900007915',0,'0000-00-00 00:00:00'),(755,'13499002321651467345318','3341500788556',0,'0000-00-00 00:00:00'),(756,'13499002321651467345318','3341300218454',0,'0000-00-00 00:00:00'),(757,'13499002321651467345318','3349900333979',1,'2016-07-04 08:58:31'),(758,'13499002321651467345318','3340100141376',0,'0000-00-00 00:00:00'),(759,'13499002321651467345318','3349800045751',0,'0000-00-00 00:00:00'),(760,'13499002321651467345318','3341501663463',0,'0000-00-00 00:00:00'),(761,'13499002321651467345318','3349800221672',1,'2016-07-04 10:08:37'),(762,'13499002321651467345318','3341501541473',0,'0000-00-00 00:00:00'),(763,'13499002321651467345318','3349800064101',1,'2016-07-27 21:41:40'),(764,'13499002321651467345318','3349800072626',0,'0000-00-00 00:00:00'),(765,'13499002321651467345318','3330300595427',0,'0000-00-00 00:00:00'),(766,'13499002321651467599092','3340701423457',0,'0000-00-00 00:00:00'),(767,'13499002321651467599092','3349800087887',0,'0000-00-00 00:00:00'),(768,'13499002321651467599092','3341501663480',1,'2016-07-04 13:13:22'),(769,'13499002321651467599092','3330500098036',0,'0000-00-00 00:00:00'),(770,'13499002321651467599092','3349900075236',1,'2016-07-04 13:21:33'),(771,'13499002321651467599092','3330300129931',1,'2016-07-06 10:20:17'),(772,'13499002321651467599092','3341500462383',1,'2016-07-05 13:27:23'),(773,'13499002321651467599092','5341990025593',0,'0000-00-00 00:00:00'),(774,'13499002321651467599092','3300101848881',0,'0000-00-00 00:00:00'),(775,'13499002321651467599092','3330700397568',0,'0000-00-00 00:00:00'),(776,'13499002321651467599092','3330800119527',0,'0000-00-00 00:00:00'),(777,'13499002321651467599092','1341500187505',0,'0000-00-00 00:00:00'),(778,'13499002321651467599092','5341500013321',1,'2016-07-04 13:16:38'),(779,'13499002321651467599092','3349800052790',0,'0000-00-00 00:00:00'),(780,'13499002321651467599092','3341500898173',1,'2016-07-15 09:06:17'),(781,'13499002321651467599092','3349900288396',1,'2016-07-28 08:26:28'),(782,'13499002321651467599092','3330501220544',1,'2016-07-04 13:09:40'),(783,'13499002321651467599092','1349900315427',1,'2016-07-04 12:16:12'),(784,'13499002321651467599092','3330401761764',0,'0000-00-00 00:00:00'),(785,'13499002321651467599092','3341500457894',1,'2016-07-05 10:23:17'),(786,'13499002321651467599092','3341501380607',1,'2016-07-05 10:40:25'),(787,'13499002321651467599092','3341501682930',1,'2016-07-04 14:24:03'),(788,'13499002321651467599092','3340400209430',1,'2016-07-04 11:22:45'),(789,'13499002321651467599092','3349900007915',0,'0000-00-00 00:00:00'),(790,'13499002321651467599092','3341500788556',0,'0000-00-00 00:00:00'),(791,'13499002321651467599092','3341300218454',0,'0000-00-00 00:00:00'),(792,'13499002321651467599092','3349900333979',1,'2016-07-05 08:28:39'),(793,'13499002321651467599092','3340100141376',0,'0000-00-00 00:00:00'),(794,'13499002321651467599092','3349800045751',0,'0000-00-00 00:00:00'),(795,'13499002321651467599092','3341501663463',0,'0000-00-00 00:00:00'),(796,'13499002321651467599092','3349800221672',1,'2016-07-04 10:08:47'),(797,'13499002321651467599092','3341501541473',1,'2016-07-06 08:04:22'),(798,'13499002321651467599092','3349800064101',1,'2016-07-04 11:16:54'),(799,'13499002321651467599092','3349800072626',0,'0000-00-00 00:00:00'),(800,'13499002321651467599092','3330300595427',0,'0000-00-00 00:00:00'),(801,'13499002321651467601322','3340701423457',0,'0000-00-00 00:00:00'),(802,'13499002321651467601322','3349800087887',0,'0000-00-00 00:00:00'),(803,'13499002321651467601322','3341501663480',0,'0000-00-00 00:00:00'),(804,'13499002321651467601322','3330500098036',0,'0000-00-00 00:00:00'),(805,'13499002321651467601322','3349900075236',1,'2019-07-22 09:55:19'),(806,'13499002321651467601322','3330300129931',1,'2016-07-06 10:40:28'),(807,'13499002321651467601322','3341500462383',0,'0000-00-00 00:00:00'),(808,'13499002321651467601322','5341990025593',0,'0000-00-00 00:00:00'),(809,'13499002321651467601322','3300101848881',0,'0000-00-00 00:00:00'),(810,'13499002321651467601322','3330700397568',0,'0000-00-00 00:00:00'),(811,'13499002321651467601322','3330800119527',0,'0000-00-00 00:00:00'),(812,'13499002321651467601322','1341500187505',0,'0000-00-00 00:00:00'),(813,'13499002321651467601322','5341500013321',0,'0000-00-00 00:00:00'),(814,'13499002321651467601322','3349800052790',0,'0000-00-00 00:00:00'),(815,'13499002321651467601322','3341500898173',1,'2016-07-15 09:04:06'),(816,'13499002321651467601322','3349900288396',0,'0000-00-00 00:00:00'),(817,'13499002321651467601322','3330501220544',1,'2016-07-04 13:27:18'),(818,'13499002321651467601322','1349900315427',1,'2016-07-04 12:15:48'),(819,'13499002321651467601322','3330401761764',0,'0000-00-00 00:00:00'),(820,'13499002321651467601322','3341500457894',1,'2016-07-05 10:24:24'),(821,'13499002321651467601322','3341501380607',1,'2016-07-05 10:40:34'),(822,'13499002321651467601322','3341501682930',1,'2016-07-04 14:26:04'),(823,'13499002321651467601322','3340400209430',0,'0000-00-00 00:00:00'),(824,'13499002321651467601322','3349900007915',0,'0000-00-00 00:00:00'),(825,'13499002321651467601322','3341500788556',0,'0000-00-00 00:00:00'),(826,'13499002321651467601322','3341300218454',0,'0000-00-00 00:00:00'),(827,'13499002321651467601322','3349900333979',1,'2016-07-05 08:28:45'),(828,'13499002321651467601322','3340100141376',0,'0000-00-00 00:00:00'),(829,'13499002321651467601322','3349800045751',0,'0000-00-00 00:00:00'),(830,'13499002321651467601322','3341501663463',0,'0000-00-00 00:00:00'),(831,'13499002321651467601322','3349800221672',1,'2016-07-07 13:20:03'),(832,'13499002321651467601322','3341501541473',0,'0000-00-00 00:00:00'),(833,'13499002321651467601322','3349800064101',0,'0000-00-00 00:00:00'),(834,'13499002321651467601322','3349800072626',1,'2016-07-12 12:51:12'),(835,'13499002321651467601322','3330300595427',0,'0000-00-00 00:00:00'),(836,'13499002321651467603448','3340701423457',0,'0000-00-00 00:00:00'),(837,'13499002321651467603448','3349800087887',0,'0000-00-00 00:00:00'),(838,'13499002321651467603448','3341501663480',0,'0000-00-00 00:00:00'),(839,'13499002321651467603448','3330500098036',0,'0000-00-00 00:00:00'),(840,'13499002321651467603448','3349900075236',1,'2019-07-22 09:55:35'),(841,'13499002321651467603448','3330300129931',1,'2016-07-06 10:41:46'),(842,'13499002321651467603448','3341500462383',0,'0000-00-00 00:00:00'),(843,'13499002321651467603448','5341990025593',0,'0000-00-00 00:00:00'),(844,'13499002321651467603448','3300101848881',0,'0000-00-00 00:00:00'),(845,'13499002321651467603448','3330700397568',0,'0000-00-00 00:00:00'),(846,'13499002321651467603448','3330800119527',0,'0000-00-00 00:00:00'),(847,'13499002321651467603448','1341500187505',0,'0000-00-00 00:00:00'),(848,'13499002321651467603448','5341500013321',0,'0000-00-00 00:00:00'),(849,'13499002321651467603448','3349800052790',0,'0000-00-00 00:00:00'),(850,'13499002321651467603448','3341500898173',1,'2016-07-04 13:39:05'),(851,'13499002321651467603448','3349900288396',0,'0000-00-00 00:00:00'),(852,'13499002321651467603448','3330501220544',1,'2016-09-01 10:57:05'),(853,'13499002321651467603448','1349900315427',1,'2016-07-04 12:15:52'),(854,'13499002321651467603448','3330401761764',0,'0000-00-00 00:00:00'),(855,'13499002321651467603448','3341500457894',1,'2016-07-05 10:26:31'),(856,'13499002321651467603448','3341501380607',1,'2016-07-08 09:11:58'),(857,'13499002321651467603448','3341501682930',1,'2016-07-07 13:17:54'),(858,'13499002321651467603448','3340400209430',0,'0000-00-00 00:00:00'),(859,'13499002321651467603448','3349900007915',0,'0000-00-00 00:00:00'),(860,'13499002321651467603448','3341500788556',0,'0000-00-00 00:00:00'),(861,'13499002321651467603448','3341300218454',0,'0000-00-00 00:00:00'),(862,'13499002321651467603448','3349900333979',1,'2016-07-05 08:28:53'),(863,'13499002321651467603448','3340100141376',0,'0000-00-00 00:00:00'),(864,'13499002321651467603448','3349800045751',0,'0000-00-00 00:00:00'),(865,'13499002321651467603448','3341501663463',0,'0000-00-00 00:00:00'),(866,'13499002321651467603448','3349800221672',1,'2016-07-05 10:09:44'),(867,'13499002321651467603448','3341501541473',0,'0000-00-00 00:00:00'),(868,'13499002321651467603448','3349800064101',0,'0000-00-00 00:00:00'),(869,'13499002321651467603448','3349800072626',1,'2016-07-05 13:23:18'),(870,'13499002321651467603448','3330300595427',0,'0000-00-00 00:00:00'),(871,'13499002321651467603514','3340701423457',0,'0000-00-00 00:00:00'),(872,'13499002321651467603514','3349800087887',0,'0000-00-00 00:00:00'),(873,'13499002321651467603514','3341501663480',0,'0000-00-00 00:00:00'),(874,'13499002321651467603514','3330500098036',0,'0000-00-00 00:00:00'),(875,'13499002321651467603514','3349900075236',1,'2019-07-22 09:55:48'),(876,'13499002321651467603514','3330300129931',1,'2016-07-06 10:44:15'),(877,'13499002321651467603514','3341500462383',0,'0000-00-00 00:00:00'),(878,'13499002321651467603514','5341990025593',0,'0000-00-00 00:00:00'),(879,'13499002321651467603514','3300101848881',0,'0000-00-00 00:00:00'),(880,'13499002321651467603514','3330700397568',0,'0000-00-00 00:00:00'),(881,'13499002321651467603514','3330800119527',0,'0000-00-00 00:00:00'),(882,'13499002321651467603514','1341500187505',0,'0000-00-00 00:00:00'),(883,'13499002321651467603514','5341500013321',0,'0000-00-00 00:00:00'),(884,'13499002321651467603514','3349800052790',0,'0000-00-00 00:00:00'),(885,'13499002321651467603514','3341500898173',1,'2016-07-04 13:26:31'),(886,'13499002321651467603514','3349900288396',0,'0000-00-00 00:00:00'),(887,'13499002321651467603514','3330501220544',1,'2016-09-01 10:57:11'),(888,'13499002321651467603514','1349900315427',1,'2016-07-04 12:15:55'),(889,'13499002321651467603514','3330401761764',0,'0000-00-00 00:00:00'),(890,'13499002321651467603514','3341500457894',1,'2016-07-05 10:26:42'),(891,'13499002321651467603514','3341501380607',1,'2016-07-12 13:04:57'),(892,'13499002321651467603514','3341501682930',1,'2016-07-06 12:43:43'),(893,'13499002321651467603514','3340400209430',0,'0000-00-00 00:00:00'),(894,'13499002321651467603514','3349900007915',0,'0000-00-00 00:00:00'),(895,'13499002321651467603514','3341500788556',0,'0000-00-00 00:00:00'),(896,'13499002321651467603514','3341300218454',0,'0000-00-00 00:00:00'),(897,'13499002321651467603514','3349900333979',1,'2016-07-05 08:28:59'),(898,'13499002321651467603514','3340100141376',0,'0000-00-00 00:00:00'),(899,'13499002321651467603514','3349800045751',0,'0000-00-00 00:00:00'),(900,'13499002321651467603514','3341501663463',0,'0000-00-00 00:00:00'),(901,'13499002321651467603514','3349800221672',1,'2016-07-05 10:10:00'),(902,'13499002321651467603514','3341501541473',0,'0000-00-00 00:00:00'),(903,'13499002321651467603514','3349800064101',0,'0000-00-00 00:00:00'),(904,'13499002321651467603514','3349800072626',1,'2016-07-13 13:16:40'),(905,'13499002321651467603514','3330300595427',0,'0000-00-00 00:00:00'),(906,'33499002883961467613226','3349800045751',0,'0000-00-00 00:00:00'),(907,'33499002883961467613226','3340701423457',1,'2016-07-04 13:50:49'),(908,'33499002883961467613226','3341500457894',1,'2016-07-05 10:26:50'),(909,'33499002883961467613226','3341501380607',1,'2016-07-05 10:40:54'),(910,'33499002883961467613226','3341501682930',1,'2016-07-06 12:43:30'),(911,'33499002883961467613226','3340400209430',1,'2016-07-15 15:05:06'),(912,'33499002883961467613226','3349900007915',0,'0000-00-00 00:00:00'),(913,'33499002883961467613226','3341500788556',0,'0000-00-00 00:00:00'),(914,'33499002883961467613226','3341300218454',0,'0000-00-00 00:00:00'),(915,'33499002883961467613226','3349900333979',1,'2016-07-05 08:29:03'),(916,'33499002883961467613226','3349800221672',1,'2016-07-06 09:52:17'),(917,'33499002883961467613226','3341501541473',0,'0000-00-00 00:00:00'),(918,'33499002883961467613226','3349800064101',0,'0000-00-00 00:00:00'),(919,'33499002883961467613226','3349800072626',1,'2016-07-05 13:52:14'),(920,'33499002883961467613226','3330401761764',0,'0000-00-00 00:00:00'),(921,'33499002883961467613226','3330501220544',1,'2016-07-28 08:57:42'),(922,'33499002883961467613226','5341990025593',0,'0000-00-00 00:00:00'),(923,'33499002883961467613226','3349900075236',1,'2016-07-28 11:21:15'),(924,'33499002883961467613226','3330300129931',1,'2016-07-06 10:47:09'),(925,'33499002883961467613226','3341500462383',1,'2016-07-27 08:40:46'),(926,'33499002883961467613226','3341501663480',1,'2016-07-28 08:34:41'),(927,'33499002883961467613226','3300101848881',0,'0000-00-00 00:00:00'),(928,'33499002883961467613226','3330700397568',0,'0000-00-00 00:00:00'),(929,'33499002883961467613226','3330800119527',0,'0000-00-00 00:00:00'),(930,'33499002883961467613226','3349800087887',0,'0000-00-00 00:00:00'),(931,'33499002883961467613226','5341500013321',0,'0000-00-00 00:00:00'),(932,'33499002883961467613226','3349800052790',1,'2016-07-06 08:52:51'),(933,'33499002883961467613226','3341500898173',1,'2016-07-04 13:25:33'),(934,'33499002883961467613226','3349900288396',1,'2016-07-27 09:00:40'),(935,'33499002883961467613226','3330500098036',0,'0000-00-00 00:00:00'),(936,'33499002883961467613226','3341501663463',0,'0000-00-00 00:00:00'),(937,'33499002883961467613226','1349900232165',1,'2016-07-29 09:59:34'),(938,'33499002883961467613226','1349900315427',1,'2016-07-05 09:58:13'),(939,'33499002883961467613226','1341500187505',0,'0000-00-00 00:00:00'),(940,'33407014234571467617542','1349900232165',1,'2016-07-05 08:11:17'),(941,'33407014234571467701753','1349900232165',1,'2016-07-06 10:45:47'),(942,'33407014234571467702149','1349900232165',1,'2016-07-06 08:28:01'),(943,'13499002321651467777368','3340701423457',0,'0000-00-00 00:00:00'),(944,'13499002321651467777368','3349800087887',0,'0000-00-00 00:00:00'),(945,'13499002321651467777368','3341501663480',0,'0000-00-00 00:00:00'),(946,'13499002321651467777368','3330500098036',0,'0000-00-00 00:00:00'),(947,'13499002321651467777368','3349900075236',1,'2019-07-22 09:55:54'),(948,'13499002321651467777368','3330300129931',0,'0000-00-00 00:00:00'),(949,'13499002321651467777368','3341500462383',0,'0000-00-00 00:00:00'),(950,'13499002321651467777368','5341990025593',0,'0000-00-00 00:00:00'),(951,'13499002321651467777368','3300101848881',0,'0000-00-00 00:00:00'),(952,'13499002321651467777368','3330700397568',0,'0000-00-00 00:00:00'),(953,'13499002321651467777368','3330800119527',0,'0000-00-00 00:00:00'),(954,'13499002321651467777368','1341500187505',0,'0000-00-00 00:00:00'),(955,'13499002321651467777368','5341500013321',0,'0000-00-00 00:00:00'),(956,'13499002321651467777368','3349800052790',1,'2016-07-08 09:04:03'),(957,'13499002321651467777368','3341500898173',1,'2016-07-07 08:25:26'),(958,'13499002321651467777368','3349900288396',0,'0000-00-00 00:00:00'),(959,'13499002321651467777368','3330501220544',0,'0000-00-00 00:00:00'),(960,'13499002321651467777368','1349900315427',1,'2016-07-06 14:19:34'),(961,'13499002321651467777368','3330401761764',0,'0000-00-00 00:00:00'),(962,'13499002321651467777368','3341500457894',1,'2016-07-06 13:54:32'),(963,'13499002321651467777368','3341501380607',1,'2016-07-08 09:12:05'),(964,'13499002321651467777368','3341501682930',1,'2016-07-06 12:40:42'),(965,'13499002321651467777368','3340400209430',1,'2016-07-07 09:50:47'),(966,'13499002321651467777368','3349900007915',0,'0000-00-00 00:00:00'),(967,'13499002321651467777368','3341500788556',0,'0000-00-00 00:00:00'),(968,'13499002321651467777368','3341300218454',0,'0000-00-00 00:00:00'),(969,'13499002321651467777368','3349900333979',1,'2016-07-12 09:07:45'),(970,'13499002321651467777368','3340100141376',0,'0000-00-00 00:00:00'),(971,'13499002321651467777368','3349800045751',0,'0000-00-00 00:00:00'),(972,'13499002321651467777368','3341501663463',0,'0000-00-00 00:00:00'),(973,'13499002321651467777368','3349800221672',1,'2016-07-07 09:24:36'),(974,'13499002321651467777368','3341501541473',0,'0000-00-00 00:00:00'),(975,'13499002321651467777368','3349800064101',1,'2016-07-10 22:08:53'),(976,'13499002321651467777368','3349800072626',1,'2016-07-06 14:30:24'),(977,'13499002321651467777368','3330300595427',0,'0000-00-00 00:00:00'),(978,'33308001195271467854554','1349900315427',0,'0000-00-00 00:00:00'),(979,'13499003154271468289362','1349900232165',1,'2016-07-14 12:39:07'),(980,'13499002321651468380051','3340701423457',1,'2016-07-29 20:12:08'),(981,'33499002883961468662351','3349800045751',0,'0000-00-00 00:00:00'),(982,'33499002883961468662351','3340701423457',0,'0000-00-00 00:00:00'),(983,'33499002883961468662351','3341500457894',1,'2016-08-14 13:59:49'),(984,'33499002883961468662351','3341501380607',1,'2016-08-03 08:32:07'),(985,'33499002883961468662351','3341501682930',1,'2016-07-23 10:54:13'),(986,'33499002883961468662351','3340400209430',1,'2016-07-21 08:58:23'),(987,'33499002883961468662351','3349900007915',0,'0000-00-00 00:00:00'),(988,'33499002883961468662351','3341500788556',0,'0000-00-00 00:00:00'),(989,'33499002883961468662351','3341300218454',0,'0000-00-00 00:00:00'),(990,'33499002883961468662351','3349900333979',1,'2016-07-28 12:55:28'),(991,'33499002883961468662351','3349800221672',1,'2016-07-21 09:16:24'),(992,'33499002883961468662351','3341501541473',0,'0000-00-00 00:00:00'),(993,'33499002883961468662351','3349800064101',0,'0000-00-00 00:00:00'),(994,'33499002883961468662351','3349800072626',1,'2016-07-22 13:52:02'),(995,'33499002883961468662351','3330401761764',0,'0000-00-00 00:00:00'),(996,'33499002883961468662351','3330501220544',1,'2016-07-28 08:06:41'),(997,'33499002883961468662351','5341990025593',0,'0000-00-00 00:00:00'),(998,'33499002883961468662351','3349900075236',1,'2016-07-28 09:27:43'),(999,'33499002883961468662351','3330300129931',0,'0000-00-00 00:00:00'),(1000,'33499002883961468662351','3341500462383',0,'0000-00-00 00:00:00'),(1001,'33499002883961468662351','3341501663480',0,'0000-00-00 00:00:00'),(1002,'33499002883961468662351','3300101848881',0,'0000-00-00 00:00:00'),(1003,'33499002883961468662351','3330700397568',0,'0000-00-00 00:00:00'),(1004,'33499002883961468662351','3330800119527',0,'0000-00-00 00:00:00'),(1005,'33499002883961468662351','3349800087887',1,'2016-07-26 08:47:21'),(1006,'33499002883961468662351','5341500013321',1,'2016-07-27 09:17:55'),(1007,'33499002883961468662351','3349800052790',1,'2016-07-21 09:02:13'),(1008,'33499002883961468662351','3341500898173',1,'2016-07-21 20:34:52'),(1009,'33499002883961468662351','3330500098036',0,'0000-00-00 00:00:00'),(1010,'33499002883961468662351','3341501663463',0,'0000-00-00 00:00:00'),(1011,'33499002883961468662351','1349900232165',1,'2016-07-29 09:59:57'),(1012,'33499002883961468662351','1349900315427',1,'2016-07-22 13:23:40'),(1013,'33499002883961468662351','1341500187505',0,'0000-00-00 00:00:00'),(1014,'33499002883961469248512','3341501663480',0,'0000-00-00 00:00:00'),(1015,'33499002883961469248512','1349900232165',0,'0000-00-00 00:00:00'),(1016,'33499002883961469414386','3349800045751',0,'0000-00-00 00:00:00'),(1017,'33499002883961469414386','3340701423457',0,'0000-00-00 00:00:00'),(1018,'33499002883961469414386','3341500457894',0,'0000-00-00 00:00:00'),(1019,'33499002883961469414386','3341501380607',0,'0000-00-00 00:00:00'),(1020,'33499002883961469414386','3341501682930',0,'0000-00-00 00:00:00'),(1021,'33499002883961469414386','3340400209430',0,'0000-00-00 00:00:00'),(1022,'33499002883961469414386','3349900007915',0,'0000-00-00 00:00:00'),(1023,'33499002883961469414386','3341500788556',0,'0000-00-00 00:00:00'),(1024,'33499002883961469414386','3341300218454',0,'0000-00-00 00:00:00'),(1025,'33499002883961469414386','3349900333979',0,'0000-00-00 00:00:00'),(1026,'33499002883961469414386','3349800221672',0,'0000-00-00 00:00:00'),(1027,'33499002883961469414386','3341501541473',0,'0000-00-00 00:00:00'),(1028,'33499002883961469414386','3349800064101',0,'0000-00-00 00:00:00'),(1029,'33499002883961469414386','3349800072626',0,'0000-00-00 00:00:00'),(1030,'33499002883961469414386','3330401761764',0,'0000-00-00 00:00:00'),(1031,'33499002883961469414386','3330501220544',0,'0000-00-00 00:00:00'),(1032,'33499002883961469414386','5341990025593',0,'0000-00-00 00:00:00'),(1033,'33499002883961469414386','3349900075236',0,'0000-00-00 00:00:00'),(1034,'33499002883961469414386','3330300129931',0,'0000-00-00 00:00:00'),(1035,'33499002883961469414386','3341500462383',0,'0000-00-00 00:00:00'),(1036,'33499002883961469414386','3341501663480',0,'0000-00-00 00:00:00'),(1037,'33499002883961469414386','3300101848881',0,'0000-00-00 00:00:00'),(1038,'33499002883961469414386','3330700397568',0,'0000-00-00 00:00:00'),(1039,'33499002883961469414386','3330800119527',0,'0000-00-00 00:00:00'),(1040,'33499002883961469414386','3349800087887',0,'0000-00-00 00:00:00'),(1041,'33499002883961469414386','5341500013321',0,'0000-00-00 00:00:00'),(1042,'33499002883961469414386','3349800052790',0,'0000-00-00 00:00:00'),(1043,'33499002883961469414386','3341500898173',0,'0000-00-00 00:00:00'),(1044,'33499002883961469414386','3349900288396',0,'0000-00-00 00:00:00'),(1045,'33499002883961469414386','3330500098036',0,'0000-00-00 00:00:00'),(1046,'33499002883961469414386','3341501663463',0,'0000-00-00 00:00:00'),(1051,'33499002883961469414473','3349800045751',0,'0000-00-00 00:00:00'),(1048,'33499002883961469414386','1349900232165',0,'0000-00-00 00:00:00'),(1049,'33499002883961469414386','1349900315427',0,'0000-00-00 00:00:00'),(1050,'33499002883961469414386','1341500187505',0,'0000-00-00 00:00:00'),(1052,'33499002883961469414473','3340701423457',0,'0000-00-00 00:00:00'),(1053,'33499002883961469414473','3341500457894',1,'2016-08-14 13:59:43'),(1054,'33499002883961469414473','3341501380607',1,'2016-07-27 14:17:46'),(1055,'33499002883961469414473','3341501682930',1,'2016-07-27 09:12:27'),(1056,'33499002883961469414473','3340400209430',1,'2016-07-27 08:45:24'),(1057,'33499002883961469414473','3349900007915',0,'0000-00-00 00:00:00'),(1058,'33499002883961469414473','3341500788556',0,'0000-00-00 00:00:00'),(1059,'33499002883961469414473','3341300218454',0,'0000-00-00 00:00:00'),(1060,'33499002883961469414473','3349900333979',1,'2016-07-26 10:48:42'),(1061,'33499002883961469414473','3349800221672',1,'2016-07-26 08:36:23'),(1062,'33499002883961469414473','3341501541473',0,'0000-00-00 00:00:00'),(1063,'33499002883961469414473','3349800064101',0,'0000-00-00 00:00:00'),(1064,'33499002883961469414473','3349800072626',1,'2016-08-05 12:53:07'),(1065,'33499002883961469414473','3330401761764',0,'0000-00-00 00:00:00'),(1066,'33499002883961469414473','3330501220544',1,'2016-07-28 08:06:20'),(1067,'33499002883961469414473','5341990025593',0,'0000-00-00 00:00:00'),(1068,'33499002883961469414473','3349900075236',1,'2016-07-28 09:27:35'),(1069,'33499002883961469414473','3330300129931',0,'0000-00-00 00:00:00'),(1070,'33499002883961469414473','3341500462383',1,'2016-07-27 13:15:54'),(1071,'33499002883961469414473','3341501663480',1,'2016-07-28 08:34:35'),(1072,'33499002883961469414473','3300101848881',0,'0000-00-00 00:00:00'),(1073,'33499002883961469414473','3330700397568',0,'0000-00-00 00:00:00'),(1074,'33499002883961469414473','3330800119527',0,'0000-00-00 00:00:00'),(1075,'33499002883961469414473','3349800087887',1,'2016-07-26 08:46:52'),(1076,'33499002883961469414473','5341500013321',1,'2016-07-27 09:17:39'),(1077,'33499002883961469414473','3349800052790',1,'2016-07-28 08:51:38'),(1078,'33499002883961469414473','3341500898173',1,'2016-07-26 11:06:27'),(1079,'33499002883961469414473','3349900288396',1,'2016-07-27 09:00:13'),(1080,'33499002883961469414473','3330500098036',0,'0000-00-00 00:00:00'),(1081,'33499002883961469414473','3341501663463',0,'0000-00-00 00:00:00'),(1082,'33499002883961469414473','1349900232165',0,'0000-00-00 00:00:00'),(1083,'33499002883961469414473','1349900315427',1,'2016-07-26 09:21:13'),(1084,'33499002883961469414473','1341500187505',0,'0000-00-00 00:00:00'),(1085,'33415008981731469516988','3349900288396',1,'2016-07-27 08:59:26'),(1086,'13499002321651469519703','3340701423457',0,'0000-00-00 00:00:00'),(1087,'13499002321651469519703','3349800087887',0,'0000-00-00 00:00:00'),(1088,'13499002321651469519703','3341501663480',0,'0000-00-00 00:00:00'),(1089,'13499002321651469519703','3330500098036',0,'0000-00-00 00:00:00'),(1090,'13499002321651469519703','3349900075236',1,'2016-08-05 13:55:46'),(1091,'13499002321651469519703','3330300129931',0,'0000-00-00 00:00:00'),(1092,'13499002321651469519703','3341500462383',0,'0000-00-00 00:00:00'),(1093,'13499002321651469519703','5341990025593',0,'0000-00-00 00:00:00'),(1094,'13499002321651469519703','3300101848881',0,'0000-00-00 00:00:00'),(1095,'13499002321651469519703','3330700397568',0,'0000-00-00 00:00:00'),(1096,'13499002321651469519703','3330800119527',0,'0000-00-00 00:00:00'),(1097,'13499002321651469519703','1341500187505',0,'0000-00-00 00:00:00'),(1098,'13499002321651469519703','5341500013321',0,'0000-00-00 00:00:00'),(1099,'13499002321651469519703','3349800052790',0,'0000-00-00 00:00:00'),(1100,'13499002321651469519703','3341500898173',1,'2016-07-27 20:16:26'),(1101,'13499002321651469519703','3349900288396',1,'2016-07-27 08:55:50'),(1102,'13499002321651469519703','3330501220544',1,'2016-09-01 10:56:49'),(1103,'13499002321651469519703','1349900315427',1,'2016-07-28 11:27:06'),(1104,'13499002321651469519703','3330401761764',1,'2016-08-18 13:55:42'),(1105,'13499002321651469519703','3341500457894',1,'2016-08-14 13:59:54'),(1106,'13499002321651469519703','3341501380607',1,'2016-08-03 08:32:20'),(1107,'13499002321651469519703','3341501682930',1,'2016-07-28 09:23:11'),(1108,'13499002321651469519703','3340400209430',0,'0000-00-00 00:00:00'),(1109,'13499002321651469519703','3349900007915',0,'0000-00-00 00:00:00'),(1110,'13499002321651469519703','3341500788556',0,'0000-00-00 00:00:00'),(1111,'13499002321651469519703','3341300218454',0,'0000-00-00 00:00:00'),(1112,'13499002321651469519703','3349900333979',1,'2016-07-29 10:52:08'),(1113,'13499002321651469519703','3340100141376',0,'0000-00-00 00:00:00'),(1114,'13499002321651469519703','3349800045751',0,'0000-00-00 00:00:00'),(1115,'13499002321651469519703','3341501663463',0,'0000-00-00 00:00:00'),(1116,'13499002321651469519703','3349800221672',1,'2016-07-27 09:25:24'),(1117,'13499002321651469519703','3341501541473',0,'0000-00-00 00:00:00'),(1118,'13499002321651469519703','3349800064101',0,'0000-00-00 00:00:00'),(1119,'13499002321651469519703','3349800072626',1,'2016-08-05 12:53:13'),(1120,'13499002321651469519703','3330300595427',0,'0000-00-00 00:00:00'),(1121,'33499002883961469585103','3349800045751',0,'0000-00-00 00:00:00'),(1122,'33499002883961469585103','3340701423457',0,'0000-00-00 00:00:00'),(1123,'33499002883961469585103','3341500457894',1,'2016-08-14 14:04:44'),(1124,'33499002883961469585103','3341501380607',1,'2016-08-08 08:57:13'),(1125,'33499002883961469585103','3341501682930',1,'2016-07-27 09:12:57'),(1126,'33499002883961469585103','3340400209430',1,'2016-08-05 10:38:29'),(1127,'33499002883961469585103','3349900007915',0,'0000-00-00 00:00:00'),(1128,'33499002883961469585103','3341500788556',0,'0000-00-00 00:00:00'),(1129,'33499002883961469585103','3341300218454',0,'0000-00-00 00:00:00'),(1130,'33499002883961469585103','3349900333979',1,'2016-07-29 10:52:52'),(1131,'33499002883961469585103','3349800221672',1,'2016-07-27 09:25:16'),(1132,'33499002883961469585103','3341501541473',0,'0000-00-00 00:00:00'),(1133,'33499002883961469585103','3349800064101',0,'0000-00-00 00:00:00'),(1134,'33499002883961469585103','3349800072626',1,'2016-08-18 13:07:13'),(1135,'33499002883961469585103','3330401761764',0,'0000-00-00 00:00:00'),(1136,'33499002883961469585103','3330501220544',1,'2016-07-28 08:03:11'),(1137,'33499002883961469585103','3349900075236',1,'2016-07-28 09:28:09'),(1138,'33499002883961469585103','3330300129931',0,'0000-00-00 00:00:00'),(1139,'33499002883961469585103','3341500462383',1,'2016-07-27 13:16:42'),(1140,'33499002883961469585103','3341501663480',0,'0000-00-00 00:00:00'),(1141,'33499002883961469585103','3300101848881',0,'0000-00-00 00:00:00'),(1142,'33499002883961469585103','3330700397568',0,'0000-00-00 00:00:00'),(1143,'33499002883961469585103','3330800119527',0,'0000-00-00 00:00:00'),(1144,'33499002883961469585103','3349800087887',0,'0000-00-00 00:00:00'),(1145,'33499002883961469585103','5341500013321',0,'0000-00-00 00:00:00'),(1146,'33499002883961469585103','3349800052790',1,'2016-07-28 08:52:22'),(1147,'33499002883961469585103','3341500898173',1,'2016-07-27 20:18:34'),(1148,'33499002883961469585103','3349900288396',1,'2016-07-28 09:15:18'),(1149,'33499002883961469585103','3330500098036',0,'0000-00-00 00:00:00'),(1150,'33499002883961469585103','3341501663463',0,'0000-00-00 00:00:00'),(1151,'33499002883961469585103','1349900232165',0,'0000-00-00 00:00:00'),(1152,'33499002883961469585103','1349900315427',1,'2016-07-27 10:29:36'),(1153,'33499002883961469585103','1341500187505',0,'0000-00-00 00:00:00'),(1154,'13499003154271469590364','3349900288396',0,'0000-00-00 00:00:00'),(1155,'33499002883961469675145','3349800045751',0,'0000-00-00 00:00:00'),(1156,'33499002883961469675145','3340701423457',0,'0000-00-00 00:00:00'),(1157,'33499002883961469675145','3341500457894',1,'2016-08-14 14:00:09'),(1158,'33499002883961469675145','3341501380607',1,'2016-08-03 08:32:55'),(1159,'33499002883961469675145','3341501682930',1,'2016-08-14 22:24:57'),(1160,'33499002883961469675145','3340400209430',0,'0000-00-00 00:00:00'),(1161,'33499002883961469675145','3349900007915',0,'0000-00-00 00:00:00'),(1162,'33499002883961469675145','3341500788556',0,'0000-00-00 00:00:00'),(1163,'33499002883961469675145','3341300218454',0,'0000-00-00 00:00:00'),(1164,'33499002883961469675145','3349900333979',1,'2016-07-29 10:52:33'),(1165,'33499002883961469675145','3349800221672',1,'2016-07-29 09:21:32'),(1166,'33499002883961469675145','3341501541473',0,'0000-00-00 00:00:00'),(1167,'33499002883961469675145','3349800064101',0,'0000-00-00 00:00:00'),(1168,'33499002883961469675145','3349800072626',1,'2016-08-16 13:44:32'),(1169,'33499002883961469675145','3330401761764',1,'2016-08-18 13:48:26'),(1170,'33499002883961469675145','3330501220544',1,'2016-07-29 15:55:45'),(1171,'33499002883961469675145','5341990025593',0,'0000-00-00 00:00:00'),(1172,'33499002883961469675145','3349900075236',1,'2016-07-28 11:23:11'),(1173,'33499002883961469675145','3330300129931',0,'0000-00-00 00:00:00'),(1174,'33499002883961469675145','3341500462383',0,'0000-00-00 00:00:00'),(1175,'33499002883961469675145','3341501663480',0,'0000-00-00 00:00:00'),(1176,'33499002883961469675145','3300101848881',0,'0000-00-00 00:00:00'),(1177,'33499002883961469675145','3330700397568',0,'0000-00-00 00:00:00'),(1178,'33499002883961469675145','3330800119527',0,'0000-00-00 00:00:00'),(1179,'33499002883961469675145','3349800087887',0,'0000-00-00 00:00:00'),(1180,'33499002883961469675145','5341500013321',0,'0000-00-00 00:00:00'),(1181,'33499002883961469675145','3349800052790',0,'0000-00-00 00:00:00'),(1182,'33499002883961469675145','3341500898173',1,'2016-07-28 20:21:24'),(1183,'33499002883961469675145','3349900288396',0,'0000-00-00 00:00:00'),(1184,'33499002883961469675145','3330500098036',0,'0000-00-00 00:00:00'),(1185,'33499002883961469675145','3341501663463',0,'0000-00-00 00:00:00'),(1186,'33499002883961469675145','1349900232165',0,'0000-00-00 00:00:00'),(1187,'33499002883961469675145','1349900315427',1,'2016-07-28 11:27:16'),(1188,'33499002883961469675145','1341500187505',0,'0000-00-00 00:00:00'),(1189,'13499002321651470971414','3340701423457',0,'0000-00-00 00:00:00'),(1190,'13499002321651470971414','3349800087887',0,'0000-00-00 00:00:00'),(1191,'13499002321651470971414','3341501663480',0,'0000-00-00 00:00:00'),(1192,'13499002321651470971414','3330500098036',0,'0000-00-00 00:00:00'),(1193,'13499002321651470971414','3349900075236',1,'2016-08-24 10:31:55'),(1194,'13499002321651470971414','3330300129931',0,'0000-00-00 00:00:00'),(1195,'13499002321651470971414','3341500462383',1,'2016-08-16 10:26:31'),(1196,'13499002321651470971414','5341990025593',0,'0000-00-00 00:00:00'),(1197,'13499002321651470971414','3300101848881',0,'0000-00-00 00:00:00'),(1198,'13499002321651470971414','3330700397568',0,'0000-00-00 00:00:00'),(1199,'13499002321651470971414','3330800119527',0,'0000-00-00 00:00:00'),(1200,'13499002321651470971414','1341500187505',0,'0000-00-00 00:00:00'),(1201,'13499002321651470971414','5341500013321',0,'0000-00-00 00:00:00'),(1202,'13499002321651470971414','3349800052790',1,'2016-08-16 08:43:16'),(1203,'13499002321651470971414','3341500898173',0,'0000-00-00 00:00:00'),(1204,'13499002321651470971414','3349900288396',0,'0000-00-00 00:00:00'),(1205,'13499002321651470971414','3330501220544',1,'2016-08-16 13:10:12'),(1206,'13499002321651470971414','1349900315427',1,'2016-08-15 10:53:44'),(1207,'13499002321651470971414','3330401761764',1,'2016-08-18 13:48:45'),(1208,'13499002321651470971414','3341500457894',1,'2016-08-14 14:00:12'),(1209,'13499002321651470971414','3341501380607',1,'2016-08-16 10:00:55'),(1210,'13499002321651470971414','3341501682930',1,'2016-08-14 22:25:07'),(1211,'13499002321651470971414','3340400209430',0,'0000-00-00 00:00:00'),(1212,'13499002321651470971414','3349900007915',0,'0000-00-00 00:00:00'),(1213,'13499002321651470971414','3341500788556',0,'0000-00-00 00:00:00'),(1214,'13499002321651470971414','3341300218454',0,'0000-00-00 00:00:00'),(1215,'13499002321651470971414','3349900333979',1,'2016-08-14 19:51:27'),(1216,'13499002321651470971414','3340100141376',0,'0000-00-00 00:00:00'),(1217,'13499002321651470971414','3349800045751',0,'0000-00-00 00:00:00'),(1218,'13499002321651470971414','3341501663463',0,'0000-00-00 00:00:00'),(1219,'13499002321651470971414','3349800221672',1,'2016-08-16 10:07:29'),(1220,'13499002321651470971414','3341501541473',1,'2016-08-16 11:39:08'),(1221,'13499002321651470971414','3349800064101',0,'0000-00-00 00:00:00'),(1222,'13499002321651470971414','3349800072626',1,'2016-08-15 12:53:15'),(1223,'13499002321651470971414','3330300595427',0,'0000-00-00 00:00:00'),(1224,'13499002321651471412765','3341501663480',1,'2016-08-17 13:25:19'),(1225,'13499003154271471935657','1349900232165',0,'0000-00-00 00:00:00'),(1226,'13499002321651471940176','3340701423457',0,'0000-00-00 00:00:00'),(1227,'13499002321651471940176','3349800087887',1,'2016-08-25 16:11:29'),(1228,'13499002321651471940176','3341501663480',0,'0000-00-00 00:00:00'),(1229,'13499002321651471940176','3330500098036',0,'0000-00-00 00:00:00'),(1230,'13499002321651471940176','3349900075236',1,'2016-08-24 10:32:50'),(1231,'13499002321651471940176','3330300129931',0,'0000-00-00 00:00:00'),(1232,'13499002321651471940176','3341500462383',1,'2016-08-26 12:57:57'),(1233,'13499002321651471940176','5341990025593',0,'0000-00-00 00:00:00'),(1234,'13499002321651471940176','3300101848881',0,'0000-00-00 00:00:00'),(1235,'13499002321651471940176','3330700397568',0,'0000-00-00 00:00:00'),(1236,'13499002321651471940176','3330800119527',1,'2016-08-24 15:16:05'),(1237,'13499002321651471940176','1341500187505',0,'0000-00-00 00:00:00'),(1238,'13499002321651471940176','5341500013321',1,'2016-08-25 13:01:07'),(1239,'13499002321651471940176','3349800052790',0,'0000-00-00 00:00:00'),(1240,'13499002321651471940176','3341500898173',0,'0000-00-00 00:00:00'),(1241,'13499002321651471940176','3349900288396',1,'2016-08-25 13:10:31'),(1242,'13499002321651471940176','3330501220544',1,'2016-08-24 14:50:06'),(1243,'13499002321651471940176','1349900315427',1,'2016-08-23 15:56:19'),(1244,'13499002321651471940176','3330401761764',0,'0000-00-00 00:00:00'),(1245,'13499002321651471940176','3341500457894',1,'2016-08-23 17:04:32'),(1246,'13499002321651471940176','3341501380607',1,'2016-08-25 09:46:31'),(1247,'13499002321651471940176','3341501682930',1,'2016-08-25 10:19:56'),(1248,'13499002321651471940176','3340400209430',1,'2016-08-23 21:16:56'),(1249,'13499002321651471940176','3349900007915',0,'0000-00-00 00:00:00'),(1250,'13499002321651471940176','3341500788556',0,'0000-00-00 00:00:00'),(1251,'13499002321651471940176','3341300218454',0,'0000-00-00 00:00:00'),(1252,'13499002321651471940176','3349900333979',0,'0000-00-00 00:00:00'),(1253,'13499002321651471940176','3340100141376',0,'0000-00-00 00:00:00'),(1254,'13499002321651471940176','3349800045751',0,'0000-00-00 00:00:00'),(1255,'13499002321651471940176','3341501663463',0,'0000-00-00 00:00:00'),(1256,'13499002321651471940176','3349800221672',0,'0000-00-00 00:00:00'),(1257,'13499002321651471940176','3341501541473',0,'0000-00-00 00:00:00'),(1258,'13499002321651471940176','3349800064101',0,'0000-00-00 00:00:00'),(1259,'13499002321651471940176','3349800072626',0,'0000-00-00 00:00:00'),(1260,'13499002321651471940176','3330300595427',0,'0000-00-00 00:00:00'),(1261,'13499002321651471940439','3340701423457',0,'0000-00-00 00:00:00'),(1262,'13499002321651471940439','3349800087887',1,'2016-08-24 09:28:00'),(1263,'13499002321651471940439','3341501663480',0,'0000-00-00 00:00:00'),(1264,'13499002321651471940439','3330500098036',0,'0000-00-00 00:00:00'),(1265,'13499002321651471940439','3349900075236',1,'2016-08-24 10:33:19'),(1266,'13499002321651471940439','3330300129931',0,'0000-00-00 00:00:00'),(1267,'13499002321651471940439','3341500462383',0,'0000-00-00 00:00:00'),(1268,'13499002321651471940439','5341990025593',0,'0000-00-00 00:00:00'),(1269,'13499002321651471940439','3300101848881',0,'0000-00-00 00:00:00'),(1270,'13499002321651471940439','3330700397568',0,'0000-00-00 00:00:00'),(1271,'13499002321651471940439','3330800119527',1,'2016-08-24 15:18:09'),(1272,'13499002321651471940439','1341500187505',0,'0000-00-00 00:00:00'),(1273,'13499002321651471940439','5341500013321',0,'0000-00-00 00:00:00'),(1274,'13499002321651471940439','3349800052790',0,'0000-00-00 00:00:00'),(1275,'13499002321651471940439','3341500898173',0,'0000-00-00 00:00:00'),(1276,'13499002321651471940439','3349900288396',1,'2016-08-25 13:12:08'),(1277,'13499002321651471940439','3330501220544',1,'2016-08-24 14:50:16'),(1278,'13499002321651471940439','1349900315427',1,'2016-08-23 15:57:38'),(1279,'13499002321651471940439','3330401761764',0,'0000-00-00 00:00:00'),(1280,'13499002321651471940439','3341500457894',1,'2016-11-15 09:03:36'),(1281,'13499002321651471940439','3341501380607',0,'0000-00-00 00:00:00'),(1282,'13499002321651471940439','3341501682930',1,'2016-08-25 10:20:49'),(1283,'13499002321651471940439','3340400209430',1,'2016-08-23 21:22:09'),(1284,'13499002321651471940439','3349900007915',0,'0000-00-00 00:00:00'),(1285,'13499002321651471940439','3341500788556',0,'0000-00-00 00:00:00'),(1286,'13499002321651471940439','3341300218454',0,'0000-00-00 00:00:00'),(1287,'13499002321651471940439','3349900333979',0,'0000-00-00 00:00:00'),(1288,'13499002321651471940439','3340100141376',0,'0000-00-00 00:00:00'),(1289,'13499002321651471940439','3349800045751',0,'0000-00-00 00:00:00'),(1290,'13499002321651471940439','3341501663463',0,'0000-00-00 00:00:00'),(1291,'13499002321651471940439','3349800221672',0,'0000-00-00 00:00:00'),(1292,'13499002321651471940439','3341501541473',0,'0000-00-00 00:00:00'),(1293,'13499002321651471940439','3349800064101',0,'0000-00-00 00:00:00'),(1294,'13499002321651471940439','3349800072626',0,'0000-00-00 00:00:00'),(1295,'13499002321651471940439','3330300595427',0,'0000-00-00 00:00:00'),(1296,'13499002321651471940642','3340701423457',0,'0000-00-00 00:00:00'),(1297,'13499002321651471940642','3349800087887',1,'2016-08-24 09:20:36'),(1298,'13499002321651471940642','3341501663480',0,'0000-00-00 00:00:00'),(1299,'13499002321651471940642','3330500098036',0,'0000-00-00 00:00:00'),(1300,'13499002321651471940642','3349900075236',1,'2016-08-24 11:06:28'),(1301,'13499002321651471940642','3330300129931',0,'0000-00-00 00:00:00'),(1302,'13499002321651471940642','3341500462383',1,'2016-08-24 09:16:35'),(1303,'13499002321651471940642','5341990025593',0,'0000-00-00 00:00:00'),(1304,'13499002321651471940642','3300101848881',0,'0000-00-00 00:00:00'),(1305,'13499002321651471940642','3330700397568',0,'0000-00-00 00:00:00'),(1306,'13499002321651471940642','3330800119527',1,'2016-08-24 15:15:38'),(1307,'13499002321651471940642','1341500187505',1,'2017-01-23 15:13:07'),(1308,'13499002321651471940642','5341500013321',0,'0000-00-00 00:00:00'),(1309,'13499002321651471940642','3349800052790',0,'0000-00-00 00:00:00'),(1310,'13499002321651471940642','3341500898173',0,'0000-00-00 00:00:00'),(1311,'13499002321651471940642','3349900288396',1,'2016-08-25 13:09:49'),(1312,'13499002321651471940642','3330501220544',1,'2016-08-24 14:51:42'),(1313,'13499002321651471940642','1349900315427',1,'2016-08-23 15:57:03'),(1314,'13499002321651471940642','3330401761764',0,'0000-00-00 00:00:00'),(1315,'13499002321651471940642','3341500457894',1,'2016-08-23 17:04:56'),(1316,'13499002321651471940642','3341501380607',0,'0000-00-00 00:00:00'),(1317,'13499002321651471940642','3341501682930',1,'2016-08-25 10:21:01'),(1318,'13499002321651471940642','3340400209430',1,'2016-08-23 21:22:20'),(1319,'13499002321651471940642','3349900007915',0,'0000-00-00 00:00:00'),(1320,'13499002321651471940642','3341500788556',0,'0000-00-00 00:00:00'),(1321,'13499002321651471940642','3341300218454',0,'0000-00-00 00:00:00'),(1322,'13499002321651471940642','3349900333979',0,'0000-00-00 00:00:00'),(1323,'13499002321651471940642','3340100141376',0,'0000-00-00 00:00:00'),(1324,'13499002321651471940642','3349800045751',0,'0000-00-00 00:00:00'),(1325,'13499002321651471940642','3341501663463',0,'0000-00-00 00:00:00'),(1326,'13499002321651471940642','3349800221672',0,'0000-00-00 00:00:00'),(1327,'13499002321651471940642','3341501541473',0,'0000-00-00 00:00:00'),(1328,'13499002321651471940642','3349800064101',0,'0000-00-00 00:00:00'),(1329,'13499002321651471940642','3349800072626',0,'0000-00-00 00:00:00'),(1330,'13499002321651471940642','3330300595427',0,'0000-00-00 00:00:00'),(1331,'13499002321651472196012','3340701423457',0,'0000-00-00 00:00:00'),(1332,'13499002321651472196012','3349800087887',0,'0000-00-00 00:00:00'),(1333,'13499002321651472196012','3341501663480',0,'0000-00-00 00:00:00'),(1334,'13499002321651472196012','3330500098036',0,'0000-00-00 00:00:00'),(1335,'13499002321651472196012','3349900075236',1,'2016-08-29 08:38:16'),(1336,'13499002321651472196012','3330300129931',0,'0000-00-00 00:00:00'),(1337,'13499002321651472196012','3341500462383',0,'0000-00-00 00:00:00'),(1338,'13499002321651472196012','5341990025593',0,'0000-00-00 00:00:00'),(1339,'13499002321651472196012','3300101848881',0,'0000-00-00 00:00:00'),(1340,'13499002321651472196012','3330700397568',0,'0000-00-00 00:00:00'),(1341,'13499002321651472196012','3330800119527',0,'0000-00-00 00:00:00'),(1342,'13499002321651472196012','1341500187505',0,'0000-00-00 00:00:00'),(1343,'13499002321651472196012','5341500013321',0,'0000-00-00 00:00:00'),(1344,'13499002321651472196012','3349800052790',0,'0000-00-00 00:00:00'),(1345,'13499002321651472196012','3341500898173',0,'0000-00-00 00:00:00'),(1346,'13499002321651472196012','3349900288396',0,'0000-00-00 00:00:00'),(1347,'13499002321651472196012','3330501220544',0,'0000-00-00 00:00:00'),(1348,'13499002321651472196012','1349900315427',1,'2016-08-26 14:48:56'),(1349,'13499002321651472196012','3330401761764',0,'0000-00-00 00:00:00'),(1350,'13499002321651472196012','3341500457894',1,'2016-11-15 09:03:33'),(1351,'13499002321651472196012','3341501380607',0,'0000-00-00 00:00:00'),(1352,'13499002321651472196012','3341501682930',1,'2016-08-29 09:29:17'),(1353,'13499002321651472196012','3340400209430',1,'2016-08-26 14:41:22'),(1354,'13499002321651472196012','3349900007915',0,'0000-00-00 00:00:00'),(1355,'13499002321651472196012','3341500788556',0,'0000-00-00 00:00:00'),(1356,'13499002321651472196012','3341300218454',0,'0000-00-00 00:00:00'),(1357,'13499002321651472196012','3349900333979',0,'0000-00-00 00:00:00'),(1358,'13499002321651472196012','3340100141376',0,'0000-00-00 00:00:00'),(1359,'13499002321651472196012','3349800045751',0,'0000-00-00 00:00:00'),(1360,'13499002321651472196012','3341501663463',0,'0000-00-00 00:00:00'),(1361,'13499002321651472196012','3349800221672',0,'0000-00-00 00:00:00'),(1362,'13499002321651472196012','3341501541473',0,'0000-00-00 00:00:00'),(1363,'13499002321651472196012','3349800064101',0,'0000-00-00 00:00:00'),(1364,'13499002321651472196012','3349800072626',0,'0000-00-00 00:00:00'),(1365,'13499002321651472196012','3330300595427',0,'0000-00-00 00:00:00'),(1366,'13499002321651472197912','3340701423457',0,'0000-00-00 00:00:00'),(1367,'13499002321651472197912','3349800087887',0,'0000-00-00 00:00:00'),(1368,'13499002321651472197912','3341501663480',0,'0000-00-00 00:00:00'),(1369,'13499002321651472197912','3330500098036',0,'0000-00-00 00:00:00'),(1370,'13499002321651472197912','3349900075236',1,'2016-08-29 08:38:21'),(1371,'13499002321651472197912','3330300129931',0,'0000-00-00 00:00:00'),(1372,'13499002321651472197912','3341500462383',0,'0000-00-00 00:00:00'),(1373,'13499002321651472197912','5341990025593',0,'0000-00-00 00:00:00'),(1374,'13499002321651472197912','3300101848881',0,'0000-00-00 00:00:00'),(1375,'13499002321651472197912','3330700397568',0,'0000-00-00 00:00:00'),(1376,'13499002321651472197912','3330800119527',0,'0000-00-00 00:00:00'),(1377,'13499002321651472197912','1341500187505',0,'0000-00-00 00:00:00'),(1378,'13499002321651472197912','5341500013321',0,'0000-00-00 00:00:00'),(1379,'13499002321651472197912','3349800052790',0,'0000-00-00 00:00:00'),(1380,'13499002321651472197912','3341500898173',0,'0000-00-00 00:00:00'),(1381,'13499002321651472197912','3349900288396',0,'0000-00-00 00:00:00'),(1382,'13499002321651472197912','3330501220544',0,'0000-00-00 00:00:00'),(1383,'13499002321651472197912','1349900315427',1,'2016-08-26 14:58:02'),(1384,'13499002321651472197912','3330401761764',0,'0000-00-00 00:00:00'),(1385,'13499002321651472197912','3341500457894',0,'0000-00-00 00:00:00'),(1386,'13499002321651472197912','3341501380607',1,'2016-08-29 09:38:59'),(1387,'13499002321651472197912','3341501682930',1,'2016-08-29 09:29:30'),(1388,'13499002321651472197912','3340400209430',1,'2016-08-26 14:56:33'),(1389,'13499002321651472197912','3349900007915',0,'0000-00-00 00:00:00'),(1390,'13499002321651472197912','3341500788556',0,'0000-00-00 00:00:00'),(1391,'13499002321651472197912','3341300218454',0,'0000-00-00 00:00:00'),(1392,'13499002321651472197912','3349900333979',0,'0000-00-00 00:00:00'),(1393,'13499002321651472197912','3340100141376',0,'0000-00-00 00:00:00'),(1394,'13499002321651472197912','3349800045751',0,'0000-00-00 00:00:00'),(1395,'13499002321651472197912','3341501663463',0,'0000-00-00 00:00:00'),(1396,'13499002321651472197912','3349800221672',0,'0000-00-00 00:00:00'),(1397,'13499002321651472197912','3341501541473',0,'0000-00-00 00:00:00'),(1398,'13499002321651472197912','3349800064101',0,'0000-00-00 00:00:00'),(1399,'13499002321651472197912','3349800072626',0,'0000-00-00 00:00:00'),(1400,'13499002321651472197912','3330300595427',0,'0000-00-00 00:00:00'),(1401,'33499000752361473047300','1349900232165',0,'0000-00-00 00:00:00'),(1402,'13499002321651473124929','3340701423457',0,'0000-00-00 00:00:00'),(1403,'13499002321651473124929','3349800087887',0,'0000-00-00 00:00:00'),(1404,'13499002321651473124929','3341501663480',0,'0000-00-00 00:00:00'),(1405,'13499002321651473124929','3330500098036',0,'0000-00-00 00:00:00'),(1406,'13499002321651473124929','3349900075236',1,'2016-09-10 10:02:43'),(1407,'13499002321651473124929','3330300129931',0,'0000-00-00 00:00:00'),(1408,'13499002321651473124929','3341500462383',0,'0000-00-00 00:00:00'),(1409,'13499002321651473124929','5341990025593',0,'0000-00-00 00:00:00'),(1410,'13499002321651473124929','3300101848881',0,'0000-00-00 00:00:00'),(1411,'13499002321651473124929','3330700397568',0,'0000-00-00 00:00:00'),(1412,'13499002321651473124929','3330800119527',0,'0000-00-00 00:00:00'),(1413,'13499002321651473124929','1341500187505',0,'0000-00-00 00:00:00'),(1414,'13499002321651473124929','5341500013321',0,'0000-00-00 00:00:00'),(1415,'13499002321651473124929','3349800052790',0,'0000-00-00 00:00:00'),(1416,'13499002321651473124929','3341500898173',0,'0000-00-00 00:00:00'),(1417,'13499002321651473124929','3349900288396',1,'2016-09-06 10:13:19'),(1418,'13499002321651473124929','3330501220544',0,'0000-00-00 00:00:00'),(1419,'13499002321651473124929','1349900315427',1,'2016-09-06 10:07:30'),(1420,'13499002321651473124929','3330401761764',0,'0000-00-00 00:00:00'),(1421,'13499002321651473124929','3341500457894',1,'2016-11-15 09:03:28'),(1422,'13499002321651473124929','3341501380607',1,'2016-09-06 11:20:26'),(1423,'13499002321651473124929','3341501682930',1,'2016-09-06 09:59:55'),(1424,'13499002321651473124929','3340400209430',0,'0000-00-00 00:00:00'),(1425,'13499002321651473124929','3349900007915',0,'0000-00-00 00:00:00'),(1426,'13499002321651473124929','3341500788556',0,'0000-00-00 00:00:00'),(1427,'13499002321651473124929','3341300218454',0,'0000-00-00 00:00:00'),(1428,'13499002321651473124929','3349900333979',0,'0000-00-00 00:00:00'),(1429,'13499002321651473124929','3340100141376',0,'0000-00-00 00:00:00'),(1430,'13499002321651473124929','3349800045751',0,'0000-00-00 00:00:00'),(1431,'13499002321651473124929','3341501663463',0,'0000-00-00 00:00:00'),(1432,'13499002321651473124929','3349800221672',0,'0000-00-00 00:00:00'),(1433,'13499002321651473124929','3341501541473',0,'0000-00-00 00:00:00'),(1434,'13499002321651473124929','3349800064101',0,'0000-00-00 00:00:00'),(1435,'13499002321651473124929','3349800072626',0,'0000-00-00 00:00:00'),(1436,'13499002321651473124929','3330300595427',0,'0000-00-00 00:00:00'),(1437,'13499003154271473131424','3330501220544',1,'2016-09-08 08:37:43'),(1438,'33404002094301473297199','3349800221672',1,'2016-09-08 08:36:48'),(1439,'33404002094301473297199','3330501220544',1,'2016-09-08 08:38:18'),(1440,'33404002094301473297199','3330800119527',0,'0000-00-00 00:00:00'),(1441,'33404002094301473297199','5341500013321',1,'2016-09-08 08:50:44'),(1442,'33404002094301473297199','1349900315427',1,'2016-09-08 08:56:38'),(1443,'13499002321651473403662','3340701423457',0,'0000-00-00 00:00:00'),(1444,'13499002321651473403662','3349800087887',0,'0000-00-00 00:00:00'),(1445,'13499002321651473403662','3341501663480',0,'0000-00-00 00:00:00'),(1446,'13499002321651473403662','3330500098036',0,'0000-00-00 00:00:00'),(1447,'13499002321651473403662','3349900075236',1,'2016-09-10 09:57:19'),(1448,'13499002321651473403662','3330300129931',0,'0000-00-00 00:00:00'),(1449,'13499002321651473403662','3341500462383',0,'0000-00-00 00:00:00'),(1450,'13499002321651473403662','5341990025593',0,'0000-00-00 00:00:00'),(1451,'13499002321651473403662','3300101848881',0,'0000-00-00 00:00:00'),(1452,'13499002321651473403662','3330700397568',0,'0000-00-00 00:00:00'),(1453,'13499002321651473403662','3330800119527',0,'0000-00-00 00:00:00'),(1454,'13499002321651473403662','1341500187505',1,'2016-09-28 12:51:32'),(1455,'13499002321651473403662','5341500013321',0,'0000-00-00 00:00:00'),(1456,'13499002321651473403662','3349800052790',0,'0000-00-00 00:00:00'),(1457,'13499002321651473403662','3341500898173',0,'0000-00-00 00:00:00'),(1458,'13499002321651473403662','3349900288396',0,'0000-00-00 00:00:00'),(1459,'13499002321651473403662','3330501220544',0,'0000-00-00 00:00:00'),(1460,'13499002321651473403662','1349900315427',0,'0000-00-00 00:00:00'),(1461,'13499002321651473403662','3330401761764',0,'0000-00-00 00:00:00'),(1462,'13499002321651473403662','3341500457894',1,'2016-11-15 09:03:25'),(1463,'13499002321651473403662','3341501380607',0,'0000-00-00 00:00:00'),(1464,'13499002321651473403662','3341501682930',1,'2016-09-13 10:50:30'),(1465,'13499002321651473403662','3340400209430',0,'0000-00-00 00:00:00'),(1466,'13499002321651473403662','3349900007915',0,'0000-00-00 00:00:00'),(1467,'13499002321651473403662','3341500788556',0,'0000-00-00 00:00:00'),(1468,'13499002321651473403662','3341300218454',0,'0000-00-00 00:00:00'),(1469,'13499002321651473403662','3349900333979',0,'0000-00-00 00:00:00'),(1470,'13499002321651473403662','3340100141376',0,'0000-00-00 00:00:00'),(1471,'13499002321651473403662','3349800045751',0,'0000-00-00 00:00:00'),(1472,'13499002321651473403662','3341501663463',0,'0000-00-00 00:00:00'),(1473,'13499002321651473403662','3349800221672',1,'2016-09-14 08:39:15'),(1474,'13499002321651473403662','3341501541473',0,'0000-00-00 00:00:00'),(1475,'13499002321651473403662','3349800064101',0,'0000-00-00 00:00:00'),(1476,'13499002321651473403662','3349800072626',0,'0000-00-00 00:00:00'),(1477,'13499002321651473403662','3330300595427',0,'0000-00-00 00:00:00'),(1478,'13499002321651474025985','3340701423457',0,'0000-00-00 00:00:00'),(1479,'13499002321651474025985','3349800087887',1,'2016-09-19 18:57:57'),(1480,'13499002321651474025985','3341501663480',0,'0000-00-00 00:00:00'),(1481,'13499002321651474025985','3330500098036',0,'0000-00-00 00:00:00'),(1482,'13499002321651474025985','3349900075236',1,'2016-09-20 11:30:18'),(1483,'13499002321651474025985','3330300129931',0,'0000-00-00 00:00:00'),(1484,'13499002321651474025985','3341500462383',0,'0000-00-00 00:00:00'),(1485,'13499002321651474025985','5341990025593',0,'0000-00-00 00:00:00'),(1486,'13499002321651474025985','3300101848881',0,'0000-00-00 00:00:00'),(1487,'13499002321651474025985','3330700397568',0,'0000-00-00 00:00:00'),(1488,'13499002321651474025985','3330800119527',0,'0000-00-00 00:00:00'),(1489,'13499002321651474025985','1341500187505',1,'2016-09-28 12:52:37'),(1490,'13499002321651474025985','5341500013321',0,'0000-00-00 00:00:00'),(1491,'13499002321651474025985','3349800052790',1,'2016-09-19 08:34:47'),(1492,'13499002321651474025985','3341500898173',0,'0000-00-00 00:00:00'),(1493,'13499002321651474025985','3349900288396',1,'2016-09-17 17:56:59'),(1494,'13499002321651474025985','3330501220544',0,'0000-00-00 00:00:00'),(1495,'13499002321651474025985','1349900315427',1,'2016-09-21 12:24:39'),(1496,'13499002321651474025985','3330401761764',0,'0000-00-00 00:00:00'),(1497,'13499002321651474025985','3341500457894',0,'0000-00-00 00:00:00'),(1498,'13499002321651474025985','3341501380607',0,'0000-00-00 00:00:00'),(1499,'13499002321651474025985','3341501682930',1,'2016-09-18 17:54:56'),(1500,'13499002321651474025985','3340400209430',0,'0000-00-00 00:00:00'),(1501,'13499002321651474025985','3349900007915',0,'0000-00-00 00:00:00'),(1502,'13499002321651474025985','3341500788556',0,'0000-00-00 00:00:00'),(1503,'13499002321651474025985','3341300218454',0,'0000-00-00 00:00:00'),(1504,'13499002321651474025985','3349900333979',1,'2016-09-18 14:13:28'),(1505,'13499002321651474025985','3340100141376',0,'0000-00-00 00:00:00'),(1506,'13499002321651474025985','3349800045751',0,'0000-00-00 00:00:00'),(1507,'13499002321651474025985','3341501663463',0,'0000-00-00 00:00:00'),(1508,'13499002321651474025985','3349800221672',1,'2016-09-19 10:20:48'),(1509,'13499002321651474025985','3341501541473',0,'0000-00-00 00:00:00'),(1510,'13499002321651474025985','3349800064101',1,'2016-09-20 12:27:11'),(1511,'13499002321651474025985','3349800072626',1,'2016-09-19 10:30:42'),(1512,'13499002321651474025985','3330300595427',0,'0000-00-00 00:00:00'),(1513,'13499002321651474250823','3340701423457',0,'0000-00-00 00:00:00'),(1514,'13499002321651474250823','3349800087887',0,'0000-00-00 00:00:00'),(1515,'13499002321651474250823','3341501663480',0,'0000-00-00 00:00:00'),(1516,'13499002321651474250823','3330500098036',0,'0000-00-00 00:00:00'),(1517,'13499002321651474250823','3349900075236',1,'2019-07-22 09:54:39'),(1518,'13499002321651474250823','3330300129931',0,'0000-00-00 00:00:00'),(1519,'13499002321651474250823','3341500462383',1,'2016-09-19 16:04:43'),(1520,'13499002321651474250823','5341990025593',0,'0000-00-00 00:00:00'),(1521,'13499002321651474250823','3300101848881',0,'0000-00-00 00:00:00'),(1522,'13499002321651474250823','3330700397568',0,'0000-00-00 00:00:00'),(1523,'13499002321651474250823','3330800119527',1,'2016-09-28 10:20:25'),(1524,'13499002321651474250823','1341500187505',1,'2016-09-28 13:00:12'),(1525,'13499002321651474250823','5341500013321',0,'0000-00-00 00:00:00'),(1526,'13499002321651474250823','3349800052790',0,'0000-00-00 00:00:00'),(1527,'13499002321651474250823','3341500898173',0,'0000-00-00 00:00:00'),(1528,'13499002321651474250823','3349900288396',0,'0000-00-00 00:00:00'),(1529,'13499002321651474250823','3330501220544',0,'0000-00-00 00:00:00'),(1530,'13499002321651474250823','1349900315427',0,'0000-00-00 00:00:00'),(1531,'13499002321651474250823','3330401761764',0,'0000-00-00 00:00:00'),(1532,'13499002321651474250823','3341500457894',0,'0000-00-00 00:00:00'),(1533,'13499002321651474250823','3341501380607',0,'0000-00-00 00:00:00'),(1534,'13499002321651474250823','3341501682930',1,'2016-10-14 11:47:13'),(1535,'13499002321651474250823','3340400209430',0,'0000-00-00 00:00:00'),(1536,'13499002321651474250823','3349900007915',0,'0000-00-00 00:00:00'),(1537,'13499002321651474250823','3341500788556',0,'0000-00-00 00:00:00'),(1538,'13499002321651474250823','3341300218454',0,'0000-00-00 00:00:00'),(1539,'13499002321651474250823','3349900333979',1,'2016-09-20 10:50:20'),(1540,'13499002321651474250823','3340100141376',0,'0000-00-00 00:00:00'),(1541,'13499002321651474250823','3349800045751',0,'0000-00-00 00:00:00'),(1542,'13499002321651474250823','3341501663463',0,'0000-00-00 00:00:00'),(1543,'13499002321651474250823','3349800221672',1,'2016-09-19 10:20:37'),(1544,'13499002321651474250823','3341501541473',0,'0000-00-00 00:00:00'),(1545,'13499002321651474250823','3349800064101',0,'0000-00-00 00:00:00'),(1546,'13499002321651474250823','3349800072626',1,'2016-09-19 10:36:48'),(1547,'13499002321651474250823','3330300595427',0,'0000-00-00 00:00:00'),(1548,'13499002321651474276765','3340701423457',0,'0000-00-00 00:00:00'),(1549,'13499002321651474276765','3349800087887',1,'2016-09-19 19:08:09'),(1550,'13499002321651474276765','3341501663480',0,'0000-00-00 00:00:00'),(1551,'13499002321651474276765','3330500098036',0,'0000-00-00 00:00:00'),(1552,'13499002321651474276765','3349900075236',1,'2017-10-07 01:54:30'),(1553,'13499002321651474276765','3330300129931',0,'0000-00-00 00:00:00'),(1554,'13499002321651474276765','3341500462383',0,'0000-00-00 00:00:00'),(1555,'13499002321651474276765','5341990025593',0,'0000-00-00 00:00:00'),(1556,'13499002321651474276765','3300101848881',0,'0000-00-00 00:00:00'),(1557,'13499002321651474276765','3330700397568',0,'0000-00-00 00:00:00'),(1558,'13499002321651474276765','3330800119527',1,'2016-09-28 10:20:16'),(1559,'13499002321651474276765','1341500187505',0,'0000-00-00 00:00:00'),(1560,'13499002321651474276765','5341500013321',0,'0000-00-00 00:00:00'),(1561,'13499002321651474276765','3349800052790',0,'0000-00-00 00:00:00'),(1562,'13499002321651474276765','3341500898173',0,'0000-00-00 00:00:00'),(1563,'13499002321651474276765','3349900288396',0,'0000-00-00 00:00:00'),(1564,'13499002321651474276765','3330501220544',0,'0000-00-00 00:00:00'),(1565,'13499002321651474276765','1349900315427',0,'0000-00-00 00:00:00'),(1566,'13499002321651474276765','3330401761764',0,'0000-00-00 00:00:00'),(1567,'13499002321651474276765','3341500457894',1,'2016-11-03 09:16:29'),(1568,'13499002321651474276765','3341501380607',0,'0000-00-00 00:00:00'),(1569,'13499002321651474276765','3341501682930',1,'2016-10-14 11:47:18'),(1570,'13499002321651474276765','3340400209430',0,'0000-00-00 00:00:00'),(1571,'13499002321651474276765','3349900007915',0,'0000-00-00 00:00:00'),(1572,'13499002321651474276765','3341500788556',0,'0000-00-00 00:00:00'),(1573,'13499002321651474276765','3341300218454',0,'0000-00-00 00:00:00'),(1574,'13499002321651474276765','3349900333979',1,'2016-09-21 20:51:40'),(1575,'13499002321651474276765','3340100141376',0,'0000-00-00 00:00:00'),(1576,'13499002321651474276765','3349800045751',0,'0000-00-00 00:00:00'),(1577,'13499002321651474276765','3341501663463',0,'0000-00-00 00:00:00'),(1578,'13499002321651474276765','3349800221672',1,'2016-09-20 09:39:07'),(1579,'13499002321651474276765','3341501541473',0,'0000-00-00 00:00:00'),(1580,'13499002321651474276765','3349800064101',1,'2016-09-20 12:27:05'),(1581,'13499002321651474276765','3349800072626',1,'2016-09-21 13:55:12'),(1582,'13499002321651474276765','3330300595427',0,'0000-00-00 00:00:00'),(1583,'13499002321651474276974','3340701423457',0,'0000-00-00 00:00:00'),(1584,'13499002321651474276974','3349800087887',1,'2016-09-19 19:08:01'),(1585,'13499002321651474276974','3341501663480',0,'0000-00-00 00:00:00'),(1586,'13499002321651474276974','3330500098036',0,'0000-00-00 00:00:00'),(1587,'13499002321651474276974','3349900075236',1,'2017-10-07 01:52:58'),(1588,'13499002321651474276974','3330300129931',0,'0000-00-00 00:00:00'),(1589,'13499002321651474276974','3341500462383',0,'0000-00-00 00:00:00'),(1590,'13499002321651474276974','5341990025593',0,'0000-00-00 00:00:00'),(1591,'13499002321651474276974','3300101848881',0,'0000-00-00 00:00:00'),(1592,'13499002321651474276974','3330700397568',0,'0000-00-00 00:00:00'),(1593,'13499002321651474276974','3330800119527',1,'2016-09-28 10:20:01'),(1594,'13499002321651474276974','1341500187505',1,'2016-09-28 12:52:27'),(1595,'13499002321651474276974','5341500013321',0,'0000-00-00 00:00:00'),(1596,'13499002321651474276974','3349800052790',0,'0000-00-00 00:00:00'),(1597,'13499002321651474276974','3341500898173',0,'0000-00-00 00:00:00'),(1598,'13499002321651474276974','3349900288396',1,'2016-09-22 19:52:40'),(1599,'13499002321651474276974','3330501220544',0,'0000-00-00 00:00:00'),(1600,'13499002321651474276974','1349900315427',0,'0000-00-00 00:00:00'),(1601,'13499002321651474276974','3330401761764',0,'0000-00-00 00:00:00'),(1602,'13499002321651474276974','3341500457894',1,'2016-11-03 09:16:34'),(1603,'13499002321651474276974','3341501380607',0,'0000-00-00 00:00:00'),(1604,'13499002321651474276974','3341501682930',1,'2016-10-14 11:47:23'),(1605,'13499002321651474276974','3340400209430',0,'0000-00-00 00:00:00'),(1606,'13499002321651474276974','3349900007915',0,'0000-00-00 00:00:00'),(1607,'13499002321651474276974','3341500788556',0,'0000-00-00 00:00:00'),(1608,'13499002321651474276974','3341300218454',0,'0000-00-00 00:00:00'),(1609,'13499002321651474276974','3349900333979',1,'2016-09-21 20:51:48'),(1610,'13499002321651474276974','3340100141376',0,'0000-00-00 00:00:00'),(1611,'13499002321651474276974','3349800045751',0,'0000-00-00 00:00:00'),(1612,'13499002321651474276974','3341501663463',0,'0000-00-00 00:00:00'),(1613,'13499002321651474276974','3349800221672',1,'2016-09-20 09:38:14'),(1614,'13499002321651474276974','3341501541473',0,'0000-00-00 00:00:00'),(1615,'13499002321651474276974','3349800064101',1,'2016-09-20 12:26:59'),(1616,'13499002321651474276974','3349800072626',1,'2016-09-21 13:56:06'),(1617,'13499002321651474276974','3330300595427',0,'0000-00-00 00:00:00'),(1618,'33499002883961474891753','3349800045751',0,'0000-00-00 00:00:00'),(1619,'33499002883961474891753','3340701423457',0,'0000-00-00 00:00:00'),(1620,'33499002883961474891753','3341500457894',1,'2016-11-03 09:16:37'),(1621,'33499002883961474891753','3341501380607',0,'0000-00-00 00:00:00'),(1622,'33499002883961474891753','3341501682930',1,'2016-10-14 11:47:26'),(1623,'33499002883961474891753','3340400209430',1,'2016-10-03 10:25:53'),(1624,'33499002883961474891753','3349900007915',0,'0000-00-00 00:00:00'),(1625,'33499002883961474891753','3341500788556',0,'0000-00-00 00:00:00'),(1626,'33499002883961474891753','3341300218454',0,'0000-00-00 00:00:00'),(1627,'33499002883961474891753','3349900333979',1,'2016-10-13 15:59:13'),(1628,'33499002883961474891753','3349800221672',1,'2016-09-28 09:49:24'),(1629,'33499002883961474891753','3341501541473',0,'0000-00-00 00:00:00'),(1630,'33499002883961474891753','3349800064101',0,'0000-00-00 00:00:00'),(1631,'33499002883961474891753','3349800072626',1,'2016-09-27 13:21:27'),(1632,'33499002883961474891753','3330401761764',1,'2016-11-01 10:20:52'),(1633,'33499002883961474891753','3330501220544',0,'0000-00-00 00:00:00'),(1634,'33499002883961474891753','3349900075236',1,'2016-11-24 14:21:49'),(1635,'33499002883961474891753','3330300129931',0,'0000-00-00 00:00:00'),(1636,'33499002883961474891753','3341500462383',0,'0000-00-00 00:00:00'),(1637,'33499002883961474891753','3341501663480',0,'0000-00-00 00:00:00'),(1638,'33499002883961474891753','3300101848881',0,'0000-00-00 00:00:00'),(1639,'33499002883961474891753','3330700397568',0,'0000-00-00 00:00:00'),(1640,'33499002883961474891753','3330800119527',1,'2016-09-28 10:19:49'),(1641,'33499002883961474891753','3349800087887',1,'2016-10-25 15:15:30'),(1642,'33499002883961474891753','5341500013321',0,'0000-00-00 00:00:00'),(1643,'33499002883961474891753','3349800052790',1,'2016-09-27 09:00:09'),(1644,'33499002883961474891753','3341500898173',1,'2016-11-29 09:18:21'),(1645,'33499002883961474891753','3349900288396',1,'2016-09-27 09:05:40'),(1646,'33499002883961474891753','3330500098036',1,'2018-11-08 08:56:06'),(1647,'33499002883961474891753','3341501663463',0,'0000-00-00 00:00:00'),(1648,'33499002883961474891753','1341500187505',1,'2016-09-28 13:01:13'),(1649,'13499003154271476086308','1349900232165',1,'2016-10-10 15:19:00'),(1650,'13499003154271477545418','1349900232165',1,'2016-10-28 00:08:13'),(1651,'33308001195271477547990','1349900232165',1,'2016-10-28 00:09:10'),(1652,'13499003154271477793915','3330800119527',1,'2016-10-30 13:33:21'),(1653,'13499002321651479783161','3340701423457',0,'0000-00-00 00:00:00'),(1654,'13499002321651479783161','3349800087887',0,'0000-00-00 00:00:00'),(1655,'13499002321651479783161','3341501663480',0,'0000-00-00 00:00:00'),(1656,'13499002321651479783161','3330500098036',1,'2019-01-16 06:47:05'),(1657,'13499002321651479783161','3349900075236',1,'2016-11-24 14:15:01'),(1658,'13499002321651479783161','3330300129931',0,'0000-00-00 00:00:00'),(1659,'13499002321651479783161','3341500462383',1,'2016-11-29 11:25:48'),(1660,'13499002321651479783161','5341990025593',0,'0000-00-00 00:00:00'),(1661,'13499002321651479783161','3300101848881',0,'0000-00-00 00:00:00'),(1662,'13499002321651479783161','3330700397568',0,'0000-00-00 00:00:00'),(1663,'13499002321651479783161','3330800119527',0,'0000-00-00 00:00:00'),(1664,'13499002321651479783161','1341500187505',1,'2017-01-23 15:27:41'),(1665,'13499002321651479783161','5341500013321',0,'0000-00-00 00:00:00'),(1666,'13499002321651479783161','3349800052790',0,'0000-00-00 00:00:00'),(1667,'13499002321651479783161','3341500898173',0,'0000-00-00 00:00:00'),(1668,'13499002321651479783161','3349900288396',0,'0000-00-00 00:00:00'),(1669,'13499002321651479783161','3330501220544',1,'2017-01-23 10:54:05'),(1670,'13499002321651479783161','1349900315427',1,'2016-11-23 13:17:22'),(1671,'13499002321651479783161','3330401761764',0,'0000-00-00 00:00:00'),(1672,'13499002321651479783161','3341500457894',0,'0000-00-00 00:00:00'),(1673,'13499002321651479783161','3341501380607',0,'0000-00-00 00:00:00'),(1674,'13499002321651479783161','3341501682930',0,'0000-00-00 00:00:00'),(1675,'13499002321651479783161','3340400209430',1,'2016-11-22 11:32:56'),(1676,'13499002321651479783161','3349900007915',0,'0000-00-00 00:00:00'),(1677,'13499002321651479783161','3341500788556',0,'0000-00-00 00:00:00'),(1678,'13499002321651479783161','3341300218454',0,'0000-00-00 00:00:00'),(1679,'13499002321651479783161','3349900333979',1,'2021-01-29 09:14:09'),(1680,'13499002321651479783161','3340100141376',0,'0000-00-00 00:00:00'),(1681,'13499002321651479783161','3349800045751',0,'0000-00-00 00:00:00'),(1682,'13499002321651479783161','3341501663463',0,'0000-00-00 00:00:00'),(1683,'13499002321651479783161','3349800221672',0,'0000-00-00 00:00:00'),(1684,'13499002321651479783161','3341501541473',0,'0000-00-00 00:00:00'),(1685,'13499002321651479783161','3349800064101',0,'0000-00-00 00:00:00'),(1686,'13499002321651479783161','3349800072626',1,'2017-01-23 13:13:34'),(1687,'13499002321651479783161','3330300595427',0,'0000-00-00 00:00:00'),(1688,'33308001195271480044724','3330300129931',0,'0000-00-00 00:00:00'),(1689,'13499003154271480300036','3330300129931',0,'0000-00-00 00:00:00'),(1690,'13499002321651485143456','3340701423457',0,'0000-00-00 00:00:00'),(1691,'13499002321651485143456','3349800087887',0,'0000-00-00 00:00:00'),(1692,'13499002321651485143456','3341501663480',0,'0000-00-00 00:00:00'),(1693,'13499002321651485143456','3330500098036',1,'2019-07-23 11:55:10'),(1694,'13499002321651485143456','3349900075236',1,'2017-01-25 08:42:57'),(1695,'13499002321651485143456','3330300129931',1,'2020-04-16 15:33:40'),(1696,'13499002321651485143456','3341500462383',0,'0000-00-00 00:00:00'),(1697,'13499002321651485143456','5341990025593',0,'0000-00-00 00:00:00'),(1698,'13499002321651485143456','3300101848881',0,'0000-00-00 00:00:00'),(1699,'13499002321651485143456','3330700397568',0,'0000-00-00 00:00:00'),(1700,'13499002321651485143456','3330800119527',0,'0000-00-00 00:00:00'),(1701,'13499002321651485143456','1341500187505',1,'2017-01-23 15:28:45'),(1702,'13499002321651485143456','5341500013321',0,'0000-00-00 00:00:00'),(1703,'13499002321651485143456','3349800052790',0,'0000-00-00 00:00:00'),(1704,'13499002321651485143456','3341500898173',0,'0000-00-00 00:00:00'),(1705,'13499002321651485143456','3349900288396',0,'0000-00-00 00:00:00'),(1706,'13499002321651485143456','3330501220544',1,'2017-01-23 11:06:57'),(1707,'13499002321651485143456','1349900315427',1,'2017-01-23 12:21:46'),(1708,'13499002321651485143456','3330401761764',0,'0000-00-00 00:00:00'),(1709,'13499002321651485143456','3341500457894',0,'0000-00-00 00:00:00'),(1710,'13499002321651485143456','3341501380607',0,'0000-00-00 00:00:00'),(1711,'13499002321651485143456','3341501682930',0,'0000-00-00 00:00:00'),(1712,'13499002321651485143456','3340400209430',0,'0000-00-00 00:00:00'),(1713,'13499002321651485143456','3349900007915',0,'0000-00-00 00:00:00'),(1714,'13499002321651485143456','3341500788556',0,'0000-00-00 00:00:00'),(1715,'13499002321651485143456','3341300218454',0,'0000-00-00 00:00:00'),(1716,'13499002321651485143456','3349900333979',1,'2021-07-20 13:36:12'),(1717,'13499002321651485143456','3340100141376',0,'0000-00-00 00:00:00'),(1718,'13499002321651485143456','3349800045751',0,'0000-00-00 00:00:00'),(1719,'13499002321651485143456','3341501663463',0,'0000-00-00 00:00:00'),(1720,'13499002321651485143456','3349800221672',0,'0000-00-00 00:00:00'),(1721,'13499002321651485143456','3341501541473',0,'0000-00-00 00:00:00'),(1722,'13499002321651485143456','3349800064101',0,'0000-00-00 00:00:00'),(1723,'13499002321651485143456','3349800072626',0,'0000-00-00 00:00:00'),(1724,'13499002321651485143456','3330300595427',0,'0000-00-00 00:00:00'),(1725,'13499002321651485145759','3340701423457',0,'0000-00-00 00:00:00'),(1726,'13499002321651485145759','3349800087887',1,'2019-08-02 10:01:53'),(1727,'13499002321651485145759','3341501663480',0,'0000-00-00 00:00:00'),(1728,'13499002321651485145759','3330500098036',1,'2019-07-23 11:55:03'),(1729,'13499002321651485145759','3349900075236',1,'2017-02-17 15:23:07'),(1730,'13499002321651485145759','3330300129931',0,'0000-00-00 00:00:00'),(1731,'13499002321651485145759','3341500462383',0,'0000-00-00 00:00:00'),(1732,'13499002321651485145759','5341990025593',0,'0000-00-00 00:00:00'),(1733,'13499002321651485145759','3300101848881',0,'0000-00-00 00:00:00'),(1734,'13499002321651485145759','3330700397568',1,'2017-03-12 13:33:33'),(1735,'13499002321651485145759','3330800119527',0,'0000-00-00 00:00:00'),(1736,'13499002321651485145759','1341500187505',0,'0000-00-00 00:00:00'),(1737,'13499002321651485145759','5341500013321',0,'0000-00-00 00:00:00'),(1738,'13499002321651485145759','3349800052790',0,'0000-00-00 00:00:00'),(1739,'13499002321651485145759','3341500898173',0,'0000-00-00 00:00:00'),(1740,'13499002321651485145759','3349900288396',0,'0000-00-00 00:00:00'),(1741,'13499002321651485145759','3330501220544',0,'0000-00-00 00:00:00'),(1742,'13499002321651485145759','1349900315427',0,'0000-00-00 00:00:00'),(1743,'13499002321651485145759','3330401761764',0,'0000-00-00 00:00:00'),(1744,'13499002321651485145759','3341500457894',0,'0000-00-00 00:00:00'),(1745,'13499002321651485145759','3341501380607',0,'0000-00-00 00:00:00'),(1746,'13499002321651485145759','3341501682930',0,'0000-00-00 00:00:00'),(1747,'13499002321651485145759','3340400209430',0,'0000-00-00 00:00:00'),(1748,'13499002321651485145759','3349900007915',0,'0000-00-00 00:00:00'),(1749,'13499002321651485145759','3341500788556',0,'0000-00-00 00:00:00'),(1750,'13499002321651485145759','3341300218454',0,'0000-00-00 00:00:00'),(1751,'13499002321651485145759','3349900333979',1,'2021-07-20 13:36:00'),(1752,'13499002321651485145759','3340100141376',0,'0000-00-00 00:00:00'),(1753,'13499002321651485145759','3349800045751',0,'0000-00-00 00:00:00'),(1754,'13499002321651485145759','3341501663463',0,'0000-00-00 00:00:00'),(1755,'13499002321651485145759','3349800221672',1,'2017-03-09 10:25:58'),(1756,'13499002321651485145759','3341501541473',0,'0000-00-00 00:00:00'),(1757,'13499002321651485145759','3349800064101',0,'0000-00-00 00:00:00'),(1758,'13499002321651485145759','3349800072626',1,'2017-01-23 13:33:59'),(1759,'13499002321651485145759','3330300595427',0,'0000-00-00 00:00:00'),(1760,'13499002321651487230381','3340701423457',0,'0000-00-00 00:00:00'),(1761,'13499002321651487230381','3349800087887',0,'0000-00-00 00:00:00'),(1762,'13499002321651487230381','3341501663480',0,'0000-00-00 00:00:00'),(1763,'13499002321651487230381','3330500098036',1,'2019-07-23 11:55:06'),(1764,'13499002321651487230381','3349900075236',1,'2017-09-27 18:51:01'),(1765,'13499002321651487230381','3330300129931',0,'0000-00-00 00:00:00'),(1766,'13499002321651487230381','3341500462383',0,'0000-00-00 00:00:00'),(1767,'13499002321651487230381','5341990025593',0,'0000-00-00 00:00:00'),(1768,'13499002321651487230381','3300101848881',0,'0000-00-00 00:00:00'),(1769,'13499002321651487230381','3330700397568',0,'0000-00-00 00:00:00'),(1770,'13499002321651487230381','3330800119527',0,'0000-00-00 00:00:00'),(1771,'13499002321651487230381','1341500187505',0,'0000-00-00 00:00:00'),(1772,'13499002321651487230381','5341500013321',0,'0000-00-00 00:00:00'),(1773,'13499002321651487230381','3349800052790',0,'0000-00-00 00:00:00'),(1774,'13499002321651487230381','3341500898173',0,'0000-00-00 00:00:00'),(1775,'13499002321651487230381','3349900288396',0,'0000-00-00 00:00:00'),(1776,'13499002321651487230381','3330501220544',1,'2017-02-17 08:14:26'),(1777,'13499002321651487230381','1349900315427',1,'2017-02-21 16:47:00'),(1778,'13499002321651487230381','3330401761764',0,'0000-00-00 00:00:00'),(1779,'13499002321651487230381','3341500457894',0,'0000-00-00 00:00:00'),(1780,'13499002321651487230381','3341501380607',0,'0000-00-00 00:00:00'),(1781,'13499002321651487230381','3341501682930',0,'0000-00-00 00:00:00'),(1782,'13499002321651487230381','3340400209430',1,'2017-02-17 08:03:49'),(1783,'13499002321651487230381','3349900007915',0,'0000-00-00 00:00:00'),(1784,'13499002321651487230381','3341500788556',0,'0000-00-00 00:00:00'),(1785,'13499002321651487230381','3341300218454',0,'0000-00-00 00:00:00'),(1786,'13499002321651487230381','3349900333979',1,'2021-07-20 13:35:47'),(1787,'13499002321651487230381','3340100141376',0,'0000-00-00 00:00:00'),(1788,'13499002321651487230381','3349800045751',0,'0000-00-00 00:00:00'),(1789,'13499002321651487230381','3341501663463',0,'0000-00-00 00:00:00'),(1790,'13499002321651487230381','3349800221672',0,'0000-00-00 00:00:00'),(1791,'13499002321651487230381','3341501541473',0,'0000-00-00 00:00:00'),(1792,'13499002321651487230381','3349800064101',0,'0000-00-00 00:00:00'),(1793,'13499002321651487230381','3349800072626',0,'0000-00-00 00:00:00'),(1794,'13499002321651487230381','3330300595427',0,'0000-00-00 00:00:00'),(1795,'13499002321651489026562','3340701423457',0,'0000-00-00 00:00:00'),(1796,'13499002321651489026562','3349800087887',1,'2020-02-18 14:23:50'),(1797,'13499002321651489026562','3341501663480',0,'0000-00-00 00:00:00'),(1798,'13499002321651489026562','3330500098036',1,'2019-07-23 11:54:58'),(1799,'13499002321651489026562','3349900075236',1,'2011-01-09 21:40:05'),(1800,'13499002321651489026562','3330300129931',1,'2020-04-16 15:33:30'),(1801,'13499002321651489026562','3341500462383',0,'0000-00-00 00:00:00'),(1802,'13499002321651489026562','5341990025593',0,'0000-00-00 00:00:00'),(1803,'13499002321651489026562','3300101848881',0,'0000-00-00 00:00:00'),(1804,'13499002321651489026562','3330700397568',1,'2017-03-12 13:33:44'),(1805,'13499002321651489026562','3330800119527',1,'2017-03-09 15:54:10'),(1806,'13499002321651489026562','1341500187505',0,'0000-00-00 00:00:00'),(1807,'13499002321651489026562','5341500013321',1,'2018-03-13 13:09:58'),(1808,'13499002321651489026562','3349800052790',0,'0000-00-00 00:00:00'),(1809,'13499002321651489026562','3341500898173',0,'0000-00-00 00:00:00'),(1810,'13499002321651489026562','3349900288396',0,'0000-00-00 00:00:00'),(1811,'13499002321651489026562','3330501220544',0,'0000-00-00 00:00:00'),(1812,'13499002321651489026562','1349900315427',0,'0000-00-00 00:00:00'),(1813,'13499002321651489026562','3330401761764',0,'0000-00-00 00:00:00'),(1814,'13499002321651489026562','3341500457894',0,'0000-00-00 00:00:00'),(1815,'13499002321651489026562','3341501380607',0,'0000-00-00 00:00:00'),(1816,'13499002321651489026562','3341501682930',0,'0000-00-00 00:00:00'),(1817,'13499002321651489026562','3340400209430',1,'2021-03-10 10:34:37'),(1818,'13499002321651489026562','3349900007915',0,'0000-00-00 00:00:00'),(1819,'13499002321651489026562','3341500788556',0,'0000-00-00 00:00:00'),(1820,'13499002321651489026562','3341300218454',0,'0000-00-00 00:00:00'),(1821,'13499002321651489026562','3349900333979',1,'2021-07-20 13:36:16'),(1822,'13499002321651489026562','3340100141376',0,'0000-00-00 00:00:00'),(1823,'13499002321651489026562','3349800045751',0,'0000-00-00 00:00:00'),(1824,'13499002321651489026562','3341501663463',0,'0000-00-00 00:00:00'),(1825,'13499002321651489026562','3349800221672',1,'2017-03-09 10:26:19'),(1826,'13499002321651489026562','3341501541473',0,'0000-00-00 00:00:00'),(1827,'13499002321651489026562','3349800064101',0,'0000-00-00 00:00:00'),(1828,'13499002321651489026562','3349800072626',0,'0000-00-00 00:00:00'),(1829,'13499002321651489026562','3330300595427',0,'0000-00-00 00:00:00'),(1830,'33305000980361622774362','1349900232165',0,'0000-01-01 00:00:00');

--
