
--
-- Table structure for table `bookregister_cer_officer`
--

CREATE TABLE `bookregister_cer_officer` (
  `id` int(11) NOT NULL AUTO_INCREMENT,
  `person_id` varchar(13) NOT NULL,
  `p1` tinyint(4) NOT NULL,
  `officer` varchar(13) NOT NULL,
  `rec_date` date NOT NULL,
  PRIMARY KEY (`id`),
  UNIQUE KEY `person_id` (`person_id`)
) ENGINE=MyISAM DEFAULT CHARSET=utf8 COLLATE=utf8_general_ci;

--
-- Dumping data for table `bookregister_cer_officer`
--


--
-- Table structure for table `bookregister_cer_sign`
--

CREATE TABLE `bookregister_cer_sign` (
  `id` int(11) NOT NULL AUTO_INCREMENT,
  `code` varchar(13) NOT NULL,
  `name` varchar(200) NOT NULL,
  `position1` varchar(200) NOT NULL,
  `position2` varchar(200) NOT NULL,
  `sign_pic` varchar(150) NOT NULL,
  `sign_now` tinyint(4) NOT NULL DEFAULT 0,
  `officer` varchar(13) NOT NULL,
  `rec_date` date NOT NULL,
  PRIMARY KEY (`id`),
  UNIQUE KEY `code` (`code`)
) ENGINE=MyISAM DEFAULT CHARSET=utf8 COLLATE=utf8_general_ci;

--
-- Dumping data for table `bookregister_cer_sign`
--


--
-- Table structure for table `bookregister_certificate`
--

CREATE TABLE `bookregister_certificate` (
  `ms_id` int(11) NOT NULL AUTO_INCREMENT,
  `year` int(11) NOT NULL,
  `register_number` int(11) NOT NULL,
  `book_no` varchar(50) NOT NULL,
  `signdate` date NOT NULL,
  `name_cer` varchar(150) NOT NULL,
  `subject` varchar(150) NOT NULL,
  `subject2` varchar(250) NOT NULL,
  `comment` varchar(100) DEFAULT NULL,
  `sign_person` varchar(4) NOT NULL,
  `register_date` date NOT NULL,
  `officer` varchar(13) DEFAULT NULL,
  `file_name` varchar(50) DEFAULT NULL,
  `khet_print` tinyint(4) NOT NULL DEFAULT 0,
  `check_status` tinyint(4) NOT NULL DEFAULT 0,
  `quarantee` tinyint(4) NOT NULL DEFAULT 0,
  `quarantee_person` varchar(13) NOT NULL,
  `quarantee_date` date NOT NULL,
  PRIMARY KEY (`ms_id`)
) ENGINE=MyISAM DEFAULT CHARSET=utf8 COLLATE=utf8_general_ci;

--
-- Dumping data for table `bookregister_certificate`
--


--
-- Table structure for table `bookregister_command`
--

CREATE TABLE `bookregister_command` (
  `ms_id` int(11) NOT NULL AUTO_INCREMENT,
  `year` int(11) NOT NULL,
  `register_number` int(11) NOT NULL,
  `book_no` varchar(50) NOT NULL,
  `signdate` date NOT NULL,
  `subject` varchar(150) NOT NULL,
  `comment` varchar(100) DEFAULT NULL,
  `register_date` date NOT NULL,
  `officer` varchar(13) DEFAULT NULL,
  `file_name` varchar(100) DEFAULT NULL,
  `file_des` varchar(100) DEFAULT NULL,
  PRIMARY KEY (`ms_id`)
) ENGINE=MyISAM DEFAULT CHARSET=utf8 COLLATE=utf8_general_ci;

--
-- Dumping data for table `bookregister_command`
--


--
-- Table structure for table `bookregister_office_no`
--

CREATE TABLE `bookregister_office_no` (
  `id` int(11) NOT NULL AUTO_INCREMENT,
  `office_no` varchar(100) NOT NULL,
  `school_code` varchar(15) DEFAULT NULL,
  `officer` varchar(13) DEFAULT NULL,
  `rec_date` date DEFAULT NULL,
  PRIMARY KEY (`id`)
) ENGINE=MyISAM AUTO_INCREMENT=2 DEFAULT CHARSET=utf8 COLLATE=utf8_general_ci;

--
-- Dumping data for table `bookregister_office_no`
--

INSERT INTO `bookregister_office_no` VALUES (1,'ที่ ศธ04186.110/',NULL,NULL,NULL);

--
-- Table structure for table `bookregister_permission`
--

CREATE TABLE `bookregister_permission` (
  `id` int(11) NOT NULL AUTO_INCREMENT,
  `person_id` varchar(13) NOT NULL,
  `p1` tinyint(4) NOT NULL,
  `p2` tinyint(4) DEFAULT NULL,
  `school_code` varchar(15) DEFAULT NULL,
  `officer` varchar(13) NOT NULL,
  `rec_date` date NOT NULL,
  PRIMARY KEY (`id`),
  UNIQUE KEY `person_id` (`person_id`)
) ENGINE=MyISAM AUTO_INCREMENT=11 DEFAULT CHARSET=utf8 COLLATE=utf8_general_ci;

--
-- Dumping data for table `bookregister_permission`
--

INSERT INTO `bookregister_permission` VALUES (1,'3340200315546',1,NULL,NULL,'3340900219205','2014-08-27'),(10,'1341500008520',1,NULL,NULL,'1341500008520','2018-10-03'),(9,'5320200035221',1,NULL,NULL,'3340200315546','2018-10-03');

--
-- Table structure for table `bookregister_receive_filebook`
--

CREATE TABLE `bookregister_receive_filebook` (
  `id` int(11) NOT NULL AUTO_INCREMENT,
  `ref_id` varchar(50) NOT NULL,
  `file_name` varchar(100) NOT NULL,
  `file_des` varchar(100) NOT NULL,
  PRIMARY KEY (`id`)
) ENGINE=MyISAM AUTO_INCREMENT=5 DEFAULT CHARSET=utf8 COLLATE=utf8_general_ci;

--
-- Dumping data for table `bookregister_receive_filebook`
--

INSERT INTO `bookregister_receive_filebook` VALUES (1,'1536982542x25834','1536982542x25834_1.pdf','หนังสือนำส่ง'),(3,'1541554748x17958','1541554748x17958_1.pdf','นำส่ง'),(4,'1748330342x541604226','1748330342x541604226_1.pdf','นำส่ง');

--
-- Table structure for table `bookregister_send_filebook`
--

CREATE TABLE `bookregister_send_filebook` (
  `id` int(11) NOT NULL AUTO_INCREMENT,
  `ref_id` varchar(50) NOT NULL,
  `file_name` varchar(100) NOT NULL,
  `file_des` varchar(100) NOT NULL,
  PRIMARY KEY (`id`)
) ENGINE=MyISAM AUTO_INCREMENT=5 DEFAULT CHARSET=utf8 COLLATE=utf8_general_ci;

--
-- Dumping data for table `bookregister_send_filebook`
--

INSERT INTO `bookregister_send_filebook` VALUES (1,'1567584411x5367','1567584411x5367_1.pdf','นำส่ง'),(2,'1573544338x6048','1573544338x6048_1.pdf','นำส่ง'),(3,'1623127078x26590','1623127078x26590_1.docx','นำส่ง'),(4,'1647232079x27357','1647232079x27357_1.docx','นำส่ง');

--
-- Table structure for table `bookregister_year`
--

CREATE TABLE `bookregister_year` (
  `id` int(11) NOT NULL AUTO_INCREMENT,
  `year` int(11) NOT NULL,
  `year_active` tinyint(4) NOT NULL DEFAULT 0,
  `start_receive_num` int(11) NOT NULL DEFAULT 1,
  `start_send_num` int(11) NOT NULL DEFAULT 1,
  `start_command_num` int(11) NOT NULL DEFAULT 1,
  `start_cer_num` int(11) NOT NULL DEFAULT 1,
  `school_code` varchar(15) DEFAULT NULL,
  `officer` varchar(13) DEFAULT NULL,
  `rec_date` date DEFAULT NULL,
  PRIMARY KEY (`id`)
) ENGINE=MyISAM AUTO_INCREMENT=10 DEFAULT CHARSET=utf8 COLLATE=utf8_general_ci;

--
-- Dumping data for table `bookregister_year`
--

INSERT INTO `bookregister_year` VALUES (1,2561,0,373,116,1,1,NULL,NULL,NULL),(3,2562,0,1,1,1,1,NULL,NULL,NULL),(4,2563,0,1,1,1,1,NULL,NULL,NULL),(5,2564,0,1,1,1,1,NULL,NULL,NULL),(6,2565,0,1,1,1,1,NULL,NULL,NULL),(7,2566,0,1,1,1,1,NULL,NULL,NULL),(8,2567,0,1,1,1,1,NULL,NULL,NULL),(9,2568,1,1,1,1,1,NULL,NULL,NULL);

--
-- Table structure for table `budget_bud`
--

CREATE TABLE `budget_bud` (
  `id` int(11) NOT NULL AUTO_INCREMENT,
  `budget_year` int(11) NOT NULL,
  `doc` varchar(50) NOT NULL,
  `refer_wd_id` int(11) NOT NULL,
  `status` tinyint(11) DEFAULT NULL,
  `bud_type_id` int(11) DEFAULT NULL,
  `item` varchar(150) DEFAULT NULL,
  `receive_amount` double DEFAULT NULL,
  `pay_amount` double DEFAULT NULL,
  `payed_person` varchar(50) NOT NULL,
  `pay_group` int(4) DEFAULT NULL,
  `rec_date` date NOT NULL,
  `officer` varchar(13) NOT NULL,
  PRIMARY KEY (`id`)
) ENGINE=MyISAM DEFAULT CHARSET=utf8 COLLATE=utf8_general_ci;

--
-- Dumping data for table `budget_bud`
--


--
-- Table structure for table `budget_category`
--

CREATE TABLE `budget_category` (
  `id` int(11) NOT NULL AUTO_INCREMENT,
  `category_id` int(11) NOT NULL,
  `category_name` varchar(30) NOT NULL,
  PRIMARY KEY (`id`),
  UNIQUE KEY `category_id` (`category_id`)
) ENGINE=MyISAM AUTO_INCREMENT=7 DEFAULT CHARSET=utf8 COLLATE=utf8_general_ci;

--
-- Dumping data for table `budget_category`
--

INSERT INTO `budget_category` VALUES (1,1,'เงินนอกงบประมาณ'),(2,2,'เงินงบประมาณ'),(3,3,'เงินรายได้แผ่นดิน'),(6,4,'วงเงินงบประมาณที่ได้รับจัดสรร');

--
-- Table structure for table `budget_deega`
--

CREATE TABLE `budget_deega` (
  `id` int(11) NOT NULL AUTO_INCREMENT,
  `budget_year` int(11) NOT NULL,
  `deega_num` float NOT NULL DEFAULT 0,
  `doc` varchar(20) NOT NULL,
  `receive_num` char(3) NOT NULL DEFAULT '',
  `plan` char(2) NOT NULL DEFAULT '',
  `project` varchar(20) NOT NULL,
  `activity` varchar(20) NOT NULL,
  `pay_group` char(3) NOT NULL DEFAULT '',
  `item` varchar(50) NOT NULL DEFAULT '',
  `withdraw` double NOT NULL DEFAULT 0,
  `tax` double NOT NULL DEFAULT 0,
  `pay` double NOT NULL DEFAULT 0,
  `officer` varchar(13) NOT NULL,
  `rec_date` date NOT NULL,
  PRIMARY KEY (`id`)
) ENGINE=MyISAM DEFAULT CHARSET=utf8 COLLATE=utf8_general_ci;

--
-- Dumping data for table `budget_deega`
--


--
-- Table structure for table `budget_document`
--

CREATE TABLE `budget_document` (
  `id` int(11) NOT NULL AUTO_INCREMENT,
  `subject` varchar(150) NOT NULL,
  `file_name` varchar(150) NOT NULL,
  `rec_date` date NOT NULL,
  `officer` varchar(13) NOT NULL,
  PRIMARY KEY (`id`)
) ENGINE=MyISAM DEFAULT CHARSET=utf8 COLLATE=utf8_general_ci;

--
-- Dumping data for table `budget_document`
--


--
-- Table structure for table `budget_main`
--

CREATE TABLE `budget_main` (
  `id` int(11) NOT NULL AUTO_INCREMENT,
  `budget_year` int(11) NOT NULL,
  `doc` varchar(30) NOT NULL,
  `refer_wd_id` int(11) DEFAULT NULL,
  `type_id` int(11) NOT NULL,
  `item` varchar(100) NOT NULL,
  `receive_amount` double DEFAULT NULL,
  `pay_amount` double DEFAULT NULL,
  `payed_person` varchar(50) NOT NULL,
  `change_amount` double DEFAULT NULL,
  `pay_group` int(4) DEFAULT NULL,
  `status` tinyint(4) NOT NULL,
  `rec_date` date NOT NULL,
  `officer` varchar(13) DEFAULT NULL,
  PRIMARY KEY (`id`)
) ENGINE=MyISAM AUTO_INCREMENT=95 DEFAULT CHARSET=utf8 COLLATE=utf8_general_ci;

--
-- Dumping data for table `budget_main`
--

INSERT INTO `budget_main` VALUES (1,2558,'บร9 ก12786',NULL,108,'รับเงินอุดหนุนรายหัวภาคเรียนที่  1/2558',10000,NULL,'',NULL,NULL,2,'2015-06-28','3341500804365'),(2,2558,'บคที่1/2558',1,114,'เบิกเงินค่าหนังสือ',NULL,34000,'นายประกาศ   ลุนาบุตร',NULL,203,4,'2015-06-28','3341500804365'),(9,2559,'บันทึกเปิดบัญชี',NULL,109,'ยอดยกมา',58257.43,NULL,'',NULL,NULL,2,'2015-10-01','5320200035221'),(8,2559,'ยอดยกมา',NULL,108,'ค่าวัสดุรายหัวก่อนประถมศึกษา',53775.88,NULL,'',NULL,NULL,2,'2015-10-01','5320200035221'),(10,2559,'ยอดยกมา',NULL,112,'ปัจจัยพื้นฐานนักเรียนยากจนประถมศึกษา',43969,NULL,'',NULL,NULL,2,'2015-10-01','5320200035221'),(11,2559,'ยอดยกมา',NULL,101,'เงินรายได้สถานศึกษา',23237.65,NULL,'',NULL,NULL,2,'2015-10-01','5320200035221'),(12,2559,'ยอดยกมา',NULL,117,'กิจกรรมพัฒนาผู้เรียน',65023.59,NULL,'',NULL,NULL,2,'2015-10-01','5320200035221'),(13,2559,'ยอดยกมา',NULL,114,'ค่าหนังสือเรียน',0,NULL,'',NULL,NULL,2,'2015-10-01','5320200035221'),(14,2559,'ยอดยกมา',NULL,115,'ค่าอุปกรณ์การเรียน',0,NULL,'',NULL,NULL,2,'2015-10-01','5320200035221'),(15,2559,'ยอดยกมา',NULL,116,'ค่าเครื่องแบบนักเรียน',0,NULL,'',NULL,NULL,2,'2015-10-01','5320200035221'),(16,2559,'บันทึกเปิดบัญชี',NULL,118,'ยอดยกมา',235546.48,NULL,'',NULL,NULL,2,'2015-10-01','5320200035221'),(62,2559,'บันทึกเปิดบัญชี',NULL,118,'ยอดยกมา',4800,NULL,'',NULL,NULL,1,'2015-10-01','5320200035221'),(61,2559,'บท 2',NULL,121,'รับโอนจากเงินอุดหนุนอื่น',72005.75,NULL,'',NULL,NULL,2,'2016-01-01','5320200035221'),(57,2559,'บร.7/10ก30372',NULL,117,'ค่ากิจกรรมพัฒนาผู้เรียน',20040,NULL,'',NULL,NULL,2,'2015-10-26','5320200035221'),(58,2559,'บท 1',NULL,118,'ถอนเงินอาหารกลางวัน ',NULL,NULL,'',12000,NULL,7,'2015-10-05','5320200035221'),(56,2559,'บร.7/10ก30372',NULL,115,'ค่าอุปกรณ์การเรียน',14490,NULL,'',NULL,NULL,2,'2015-10-26','5320200035221'),(55,2559,'บร.7/10ก30372',NULL,109,'ค่าวัสดุรายหัวประถมศึกษา',58900,NULL,'',NULL,NULL,2,'2015-10-26','5320200035221'),(54,2559,'บร.7/10ก30372',NULL,108,'ค่าวัสดุรายหัวก่อนประถมศึกษา',20400,NULL,'',NULL,NULL,2,'2015-10-26','5320200035221'),(53,2559,'บร.6/10ก30372',NULL,101,'เงินบริจาคสนับสนุนการศึกษาจาก  นายประกาศ  ลุนาบุตร',5000,NULL,'',NULL,NULL,2,'2015-10-14','5320200035221'),(52,2559,'บร.5/10ก30372',NULL,101,'เงินบริจาคสนับสนุนการศึกษาจาก  นางโสภณา  ทาสา',1000,NULL,'',NULL,NULL,2,'2015-10-12','5320200035221'),(51,2559,'บร.4/10ก30372',NULL,101,'เงินบริจาคสนับสนุนการศึกษาจาก  นางจารียา  สุภโกศล',3000,NULL,'',NULL,NULL,2,'2015-10-12','5320200035221'),(59,2559,'บันทึกเปิดบัญชี',NULL,121,'ยอดยกมา',50.26,NULL,'',NULL,NULL,2,'2015-10-01','5320200035221'),(60,2559,'บัญชีเลขที่ 953-0-11682-9',NULL,121,'รับเงินดอกเบี้ย',0.13,NULL,'',NULL,NULL,2,'2015-12-31','5320200035221'),(49,2559,'บร.2/10ก30372',NULL,101,'เงินบริจาคสนับสนุนการศึกษาจาก  นางโอราฬ  สุวรรณกูฏ',3000,NULL,'',NULL,NULL,2,'2015-10-09','5320200035221'),(50,2559,'บร.3/10ก30372',NULL,101,'เงินบริจาคสนับสนุนการศึกษาจาก  นางบรรจง  ศิลาเกษ',2000,NULL,'',NULL,NULL,2,'2015-10-12','5320200035221'),(30,2559,'บิลเงินสด เล่มที่ 1 เลขที่ 10',0,101,'จัดซื้อหรีดงานศพ',NULL,690,'ร้านใจมั่น',NULL,203,4,'2015-10-05','5320200035221'),(31,2559,'บค.1/59',0,101,'จ้างทำมุ้งลวดห้องพยาบาล',NULL,1000,'นายใหม่  สุวรรณบูลย์',NULL,203,4,'2015-11-12','5320200035221'),(32,2559,'บร.ที่ 1500445551',0,109,'ค่าวัสดุการศึกษา',NULL,8690,'ร้านยงสงวนกรู๊ป',NULL,203,4,'2015-10-07','5320200035221'),(33,2559,'บิลเงินสด เล่มที่ 56 เลขที่ 30',0,101,'วัสดุคอมพิวเตอร์',NULL,575,'ร้านไอพีคอม',NULL,203,4,'2015-10-07','5320200035221'),(34,2559,'บร.ที่ UBKC581007-0001',0,109,'ค่าวัสดุรายหัวประถมศึกษา',NULL,2735,'บริษัทอุบลวัสดุ',NULL,203,4,'2015-10-07','5320200035221'),(35,2559,'บร.ที่ UBKC581012-0007',0,109,'จัดซื้อวัสดุตามรายการในใบเสร็จ',NULL,10992,'บริษัทอุบลวัสดุ',NULL,203,4,'2015-10-12','5320200035221'),(36,2559,'บร.ที่ 1500457900',0,101,'ค่าวัสดุรายหัวประถมศึกษา',NULL,2000,'ร้านยงสงวนกรู๊ป',NULL,203,4,'2015-11-12','5320200035221'),(37,2559,'บร.A437615810140020-A437615810',0,109,'ค่าไฟฟ้า',NULL,16486.47,'ไฟฟ้าวารินชำราบ',NULL,204,4,'2015-10-14','5320200035221'),(38,2559,'บร.ที่ 847 เลขที่ 23',0,109,'จัดซื้อวัสดุตามรายการในใบเสร็จ',NULL,1138,'ร้านลักกี้เครื่องเขียน',NULL,203,4,'2015-10-14','5320200035221'),(39,2559,'บร.ที่ 847 เลขที่ 24-25',0,109,'จัดซื้อวัสดุตามรายการในใบเสร็จ',NULL,6059,'ร้านลักกี้เครื่องเขียน',NULL,203,4,'2015-10-14','5320200035221'),(40,2559,'บร.ที่ UBBC 581030-0066',0,109,'จัดซื้อวัสดุตามรายการในใบเสร็จ',NULL,1505,'บริษัทอุบลวัสดุ',NULL,203,4,'2015-10-30','5320200035221'),(41,2559,'บค. 2/59',15,101,'ค่าจ้างทำสนาม BBL',NULL,7000,'นายจิตรกร  แก้วบัวขาว',NULL,201,3,'2015-11-12','5320200035221'),(42,2559,'บค. 3/59',16,101,'ค่าจ้างทำป้าย BBL',NULL,3000,'นางอนัญญา  สุทธสิงห์',NULL,201,3,'2015-11-12','5320200035221'),(43,2559,'บร.ที่ 1 เลขที่ 50',0,109,'ค่าอุปกรณ์การเรียน',NULL,650,'ร้านล้ำฟ้า',NULL,203,4,'2015-10-30','5320200035221'),(44,2559,'บร.ที่ 49 เลขที่ 2413',18,101,'จัดซื้อวัสดุตามรายการในใบเสร็จ',NULL,4970,'ร้าน ช.คอนสาย',NULL,203,3,'2015-11-12','5320200035221'),(45,2559,'บค. 4-11/59',19,115,'ค่าอุปกรณ์การเรียน',NULL,20360,'คณะครูจำนวน 8 คน',NULL,203,3,'2015-11-12','5320200035221'),(46,2559,'บค.1/59',20,118,'จัดซื้อวัสดุเครื่องบริโภค เพื่อประกอบอาหารกลางวัน',NULL,2400,'นางโอราฬ  สุวรรณกูฏ',NULL,203,3,'2015-12-02','5320200035221'),(47,2559,'บค.1/59',29,118,'จัดซื้อาหารเสริมให้เด็กที่มีภาวะทุพโภชนาการ',NULL,1000,'นางโอราฬ  สุวรรณกูฏ',NULL,203,3,'2015-12-02','5320200035221'),(63,2559,'บค 4/59',97,109,'จ่ายโครงการสู่ความเป็นเลิศ',NULL,575,'ร้าน IT คอมพิวเตอร์',NULL,203,4,'2015-10-07','5320200035221'),(71,2564,'พิเศษ/2564',NULL,115,'ยอดยกมา',71184.12,NULL,'',NULL,NULL,2,'2021-03-01','3349800183967'),(70,2564,'พิเศษ/2564',NULL,114,'ยอดยกมา',103103.56,NULL,'',NULL,NULL,2,'2021-03-01','3349800183967'),(69,2564,'พิเศษ/2564',NULL,118,'ยอดยกมา',242026.48,NULL,'',NULL,NULL,2,'2021-03-01','3349800183967'),(72,2564,'พิเศษ/2564',NULL,105,'ยอดยกมา',28889,NULL,'',NULL,NULL,2,'2021-03-01','3349800183967'),(73,2564,'พิเศษ/2564',NULL,109,'ยอดยกมา',196694.59,NULL,'',NULL,NULL,2,'2021-03-01','3349800183967'),(74,2564,'พิเศษ/2564',NULL,108,'ยอดยกมา',10740,NULL,'',NULL,NULL,2,'2021-03-01','3349800183967'),(75,2564,'พิเศษ/2564',NULL,107,'ยอดยกมา',27002,NULL,'',NULL,NULL,2,'2021-03-01','3349800183967'),(76,2564,'พิเศษ/2564',NULL,106,'ยอดยกมา',19570,NULL,'',NULL,NULL,2,'2021-03-01','3349800183967'),(77,2564,'พิเศษ/2564',NULL,113,'ยอดยกมา',0.06,NULL,'',NULL,NULL,2,'2021-03-01','3349800183967'),(78,2564,'พิเศษ/2564',NULL,112,'ยอดยกมา',5.75,NULL,'',NULL,NULL,2,'2021-03-01','3349800183967'),(79,2564,'พิเศษ/2564',NULL,101,'ยอดยกมา',101711.68,NULL,'',NULL,NULL,2,'2021-03-01','3349800183967'),(80,2564,'พิเศษ/2564',NULL,120,'ยอดยกมา',8.28,NULL,'',NULL,NULL,2,'2021-03-01','3349800183967'),(81,2564,'พิเศษ/2564',NULL,304,'ยอดยกมา',462.63,NULL,'',NULL,NULL,2,'2021-03-01','3349800183967'),(82,2564,'พิเศษ/2564',NULL,302,'ยอดยกมา',404.97,NULL,'',NULL,NULL,2,'2021-03-01','3349800183967');

--
-- Table structure for table `budget_money_return`
--

CREATE TABLE `budget_money_return` (
  `id` int(11) NOT NULL AUTO_INCREMENT,
  `budget_year` int(11) DEFAULT NULL,
  `document` varchar(30) NOT NULL DEFAULT '',
  `item` varchar(100) NOT NULL DEFAULT '',
  `pj_activity` varchar(20) NOT NULL DEFAULT '',
  `money` double NOT NULL DEFAULT 0,
  `pay_type` varchar(10) NOT NULL,
  `p_request` varchar(13) NOT NULL DEFAULT '',
  `officer` varchar(13) NOT NULL DEFAULT '',
  `rec_date` date NOT NULL,
  PRIMARY KEY (`id`)
) ENGINE=MyISAM DEFAULT CHARSET=utf8 COLLATE=utf8_general_ci;

--
-- Dumping data for table `budget_money_return`
--


--
-- Table structure for table `budget_pay_type`
--

CREATE TABLE `budget_pay_type` (
  `id` int(11) NOT NULL AUTO_INCREMENT,
  `pay_type_id` int(11) NOT NULL,
  `pay_group_id` tinyint(4) NOT NULL,
  `pay_type_name` varchar(30) NOT NULL,
  PRIMARY KEY (`id`),
  UNIQUE KEY `pay_type_id` (`pay_type_id`)
) ENGINE=MyISAM AUTO_INCREMENT=16 DEFAULT CHARSET=utf8 COLLATE=utf8_general_ci;

--
-- Dumping data for table `budget_pay_type`
--

INSERT INTO `budget_pay_type` VALUES (1,101,1,'เงินเดือน'),(15,102,1,'ค่าจ้างประจำ'),(3,103,1,'ค่าจ้างชั่วคราว'),(4,104,1,'ค่าตอบแทนพนักงานราชการ'),(5,201,2,'ค่าตอบแทน'),(6,202,2,'ค่าใช้สอย'),(7,203,2,'ค่าวัสดุ'),(8,204,2,'ค่าสาธารณูปโภค'),(9,301,3,'ค่าครุภัณฑ์'),(10,302,3,'ค่าที่ดินและสิ่งก่อสร้าง');

--
-- Table structure for table `budget_permission`
--

CREATE TABLE `budget_permission` (
  `id` int(11) NOT NULL AUTO_INCREMENT,
  `person_id` varchar(13) NOT NULL,
  `p1` tinyint(4) NOT NULL,
  `p2` tinyint(4) NOT NULL,
  `p3` tinyint(4) NOT NULL,
  `p4` tinyint(4) NOT NULL,
  `officer` varchar(13) NOT NULL,
  `rec_date` date NOT NULL,
  PRIMARY KEY (`id`)
) ENGINE=MyISAM AUTO_INCREMENT=12 DEFAULT CHARSET=utf8 COLLATE=utf8_general_ci;

--
-- Dumping data for table `budget_permission`
--

INSERT INTO `budget_permission` VALUES (9,'3340200315546',1,1,1,1,'3340300018845','2025-08-02'),(8,'3340300018845',1,1,1,1,'3340300018845','2025-08-02'),(10,'1349900916056',1,1,1,1,'3340300018845','2025-08-02'),(11,'1341501353611',1,1,1,1,'3340300018845','2025-08-02');

--
-- Table structure for table `budget_project`
--

CREATE TABLE `budget_project` (
  `id` int(11) NOT NULL AUTO_INCREMENT,
  `budget_year` int(11) NOT NULL,
  `code` varchar(16) NOT NULL DEFAULT '',
  `name` varchar(80) NOT NULL DEFAULT '',
  PRIMARY KEY (`id`)
) ENGINE=MyISAM DEFAULT CHARSET=utf8 COLLATE=utf8_general_ci;

--
-- Dumping data for table `budget_project`
--


--
-- Table structure for table `budget_receive`
--

CREATE TABLE `budget_receive` (
  `id` int(11) NOT NULL AUTO_INCREMENT,
  `budget_year` int(11) NOT NULL,
  `num` float NOT NULL DEFAULT 0,
  `book_number` varchar(30) NOT NULL DEFAULT '',
  `out_date` varchar(50) NOT NULL DEFAULT '',
  `book_ref` varchar(30) NOT NULL DEFAULT '',
  `plan` char(1) NOT NULL DEFAULT '',
  `project` varchar(16) NOT NULL DEFAULT '',
  `activity` varchar(50) NOT NULL DEFAULT '',
  `activity2` varchar(200) NOT NULL DEFAULT '',
  `m_source` varchar(7) NOT NULL DEFAULT '',
  `account` varchar(30) NOT NULL DEFAULT '',
  `m_pay` char(3) NOT NULL DEFAULT '',
  `item` varchar(250) NOT NULL DEFAULT '',
  `detail` varchar(250) NOT NULL DEFAULT '',
  `money` double NOT NULL DEFAULT 0,
  `rec_date` date DEFAULT NULL,
  `officer` varchar(13) NOT NULL DEFAULT '',
  PRIMARY KEY (`id`),
  UNIQUE KEY `num` (`num`)
) ENGINE=MyISAM DEFAULT CHARSET=utf8 COLLATE=utf8_general_ci;

--
-- Dumping data for table `budget_receive`
--


--
-- Table structure for table `budget_type`
--

CREATE TABLE `budget_type` (
  `id` int(11) NOT NULL AUTO_INCREMENT,
  `type_id` int(11) NOT NULL,
  `category_id` int(11) NOT NULL,
  `type_name` varchar(70) NOT NULL,
  PRIMARY KEY (`id`),
  UNIQUE KEY `type_id` (`type_id`)
) ENGINE=MyISAM AUTO_INCREMENT=55 DEFAULT CHARSET=utf8 COLLATE=utf8_general_ci;

--
-- Dumping data for table `budget_type`
--

INSERT INTO `budget_type` VALUES (2,101,1,'เงินรายได้สถานศึกษา'),(33,102,1,'เงินภาษีหัก ณ ที่จ่าย'),(4,103,1,'เงินลูกเสือ'),(34,104,1,'เงินเนตรนารี'),(54,120,1,'กสศ.'),(47,110,1,'เงินบริจาคมีวัตถุประสงค์'),(38,304,3,'ดอกเบี้ยเงินอุดหนุน'),(14,301,3,'ค่าขายของเบ็ดเตล็ด'),(36,302,3,'ดอกเบี้ยอาหารกลางวัน'),(37,303,3,'เงินเหลือจ่ายปีเก่าส่งคืน'),(23,105,1,'เงินอุดหนุนทั่วไป(ปัจจัยพื้นฐานนักเรียนยากจนประถมศึกษา)'),(25,106,1,'เรียนฟรี15ปี(ค่าหนังสือเรียน)'),(26,107,1,'เรียนฟรี15ปี(ค่าอุปกรณ์การเรียน)'),(27,108,1,'เรียนฟรี15ปี(ค่าเครื่องแบบนักเรียน)'),(28,109,1,'เรียนฟรี15ปี(ค่ากิจกรรมพัฒนาผู้เรียน)'),(51,114,1,'วัสดุรายหัวก่อนประถมศึกษา'),(52,115,1,'วัสดุรายหัวประถมศึกษา'),(53,118,1,'อาหารกลางวัน'),(48,119,1,'เงินอุดหนุนที่ได้รับจากอบต./เทศบาล'),(49,112,1,'เงินกองทุนเพื่อโครงการอาหารกลางวัน'),(50,113,1,'เงินทุนหมุนเวียนส่งเสริมผลผลิตเพื่อโครงการอาหารกลางวัน');

--
-- Table structure for table `budget_withdraw`
--

CREATE TABLE `budget_withdraw` (
  `id` int(11) NOT NULL AUTO_INCREMENT,
  `budget_year` int(11) DEFAULT NULL,
  `document` varchar(30) NOT NULL DEFAULT '',
  `item` varchar(100) NOT NULL DEFAULT '',
  `pj_activity` varchar(20) NOT NULL DEFAULT '',
  `money` double NOT NULL DEFAULT 0,
  `money_type` varchar(3) NOT NULL,
  `pay_type` varchar(10) NOT NULL,
  `p_request` varchar(50) NOT NULL,
  `status` tinyint(4) DEFAULT 0,
  `officer` varchar(13) NOT NULL DEFAULT '',
  `rec_date` date NOT NULL,
  `borrowed_rec_date` date NOT NULL,
  `withdraw_rec_date` date NOT NULL,
  PRIMARY KEY (`id`)
) ENGINE=MyISAM AUTO_INCREMENT=107 DEFAULT CHARSET=utf8 COLLATE=utf8_general_ci;

--
-- Dumping data for table `budget_withdraw`
--

INSERT INTO `budget_withdraw` VALUES (1,2558,'บท.ที่1/2558','รับเงินอุดหนุนรายหัวภาคเรียนที่  1/2558','007001',32400,'','203','นายประกาศ    บุตรนาบุตร',1,'3341500804365','2015-06-28','0000-00-00','2015-06-28'),(85,2559,'บร.เลขที่ 42 เล่มที่ 1 ','จัดซื้อวัสดุเครื่องครัว','045001',3744,'','203','นางบรรจง  ศิลาเกษ',1,'5320200035221','2015-10-01','0000-00-00','2015-10-01'),(86,2559,'บค.2/59','จัดซื้อวัสดุเครื่องบริโภค เพื่อประกอบอาหารกลางวัน','046001',2400,'','203','นางบรรจง  ศิลาเกษ',1,'5320200035221','2015-10-02','0000-00-00','2015-10-02'),(87,2559,'บค.2/59','จัดซื้อาหารเสริมให้เด็กที่มีภาวะทุพโภชนาการ','046001',100,'','203','นางบรรจง  ศิลาเกษ',1,'5320200035221','2015-10-02','0000-00-00','2015-10-02'),(88,2559,'บค.3/59','จัดซื้อวัสดุเครื่องบริโภค เพื่อประกอบอาหารกลางวัน','046001',2400,'','203','นางบรรจง  ศิลาเกษ',1,'5320200035221','2015-10-05','0000-00-00','2015-10-05'),(89,2559,'บค.3/59','จัดซื้อาหารเสริมให้เด็กที่มีภาวะทุพโภชนาการ','046001',100,'','203','นางบรรจง  ศิลาเกษ',1,'5320200035221','2015-10-05','0000-00-00','2015-10-05'),(90,2559,'บค.1/59','จัดซื้อหรีดงานศพ','042008',690,'','203','นางสมศรี  ลาธุลี',1,'5320200035221','2015-10-05','0000-00-00','2015-10-05'),(91,2559,'บค.2/59','จ้างทำมุ้งลวดห้องพยาบาล','044002',1000,'','201','นางบรรจง  ศิลาเกษ',1,'5320200035221','2015-10-05','0000-00-00','2015-10-05'),(92,2559,'บค.4/59','จัดซื้อวัสดุเครื่องบริโภค เพื่อประกอบอาหารกลางวัน','046001',2400,'','203','นางบรรจง  ศิลาเกษ',1,'5320200035221','2015-10-06','0000-00-00','2015-10-06'),(93,2559,'บค.4/59','จัดซื้อาหารเสริมให้เด็กที่มีภาวะทุพโภชนาการ','046001',100,'','203','นางบรรจง  ศิลาเกษ',1,'5320200035221','2015-10-06','0000-00-00','2015-10-06'),(94,2559,'บค.5/59','จัดซื้อวัสดุเครื่องบริโภค เพื่อประกอบอาหารกลางวัน','046001',2400,'','203','นางบรรจง  ศิลาเกษ',1,'5320200035221','2015-10-07','0000-00-00','2015-10-07'),(95,2559,'บค.5/59','จัดซื้อาหารเสริมให้เด็กที่มีภาวะทุพโภชนาการ','046001',100,'','203','นางบรรจง  ศิลาเกษ',1,'5320200035221','2015-10-07','0000-00-00','2015-10-07'),(96,2559,'บค.3/59','จัดซื้อวัสดุการศึกษา','013001',8690,'','203','นางบังอร  กองแก้ว',1,'5320200035221','2015-12-03','0000-00-00','2015-12-03'),(97,2559,'บค.4/59','ซื้ออุปกรณ์คอมพิวเตอร์','013001',575,'','203','นายพรศักดิ์  สุขสิงห์',1,'5320200035221','2015-10-07','0000-00-00','2015-10-07'),(98,2559,'บค.5/59','จัดซื้อวัสดุตามรายการในใบเสร็จ','013002',2735,'','203','นางณัฏฐ์ธยาน์  แก้วบัวขาว',1,'5320200035221','2015-10-07','0000-00-00','2015-10-07'),(99,2559,'บค.6/59','จัดซื้อวัสดุเครื่องบริโภค เพื่อประกอบอาหารกลางวัน','046001',2400,'','203','นางบรรจง  ศิลาเกษ',1,'5320200035221','2015-10-08','0000-00-00','2015-10-08'),(100,2559,'บค.6/59','จัดซื้อาหารเสริมให้เด็กที่มีภาวะทุพโภชนาการ','046001',100,'','203','นางบรรจง  ศิลาเกษ',1,'5320200035221','2015-10-08','0000-00-00','2015-10-08'),(101,2559,'บค.7/59','จัดซื้อวัสดุเครื่องบริโภค เพื่อประกอบอาหารกลางวัน','046001',2400,'','203','นางบรรจง  ศิลาเกษ',1,'5320200035221','2015-10-09','0000-00-00','2015-10-09'),(102,2559,'บค.7/59','จัดซื้อาหารเสริมให้เด็กที่มีภาวะทุพโภชนาการ','046001',100,'','203','นางบรรจง  ศิลาเกษ',1,'5320200035221','2015-10-09','0000-00-00','2015-10-09'),(82,2559,'บค1/59','จัดซื้อวัสดุเครื่องบริโภค เพื่อประกอบอาหารกลางวัน','046001',2400,'','203','นางบรรจง  ศิลาเกษ',1,'5320200035221','2015-10-01','0000-00-00','2015-10-01'),(83,2559,'บค.1/59','จัดซื้อาหารเสริมให้เด็กที่มีภาวะทุพโภชนาการ','046001',100,'','203','นางบรรจง  ศิลาเกษ',1,'5320200035221','2015-10-01','0000-00-00','2015-10-01'),(84,2559,'บร.IN_POS1500435455','จัดซื้อวัสดุเครื่องครัว','045001',21256,'','203','นางบรรจง  ศิลาเกษ',1,'5320200035221','2015-10-01','0000-00-00','2015-10-01');

--
-- Table structure for table `budget_year`
--

CREATE TABLE `budget_year` (
  `id` int(11) NOT NULL AUTO_INCREMENT,
  `budget_year` int(11) NOT NULL,
  `year_active` tinyint(1) NOT NULL,
  PRIMARY KEY (`id`),
  UNIQUE KEY `budget_year` (`budget_year`)
) ENGINE=MyISAM AUTO_INCREMENT=7 DEFAULT CHARSET=utf8 COLLATE=utf8_general_ci;

--
-- Dumping data for table `budget_year`
--

INSERT INTO `budget_year` VALUES (3,2559,0),(2,2558,0),(4,2562,0),(5,2563,0),(6,2564,1);

--
-- Table structure for table `cabinet_cabinet`
--

CREATE TABLE `cabinet_cabinet` (
  `id` int(11) NOT NULL AUTO_INCREMENT,
  `cabinet_id` int(11) NOT NULL,
  `cabinet_type` tinyint(4) NOT NULL,
  `cabinet_name` varchar(100) NOT NULL,
  `cabinet_size` double NOT NULL,
  `tray_size` double NOT NULL,
  `cabinet_person` varchar(13) NOT NULL,
  PRIMARY KEY (`id`),
  UNIQUE KEY `cabinet_id` (`cabinet_id`)
) ENGINE=MyISAM DEFAULT CHARSET=utf8 COLLATE=utf8_general_ci;

--
-- Dumping data for table `cabinet_cabinet`
--


--
-- Table structure for table `cabinet_file`
--

CREATE TABLE `cabinet_file` (
  `id` int(11) NOT NULL AUTO_INCREMENT,
  `file_id` int(11) NOT NULL,
  `tray_id` bigint(11) NOT NULL,
  `cabinet_id` int(11) NOT NULL,
  `file_name` varchar(100) NOT NULL,
  PRIMARY KEY (`id`)
) ENGINE=MyISAM DEFAULT CHARSET=utf8 COLLATE=utf8_general_ci;

--
-- Dumping data for table `cabinet_file`
--


--
-- Table structure for table `cabinet_main`
--

CREATE TABLE `cabinet_main` (
  `id` int(11) NOT NULL AUTO_INCREMENT,
  `file_id` int(11) NOT NULL,
  `tray_id` bigint(11) NOT NULL,
  `cabinet_id` int(11) NOT NULL,
  `cabinet_type` tinyint(4) NOT NULL,
  `doc_subject` varchar(150) NOT NULL,
  `doc_size` double NOT NULL,
  `doc_name` varchar(100) NOT NULL,
  `doc_type` varchar(10) NOT NULL,
  `status` tinyint(4) NOT NULL DEFAULT 0,
  `person_id` varchar(13) NOT NULL,
  `rec_date` datetime NOT NULL,
  PRIMARY KEY (`id`)
) ENGINE=MyISAM DEFAULT CHARSET=utf8 COLLATE=utf8_general_ci;

--
-- Dumping data for table `cabinet_main`
--


--
-- Table structure for table `cabinet_permission`
--

CREATE TABLE `cabinet_permission` (
  `id` int(11) NOT NULL AUTO_INCREMENT,
  `person_id` varchar(13) NOT NULL,
  `p1` tinyint(4) DEFAULT NULL,
  `officer` varchar(13) NOT NULL,
  `rec_date` date NOT NULL,
  PRIMARY KEY (`id`),
  UNIQUE KEY `person_id` (`person_id`)
) ENGINE=MyISAM AUTO_INCREMENT=4 DEFAULT CHARSET=utf8 COLLATE=utf8_general_ci;

--
-- Dumping data for table `cabinet_permission`
--

INSERT INTO `cabinet_permission` VALUES (1,'1330300033562',1,'3340900219205','2014-08-27'),(2,'3340200315546',1,'3340900219205','2014-08-27'),(3,'3340900219205',1,'3340900219205','2014-08-27');

--
-- Table structure for table `cabinet_tray`
--

CREATE TABLE `cabinet_tray` (
  `id` int(11) NOT NULL AUTO_INCREMENT,
  `tray_id` bigint(20) NOT NULL,
  `cabinet_id` int(11) NOT NULL,
  `tray_name` varchar(100) NOT NULL,
  PRIMARY KEY (`id`)
) ENGINE=MyISAM DEFAULT CHARSET=utf8 COLLATE=utf8_general_ci;

--
-- Dumping data for table `cabinet_tray`
--


--
-- Table structure for table `delegate_main`
--

CREATE TABLE `delegate_main` (
  `id` int(11) NOT NULL AUTO_INCREMENT,
  `person_id` varchar(13) NOT NULL,
  `start` date NOT NULL,
  `finish` date NOT NULL,
  `remark` varchar(250) NOT NULL,
  `officer` varchar(13) NOT NULL,
  `rec_date` date NOT NULL,
  PRIMARY KEY (`id`)
) ENGINE=MyISAM AUTO_INCREMENT=2 DEFAULT CHARSET=utf8 COLLATE=utf8_general_ci;

--
-- Dumping data for table `delegate_main`
--

INSERT INTO `delegate_main` VALUES (1,'3341500899854','2020-10-01','2020-12-10','ผู้อำนวยการเกษียณอายุราชการ','1341500008520','2021-03-04');

--
-- Table structure for table `delegate_permission`
--

CREATE TABLE `delegate_permission` (
  `id` int(11) NOT NULL AUTO_INCREMENT,
  `person_id` varchar(13) NOT NULL,
  `p1` tinyint(4) NOT NULL,
  `officer` varchar(13) NOT NULL,
  `rec_date` date NOT NULL,
  PRIMARY KEY (`id`)
) ENGINE=MyISAM AUTO_INCREMENT=7 DEFAULT CHARSET=utf8 COLLATE=utf8_general_ci;

--
-- Dumping data for table `delegate_permission`
--

INSERT INTO `delegate_permission` VALUES (5,'3340300018845',1,'3340300018845','2023-01-12'),(2,'1341500008520',1,'5320200035221','2018-11-06'),(6,'3341500899854',1,'3340300018845','2023-10-05');

--
-- Table structure for table `health_age_height`
--

CREATE TABLE `health_age_height` (
  `id` int(11) NOT NULL AUTO_INCREMENT,
  `type` tinyint(4) NOT NULL DEFAULT 1,
  `sex` tinyint(4) NOT NULL DEFAULT 2,
  `age` double NOT NULL,
  `height_1` double NOT NULL,
  `height_2` double NOT NULL,
  `height_3` double NOT NULL,
  `height_4` double NOT NULL,
  PRIMARY KEY (`id`)
) ENGINE=MyISAM AUTO_INCREMENT=63 DEFAULT CHARSET=utf8 COLLATE=utf8_general_ci;

--
-- Dumping data for table `health_age_height`
--

INSERT INTO `health_age_height` VALUES (1,0,1,1,70,71.5,80,81),(2,0,1,1.25,72.5,73.5,83.5,85),(3,0,1,1.5,75,77,86.5,88),(4,0,1,1.75,77.5,79.5,89.5,91),(5,0,1,2,80,81.5,92,93.5),(6,0,1,2.25,82,84,94,96),(7,0,1,2.5,83.5,84.5,96.5,98),(8,0,1,2.75,85.5,87.5,98.5,100),(9,0,1,3,87,89.5,100.5,102),(10,0,1,3.25,89,91,102.5,104),(11,0,1,3.5,90.5,93,104.5,106),(12,0,1,3.75,92,94.5,106.5,108),(13,0,1,4,93.5,96,108,110),(14,0,1,4.25,95,96.5,110,112),(15,0,1,4.5,97,99,112,113.5),(16,0,1,4.75,98.5,100.5,113.5,115),(17,0,1,5,100,102,115,117.7),(18,0,2,1,67,69,79,80.5),(19,0,2,1.25,70,72,82.5,84.5),(20,0,2,1.5,73,74.5,85,87.5),(21,0,2,1.75,75.5,77,88,89.5),(22,0,2,2,78,79.5,90.5,92),(23,0,2,2.25,80,82,92.5,94.5),(24,0,2,2.5,82,84,95,96.5),(25,0,2,2.75,84,86,97,98.5),(26,0,2,3,85.5,88,99,100.5),(27,0,2,3.25,87.5,89.5,100.5,102.5),(28,0,2,3.5,89,91.5,102.5,104.5),(29,0,2,3.75,90.5,93,104.5,106),(30,0,2,4,92.5,94.5,106.5,108.5),(31,0,2,4.25,94,96,108.5,110.5),(32,0,2,4.5,95.5,98,110.5,112.5),(33,0,2,4.75,97.5,99.5,112.5,114),(34,0,2,5,99,101,114,116),(35,1,1,5,100,102,115,117.5),(36,1,1,6,105.5,107.5,121.5,123.5),(37,1,1,7,110.5,113,127.5,130),(38,1,1,8,114.5,117.5,133.5,136),(39,1,1,9,119,122,138,141),(40,1,1,10,123.5,126.5,143.5,145.5),(41,1,1,11,127.5,130.5,149.5,153),(42,1,1,12,131.5,135,157,161),(43,1,1,13,135,139,162,166),(44,1,1,14,143,147.5,170,173),(45,1,1,15,149.5,153.5,173,176.5),(46,1,1,16,155,158.5,176,178.5),(47,1,1,17,157.5,160.5,177,179.5),(48,1,1,18,158.5,161.5,177.5,180),(49,1,2,5,99,101,114,116),(50,1,2,6,105,107.5,120.5,123),(51,1,2,7,109.5,112.5,126.5,129),(52,1,2,8,114.5,117,132.5,135),(53,1,2,9,119,122,139,142),(54,1,2,10,124,127,146,149.5),(55,1,2,11,129.5,133,152.5,155.5),(56,1,2,12,135.5,138.5,157,159.5),(57,1,2,13,140.5,143.5,160,162.5),(58,1,2,14,144.5,147,162,164.5),(59,1,2,15,146,148,163.5,166),(60,1,2,16,146.5,149,164,166.5),(61,1,2,17,147,149,164,166.5),(62,1,2,18,147,149.5,164,166.5);

--
-- Table structure for table `health_age_weight`
--

CREATE TABLE `health_age_weight` (
  `id` int(11) NOT NULL AUTO_INCREMENT,
  `type` tinyint(4) NOT NULL DEFAULT 1,
  `sex` tinyint(4) NOT NULL DEFAULT 2,
  `age` double NOT NULL,
  `weight_1` double NOT NULL,
  `weight_2` double NOT NULL,
  `weight_3` double NOT NULL,
  `weight_4` double NOT NULL,
  PRIMARY KEY (`id`)
) ENGINE=MyISAM AUTO_INCREMENT=63 DEFAULT CHARSET=utf8 COLLATE=utf8_general_ci;

--
-- Dumping data for table `health_age_weight`
--

INSERT INTO `health_age_weight` VALUES (1,0,1,1,7.8,8.3,11.5,11.5),(2,0,1,1.25,8.5,9,12,12.5),(3,0,1,1.5,8.9,9.4,12.9,13.5),(4,0,1,1.75,9.4,10,13.7,14.4),(5,0,1,2,9.8,10.5,14.5,15.2),(6,0,1,2.25,10.2,11,15,15.8),(7,0,1,2.5,10.6,11.4,15.8,16.7),(8,0,1,2.75,11,11.8,16.6,17.4),(9,0,1,3,11.4,12.2,17.3,18.2),(10,0,1,3.25,11.7,12.6,18,19),(11,0,1,3.5,12,12.8,18.7,19.8),(12,0,1,3.75,12.4,13.3,19.3,20.6),(13,0,1,4,12.7,13.6,20,21.3),(14,0,1,4.25,13.2,13.9,20.7,22),(15,0,1,4.5,13.4,14.3,21.3,22.7),(16,0,1,4.75,13.8,14.6,21.9,23.7),(17,0,1,5,14,15,23,24),(18,0,2,1,7.3,7.7,10.5,11),(19,0,2,1.25,7.8,8.3,11.3,11.9),(20,0,2,1.5,8.3,8.8,12,12.8),(21,0,2,1.75,8.8,9.3,12.9,13.6),(22,0,2,2,9,9.8,13.6,14.4),(23,0,2,2.25,9.5,10.2,14.4,15.2),(24,0,2,2.5,9.8,10.7,15.2,15.9),(25,0,2,2.75,10.3,11.2,15.9,16.9),(26,0,2,3,10.7,11.5,16.6,17.4),(27,0,2,3.25,11.2,11.9,17.3,18.2),(28,0,2,3.5,11.5,12.3,17.9,18.9),(29,0,2,3.75,11.8,12.7,18.5,19.7),(30,0,2,4,12.2,13,19.3,20.5),(31,0,2,4.25,12.4,13.4,19.7,21),(32,0,2,4.5,12.8,13.7,20.3,21.7),(33,0,2,4.75,13,13.9,20.9,22.3),(34,0,2,5,13.5,14,22,23.5),(35,1,1,5,14,15,23,24),(36,1,1,6,15.5,16.5,25.5,27),(37,1,1,7,17,18.5,28.5,31),(38,1,1,8,18.5,20,32,35),(39,1,1,9,20,21.5,36,39.5),(40,1,1,10,21.5,23.5,40.5,44.5),(41,1,1,11,23,25.5,45,49.5),(42,1,1,12,25.5,28,50,54.5),(43,1,1,13,28,31.5,54.5,58.5),(44,1,1,14,32,35.5,58.5,63.5),(45,1,1,15,36.5,40,62,65.5),(46,1,1,16,40.5,44,64,67.5),(47,1,1,17,43,46,66,69),(48,1,1,18,45,48,67,70),(49,1,2,5,13.5,14,22,23.5),(50,1,2,6,15,16,24.5,26.5),(51,1,2,7,16.5,17.5,28.5,31),(52,1,2,8,17.5,19,32.5,35.5),(53,1,2,9,19.5,21,37.5,41),(54,1,2,10,21.5,23.5,42,46),(55,1,2,11,23.5,26,46.5,50.5),(56,1,2,12,26.5,29,50,54),(57,1,2,13,29.5,33,53,55.5),(58,1,2,14,33.5,36.5,55,58.5),(59,1,2,15,36.5,38.5,56.5,59.5),(60,1,2,16,37.5,40,57,60),(61,1,2,17,38,41,57.5,60.5),(62,1,2,18,38.5,41,57.5,60.5);

--
-- Table structure for table `health_base`
--

CREATE TABLE `health_base` (
  `base_id` int(5) NOT NULL AUTO_INCREMENT,
  `study_year` int(5) NOT NULL,
  `term` int(3) NOT NULL,
  `status` int(2) NOT NULL,
  PRIMARY KEY (`base_id`)
) ENGINE=MyISAM AUTO_INCREMENT=14 DEFAULT CHARSET=utf8 COLLATE=utf8_general_ci;

--
-- Dumping data for table `health_base`
--

INSERT INTO `health_base` VALUES (8,2565,2,0),(7,2565,1,0),(13,2566,2,1),(12,2566,1,0);

--
-- Table structure for table `health_checking`
--

CREATE TABLE `health_checking` (
  `check_id` int(11) NOT NULL AUTO_INCREMENT,
  `student_id` int(11) NOT NULL,
  `student_number` varchar(13) NOT NULL,
  `year_std` varchar(5) NOT NULL,
  `term_std` varchar(3) NOT NULL,
  `class_now` tinyint(4) NOT NULL,
  `room` tinyint(4) NOT NULL,
  `number_check` int(5) NOT NULL,
  `gum` varchar(100) NOT NULL,
  `iodine` varchar(100) NOT NULL,
  `tooth` varchar(100) NOT NULL,
  `weight` varchar(10) NOT NULL,
  `tall` varchar(10) NOT NULL,
  `comment` text NOT NULL,
  `day` datetime NOT NULL,
  `usenull` text DEFAULT NULL,
  `life` varchar(10) NOT NULL,
  `push` varchar(10) NOT NULL,
  `sit` varchar(10) NOT NULL,
  `roll` varchar(10) NOT NULL,
  `run` varchar(10) NOT NULL,
  `person_check` varchar(255) NOT NULL,
  PRIMARY KEY (`check_id`)
) ENGINE=MyISAM AUTO_INCREMENT=117 DEFAULT CHARSET=utf8 COLLATE=utf8_general_ci;

--
-- Dumping data for table `health_checking`
--

INSERT INTO `health_checking` VALUES (1,2440,'1','2565','2',6,0,2,'ไม่มี','ปกติ','ไม่ผุ','111.5','152','','2566-01-26 01:57:02','','','','','','','3340300018845'),(2,2441,'2','2565','2',6,0,2,'ไม่มี','ปกติ','ไม่ผุ','25','128','','2566-01-26 01:39:18','','','','','','','3340300018845'),(3,2442,'3','2565','2',6,0,2,'ไม่มี','ปกติ','ไม่ผุ','27.50','131','','2566-01-26 01:39:39','','','','','','','3340300018845'),(4,2443,'4','2565','2',6,0,2,'ไม่มี','ปกติ','ไม่ผุ','25.5','129','','2566-01-26 01:39:55','','','','','','','3340300018845'),(5,2444,'5','2565','2',6,0,2,'ไม่มี','ปกติ','ไม่ผุ','28.50','130','','2566-01-26 01:40:18','','','','','','','3340300018845'),(6,2463,'6','2565','2',6,0,2,'ไม่มี','ปกติ','ไม่ผุ','28.6','130','','2566-01-26 01:40:41','','','','','','','3340300018845'),(7,2509,'7','2565','2',6,0,2,'ไม่มี','ปกติ','ไม่ผุ','37','143','','2566-01-26 01:44:48','','','','','','','3340300018845'),(8,2487,'8','2565','2',6,0,2,'ไม่มี','ปกติ','ไม่ผุ','31.20','131','','2566-01-26 01:45:05','','','','','','','3340300018845'),(9,2511,'1','2565','2',2,0,2,'ไม่มี','ปกติ','ไม่ผุ','20','112','','2566-01-26 02:03:30','','','','','','','3340300018845'),(10,2512,'2','2565','2',2,0,2,'ไม่มี','ปกติ','ไม่ผุ','21','119','','2566-01-26 02:03:43','','','','','','','3340300018845'),(11,2513,'3','2565','2',2,0,2,'ไม่มี','ปกติ','ไม่ผุ','20','108','','2566-01-26 02:04:18','','','','','','','3340300018845'),(12,2514,'4','2565','2',2,0,2,'ไม่มี','ปกติ','ไม่ผุ','20','110','','2566-01-26 02:04:42','','','','','','','3340300018845'),(13,2515,'5','2565','2',2,0,2,'ไม่มี','ปกติ','ไม่ผุ','13','87','','2566-01-26 02:04:59','','','','','','','3340300018845'),(14,2516,'6','2565','2',2,0,2,'ไม่มี','ปกติ','ไม่ผุ','16','108','','2566-01-26 02:05:18','','','','','','','3340300018845'),(15,2517,'7','2565','2',2,0,2,'ไม่มี','ปกติ','ไม่ผุ','16','106','','2566-01-26 02:05:37','','','','','','','3340300018845'),(16,2518,'8','2565','2',2,0,2,'ไม่มี','ปกติ','ไม่ผุ','15','108','','2566-01-26 02:05:54','','','','','','','3340300018845'),(17,2519,'9','2565','2',2,0,2,'ไม่มี','ปกติ','ไม่ผุ','15','118','','2566-01-26 02:06:13','','','','','','','3340300018845'),(18,2520,'10','2565','2',2,0,2,'ไม่มี','ปกติ','ไม่ผุ','17','112','','2566-01-26 02:06:32','','','','','','','3340300018845'),(19,2521,'11','2565','2',2,0,2,'ไม่มี','ปกติ','ไม่ผุ','17','111','','2566-01-26 02:06:49','','','','','','','3340300018845'),(20,2522,'12','2565','2',2,0,2,'ไม่มี','ปกติ','ไม่ผุ','21','118','','2566-01-26 02:07:05','','','','','','','3340300018845'),(21,2523,'13','2565','2',2,0,2,'ไม่มี','ปกติ','ไม่ผุ','20','111','','2566-01-26 02:07:21','','','','','','','3340300018845'),(22,2524,'14','2565','2',2,0,2,'ไม่มี','ปกติ','ไม่ผุ','21','116','','2566-01-26 02:07:35','','','','','','','3340300018845'),(23,2525,'15','2565','2',2,0,2,'ไม่มี','ปกติ','ไม่ผุ','17','113','','2566-01-26 02:07:52','','','','','','','3340300018845'),(24,2526,'16','2565','2',2,0,2,'ไม่มี','ปกติ','ไม่ผุ','17','112','','2566-01-26 02:08:06','','','','','','','3340300018845'),(25,2488,'1','2565','2',3,0,2,'ไม่มี','ปกติ','ไม่ผุ','15','115','','2566-01-26 02:09:11','','','','','','','3340300018845'),(26,2491,'2','2565','2',3,0,2,'ไม่มี','ปกติ','ไม่ผุ','17','116','','2566-01-26 02:09:23','','','','','','','3340300018845'),(27,2493,'3','2565','2',3,0,2,'ไม่มี','ปกติ','ไม่ผุ','17','113','','2566-01-26 02:09:37','','','','','','','3340300018845'),(28,2494,'4','2565','2',3,0,2,'ไม่มี','ปกติ','ไม่ผุ','18','116','','2566-01-26 02:09:50','','','','','','','3340300018845'),(29,2496,'5','2565','2',3,0,2,'ไม่มี','ปกติ','ไม่ผุ','19','116','','2566-01-26 02:10:05','','','','','','','3340300018845'),(30,2497,'6','2565','2',3,0,2,'ไม่มี','ปกติ','ไม่ผุ','19','110','','2566-01-26 02:10:24','','','','','','','3340300018845'),(31,2498,'7','2565','2',3,0,2,'ไม่มี','ปกติ','ไม่ผุ','15','108','','2566-01-26 02:10:43','','','','','','','3340300018845'),(32,2499,'8','2565','2',3,0,2,'ไม่มี','ปกติ','ไม่ผุ','21','115','','2566-01-26 02:10:58','','','','','','','3340300018845'),(33,2500,'9','2565','2',3,0,2,'ไม่มี','ปกติ','ไม่ผุ','19','120','','2566-01-26 02:11:14','','','','','','','3340300018845'),(34,2501,'10','2565','2',3,0,2,'ไม่มี','ปกติ','ไม่ผุ','25','123','','2566-01-26 02:11:30','','','','','','','3340300018845'),(35,2504,'11','2565','2',3,0,2,'ไม่มี','ปกติ','ไม่ผุ','21','121','','2566-01-26 02:11:44','','','','','','','3340300018845'),(36,2504,'11','2565','2',3,0,2,'ไม่มี','ปกติ','ไม่ผุ','21','121','','2566-01-26 02:11:45','','','','','','','3340300018845'),(37,2503,'12','2565','2',3,0,2,'ไม่มี','ปกติ','ไม่ผุ','23','118','','2566-01-26 02:12:02','','','','','','','3340300018845'),(38,2468,'1','2565','2',4,0,2,'ไม่มี','ปกติ','ไม่ผุ','25.3','127','','2566-01-26 02:13:09','','','','','','','3340300018845'),(39,2469,'2','2565','2',4,0,2,'ไม่มี','ปกติ','ไม่ผุ','20.3','122','','2566-01-26 02:13:40','','','','','','','3340300018845'),(40,2528,'3','2565','2',4,0,2,'ไม่มี','ปกติ','ไม่ผุ','39','126','','2566-01-26 02:14:09','','','','','','','3340300018845'),(41,2528,'3','2565','2',4,0,2,'ไม่มี','ปกติ','ไม่ผุ','39','126','','2566-01-26 02:14:09','','','','','','','3340300018845'),(42,2470,'4','2565','2',4,0,2,'ไม่มี','ปกติ','ไม่ผุ','34.8','126','','2566-01-26 02:14:28','','','','','','','3340300018845'),(43,2505,'5','2565','2',4,0,2,'ไม่มี','ปกติ','ไม่ผุ','26.3','126','','2566-01-26 02:14:47','','','','','','','3340300018845'),(44,2472,'6','2565','2',4,0,2,'ไม่มี','ปกติ','ไม่ผุ','23.5','120','','2566-01-26 02:15:05','','','','','','','3340300018845'),(45,2473,'7','2565','2',4,0,2,'ไม่มี','ปกติ','ไม่ผุ','29.3','127','','2566-01-26 02:15:20','','','','','','','3340300018845'),(46,2476,'8','2565','2',4,0,2,'ไม่มี','ปกติ','ไม่ผุ','22.5','121','','2566-01-26 02:15:33','','','','','','','3340300018845'),(47,2447,'9','2565','2',4,0,2,'ไม่มี','ปกติ','ไม่ผุ','18.5','119','','2566-01-26 02:15:46','','','','','','','3340300018845'),(48,2478,'10','2565','2',4,0,2,'ไม่มี','ปกติ','ไม่ผุ','33.6','126','','2566-01-26 02:16:01','','','','','','','3340300018845'),(49,2479,'11','2565','2',4,0,2,'ไม่มี','ปกติ','ไม่ผุ','21.6','124','','2566-01-26 02:16:14','','','','','','','3340300018845'),(50,2510,'12','2565','2',4,0,2,'ไม่มี','ปกติ','ไม่ผุ','19.8','119','','2566-01-26 02:16:29','','','','','','','3340300018845'),(51,2480,'13','2565','2',4,0,2,'ไม่มี','ปกติ','ไม่ผุ','25.9','125','','2566-01-26 02:16:46','','','','','','','3340300018845'),(52,2482,'14','2565','2',4,0,2,'ไม่มี','ปกติ','ไม่ผุ','20.6','122','','2566-01-26 02:17:00','','','','','','','3340300018845'),(53,2483,'15','2565','2',4,0,2,'ไม่มี','ปกติ','ไม่ผุ','23.9','127','','2566-01-26 02:17:19','','','','','','','3340300018845'),(54,2484,'16','2565','2',4,0,2,'ไม่มี','ปกติ','ไม่ผุ','21.5','127','','2566-01-26 02:17:35','','','','','','','3340300018845'),(55,2448,'1','2565','2',5,0,2,'ไม่มี','ปกติ','ไม่ผุ','24.2','124','','2566-01-26 02:18:37','','','','','','','3340300018845'),(56,2449,'2','2565','2',5,0,2,'ไม่มี','ปกติ','ไม่ผุ','24.1','122','','2566-01-26 02:18:54','','','','','','','3340300018845'),(57,2450,'3','2565','2',5,0,2,'ไม่มี','ปกติ','ไม่ผุ','36.7','129','','2566-01-26 02:19:11','','','','','','','3340300018845'),(58,2451,'4','2565','2',5,0,2,'ไม่มี','ปกติ','ไม่ผุ','23.3','129.5','','2566-01-26 02:19:26','','','','','','','3340300018845'),(59,2452,'5','2565','2',5,0,2,'ไม่มี','ปกติ','ไม่ผุ','25.5','123','','2566-01-26 02:19:46','','','','','','','3340300018845'),(60,2454,'6','2565','2',5,0,2,'ไม่มี','ปกติ','ไม่ผุ','23.4','123','','2566-01-26 02:19:59','','','','','','','3340300018845'),(61,2506,'7','2565','2',5,0,2,'ไม่มี','ปกติ','ไม่ผุ','26.7','130.5','','2566-01-26 02:20:14','','','','','','','3340300018845'),(62,2456,'8','2565','2',5,0,2,'ไม่มี','ปกติ','ไม่ผุ','45.4','141','','2566-01-26 02:20:29','','','','','','','3340300018845'),(63,2457,'9','2565','2',5,0,2,'ไม่มี','ปกติ','ไม่ผุ','25.9','132','','2566-01-26 02:20:49','','','','','','','3340300018845'),(64,2458,'10','2565','2',5,0,2,'ไม่มี','ปกติ','ไม่ผุ','19.5','117.5','','2566-01-26 02:23:12','','','','','','','3340300018845'),(65,2459,'11','2565','2',5,0,2,'ไม่มี','ปกติ','ไม่ผุ','44.7','134','','2566-01-26 02:23:32','','','','','','','3340300018845'),(66,2461,'12','2565','2',5,0,2,'ไม่มี','ปกติ','ไม่ผุ','20','122','','2566-01-26 02:23:45','','','','','','','3340300018845'),(67,2466,'13','2565','2',5,0,2,'ไม่มี','ปกติ','ไม่ผุ','27.9','127.5','','2566-01-26 02:24:08','','','','','','','3340300018845'),(68,2508,'14','2565','2',5,0,2,'ไม่มี','ปกติ','ไม่ผุ','23','120.5','','2566-01-26 02:24:25','','','','','','','3340300018845'),(69,2530,'15','2565','2',5,0,2,'ไม่มี','ปกติ','ไม่ผุ','29.8','128','','2566-01-26 02:24:46','','','','','','','3340300018845'),(70,2422,'1','2565','2',7,0,2,'ไม่มี','ปกติ','ไม่ผุ','28','129','','2566-01-26 02:26:07','','','','','','','3340300018845'),(71,2423,'2','2565','2',7,0,2,'ไม่มี','ปกติ','ไม่ผุ','79.7','160','','2566-01-26 02:26:25','','','','','','','3340300018845'),(72,2424,'3','2565','2',7,0,2,'ไม่มี','ปกติ','ไม่ผุ','25.9','132','','2566-01-26 02:26:38','','','','','','','3340300018845'),(73,2425,'4','2565','2',7,0,2,'ไม่มี','ปกติ','ไม่ผุ','35.8','143','','2566-01-26 02:26:55','','','','','','','3340300018845'),(74,2467,'5','2565','2',7,0,2,'ไม่มี','ปกติ','ไม่ผุ','32.6','137','','2566-01-26 02:27:16','','','','','','','3340300018845'),(75,2426,'6','2565','2',7,0,2,'ไม่มี','ปกติ','ไม่ผุ','26.5','122','','2566-01-26 02:27:40','','','','','','','3340300018845'),(76,2427,'7','2565','2',7,0,2,'ไม่มี','ปกติ','ไม่ผุ','38.0','152','','2566-01-26 02:28:00','','','','','','','3340300018845'),(77,2428,'8','2565','2',7,0,2,'ไม่มี','ปกติ','ไม่ผุ','23.3','133','','2566-01-26 02:28:15','','','','','','','3340300018845'),(78,2430,'9','2565','2',7,0,2,'ไม่มี','ปกติ','ไม่ผุ','34.2','143','','2566-01-26 02:28:32','','','','','','','3340300018845'),(79,2431,'10','2565','2',7,0,2,'ไม่มี','ปกติ','ไม่ผุ','39.0','143','','2566-01-26 02:28:52','','','','','','','3340300018845'),(80,2432,'11','2565','2',7,0,2,'ไม่มี','ปกติ','ไม่ผุ','26.1','140','','2566-01-26 02:30:05','','','','','','','3340300018845'),(81,2433,'12','2565','2',7,0,2,'ไม่มี','ปกติ','ไม่ผุ','53','155','','2566-01-26 02:30:18','','','','','','','3340300018845'),(82,2434,'13','2565','2',7,0,2,'ไม่มี','ปกติ','ไม่ผุ','30.4','142','','2566-01-26 02:30:33','','','','','','','3340300018845'),(83,2464,'14','2565','2',7,0,2,'ไม่มี','ปกติ','ไม่ผุ','31.7','139','','2566-01-26 02:30:51','','','','','','','3340300018845'),(84,2398,'1','2565','2',8,0,2,'ไม่มี','ปกติ','ไม่ผุ','29.5','141','','2566-01-26 02:33:07','','','','','','','3340300018845'),(85,2400,'2','2565','2',8,0,2,'ไม่มี','ปกติ','ไม่ผุ','32.1','142','','2566-01-26 02:34:47','','','','','','','3340300018845'),(86,2401,'3','2565','2',8,0,2,'ไม่มี','ปกติ','ไม่ผุ','33.9','137','','2566-01-26 02:35:03','','','','','','','3340300018845'),(87,2402,'4','2565','2',8,0,2,'ไม่มี','ปกติ','ไม่ผุ','90.2','170','','2566-01-26 02:35:22','','','','','','','3340300018845'),(88,2403,'5','2565','2',8,0,2,'ไม่มี','ปกติ','ไม่ผุ','31.3','140','','2566-01-26 02:35:42','','','','','','','3340300018845'),(89,2404,'6','2565','2',8,0,2,'ไม่มี','ปกติ','ไม่ผุ','47.4','153','','2566-01-26 02:35:58','','','','','','','3340300018845'),(90,2405,'7','2565','2',8,0,2,'ไม่มี','ปกติ','ไม่ผุ','27.9','139','','2566-01-26 02:36:14','','','','','','','3340300018845'),(91,2445,'8','2565','2',8,0,2,'ไม่มี','ปกติ','ไม่ผุ','67.1','157','','2566-01-26 02:36:32','','','','','','','3340300018845'),(92,2407,'9','2565','2',8,0,2,'ไม่มี','ปกติ','ไม่ผุ','32.1','147','','2566-01-26 02:36:50','','','','','','','3340300018845'),(93,2408,'10','2565','2',8,0,2,'ไม่มี','ปกติ','ไม่ผุ','25.6','136','','2566-01-26 02:37:05','','','','','','','3340300018845'),(94,2409,'11','2565','2',8,0,2,'ไม่มี','ปกติ','ไม่ผุ','45.2','151','','2566-01-26 02:37:23','','','','','','','3340300018845'),(95,2410,'12','2565','2',8,0,2,'ไม่มี','ปกติ','ไม่ผุ','38.5','152','','2566-01-26 02:37:37','','','','','','','3340300018845'),(96,2412,'13','2565','2',8,0,2,'ไม่มี','ปกติ','ไม่ผุ','45.3','147','','2566-01-26 02:37:50','','','','','','','3340300018845'),(97,2413,'14','2565','2',8,0,2,'ไม่มี','ปกติ','ไม่ผุ','40.7','151','','2566-01-26 02:38:07','','','','','','','3340300018845'),(98,2414,'15','2565','2',8,0,2,'ไม่มี','ปกติ','ไม่ผุ','60.9','152','','2566-01-26 02:38:20','','','','','','','3340300018845'),(99,2438,'16','2565','2',8,0,2,'ไม่มี','ปกติ','ไม่ผุ','83.1','155','','2566-01-26 02:38:37','','','','','','','3340300018845'),(100,2531,'17','2565','2',8,0,2,'ไม่มี','ปกติ','ไม่ผุ','40.1','142','','2566-01-26 02:38:53','','','','','','','3340300018845'),(101,2368,'1','2565','2',9,0,2,'ไม่มี','ปกติ','ไม่ผุ','56','160','','2566-01-26 02:39:58','','','','','','','3340300018845'),(102,2383,'2','2565','2',9,0,2,'ไม่มี','ปกติ','ไม่ผุ','59','160','','2566-01-26 02:40:12','','','','','','','3340300018845'),(103,2385,'3','2565','2',9,0,2,'ไม่มี','ปกติ','ไม่ผุ','37','148','','2566-01-26 02:40:26','','','','','','','3340300018845'),(104,2386,'4','2565','2',9,0,2,'ไม่มี','ปกติ','ไม่ผุ','48','163','','2566-01-26 02:40:38','','','','','','','3340300018845'),(105,2387,'5','2565','2',9,0,2,'ไม่มี','ปกติ','ไม่ผุ','51','160','','2566-01-26 02:40:55','','','','','','','3340300018845'),(106,2388,'6','2565','2',9,0,2,'ไม่มี','ปกติ','ไม่ผุ','35','148','','2566-01-26 02:41:08','','','','','','','3340300018845'),(107,2389,'7','2565','2',9,0,2,'ไม่มี','ปกติ','ไม่ผุ','36','154','','2566-01-26 02:41:20','','','','','','','3340300018845'),(108,2390,'8','2565','2',9,0,2,'ไม่มี','ปกติ','ไม่ผุ','24','132','','2566-01-26 02:41:37','','','','','','','3340300018845'),(109,2392,'9','2565','2',9,0,2,'ไม่มี','ปกติ','ไม่ผุ','26','133','','2566-01-26 02:41:50','','','','','','','3340300018845'),(110,2393,'10','2565','2',9,0,2,'ไม่มี','ปกติ','ไม่ผุ','44','150','','2566-01-26 02:42:04','','','','','','','3340300018845'),(111,2394,'11','2565','2',9,0,2,'ไม่มี','ปกติ','ไม่ผุ','43','156','','2566-01-26 02:42:21','','','','','','','3340300018845'),(112,2396,'12','2565','2',9,0,2,'ไม่มี','ปกติ','ไม่ผุ','35','143','','2566-01-26 02:42:40','','','','','','','3340300018845'),(113,2397,'13','2565','2',9,0,2,'ไม่มี','ปกติ','ไม่ผุ','50','155','','2566-01-26 02:42:51','','','','','','','3340300018845'),(114,2416,'14','2565','2',9,0,2,'ไม่มี','ปกติ','ไม่ผุ','37','147','','2566-01-26 02:43:07','','','','','','','3340300018845'),(115,2485,'15','2565','2',9,0,2,'ไม่มี','ปกติ','ไม่ผุ','36','150','','2566-01-26 02:43:24','','','','','','','3340300018845'),(116,2529,'16','2565','2',9,0,2,'ไม่มี','ปกติ','ไม่ผุ','34','159','','2566-01-26 02:43:39','','','','','','','3340300018845');

--
-- Table structure for table `health_personal`
--

CREATE TABLE `health_personal` (
  `per_id` int(11) NOT NULL AUTO_INCREMENT,
  `personal_code` varchar(13) NOT NULL,
  `per_position` int(3) NOT NULL,
  `per_status` int(3) NOT NULL,
  `person_room` int(3) NOT NULL,
  PRIMARY KEY (`per_id`)
) ENGINE=MyISAM AUTO_INCREMENT=33 DEFAULT CHARSET=utf8 COLLATE=utf8_general_ci;

--
-- Dumping data for table `health_personal`
--

INSERT INTO `health_personal` VALUES (19,'1330500289935',3,1,0),(12,'3340300018845',2,0,1),(13,'3341500804454',4,1,0),(14,'1349901064321',5,1,0),(15,'1341501353611',6,1,0),(16,'1341100012244',7,1,0),(17,'3341500899854',8,1,0),(18,'1349900916056',9,1,0),(20,'3340200315546',2,1,0),(21,'3340300018845',3,0,1),(22,'3340300018845',4,1,0),(23,'3340300018845',5,0,1),(24,'3340300018845',6,1,0),(25,'3340300018845',7,0,1),(26,'3340300018845',8,0,1),(27,'3340300018845',9,0,1),(31,'3340300018845',6,1,1),(32,'3340300018845',2,1,0);

--
-- Table structure for table `health_weight_height`
--

CREATE TABLE `health_weight_height` (
  `id` int(11) NOT NULL AUTO_INCREMENT,
  `type` tinyint(4) NOT NULL DEFAULT 0,
  `sex` tinyint(4) NOT NULL DEFAULT 1,
  `height` int(11) NOT NULL,
  `weight_1` double NOT NULL,
  `weight_2` double NOT NULL,
  `weight_3` double NOT NULL,
  `weight_4` double NOT NULL,
  `weight_5` double NOT NULL,
  PRIMARY KEY (`id`)
) ENGINE=MyISAM AUTO_INCREMENT=75 DEFAULT CHARSET=utf8 COLLATE=utf8_general_ci;

--
-- Dumping data for table `health_weight_height`
--

INSERT INTO `health_weight_height` VALUES (1,0,1,50,2.5,3,3.8,4,4.5),(2,0,1,55,3.5,4,4.8,5,6),(3,0,1,60,4.5,5,6.3,6.5,7.5),(4,0,1,65,5.5,6,7.8,8,9),(5,0,1,70,7,7.5,9.3,9.5,10.5),(6,0,1,75,8,8.5,10.8,11,12),(7,0,1,80,9,9.5,12,12.5,13.5),(8,0,1,85,10,10.5,13.5,14,15.5),(9,0,1,90,11,11.5,15,15.5,17),(10,0,1,95,12,12.5,16.5,17,19),(11,0,1,100,13,14,18.5,19,21),(12,0,1,105,14,15,20,21,22.5),(13,0,1,110,15.5,16.5,22,23,25),(14,0,1,115,17,18,24,25,28),(15,0,1,120,18.5,19.5,26.5,28,31),(16,0,1,125,20.5,21.5,29.5,31,35),(17,0,1,130,22,23.5,33,35,39.5),(18,0,1,135,24,25.5,37,39,45),(19,0,1,140,26.5,28,41,44,50),(20,0,2,50,3,3.1,3.8,4,4.5),(21,0,2,55,3.5,4,4.8,5,6),(22,0,2,60,4.5,5,6.3,6.5,7),(23,0,2,65,5.5,6,7.8,8,8.5),(24,0,2,70,6.5,7.5,8.8,9,10),(25,0,2,75,7.5,8.5,10.8,10.5,11.5),(26,0,2,80,8.5,9,11.5,12.5,13),(27,0,2,85,9.5,10,13,13.5,14.5),(28,0,2,90,10.5,11.5,14.5,15.5,16.5),(29,0,2,95,11.5,13,16.5,17,18.5),(30,0,2,100,13,13.5,18,18.5,20.5),(31,0,2,110,15.5,16,22,23,25),(32,0,2,115,16.5,17.5,24,25,28),(33,0,2,120,18,19,27,28.5,31.5),(34,0,2,125,19.5,21.5,30,31.5,35.5),(35,0,2,130,21.5,23,34,36,41),(36,0,2,135,23.5,25,38,40.5,46),(37,0,2,140,25.5,27.5,42.5,45.5,55.5),(38,0,2,105,14,15,19.5,20.5,22.5),(39,1,1,90,11,11.5,15,16,17),(40,1,1,95,12,12.5,17,17.5,19),(41,1,1,100,13,14,18,19,21),(42,1,1,105,14.5,15,19.5,20.5,22.5),(43,1,1,110,16,16.6,21.5,22.5,24.5),(44,1,1,115,17,18,24,25,27.5),(45,1,1,120,19,19.5,26.5,28,30.5),(46,1,1,125,20,21,29,31,34),(47,1,1,130,22,23,33,35,39),(48,1,1,135,24.5,25.5,37,39.5,45),(49,1,1,140,26.5,28.5,41,44,50),(50,1,1,145,29,31,45,48,54.5),(51,1,1,150,32,34,49,52.5,58.5),(52,1,1,155,35,37,53,56.5,62.5),(53,1,1,160,38.5,41,57,60.5,66.5),(54,1,1,165,42.5,45,61.5,64.5,70),(55,1,1,170,46,48.5,65,68,74.5),(56,1,1,175,49.5,52.5,69,72,77),(57,1,1,180,53,56,72,75,80),(58,1,2,90,11,11.5,15,16,17),(59,1,2,95,12,12.5,16,17,18.5),(60,1,2,100,13,13.5,18,19,20.5),(61,1,2,105,14,15,19.5,20.5,22.5),(62,1,2,110,15.5,16,21.5,22.5,25),(63,1,2,115,17,17.5,24,25,27.5),(64,1,2,120,18.5,19,26.5,28,31),(65,1,2,125,20,21,30,32,36),(66,1,2,130,21.5,22.5,33.5,36,41),(67,1,2,135,23.5,25,38,41,46),(68,1,2,140,26,27.5,42.5,45.5,51.5),(69,1,2,145,29,31,47,50,56.5),(70,1,2,150,32.5,34.5,51.5,54.5,61),(71,1,2,155,36,38.5,55.5,58.5,65),(72,1,2,160,39.5,42,59,62,68),(73,1,2,165,43,45.5,62,65,70.5),(74,1,2,170,47,48.5,65.5,67.5,72.5);

--
-- Table structure for table `idplan_education`
--

CREATE TABLE `idplan_education` (
  `id` int(11) NOT NULL AUTO_INCREMENT,
  `person_id` varchar(15) DEFAULT NULL,
  `class` varchar(30) DEFAULT NULL,
  `initials` varchar(30) DEFAULT NULL,
  `subject_1` varchar(150) DEFAULT NULL,
  `subject` varchar(150) DEFAULT NULL,
  `institute` varchar(200) DEFAULT NULL,
  `province` varchar(50) DEFAULT NULL,
  `finish_year` varchar(10) DEFAULT NULL,
  PRIMARY KEY (`id`)
) ENGINE=MyISAM AUTO_INCREMENT=10 DEFAULT CHARSET=utf8 COLLATE=utf8_general_ci;

--
-- Dumping data for table `idplan_education`
--

INSERT INTO `idplan_education` VALUES (9,'3340300018845','ปริญญาโท','ศษ.ม','','บริหารการศึกษา','มหาวิทยาลัยราชธานี','อุบลราชธานี','2549');

--
-- Table structure for table `idplan_list_setting`
--

CREATE TABLE `idplan_list_setting` (
  `id` int(11) NOT NULL AUTO_INCREMENT,
  `rating` int(5) DEFAULT NULL,
  `item_list` char(50) DEFAULT NULL,
  `permission` int(2) DEFAULT NULL,
  PRIMARY KEY (`id`)
) ENGINE=MyISAM AUTO_INCREMENT=12 DEFAULT CHARSET=utf8 COLLATE=utf8_general_ci;

--
-- Dumping data for table `idplan_list_setting`
--


--
-- Table structure for table `idplan_lookbook_1`
--

CREATE TABLE `idplan_lookbook_1` (
  `id` int(11) NOT NULL AUTO_INCREMENT,
  `person_id` varchar(15) DEFAULT NULL,
  `study_year` varchar(5) DEFAULT NULL,
  `term` varchar(2) DEFAULT NULL,
  `office` varchar(200) DEFAULT NULL,
  `school_name` varchar(250) DEFAULT NULL,
  `class` varchar(5) DEFAULT NULL,
  `subject_1` varchar(3) DEFAULT NULL,
  `subject_2` varchar(150) DEFAULT NULL,
  `house` int(3) DEFAULT NULL,
  PRIMARY KEY (`id`)
) ENGINE=MyISAM AUTO_INCREMENT=19 DEFAULT CHARSET=utf8 COLLATE=utf8_general_ci;

--
-- Dumping data for table `idplan_lookbook_1`
--


--
-- Table structure for table `idplan_lookbook_2`
--

CREATE TABLE `idplan_lookbook_2` (
  `id` int(11) NOT NULL AUTO_INCREMENT,
  `person_id` varchar(15) DEFAULT NULL,
  `year` varchar(5) DEFAULT NULL,
  `term` varchar(1) DEFAULT NULL,
  `week` varchar(3) DEFAULT NULL,
  `start_date` date DEFAULT NULL,
  `end_date` date DEFAULT NULL,
  `group_vicha_id` varchar(2) DEFAULT NULL,
  `vicha_name` varchar(200) DEFAULT NULL,
  `vicha_code` varchar(10) DEFAULT NULL,
  `vitaya` varchar(2) DEFAULT NULL,
  `hour_term` varchar(5) DEFAULT NULL,
  `time` varchar(5) DEFAULT NULL,
  `time_unit` varchar(25) DEFAULT NULL,
  `learn_type` varchar(2) DEFAULT NULL,
  `garantee` varchar(2) DEFAULT NULL,
  PRIMARY KEY (`id`)
) ENGINE=MyISAM AUTO_INCREMENT=20 DEFAULT CHARSET=utf8 COLLATE=utf8_general_ci;

--
-- Dumping data for table `idplan_lookbook_2`
--


--
-- Table structure for table `idplan_lookbook_3`
--

CREATE TABLE `idplan_lookbook_3` (
  `id` int(11) NOT NULL AUTO_INCREMENT,
  `person_id` varchar(15) DEFAULT NULL,
  `year` varchar(5) DEFAULT NULL,
  `term` varchar(1) DEFAULT NULL,
  `week` varchar(3) DEFAULT NULL,
  `start_date` date DEFAULT NULL,
  `end_date` date DEFAULT NULL,
  `vicha_support` varchar(200) DEFAULT NULL,
  `hour_week` varchar(5) DEFAULT NULL,
  `garantee` varchar(2) DEFAULT NULL,
  PRIMARY KEY (`id`)
) ENGINE=MyISAM AUTO_INCREMENT=22 DEFAULT CHARSET=utf8 COLLATE=utf8_general_ci;

--
-- Dumping data for table `idplan_lookbook_3`
--


--
-- Table structure for table `idplan_lookbook_4`
--

CREATE TABLE `idplan_lookbook_4` (
  `id` int(11) NOT NULL AUTO_INCREMENT,
  `person_id` varchar(15) DEFAULT NULL,
  `year` varchar(5) DEFAULT NULL,
  `term` varchar(1) DEFAULT NULL,
  `week` varchar(3) DEFAULT NULL,
  `start_date` date DEFAULT NULL,
  `end_date` date DEFAULT NULL,
  `policy` varchar(255) DEFAULT NULL,
  `hour_week` varchar(5) DEFAULT NULL,
  `garantee` varchar(2) DEFAULT NULL,
  PRIMARY KEY (`id`)
) ENGINE=MyISAM AUTO_INCREMENT=24 DEFAULT CHARSET=utf8 COLLATE=utf8_general_ci;

--
-- Dumping data for table `idplan_lookbook_4`
--


--
-- Table structure for table `idplan_lookbook_5`
--

CREATE TABLE `idplan_lookbook_5` (
  `id` int(11) NOT NULL AUTO_INCREMENT,
  `person_id` varchar(15) DEFAULT NULL,
  `rec_date` date DEFAULT NULL,
  `develop_name` varchar(255) DEFAULT NULL,
  `develop_code` varchar(15) DEFAULT NULL,
  `knowledge` varchar(10) DEFAULT NULL,
  `skill` varchar(10) DEFAULT NULL,
  `teacher` varchar(10) DEFAULT NULL,
  `develop_hour` varchar(5) DEFAULT NULL,
  `develop_start_date` date DEFAULT NULL,
  `num_date` int(5) DEFAULT NULL,
  `development` varchar(10) DEFAULT NULL,
  `garantee` varchar(2) DEFAULT NULL,
  PRIMARY KEY (`id`)
) ENGINE=MyISAM AUTO_INCREMENT=4 DEFAULT CHARSET=utf8 COLLATE=utf8_general_ci;

--
-- Dumping data for table `idplan_lookbook_5`
--


--
-- Table structure for table `idplan_lookbook_6`
--

CREATE TABLE `idplan_lookbook_6` (
  `id` int(11) NOT NULL AUTO_INCREMENT,
  `person_id` varchar(15) DEFAULT NULL,
  `group_activities` varchar(255) DEFAULT NULL,
  `num_member` int(5) DEFAULT NULL,
  `activities_name` varchar(255) DEFAULT NULL,
  `round` varchar(3) DEFAULT NULL,
  `date_activities` date DEFAULT NULL,
  `term` varchar(2) DEFAULT NULL,
  `year` varchar(5) DEFAULT NULL,
  `num_hour` varchar(5) DEFAULT NULL,
  `r_character` varchar(3) DEFAULT NULL,
  `income_activities` varchar(5) DEFAULT NULL,
  `issues` varchar(255) DEFAULT NULL,
  `cause` varchar(255) DEFAULT NULL,
  `knowledge` varchar(255) DEFAULT NULL,
  `activities` varchar(255) DEFAULT NULL,
  `r_activities` varchar(255) DEFAULT NULL,
  `reapply` varchar(255) DEFAULT NULL,
  `other` varchar(255) DEFAULT NULL,
  `garantee` varchar(2) DEFAULT NULL,
  PRIMARY KEY (`id`)
) ENGINE=MyISAM AUTO_INCREMENT=6 DEFAULT CHARSET=utf8 COLLATE=utf8_general_ci;

--
-- Dumping data for table `idplan_lookbook_6`
--


--
-- Table structure for table `idplan_lookbook_group_subject`
--

CREATE TABLE `idplan_lookbook_group_subject` (
  `id` int(11) NOT NULL AUTO_INCREMENT,
  `g_subject` varchar(255) DEFAULT NULL,
  PRIMARY KEY (`id`)
) ENGINE=MyISAM AUTO_INCREMENT=21 DEFAULT CHARSET=utf8 COLLATE=utf8_general_ci;

--
-- Dumping data for table `idplan_lookbook_group_subject`
--


--
-- Table structure for table `idplan_management_crown`
--

CREATE TABLE `idplan_management_crown` (
  `id` int(11) NOT NULL AUTO_INCREMENT,
  `crown_name_th` char(100) DEFAULT NULL,
  `crown_shot_name` char(10) DEFAULT NULL,
  `crown_name_en` char(150) DEFAULT NULL,
  PRIMARY KEY (`id`)
) ENGINE=MyISAM AUTO_INCREMENT=37 DEFAULT CHARSET=utf8 COLLATE=utf8_general_ci;

--
-- Dumping data for table `idplan_management_crown`
--


--
-- Table structure for table `idplan_management_crown_year`
--

CREATE TABLE `idplan_management_crown_year` (
  `id` int(11) NOT NULL AUTO_INCREMENT,
  `person_id` varchar(15) DEFAULT NULL,
  `crown_id` varchar(3) DEFAULT NULL,
  `crown_year` varchar(7) DEFAULT NULL,
  PRIMARY KEY (`id`)
) ENGINE=MyISAM AUTO_INCREMENT=7 DEFAULT CHARSET=utf8 COLLATE=utf8_general_ci;

--
-- Dumping data for table `idplan_management_crown_year`
--


--
-- Table structure for table `idplan_management_family`
--

CREATE TABLE `idplan_management_family` (
  `id` int(11) NOT NULL AUTO_INCREMENT,
  `person_id` varchar(15) DEFAULT NULL,
  `family_prename` varchar(20) DEFAULT NULL,
  `family_name` varchar(100) DEFAULT NULL,
  `family_surname` varchar(150) DEFAULT NULL,
  `birth_date` date DEFAULT NULL,
  `family_type` varchar(5) DEFAULT NULL,
  PRIMARY KEY (`id`)
) ENGINE=MyISAM AUTO_INCREMENT=10 DEFAULT CHARSET=utf8 COLLATE=utf8_general_ci;

--
-- Dumping data for table `idplan_management_family`
--

INSERT INTO `idplan_management_family` VALUES (9,'3340300018845','นางสาว','ภัทรานิษฐ์','ปัญญาคง','2004-06-30','3');

--
-- Table structure for table `idplan_management_marry`
--

CREATE TABLE `idplan_management_marry` (
  `person_id` varchar(15) NOT NULL,
  `m_type` varchar(5) DEFAULT NULL,
  `m_prename` varchar(10) DEFAULT NULL,
  `m_name` varchar(50) DEFAULT NULL,
  `m_surname` varchar(150) DEFAULT NULL,
  PRIMARY KEY (`person_id`)
) ENGINE=MyISAM DEFAULT CHARSET=utf8 COLLATE=utf8_general_ci;

--
-- Dumping data for table `idplan_management_marry`
--

INSERT INTO `idplan_management_marry` VALUES ('3340300018845','2','นาง','สิริวรรณ','ปัญญาคง');

--
-- Table structure for table `idplan_management_member`
--

CREATE TABLE `idplan_management_member` (
  `id` int(11) NOT NULL AUTO_INCREMENT,
  `person_id` varchar(15) DEFAULT NULL,
  `member_name` varchar(255) DEFAULT NULL,
  `member_number` varchar(30) DEFAULT NULL,
  PRIMARY KEY (`id`)
) ENGINE=MyISAM AUTO_INCREMENT=5 DEFAULT CHARSET=utf8 COLLATE=utf8_general_ci;

--
-- Dumping data for table `idplan_management_member`
--

INSERT INTO `idplan_management_member` VALUES (4,'3340300018845','กบ.ข','3340300018845');

--
-- Table structure for table `idplan_management_portfolio`
--

CREATE TABLE `idplan_management_portfolio` (
  `id` int(11) NOT NULL AUTO_INCREMENT,
  `person_id` varchar(15) DEFAULT NULL,
  `topic` varchar(200) DEFAULT NULL,
  `date` date DEFAULT NULL,
  `address` varchar(255) DEFAULT NULL,
  `pic_upload` varchar(50) DEFAULT NULL,
  PRIMARY KEY (`id`)
) ENGINE=MyISAM AUTO_INCREMENT=17 DEFAULT CHARSET=utf8 COLLATE=utf8_general_ci;

--
-- Dumping data for table `idplan_management_portfolio`
--

INSERT INTO `idplan_management_portfolio` VALUES (16,'3340300018845','ผู้บริหารสถานศึกษาดีเเด่น','2553-01-16','กลุ่มนาเยีย','');

--
-- Table structure for table `idplan_management_vitaya`
--

CREATE TABLE `idplan_management_vitaya` (
  `id` int(11) NOT NULL AUTO_INCREMENT,
  `person_id` varchar(15) DEFAULT NULL,
  `vitaya_name` varchar(250) DEFAULT NULL,
  `vitaya_shot` varchar(50) DEFAULT NULL,
  `vitaya_date` date DEFAULT NULL,
  PRIMARY KEY (`id`)
) ENGINE=MyISAM AUTO_INCREMENT=9 DEFAULT CHARSET=utf8 COLLATE=utf8_general_ci;

--
-- Dumping data for table `idplan_management_vitaya`
--

INSERT INTO `idplan_management_vitaya` VALUES (8,'3340300018845','ชำนาญการพิเศษ','คศ.3','2552-09-28');

--
-- Table structure for table `idplan_permission`
--

CREATE TABLE `idplan_permission` (
  `per_id` int(5) NOT NULL AUTO_INCREMENT,
  `person_id` char(15) DEFAULT NULL,
  `p1` int(2) DEFAULT NULL,
  `office` char(15) DEFAULT NULL,
  `rec_dat` date DEFAULT NULL,
  PRIMARY KEY (`per_id`)
) ENGINE=MyISAM AUTO_INCREMENT=36 DEFAULT CHARSET=utf8 COLLATE=utf8_general_ci;

--
-- Dumping data for table `idplan_permission`
--


--
-- Table structure for table `idplan_person_sch_profile`
--

CREATE TABLE `idplan_person_sch_profile` (
  `person_id` varchar(15) NOT NULL,
  `birth_date` date DEFAULT NULL,
  `f_date` date DEFAULT NULL,
  `vittaya` varchar(50) DEFAULT NULL,
  `work_old` int(3) DEFAULT NULL,
  `at_home` varchar(10) DEFAULT NULL,
  `moo` varchar(3) DEFAULT NULL,
  `tambun` varchar(50) DEFAULT NULL,
  `ampher` varchar(50) DEFAULT NULL,
  `province` varchar(70) DEFAULT NULL,
  `postcode` varchar(10) DEFAULT NULL,
  `home_phone` varchar(15) DEFAULT NULL,
  `mobile` varchar(15) DEFAULT NULL,
  `salary` int(10) DEFAULT NULL,
  `emoluments` int(10) DEFAULT NULL,
  `money_of_position` int(10) DEFAULT NULL,
  `m_type` varchar(5) DEFAULT NULL,
  `update_date` date DEFAULT NULL,
  PRIMARY KEY (`person_id`)
) ENGINE=MyISAM DEFAULT CHARSET=utf8 COLLATE=utf8_general_ci;

--
-- Dumping data for table `idplan_person_sch_profile`
--

INSERT INTO `idplan_person_sch_profile` VALUES ('1341500008520',NULL,NULL,NULL,NULL,NULL,NULL,NULL,NULL,NULL,NULL,NULL,NULL,NULL,NULL,NULL,NULL,NULL),('3330300421038',NULL,NULL,NULL,NULL,NULL,NULL,NULL,NULL,NULL,NULL,NULL,NULL,NULL,NULL,NULL,NULL,NULL),('3340200315546','2519-02-23','2552-11-27','ชำนาญการพิเศษ',12,'66','','วารินชำราบ','วารินชำราบ','อุบลราชธานี','','','0897164545',46,5,5,'1','2021-10-10'),('3340300018845','2508-11-19','2536-11-25','ชำนาญการพอเศษ',27,'4','','ในเมือง','เมือง','อุบลราชธานี','','','0943833391',69040,5600,5600,'2','2025-05-22'),('1341100012244',NULL,NULL,NULL,NULL,NULL,NULL,NULL,NULL,NULL,NULL,NULL,NULL,NULL,NULL,NULL,NULL,NULL),('1330500289935',NULL,NULL,NULL,NULL,NULL,NULL,NULL,NULL,NULL,NULL,NULL,NULL,NULL,NULL,NULL,NULL,NULL);

--
-- Table structure for table `la_cancel`
--

CREATE TABLE `la_cancel` (
  `id` int(11) NOT NULL AUTO_INCREMENT,
  `person_id` varchar(13) NOT NULL,
  `la_type` tinyint(4) NOT NULL,
  `write_at` varchar(100) DEFAULT NULL,
  `permission_start` date NOT NULL,
  `permission_finish` date NOT NULL,
  `permission_total` int(11) NOT NULL,
  `because` varchar(200) NOT NULL,
  `cancel_la_start` date NOT NULL,
  `cancel_la_finish` date NOT NULL,
  `cancel_la_total` int(11) NOT NULL,
  `no_comment` int(11) NOT NULL DEFAULT 0,
  `grant_p_selected` varchar(13) DEFAULT NULL,
  `rec_date` datetime NOT NULL,
  `officer_comment` varchar(200) DEFAULT NULL,
  `officer_sign` varchar(13) DEFAULT NULL,
  `officer_date` datetime DEFAULT NULL,
  `group_comment` varchar(100) DEFAULT NULL,
  `group_sign` varchar(13) DEFAULT NULL,
  `group_date` datetime DEFAULT NULL,
  `comment_date` datetime DEFAULT NULL,
  `commander_grant` tinyint(4) DEFAULT NULL,
  `commander_comment` varchar(100) DEFAULT NULL,
  `commander_sign` varchar(13) DEFAULT NULL,
  `grant_date` datetime DEFAULT NULL,
  PRIMARY KEY (`id`)
) ENGINE=MyISAM AUTO_INCREMENT=2 DEFAULT CHARSET=utf8 COLLATE=utf8_general_ci;

--
-- Dumping data for table `la_cancel`
--

INSERT INTO `la_cancel` VALUES (1,'3340200315546',1,'โรงเรียนวัดบ้านค้อหวาง','2019-07-01','2019-07-01',1,'หายเป็นปกติแล้ว','2019-07-01','2019-07-01',1,0,'5320200035221','2019-07-25 13:35:24',NULL,NULL,NULL,NULL,NULL,NULL,NULL,1,'','5320200035221','2020-01-15 10:19:38');

--
-- Table structure for table `la_collect`
--

CREATE TABLE `la_collect` (
  `id` int(11) NOT NULL AUTO_INCREMENT,
  `year` int(11) NOT NULL,
  `person_id` varchar(13) NOT NULL,
  `collect_day` tinyint(4) NOT NULL DEFAULT 0,
  `this_year_day` tinyint(4) NOT NULL DEFAULT 0,
  `officer` varchar(13) DEFAULT NULL,
  `rec_date` date DEFAULT NULL,
  PRIMARY KEY (`id`)
) ENGINE=MyISAM DEFAULT CHARSET=utf8 COLLATE=utf8_general_ci;

--
-- Dumping data for table `la_collect`
--


--
-- Table structure for table `la_main`
--

CREATE TABLE `la_main` (
  `id` int(11) NOT NULL AUTO_INCREMENT,
  `person_id` varchar(13) NOT NULL,
  `la_type` tinyint(4) NOT NULL,
  `write_at` varchar(100) DEFAULT NULL,
  `because` varchar(250) DEFAULT NULL,
  `la_start` date NOT NULL,
  `la_finish` date NOT NULL,
  `la_total` int(11) NOT NULL,
  `last_la_start` date DEFAULT NULL,
  `last_la_finish` date DEFAULT NULL,
  `last_la_total` int(11) DEFAULT NULL,
  `contact` varchar(150) DEFAULT NULL,
  `contact_tel` varchar(20) DEFAULT NULL,
  `document` varchar(100) DEFAULT NULL,
  `no_comment` tinyint(4) NOT NULL DEFAULT 0,
  `grant_p_selected` varchar(13) DEFAULT NULL,
  `sick_ago` int(11) DEFAULT NULL,
  `sick_this` int(11) DEFAULT NULL,
  `sick_total` int(11) DEFAULT NULL,
  `privacy_ago` int(11) DEFAULT NULL,
  `privacy_this` int(11) DEFAULT NULL,
  `privacy_total` int(11) DEFAULT NULL,
  `birth_ago` int(11) DEFAULT NULL,
  `birth_this` int(11) DEFAULT NULL,
  `birth_total` int(11) DEFAULT NULL,
  `relax_ago` int(11) DEFAULT NULL,
  `relax_this` int(11) DEFAULT NULL,
  `relax_total` int(11) DEFAULT NULL,
  `relax_collect` tinyint(4) DEFAULT NULL,
  `relax_this_year` tinyint(4) DEFAULT NULL,
  `job_person` varchar(13) DEFAULT NULL,
  `job_person_sign` tinyint(4) NOT NULL DEFAULT 0,
  `rec_date` datetime NOT NULL,
  `officer_comment` varchar(200) DEFAULT NULL,
  `officer_sign` varchar(13) DEFAULT NULL,
  `officer_date` datetime DEFAULT NULL,
  `group_comment` varchar(100) DEFAULT NULL,
  `group_sign` varchar(13) DEFAULT NULL,
  `group_date` datetime DEFAULT NULL,
  `comment_date` datetime DEFAULT NULL,
  `commander_grant` tinyint(4) DEFAULT NULL,
  `commander_comment` varchar(100) DEFAULT NULL,
  `commander_sign` varchar(13) DEFAULT NULL,
  `grant_date` datetime DEFAULT NULL,
  PRIMARY KEY (`id`)
) ENGINE=MyISAM AUTO_INCREMENT=49 DEFAULT CHARSET=utf8 COLLATE=utf8_general_ci;

--
-- Dumping data for table `la_main`
--

INSERT INTO `la_main` VALUES (1,'3340200315546',2,'โรงเรียนวัดบ้านค้อหวาง','ไปทำธุรกรรมที่อำเภอศรีเมืองใหม่','2015-11-18','2015-11-18',1,'2015-11-17','2015-11-17',0,'23 ถ.เทศบาล 17 ต.วารินชำราบ อ.วารินชำราบ จ.อุบลราชธานี 34190','089-7164545','',0,'5320200035221',0,0,0,0,0,0,0,0,0,NULL,NULL,NULL,NULL,NULL,NULL,0,'2015-11-17 13:20:59',NULL,NULL,NULL,NULL,NULL,NULL,NULL,1,'','5320200035221','2015-11-17 14:27:17'),(2,'3331001142260',2,'249 ม,9 ต.แสนสุข อ,วารินชำราบ จ.อุบลราชธานี','ร่วมงานบุญกฐินญาติ','2018-11-08','2018-11-09',2,'2018-11-08','2018-11-09',2,'21,หมู่1ต,อี่หล่ำ อ,อุทุมพรพิสัยจ.ศรีสะเกษ','','',0,'',0,0,0,0,0,0,0,0,0,NULL,NULL,NULL,NULL,NULL,NULL,0,'2018-11-06 13:48:30',NULL,NULL,NULL,NULL,NULL,NULL,NULL,1,'','5320200035221','2018-11-06 14:48:58'),(3,'3330300421038',2,'โรงเรียนวัดบ้านค้อหวาง','ไปเยี่ยมญาติต่างจังหวัด','2018-12-06','2018-12-07',2,'2017-12-18','2017-12-20',3,'18 หมู่ 5 ตำบลโนนผึ้ง อำเภอวารินชำราบ จังหวัดอุบลราชธานี','0817903779','',0,'',0,0,0,0,0,0,0,0,0,NULL,NULL,NULL,NULL,NULL,NULL,0,'2018-11-27 11:39:03',NULL,NULL,NULL,NULL,NULL,NULL,NULL,1,'','5320200035221','2018-12-03 08:43:26'),(4,'3341500726160',1,'โรงเรียนวัดบ้านค้อหวาง','เป็นไข้','2018-12-12','2018-12-13',2,'2018-12-12','2018-12-13',2,'1 หมู่ 6 ตำบลโนนผึ้ง อำเภอวารินชำราบ จังหวัดอุบลราชธานี 34190','0864604439','',0,'',0,0,0,0,0,0,0,0,0,NULL,NULL,NULL,NULL,NULL,NULL,0,'2018-12-12 09:06:46',NULL,NULL,NULL,NULL,NULL,NULL,NULL,1,'','5320200035221','2018-12-17 07:44:51'),(5,'3340200315546',1,'โรงเรียนวัดบ้านค้อหวาง','เป็นไข้หวัด','2018-12-17','2018-12-17',1,'2018-12-17','2018-12-17',1,'23 ถ.เทศบาล 17 ต.วารินชำราบ อ.วารินชำราบ จ.อุบลราชธานี 34190','089-7164545','',0,'5320200035221',0,0,0,0,0,0,0,0,0,NULL,NULL,NULL,NULL,NULL,NULL,0,'2018-12-19 13:56:38',NULL,NULL,NULL,NULL,NULL,NULL,NULL,1,'','5320200035221','2019-01-07 12:52:11'),(6,'3331001142260',1,'โรงเรียนวัดบ้านค้อหวาง','กรดไหลย้อนรุนแรง','2019-01-03','2019-01-03',1,'2018-11-08','2018-11-09',2,'249 หมู่ 9 ต.แสนสุข อ.วารินชำราบ จ.อุบลราชธานี 34190','0896259628','',0,'5320200035221',0,0,0,2,0,0,0,0,0,NULL,NULL,NULL,NULL,NULL,NULL,0,'2019-01-04 13:30:12',NULL,NULL,NULL,NULL,NULL,NULL,NULL,1,'','5320200035221','2019-01-07 12:52:23'),(7,'3349800183967',2,'โรงเรียนวัดบ้านค้อหวาง','ไปธุระที่จังหวัดนครราชสีมา','2019-01-07','2019-01-07',1,'2018-05-30','2018-05-31',2,'176 ต.ครบุรี อ.ครบุรี จ.นครราชสีมา','0847181488','',0,'',0,0,0,0,0,0,0,0,0,NULL,NULL,NULL,NULL,NULL,NULL,0,'2019-01-07 08:43:18',NULL,NULL,NULL,NULL,NULL,NULL,NULL,1,'','5320200035221','2019-01-07 12:52:30'),(8,'3340200315546',1,'โรงเรียนวัดบ้านค้อหวาง','เป็นไข้หวัดใหญ่','2019-01-07','2019-01-08',2,'2019-01-07','2019-01-08',2,'23 ถ.เทศบาล 17 ต.วารินชำราบ อ.วารินชำราบ จ.อุบลราชธานี 34190','089-7164545','',0,'5320200035221',1,0,0,0,0,0,0,0,0,NULL,NULL,NULL,NULL,NULL,NULL,0,'2019-01-17 10:17:38',NULL,NULL,NULL,NULL,NULL,NULL,NULL,1,'','5320200035221','2019-02-22 08:52:46'),(9,'3341500899854',2,'โรงเรียนวัดบ้านค้อหวาง','ไปกิจธุระส่วนตัว','2019-02-25','2019-02-27',3,'2018-08-03','2018-08-03',1,'หมู่ 5 ตำบลโนนผึ้ง อำเภอวารินชำราบ จังหวัดอุบลราชธานี 34190','089-6259628','',0,'',0,0,0,0,0,0,0,0,0,NULL,NULL,NULL,NULL,NULL,NULL,0,'2019-02-15 11:13:35',NULL,NULL,NULL,NULL,NULL,NULL,NULL,1,'','5320200035221','2019-02-22 08:53:33'),(10,'3331001142260',1,'โรงเรียนวัดบ้านค้อหวาง','ป่วยเป็นไข้หวัดใหญ่','2019-02-15','2019-02-15',1,'2018-11-08','2018-11-08',2,'249 หมู่ 9 ต.แสนสุข อ.วารินชำราบ จ.อุบลราชธานี 34190','0934265895','',0,'',1,0,0,2,0,0,0,0,0,NULL,NULL,NULL,NULL,NULL,NULL,0,'2019-02-18 10:25:46',NULL,NULL,NULL,NULL,NULL,NULL,NULL,1,'','5320200035221','2019-02-22 08:53:10'),(11,'3341500899854',2,'โรงเรียนวัดบ้านค้อหวาง','ไปทำธุรการที่ธนาคาร','2019-03-13','2019-03-13',1,'2019-02-25','2019-03-27',3,'178 หมู่ 5 ตำบลโนนผึ้ง อำเภอวารินชำราบ จังหวัดอุบลราชธานี 34190','0896259628','',0,'',0,0,0,3,0,0,0,0,0,NULL,NULL,NULL,NULL,NULL,NULL,0,'2019-03-11 16:00:29',NULL,NULL,NULL,NULL,NULL,NULL,NULL,1,'','5320200035221','2019-03-12 12:26:34'),(14,'3341500899854',2,'โรงเรียนวัดบ้านค้อหวาง','ไปธุระต่างจังหวัด','2019-07-15','2019-07-15',1,'2019-06-24','2019-06-24',1,'178 หมู่ที่่ 5 ตำบลโนนผึ้ง อำเภอวารินชำราบ จังหวัดอุบลราชธานี','','',0,'',1,0,0,4,0,0,0,0,0,NULL,NULL,NULL,NULL,NULL,NULL,0,'2019-07-11 08:50:06',NULL,NULL,NULL,NULL,NULL,NULL,NULL,1,'','5320200035221','2019-07-30 08:56:57'),(13,'3341500899854',1,'โรงเรียนวัดบ้านค้อหวาง','ป่วยเป็นไข้หวัด','2019-06-24','2019-06-24',1,'2019-03-11','2019-03-11',1,'178 หมู่ที่่ 5 ตำบลโนนผึ้ง อำเภอวารินชำราบ จังหวัดอุบลราชธานี','0896259628','',0,'',0,0,0,4,0,0,0,0,0,NULL,NULL,NULL,NULL,NULL,NULL,0,'2019-07-01 16:24:07',NULL,NULL,NULL,NULL,NULL,NULL,NULL,1,'','5320200035221','2019-07-10 08:52:07'),(15,'3340200315546',2,'โรงเรียนวัดบ้านค้อหวาง','ไปต่างจังหวัด','2019-07-25','2019-07-25',1,'2019-07-25','2019-07-25',1,'70 ถ.เทศบาล 17 ต.วารินชำราบ อ.วารินชำราบ จ.อุบลราชธานี 34190','089-7164545','',0,'5320200035221',3,0,0,0,0,0,0,0,0,NULL,NULL,NULL,NULL,NULL,NULL,0,'2019-07-25 13:26:21',NULL,NULL,NULL,NULL,NULL,NULL,NULL,1,'','5320200035221','2019-07-30 08:57:06'),(16,'3340200315546',1,'โรงเรียนวัดบ้านค้อหวาง','เป็นไข้หวัดใหญ่','2019-07-01','2019-07-01',1,'2019-07-25','2019-07-25',1,'70 ถ.เทศบาล 17 ต.วารินชำราบ อ.วารินชำราบ จ.อุบลราชธานี 34190','089-7164545','',0,'5320200035221',3,0,0,0,0,0,0,0,0,NULL,NULL,NULL,NULL,NULL,NULL,0,'2019-07-25 13:30:55',NULL,NULL,NULL,NULL,NULL,NULL,NULL,1,'','5320200035221','2019-07-30 08:57:13'),(17,'3349800183967',1,'โรงเรียนวัดบ้านค้อหวาง','หมอนัด','2019-11-06','2019-11-06',1,'2019-01-07','2019-01-07',1,'10 ถ.เทศบาล 12 ต.วารินชำราบ อ.วารินชำราบ จ.อุบลราชธานี','0817181488','',0,'',0,0,0,0,0,0,0,0,0,NULL,NULL,NULL,NULL,NULL,NULL,0,'2019-11-07 08:36:08',NULL,NULL,NULL,NULL,NULL,NULL,NULL,1,'','5320200035221','2019-11-07 09:00:15'),(18,'3331001142260',2,'โรงเรียนวัดบ้านค้อหวาง','ไปรับพระราชทานปริญญาบัตรบุตรชาย','2019-11-11','2019-11-13',3,'2019-02-15','2019-02-15',1,'249 หมู่ที่ 9 ต.แสนสุข อ.วารินชำราบ จ.อุบลราชธานี 34190','0844680446','',0,'',0,0,0,0,0,0,0,0,0,NULL,NULL,NULL,NULL,NULL,NULL,0,'2019-11-07 08:52:06',NULL,NULL,NULL,NULL,NULL,NULL,NULL,1,'','5320200035221','2019-11-07 09:00:20'),(19,'3349800183967',1,'10 ถนนเทศบาล 12 ตำบลวารินชำราบ อำเภอวารินชำราบ จังหวัดอุบลราชธานี 34190','หมอนัด','2019-12-02','2019-12-02',1,'2019-11-06','2019-11-06',1,'10 ถนนเทศบาล 12 ตำบลวารินชำราบ อำเภอวารินชำราบ จังหวัดอุบลราชธานี 34190','0817181488','',0,'',1,0,0,0,0,0,0,0,0,NULL,NULL,NULL,NULL,NULL,NULL,0,'2019-12-02 08:48:36',NULL,NULL,NULL,NULL,NULL,NULL,NULL,1,'','5320200035221','2019-12-02 15:02:22'),(20,'3341500899854',2,'178 หมู่ที่ 5 ตำบลโนนผึ้ง อำเภอวารินชำราบ จังหวัดอุบลราชธานี 34190','ไปร่วมงานรับพระราชทานปริญญาบัตรหลานสาวที่จังหวัดขอนแก่น','2019-07-15','2019-07-15',1,'2019-12-04','2019-12-04',1,'178 หมู่ที่ 5 ตำบลโนนผึ้ง อำเภอวารินชำราบ จังหวัดอุบลราชธานี 34190','0896259628','',0,'',0,0,0,0,0,0,0,0,0,NULL,NULL,NULL,NULL,NULL,NULL,0,'2019-12-02 14:59:53',NULL,NULL,NULL,NULL,NULL,NULL,NULL,1,'','5320200035221','2019-12-02 15:02:26'),(21,'3330300421038',2,'18 หมู่ที่ 5 ตำบลโนนผึ้ง อำเภอวารินชำราบ จังหวัดอุบลราชธานี 34190','ไปธุระส่วนตัว','2019-12-11','2019-12-13',3,'2018-12-06','2018-12-07',2,'18 หมู่ที่ 5 ตำบลโนนผึ้ง อำเภอวารินชำราบ จังหวัดอุบลราชธานี 34190','0817903779','',0,'',0,0,0,0,0,0,0,0,0,NULL,NULL,NULL,NULL,NULL,NULL,0,'2019-12-02 15:21:02',NULL,NULL,NULL,NULL,NULL,NULL,NULL,1,'','5320200035221','2019-12-09 11:00:32'),(22,'3349800183967',2,'10 ถนนเทศบาล 12 ตำบลวารินชำราบ อำเภอวารินชำราบ จังหวัดอุบลราชธานี 34190','จัดงานศพญาติ','2020-02-18','2020-02-21',4,'2019-12-02','2019-12-02',1,'10 ถ.เทศบาล 12 ต.วารินชำราบ อ.วารินชำราบ จ.อุบลราชธานี','0817181488','',0,'',2,0,0,0,0,0,0,0,0,NULL,NULL,NULL,NULL,NULL,NULL,0,'2020-02-18 18:33:14',NULL,NULL,NULL,NULL,NULL,NULL,NULL,1,'','5320200035221','2020-02-18 18:34:11'),(23,'3330300421038',2,'18 หมู่ที่ 5 ตำบลโนนผึ้ง อำเภอวารินชำราบ จังหวัดอุบลราชธานี 34190','พาญาติไปพบแพทย์','2020-07-21','2020-07-21',1,'2019-12-11','2019-12-13',3,'18 หมู่ที่ 5 ตำบลโนนผึ้ง อำเภอวารินชำราบ จังหวัดอุบลราชธานี 34190','0817903779','',0,'5320200035221',0,0,0,3,0,0,0,0,0,NULL,NULL,NULL,NULL,NULL,NULL,0,'2020-07-21 09:20:09',NULL,NULL,NULL,NULL,NULL,NULL,NULL,1,'','5320200035221','2020-07-23 08:22:24'),(24,'3349800183967',2,'10 ถนนเทศบาล 12 ตำบลวารินชำราบ อำเภอวารินชำราบ จังหวัดอุบลราชธานี 34190','ไปพบแพทย์ตามนัด','2020-07-22','2020-07-22',1,'2020-02-18','2020-02-21',4,'10 ถ.เทศบาล 12 ต.วารินชำราบ อ.วารินชำราบ จ.อุบลราชธานี','0817181488','',0,'5320200035221',2,0,0,4,0,0,0,0,0,NULL,NULL,NULL,NULL,NULL,NULL,0,'2020-07-21 09:34:22',NULL,NULL,NULL,NULL,NULL,NULL,NULL,1,'','5320200035221','2020-07-23 08:22:31'),(26,'3330300421038',2,'18 หมู่ที่ 5 ตำบลโนนผึ้ง อำเภอวารินชำราบ จังหวัดอุบลราชธานี 34190','ไปเยี่ยมญาติต่างจังหวัด','2020-10-21','2020-10-22',2,'2020-07-21','2020-07-21',1,'18 หมู่ที่ 5 ตำบลโนนผึ้ง อำเภอวารินชำราบ จังหวัดอุบลราชธานี 34190','0817903779','',0,'',0,0,0,0,0,0,0,0,0,NULL,NULL,NULL,NULL,NULL,NULL,0,'2020-10-12 10:41:16','','3330300421038','2020-10-15 09:49:42',NULL,NULL,NULL,NULL,1,NULL,'3330300421038','2020-10-18 10:24:55'),(27,'3340200315546',1,'โรงเรียนวัดบ้านค้อหวาง','ป่วยเป็นกรดไหลย้อน','2020-10-29','2020-10-29',1,'2020-10-29','2020-10-29',1,'70 ถนนเทศบาล 17 ต.วารินชำราบ อ.วารินชำราบ จ.อุบลราชธานี 34190','089-7164545','',0,'3330300421038',0,0,0,0,0,0,0,0,0,NULL,NULL,NULL,NULL,NULL,NULL,0,'2020-10-29 08:59:11',NULL,NULL,NULL,NULL,NULL,NULL,NULL,1,'','3330300421038','2021-01-11 08:34:40'),(28,'3341500804454',2,'48 หมู่ที่ 10 ตำบลคูเมือง อำเภอวารินชำราบ จังหวัดอุบลราชธานี ','ไปงานฌาปนกิจศพที่ต่างจังหวัด','2020-11-02','2020-11-02',1,'2020-07-16','2020-07-17',2,'48 หมู่ที่ 10 ตำบลคูเมือง อำเภอวารินชำราบ จังหวัดอุบลราชธานี','0862640460','',0,'',0,0,0,0,0,0,0,0,0,NULL,NULL,NULL,NULL,NULL,NULL,0,'2020-11-02 10:04:15',NULL,NULL,NULL,NULL,NULL,NULL,NULL,1,'','3330300421038','2021-01-11 08:34:47'),(29,'3340200315546',2,'โรงเรียนวัดบ้านค้อหวาง','ลูกชายเป็นไข้หวัดใหญ่','2020-12-07','2020-12-07',1,'2020-10-29','2020-10-29',1,'70 ถนนเทศบาล 17 ต.วารินชำราบ อ.วารินชำราบ จ.อุบลราชธานี 34190','089-7164545','',0,'3330300421038',0,0,0,0,0,0,0,0,0,NULL,NULL,NULL,NULL,NULL,NULL,0,'2020-12-08 15:22:26',NULL,NULL,NULL,NULL,NULL,NULL,NULL,1,'','3330300421038','2021-01-11 08:34:53'),(30,'3341500804454',2,'48 หมู่ที่ 10 ตำบลคูเมือง อำเภอวารินชำราบ จังหวัดอุบลราชธานี ','บิดาป่วยเข้าโรงพยาบาล','2021-02-20','2021-02-20',1,'2020-11-02','2020-11-02',1,'48 หมู่ที่ 10 ตำบลคูเมือง อำเภอวารินชำราบ จังหวัดอุบลราชธานี','0862640460','',0,'',0,0,0,1,0,0,0,0,0,NULL,NULL,NULL,NULL,NULL,NULL,0,'2021-02-20 15:22:07',NULL,NULL,NULL,NULL,NULL,NULL,NULL,1,'','3330300421038','2021-02-20 15:37:27'),(31,'1341500215606',2,'50 หมู่ที่ 3 ตำบลคูเมือง อำเภอวารินชำราบ จังหวัดอุบลราชธานี','เดินทางไปสอบใบประกอบวิชาชีพครู','2021-02-22','2021-02-22',1,'2021-02-22','2021-02-22',1,'50 หมู่ที่ 3 ตำบลคูเมือง อำเภอวารินชำราบ จังหวัดอุบลราชธานี','0945252361','',0,'',0,0,0,0,0,0,0,0,0,NULL,NULL,NULL,NULL,NULL,NULL,0,'2021-02-20 15:35:13',NULL,NULL,NULL,NULL,NULL,NULL,NULL,1,'','3330300421038','2021-02-20 15:35:46'),(32,'3341500804454',1,'48 หมู่ที่ 10 ตำบลคูเมือง อำเภอวารินชำราบ จังหวัดอุบลราชธานี ','ป่วยเป็นไข้หวัดใหญ่','2021-03-26','2021-03-30',3,'2021-02-20','2021-02-20',1,'48 หมู่ที่ 10 ตำบลคูเมือง อำเภอวารินชำราบ จังหวัดอุบลราชธานี','0862640460','',0,'',0,0,0,2,0,0,0,0,0,NULL,NULL,NULL,NULL,NULL,NULL,0,'2021-03-31 15:37:38',NULL,NULL,NULL,NULL,NULL,NULL,NULL,1,'','3330300421038','2021-03-31 15:46:24'),(33,'3349800183967',2,'10 ถนนเทศบาล 10 ตำบลวารินชำราบ อำเภอวารินชำราบ จังหวัดอุบลราชธานี 34190','ไปงานฌาปนกิจศพที่ต่างจังหวัด','2021-04-01','2021-04-05',3,'2021-07-22','2021-07-22',1,'10 ถ.เทศบาล 12 ต.วารินชำราบ อ.วารินชำราบ จ.อุบลราชธานี','0817181488','',0,'',0,0,0,0,0,0,0,0,0,NULL,NULL,NULL,NULL,NULL,NULL,0,'2021-03-31 15:44:19',NULL,NULL,NULL,NULL,NULL,NULL,NULL,1,'','3330300421038','2021-03-31 15:46:30'),(34,'3349800183967',1,'โรงเรียนวัดบ้านค้อหวาง','ป่วยเป็นโรคตาแดง','2021-06-28','2021-06-29',2,'2021-04-01','2021-04-05',3,'10 ถ.เทศบาล 12 ต.วารินชำราบ อ.วารินชำราบ จ.อุบลราชธานี','0817181488','',0,'',0,0,0,3,0,0,0,0,0,NULL,NULL,NULL,NULL,NULL,NULL,0,'2021-06-30 09:10:43',NULL,NULL,NULL,NULL,NULL,NULL,NULL,1,'','3341500899854','2021-06-30 09:11:19'),(35,'3330300421038',2,'โรงเรียนวัดบ้านค้อหวาง','ไปเยี่ยมญาติ','2021-12-03','2021-12-09',4,'2020-10-21','2020-10-22',2,'18 หมู่ 5 ต.โนนผึ้ง อ.วารินชำราบ จ.อุบลราชธานี','0817903779','',0,'',0,0,0,0,0,0,0,0,0,NULL,NULL,NULL,NULL,NULL,NULL,0,'2021-11-29 12:54:52',NULL,NULL,NULL,NULL,NULL,NULL,NULL,1,'','3341500899854','2021-12-02 14:10:33'),(36,'3349800183967',2,'10 ถ.เทศบาล 12 ต.วารินชำราบ อ.วารินชำราบ จ.อุบลราชธานี 34190','ไปทำธุระต่างจังหวัด','2021-12-08','2021-12-13',3,'2021-06-28','2021-06-29',2,'10 ถ.เทศบาล 12 ต.วารินชำราบ อ.วารินชำราบ จ.อุบลราชธานี 34190','0817181488','',0,'',0,0,0,0,0,0,0,0,0,NULL,NULL,NULL,NULL,NULL,NULL,0,'2021-12-08 08:10:13',NULL,NULL,NULL,NULL,NULL,NULL,NULL,1,'','3341500899854','2021-12-08 08:10:54'),(37,'3330300421038',2,'โรงเรียนวัดบ้านค้อหวาง','ไปเยี่ยมญาติจังหวัด','2022-02-04','2022-02-04',1,'2021-12-03','2021-12-09',4,'18 หมู่ 5 ต.โนนผึ้ง อ.วารินชำราบ จ.อุบลราชธานี','0817903779','',0,'',0,0,0,4,0,0,0,0,0,NULL,NULL,NULL,NULL,NULL,NULL,0,'2022-02-03 15:13:55',NULL,NULL,NULL,NULL,NULL,NULL,NULL,1,'','3341500899854','2022-02-07 10:58:21'),(38,'3349800183967',2,'10 ถ.เทศบาล 12 ต.วารินชำราบ อ.วารินชำราบ จ.อุบลราชธานี 34190','ไปทำธุระต่างจังหวัด','2022-02-09','2022-02-10',2,'2021-12-08','2021-12-13',3,'10 ถ.เทศบาล 12 ต.วารินชำราบ อ.วารินชำราบ จ.อุบลราชธานี','0817181488','',0,'',0,0,0,3,0,0,0,0,0,NULL,NULL,NULL,NULL,NULL,NULL,0,'2022-02-09 09:12:01',NULL,NULL,NULL,NULL,NULL,NULL,NULL,1,'','3341500899854','2022-02-11 08:56:00'),(39,'3349800183967',2,'10 ถ.เทศบาล 12 ต.วารินชำราบ อ.วารินชำราบ จ.อุบลราชธานี 34190','ไปทำธุระต่างจังหวัด','2022-03-16','2022-03-18',3,'2022-02-09','2022-02-10',2,'10 ถ.เทศบาล 12 ต.วารินชำราบ อ.วารินชำราบ จ.อุบลราชธานี','0817181488','',0,'',0,0,0,5,0,0,0,0,0,NULL,NULL,NULL,NULL,NULL,NULL,0,'2022-03-15 15:40:49',NULL,NULL,NULL,NULL,NULL,NULL,NULL,1,'','3341500899854','2022-03-15 15:41:23'),(40,'3340200315546',2,'โรงเรียนวัดบ้านค้อหวาง','ทำธุรกรรมที่สำนักงานที่ดินจังหวัดอุบลราชธานี','2022-05-20','2022-05-20',1,'2021-01-04','2021-01-04',1,'66 ถนนเทศบาล 17 ต.วารินชำราบ อ.วารินชำราบ จ.อุบลราชธานี','0897164545','',0,'3341500899854',0,0,0,1,0,1,0,0,0,NULL,NULL,NULL,NULL,NULL,NULL,0,'2022-06-08 13:44:12',NULL,NULL,NULL,NULL,NULL,NULL,NULL,1,'','3341500899854','2022-07-12 08:30:37'),(41,'3340200315546',2,'โรงเรียนวัดบ้านค้อหวาง','ทำภารกิจที่กรุงเทพมหานคร','2022-06-09','2022-06-10',2,'2022-05-20','2022-05-20',2,'66 ถนนเทศบาล 17 ต.วารินชำราบ อ.วารินชำราบ จ.อุบลราชธานี','0897164545','',0,'3341500899854',0,0,0,2,0,0,0,0,0,NULL,NULL,NULL,NULL,NULL,NULL,0,'2022-06-08 13:46:38',NULL,NULL,NULL,NULL,NULL,NULL,NULL,1,'','3341500899854','2022-07-12 08:30:49'),(42,'1349900916056',1,'54 หมู่ 7 บ้านโนนสมบูรณ์ อำเภอสำโรง จังหวัดอุบลราชธานี','ไข้ติดเชื้อระบบทางเดินหายใจ','2022-09-06','2022-09-07',2,'2022-09-06','2022-09-07',2,'54 หมู่ 7 บ้านโนนสมบูรณ์ อำเภอสำโรง จังหวัดอุบลราชธานี','0830878296','',0,'',0,0,0,0,0,0,0,0,0,NULL,NULL,NULL,NULL,NULL,NULL,0,'2022-09-09 08:34:51',NULL,NULL,NULL,NULL,NULL,NULL,NULL,1,'','3341500899854','2022-09-28 10:55:53'),(43,'3330300421038',2,'18 หมู่ 5 ตำบลโนนผึ้ง อำเภอวารินชำราบ จังหวัดอุบลราชธานี','ทำบุญตักบาตรที่บ้าน','2022-09-29','2022-09-30',2,'2022-02-04','2022-02-04',1,'18 หมู่ 5 ตำบลโนนผึ้ง อำเภอวารินชำราบ จังหวัดอุบลราชธานี','0817903779','',0,'',0,0,0,5,0,0,0,0,0,NULL,NULL,NULL,NULL,NULL,NULL,0,'2022-09-28 11:33:33',NULL,NULL,NULL,NULL,NULL,NULL,NULL,1,'','3341500899854','2022-09-28 11:34:29'),(44,'3330300421038',2,'18 หมู่ 5 ตำบลโนนผึ้ง อำเภอวารินชำราบ จังหวัดอุบลราชธานี','ไปธุระ','2023-01-17','2023-01-20',4,'2022-09-29','2022-09-29',2,'18 หมู่ 5 ต.โนนผึ้ง อ.วารินชำราบ จ.อุบลราชธานี','0817903779','',0,'',0,0,0,0,0,0,0,0,0,NULL,NULL,NULL,NULL,NULL,NULL,0,'2023-01-12 12:15:22','','3340300018845','2023-01-12 21:29:07',NULL,NULL,NULL,NULL,1,'','3340300018845','2023-01-12 21:31:51'),(45,'3340200315546',2,'โรงเรียนวัดบ้านค้อหวาง','บิดาเข้ารับการผ่าตัดใหญ่','2023-01-24','2023-01-24',1,'2022-06-09','2022-06-10',2,'66 ถนนเทศบาล 17 ต.วารินชำราบ อ.วารินชำราบ จ.อุบลราชธานี 34190','089-7164545','',0,'3340300018845',0,0,0,0,0,0,0,0,0,NULL,NULL,NULL,NULL,NULL,NULL,0,'2023-01-23 16:06:58',NULL,NULL,NULL,NULL,NULL,NULL,NULL,1,'','3340300018845','2023-01-23 17:36:38'),(46,'3330300421038',2,'18 หมู่ 5 ตำบลโนนผึ้ง อำเภอวารินชำราบ จังหวัดอุบลราชธานี','ไปทำธุระต่างจังหวัด','2023-03-07','2023-03-08',2,'2023-01-17','2023-01-20',4,'18 หมู่ 5 ตำบลโนนผึ้ง อำเภอวารินชำราบ จังหวัดอุบลราชธานี','0817903779','',0,'',0,0,0,4,0,0,0,0,0,NULL,NULL,NULL,NULL,NULL,NULL,0,'2023-03-02 14:51:39',NULL,NULL,NULL,NULL,NULL,NULL,NULL,1,NULL,'3340300018845','2023-03-09 21:09:23'),(47,'3341500899854',2,'178 หมู่ 5 ตำบลโนนผึ้ง อำเภอวารินชำราบ จังหวัดอุบลราชธานี','ไปทำธุระต่างจังหวัด','2023-06-07','2023-06-07',1,'2019-07-15','2019-07-15',1,'178 หมู่ 5 ตำบลโนนผึ้ง อำเภอวารินชำราบ จังหวัดอุบลราชธานี','0896259628','',0,'',0,0,0,0,0,0,0,0,0,NULL,NULL,NULL,NULL,NULL,NULL,0,'2023-06-06 10:24:05',' มอบ นส.เสาวลักษณ์  แก้วแคนมา','3340300018845','2023-06-06 18:43:28',NULL,NULL,NULL,NULL,1,'','3340300018845','2023-06-11 09:28:41'),(48,'3341500899854',2,'178 หมู่ 5 ตำบลโนนผึ้ง อำเภอวารินชำราบ จังหวัดอุบลราชธานี','ไปทำธุระต่างจังหวัด','2023-07-03','2023-07-04',2,'2023-06-07','2023-06-07',1,'178 หมู่ 5 ตำบลโนนผึ้ง อำเภอวารินชำราบ จังหวัดอุบลราชธานี','0896259628','',0,'',0,0,0,1,0,0,0,0,0,NULL,NULL,NULL,NULL,NULL,NULL,0,'2023-07-02 21:14:00',NULL,NULL,NULL,NULL,NULL,NULL,NULL,1,NULL,'3340300018845','2023-07-03 05:15:51');

--
-- Table structure for table `la_permission`
--

CREATE TABLE `la_permission` (
  `id` int(11) NOT NULL AUTO_INCREMENT,
  `person_id` varchar(13) NOT NULL,
  `p1` tinyint(4) NOT NULL,
  `officer` varchar(13) NOT NULL,
  `rec_date` date NOT NULL,
  PRIMARY KEY (`id`)
) ENGINE=MyISAM AUTO_INCREMENT=9 DEFAULT CHARSET=utf8 COLLATE=utf8_general_ci;

--
-- Dumping data for table `la_permission`
--

INSERT INTO `la_permission` VALUES (5,'1341500008520',1,'5320200035221','2018-11-06'),(6,'3340300018845',1,'3340300018845','2023-01-12'),(7,'1341100012244',1,'3340300018845','2025-08-02'),(8,'3340200315546',1,'3340300018845','2025-08-02');

--
-- Table structure for table `la_person_set`
--

CREATE TABLE `la_person_set` (
  `id` int(11) NOT NULL AUTO_INCREMENT,
  `person_id` varchar(13) NOT NULL,
  `comment_person` varchar(13) DEFAULT NULL,
  `grant_person` varchar(13) DEFAULT NULL,
  `officer` varchar(13) DEFAULT NULL,
  `rec_date` date DEFAULT NULL,
  PRIMARY KEY (`id`),
  UNIQUE KEY `person_id` (`person_id`)
) ENGINE=MyISAM AUTO_INCREMENT=20 DEFAULT CHARSET=utf8 COLLATE=utf8_general_ci;

--
-- Dumping data for table `la_person_set`
--

INSERT INTO `la_person_set` VALUES (1,'3341500726160','','','5320200035221','2018-11-06'),(2,'3330300421038','','3340300018845','3340300018845','2023-01-12'),(3,'5320200035221','','','3330300421038','2020-07-21'),(4,'1341500008520','3340200315546','3340300018845','3340300018845','2025-08-02'),(5,'3340200315546','3340200315546','3340300018845','3340300018845','2025-08-02'),(6,'3331001142260','','3341500899854','3341500899854','2021-03-31'),(7,'3341500804454','','3340300018845','3340300018845','2023-01-12'),(8,'3341500899854','3340200315546','3340300018845','3340300018845','2025-08-02'),(9,'3349800183967','','3341500899854','3341500899854','2021-03-31'),(10,'1349900305685','','','3330300421038','2020-07-21'),(11,'1341500215606','','3340300018845','3340300018845','2023-01-12'),(13,'1341100012244','3340200315546','3340300018845','3340300018845','2025-08-02'),(14,'3340300018845','','3340300018845','3340300018845','2023-01-12'),(12,'1349900916056','3340200315546','3340300018845','3340300018845','2025-08-02'),(15,'1330500289935','3340200315546','3340300018845','3340300018845','2025-08-02'),(16,'1341501353611','3340200315546','3340300018845','3340300018845','2025-08-02'),(17,'1341501401438','3340200315546','3340300018845','3340300018845','2025-08-02'),(18,'1349901140591','3340200315546','3340300018845','3340300018845','2025-08-02'),(19,'1349900392235','3340300018845','3340300018845','3340300018845','2025-08-02');

--
-- Table structure for table `la_year`
--

CREATE TABLE `la_year` (
  `id` int(11) NOT NULL AUTO_INCREMENT,
  `budget_year` int(11) NOT NULL,
  `year_active` tinyint(1) NOT NULL,
  PRIMARY KEY (`id`),
  UNIQUE KEY `budget_year` (`budget_year`)
) ENGINE=MyISAM AUTO_INCREMENT=8 DEFAULT CHARSET=utf8 COLLATE=utf8_general_ci;

--
-- Dumping data for table `la_year`
--

INSERT INTO `la_year` VALUES (1,2562,0),(2,2561,0),(3,2563,0),(4,2564,0),(5,2566,0),(6,2567,0),(7,2568,1);

--
-- Table structure for table `mail_filebook`
--

CREATE TABLE `mail_filebook` (
  `id` int(11) NOT NULL AUTO_INCREMENT,
  `ref_id` varchar(50) NOT NULL,
  `file_name` varchar(100) NOT NULL,
  `file_des` varchar(100) NOT NULL,
  PRIMARY KEY (`id`)
) ENGINE=MyISAM AUTO_INCREMENT=2 DEFAULT CHARSET=utf8 COLLATE=utf8_general_ci;

--
-- Dumping data for table `mail_filebook`
--

INSERT INTO `mail_filebook` VALUES (1,'33402003155461658548553','33402003155461658548553_1.doc','เพื่อจัดทำโครงการ');

--
-- Table structure for table `mail_group`
--

CREATE TABLE `mail_group` (
  `grp_id` int(11) NOT NULL AUTO_INCREMENT,
  `grp_name` varchar(50) NOT NULL,
  PRIMARY KEY (`grp_id`)
) ENGINE=MyISAM AUTO_INCREMENT=7 DEFAULT CHARSET=utf8 COLLATE=utf8_general_ci;

--
-- Dumping data for table `mail_group`
--

INSERT INTO `mail_group` VALUES (2,'กลุ่มบุคลากร'),(3,'งานงบประมาณ'),(6,'งานวิชาการ'),(5,'งานบริหารทั่วไป');

--
-- Table structure for table `mail_group_member`
--

CREATE TABLE `mail_group_member` (
  `id` int(11) NOT NULL AUTO_INCREMENT,
  `grp_id` int(11) NOT NULL,
  `person_id` varchar(13) NOT NULL,
  PRIMARY KEY (`id`)
) ENGINE=MyISAM DEFAULT CHARSET=utf8 COLLATE=utf8_general_ci;

--
-- Dumping data for table `mail_group_member`
--


--
-- Table structure for table `mail_main`
--

CREATE TABLE `mail_main` (
  `ms_id` int(11) NOT NULL AUTO_INCREMENT,
  `sender` varchar(13) NOT NULL,
  `subject` varchar(150) NOT NULL,
  `detail` text DEFAULT NULL,
  `ref_id` varchar(50) NOT NULL,
  `send_date` datetime NOT NULL,
  PRIMARY KEY (`ms_id`),
  KEY `ref_id` (`ref_id`)
) ENGINE=MyISAM AUTO_INCREMENT=7 DEFAULT CHARSET=utf8 COLLATE=utf8_general_ci;

--
-- Dumping data for table `mail_main`
--

INSERT INTO `mail_main` VALUES (1,'3330300421038','การอบรม SMss',' คณะครูที่เข้าอบรม SMss ที่โรงแรมปทุมรัตน์ ท่านใดทำได้กรุณาให้คำแนะนำด้วยเด้อ ขอบคุณหลายๆ','33303004210381408860688','2014-08-24 13:21:49'),(2,'3330300421038','การอบรม SMss',' คณะครูที่เข้าอบรม SMss ที่โรงแรมปทุมรัตน์ ท่านใดทำได้กรุณาให้คำแนะนำด้วยเด้อ ขอบคุณหลายๆ','33303004210381408860688','2014-08-24 13:21:52'),(3,'3330300421038','การอบรม SMss',' คณะครูที่เข้าอบรม SMss ที่โรงแรมปทุมรัตน์ ท่านใดทำได้กรุณาให้คำแนะนำด้วยเด้อ ขอบคุณหลายๆ','33303004210381408860688','2014-08-24 13:21:52'),(4,'5320200035221','การลงข้อมูลนักเรียน','การลงข้อมูลนักเรียน','53202000352211541497831','2018-11-06 16:51:36'),(5,'5320200035221','ขอเชิญร่วมรับประทานอาหารกลางวันที่บ้านงานศพ','เรียนพี่น้องเพื่อนครูทุกท่านครับได้รับแจ้งจากทางเจ้าภาพงานศพคุณยายดา เรียนเชิญคณะครูทุกท่านรับประทานอาหารกลางวันที่บ้านงานศพ พร้อมวางหรีด ในวันอังคารที่ 4 ธันวาคมครับ จึงเรียนเชิญทุกท่านเข้าร่วมงานดังกล่าว','53202000352211543804005','2018-12-03 09:28:56'),(6,'3340200315546','สวัสดี','รายละเอียดโครงการ','33402003155461658548553','2022-07-23 10:58:16');

--
-- Table structure for table `mail_permission`
--

CREATE TABLE `mail_permission` (
  `id` int(11) NOT NULL AUTO_INCREMENT,
  `person_id` varchar(13) NOT NULL,
  `p1` tinyint(4) NOT NULL,
  `officer` varchar(13) NOT NULL,
  `rec_date` date NOT NULL,
  PRIMARY KEY (`id`)
) ENGINE=MyISAM AUTO_INCREMENT=12 DEFAULT CHARSET=utf8 COLLATE=utf8_general_ci;

--
-- Dumping data for table `mail_permission`
--

INSERT INTO `mail_permission` VALUES (1,'3340200315546',1,'3340200315546','2014-08-24'),(4,'3331001142260',1,'3340900219205','2014-08-27'),(5,'3341500804454',1,'3340900219205','2014-08-27'),(6,'3349800183967',1,'3340900219205','2014-08-27'),(7,'3341500726160',1,'3340900219205','2014-08-27'),(8,'3341500899854',1,'3340900219205','2014-08-27'),(9,'3340200038909',1,'3340900219205','2014-08-27'),(11,'3330300421038',1,'3340900219205','2014-08-27');

--
-- Table structure for table `mail_sendto_answer`
--

CREATE TABLE `mail_sendto_answer` (
  `id` int(11) NOT NULL AUTO_INCREMENT,
  `ref_id` varchar(50) NOT NULL,
  `send_to` varchar(13) NOT NULL,
  `answer` tinyint(4) NOT NULL DEFAULT 0,
  `answer_time` datetime NOT NULL,
  PRIMARY KEY (`id`),
  KEY `ref_id` (`ref_id`),
  KEY `send_to` (`send_to`)
) ENGINE=MyISAM AUTO_INCREMENT=47 DEFAULT CHARSET=utf8 COLLATE=utf8_general_ci;

--
-- Dumping data for table `mail_sendto_answer`
--

INSERT INTO `mail_sendto_answer` VALUES (1,'33310011422601408860817','3331001142260',0,'0000-00-00 00:00:00'),(2,'33415008998541408861060','3341500804454',0,'0000-00-00 00:00:00'),(3,'33402003155461408861070','3340900219205',0,'0000-00-00 00:00:00'),(4,'33402003155461408861070','3341500899854',0,'0000-00-00 00:00:00'),(5,'33402003155461408861070','3331001142260',0,'0000-00-00 00:00:00'),(6,'33303004210381408860688','3340200315546',0,'0000-00-00 00:00:00'),(7,'33303004210381408860688','3331001142260',0,'0000-00-00 00:00:00'),(8,'33303004210381408860688','3341500899854',1,'2020-12-18 10:59:57'),(9,'33303004210381408860688','3340900219205',1,'2014-08-29 14:22:10'),(10,'33303004210381408860688','3341500804365',1,'2015-06-28 12:37:29'),(11,'33303004210381408860688','3341500804454',0,'0000-00-00 00:00:00'),(12,'33303004210381408860688','3341500726160',1,'2016-01-19 09:58:06'),(13,'33303004210381408860688','3340200038909',0,'0000-00-00 00:00:00'),(14,'33303004210381408860688','1330300033562',1,'2015-11-13 10:23:58'),(15,'33303004210381408860688','3349800183967',1,'2014-08-29 09:14:32'),(16,'33303004210381408860688','3340200315546',0,'0000-00-00 00:00:00'),(17,'33303004210381408860688','3331001142260',0,'0000-00-00 00:00:00'),(18,'33303004210381408860688','3341500899854',1,'2020-12-18 10:59:57'),(19,'33303004210381408860688','3340900219205',1,'2014-08-29 14:22:10'),(20,'33303004210381408860688','3341500804365',1,'2015-06-28 12:37:29'),(21,'33303004210381408860688','3341500804454',0,'0000-00-00 00:00:00'),(22,'33303004210381408860688','3341500726160',1,'2016-01-19 09:58:06'),(23,'33303004210381408860688','3340200038909',0,'0000-00-00 00:00:00'),(24,'33303004210381408860688','1330300033562',1,'2015-11-13 10:23:58'),(25,'33303004210381408860688','3349800183967',1,'2014-08-29 09:14:32'),(26,'33303004210381408860688','3340200315546',0,'0000-00-00 00:00:00'),(27,'33303004210381408860688','3331001142260',0,'0000-00-00 00:00:00'),(28,'33303004210381408860688','3341500899854',1,'2020-12-18 10:59:57'),(29,'33303004210381408860688','3340900219205',1,'2014-08-29 14:22:10'),(30,'33303004210381408860688','3341500804365',1,'2015-06-28 12:37:29'),(31,'33303004210381408860688','3341500804454',0,'0000-00-00 00:00:00'),(32,'33303004210381408860688','3341500726160',1,'2016-01-19 09:58:06'),(33,'33303004210381408860688','3340200038909',0,'0000-00-00 00:00:00'),(34,'33303004210381408860688','1330300033562',1,'2015-11-13 10:23:58'),(35,'33303004210381408860688','3349800183967',1,'2014-08-29 09:14:32'),(36,'33498001839671408861295','3330300421038',0,'0000-00-00 00:00:00'),(37,'53202000352211541497831','1341500008520',1,'2018-11-06 16:51:48'),(38,'53202000352211543804005','3340200315546',0,'0000-00-00 00:00:00'),(39,'53202000352211543804005','3331001142260',0,'0000-00-00 00:00:00'),(40,'53202000352211543804005','3341500804454',0,'0000-00-00 00:00:00'),(41,'53202000352211543804005','3341500726160',0,'0000-00-00 00:00:00'),(42,'53202000352211543804005','3330300421038',0,'0000-00-00 00:00:00'),(43,'53202000352211543804005','3341500899854',1,'2021-03-31 15:45:11'),(44,'53202000352211543804005','3349800183967',0,'0000-00-00 00:00:00'),(45,'53202000352211543804005','1341500008520',1,'2019-01-07 12:57:13'),(46,'33402003155461658548553','3341500804454',0,'0000-01-01 00:00:00');

--
-- Table structure for table `meeting_main`
--

CREATE TABLE `meeting_main` (
  `id` int(11) NOT NULL AUTO_INCREMENT,
  `room` tinyint(4) NOT NULL,
  `book_date` date NOT NULL,
  `book_date_end` date NOT NULL,
  `start_time` tinyint(4) NOT NULL,
  `finish_time` tinyint(4) NOT NULL,
  `objective` varchar(200) NOT NULL,
  `book_person` varchar(13) NOT NULL,
  `rec_date` datetime NOT NULL,
  `approve` int(11) DEFAULT NULL,
  `reason` varchar(200) DEFAULT NULL,
  `person_num` int(11) NOT NULL,
  `other` varchar(250) NOT NULL,
  `officer` varchar(13) DEFAULT NULL,
  `officer_date` datetime DEFAULT NULL,
  PRIMARY KEY (`id`)
) ENGINE=MyISAM AUTO_INCREMENT=5 DEFAULT CHARSET=utf8 COLLATE=utf8_general_ci;

--
-- Dumping data for table `meeting_main`
--

INSERT INTO `meeting_main` VALUES (2,1,'2018-11-06','2018-11-06',13,17,'อบรมระบบสนับสนุนการบริหารการสถานศึกษา (SMSS)','1341500008520','2018-11-06 17:02:24',NULL,NULL,12,'',NULL,NULL),(3,1,'2018-11-14','2018-11-14',9,12,'ประชุมคณะกรรมการสถานศึกษาขั้นพื้นฐานโรงเรีียวัดบ้านค้อหวาง','1341500008520','2018-11-13 09:42:14',NULL,NULL,10,'',NULL,NULL),(4,1,'2018-11-30','2018-11-30',9,12,'ประชุมคณะกรรมการกลุ่มเมืองโพธิ์ศรีเพื่อปรึกษาหารือเกี่ยวกับการจัดงานกีฬากลุ่มประจำปี 2561','1341500008520','2018-11-27 10:35:23',NULL,NULL,20,'',NULL,NULL);

--
-- Table structure for table `meeting_permission`
--

CREATE TABLE `meeting_permission` (
  `id` int(11) NOT NULL AUTO_INCREMENT,
  `person_id` varchar(13) NOT NULL,
  `p1` tinyint(4) NOT NULL,
  `officer` varchar(13) NOT NULL,
  `rec_date` date NOT NULL,
  PRIMARY KEY (`id`)
) ENGINE=MyISAM AUTO_INCREMENT=2 DEFAULT CHARSET=utf8 COLLATE=utf8_general_ci;

--
-- Dumping data for table `meeting_permission`
--

INSERT INTO `meeting_permission` VALUES (1,'1341500008520',0,'5320200035221','2018-11-06');

--
-- Table structure for table `meeting_room`
--

CREATE TABLE `meeting_room` (
  `id` int(11) NOT NULL AUTO_INCREMENT,
  `room_code` tinyint(4) NOT NULL,
  `room_name` varchar(100) NOT NULL,
  `active` int(11) NOT NULL DEFAULT 0,
  PRIMARY KEY (`id`)
) ENGINE=MyISAM AUTO_INCREMENT=11 DEFAULT CHARSET=utf8 COLLATE=utf8_general_ci;

--
-- Dumping data for table `meeting_room`
--

INSERT INTO `meeting_room` VALUES (1,1,'ห้องประชุม1',1),(2,2,'ห้องประชุม2',1),(3,3,'ห้องประชุม3',0),(4,4,'หอ้งประชุม4',0),(5,5,'ห้องประชุม5',0),(6,6,'ห้องประชุม6',0),(7,7,'ห้องประชุม7',0),(8,8,'ห้องประชุม8',0),(9,9,'ห้องประชุม9',0),(10,10,'ห้องประชุม10',0);

--
-- Table structure for table `news_mainitem`
--

CREATE TABLE `news_mainitem` (
  `id` int(11) NOT NULL AUTO_INCREMENT,
  `code` int(11) NOT NULL,
  `mainitem` varchar(150) NOT NULL,
  `item_active` tinyint(1) NOT NULL DEFAULT 0,
  PRIMARY KEY (`id`),
  UNIQUE KEY `code` (`code`)
) ENGINE=MyISAM DEFAULT CHARSET=utf8 COLLATE=utf8_general_ci;

--
-- Dumping data for table `news_mainitem`
--


--
-- Table structure for table `news_news`
--

CREATE TABLE `news_news` (
  `id` int(11) NOT NULL AUTO_INCREMENT,
  `report_date` datetime NOT NULL,
  `news` varchar(250) NOT NULL,
  `file` varchar(150) NOT NULL,
  `section` int(11) NOT NULL,
  `mainitem_code` int(11) NOT NULL,
  `officer` varchar(13) NOT NULL,
  PRIMARY KEY (`id`)
) ENGINE=MyISAM DEFAULT CHARSET=utf8 COLLATE=utf8_general_ci;

--
-- Dumping data for table `news_news`
--


--
-- Table structure for table `news_permission`
--

CREATE TABLE `news_permission` (
  `id` int(11) NOT NULL AUTO_INCREMENT,
  `person_id` varchar(13) NOT NULL,
  `p1` tinyint(4) NOT NULL,
  `officer` varchar(13) NOT NULL,
  `rec_date` date NOT NULL,
  PRIMARY KEY (`id`)
) ENGINE=MyISAM DEFAULT CHARSET=utf8 COLLATE=utf8_general_ci;

--
-- Dumping data for table `news_permission`
--


--
-- Table structure for table `news_section`
--

CREATE TABLE `news_section` (
  `id` int(11) NOT NULL AUTO_INCREMENT,
  `code` tinyint(4) NOT NULL,
  `name` varchar(100) NOT NULL,
  `mainitem_code` int(11) NOT NULL,
  PRIMARY KEY (`id`)
) ENGINE=MyISAM DEFAULT CHARSET=utf8 COLLATE=utf8_general_ci;

--
-- Dumping data for table `news_section`
--


--
-- Table structure for table `permission_date`
--

CREATE TABLE `permission_date` (
  `id` int(11) NOT NULL AUTO_INCREMENT,
  `person_id` varchar(13) NOT NULL,
  `ref_id` varchar(50) NOT NULL,
  `date` date NOT NULL,
  `rec_date` datetime NOT NULL,
  PRIMARY KEY (`id`)
) ENGINE=MyISAM DEFAULT CHARSET=utf8 COLLATE=utf8_general_ci;

--
-- Dumping data for table `permission_date`
--


--
-- Table structure for table `permission_main`
--

CREATE TABLE `permission_main` (
  `id` int(11) NOT NULL AUTO_INCREMENT,
  `person_id` varchar(13) NOT NULL,
  `ref_id` varchar(50) NOT NULL,
  `subject` varchar(150) NOT NULL,
  `place` varchar(150) NOT NULL,
  `vehicle` varchar(150) DEFAULT NULL,
  `document` varchar(150) DEFAULT NULL,
  `no_comment` tinyint(4) NOT NULL DEFAULT 0,
  `grant_person_selected` varchar(13) DEFAULT NULL,
  `rec_date` datetime NOT NULL,
  `comment` varchar(200) DEFAULT NULL,
  `comment_person` varchar(13) DEFAULT NULL,
  `comment_date` datetime DEFAULT NULL,
  `grant_x` tinyint(4) DEFAULT NULL,
  `grant_comment` varchar(200) DEFAULT NULL,
  `grant_person` varchar(13) DEFAULT NULL,
  `grant_date` datetime DEFAULT NULL,
  `report` text DEFAULT NULL,
  `report_date` datetime DEFAULT NULL,
  PRIMARY KEY (`id`),
  UNIQUE KEY `ref_id` (`ref_id`)
) ENGINE=MyISAM DEFAULT CHARSET=utf8 COLLATE=utf8_general_ci;

--
-- Dumping data for table `permission_main`
--


--
-- Table structure for table `permission_permission`
--

CREATE TABLE `permission_permission` (
  `id` int(11) NOT NULL AUTO_INCREMENT,
  `person_id` varchar(13) NOT NULL,
  `p1` tinyint(4) NOT NULL,
  `officer` varchar(13) NOT NULL,
  `rec_date` date NOT NULL,
  PRIMARY KEY (`id`)
) ENGINE=MyISAM AUTO_INCREMENT=19 DEFAULT CHARSET=utf8 COLLATE=utf8_general_ci;

--
-- Dumping data for table `permission_permission`
--

INSERT INTO `permission_permission` VALUES (4,'1341500008520',1,'5320200035221','2018-11-06'),(14,'1330500289935',1,'3340300018845','2025-08-02'),(5,'3340200315546',1,'5320200035221','2018-11-06'),(15,'1349900916056',1,'3340300018845','2025-08-02'),(13,'1341100012244',1,'3340300018845','2025-08-02'),(12,'1341501353611',1,'3340300018845','2025-08-02'),(10,'3341500899854',1,'5320200035221','2018-11-06'),(11,'3340300018845',1,'3340300018845','2025-08-02'),(16,'1341501401438',1,'3340300018845','2025-08-02'),(17,'1349901140591',1,'3340300018845','2025-08-02'),(18,'1349900392235',1,'3340300018845','2025-08-02');

--
-- Table structure for table `permission_person_set`
--

CREATE TABLE `permission_person_set` (
  `id` int(11) NOT NULL AUTO_INCREMENT,
  `person_id` varchar(13) NOT NULL,
  `comment_person` varchar(13) DEFAULT NULL,
  `grant_person` varchar(13) DEFAULT NULL,
  `officer` varchar(13) DEFAULT NULL,
  `rec_date` date DEFAULT NULL,
  PRIMARY KEY (`id`),
  UNIQUE KEY `person_id` (`person_id`)
) ENGINE=MyISAM AUTO_INCREMENT=13 DEFAULT CHARSET=utf8 COLLATE=utf8_general_ci;

--
-- Dumping data for table `permission_person_set`
--

INSERT INTO `permission_person_set` VALUES (1,'3341500899854','3340300018845','3340300018845','3340300018845','2025-08-02'),(2,'3340200038909','3340200038909','3340200038909','3340900219205','2014-08-27'),(3,'3340300018845','3340300018845','3340300018845','3340300018845','2025-08-02'),(4,'3340200315546','3340300018845','3340300018845','3340300018845','2025-08-02'),(5,'1330500289935','3340300018845','3340300018845','3340300018845','2025-08-02'),(6,'1349900916056','3340300018845','3340300018845','3340300018845','2025-08-02'),(7,'1341100012244','3340300018845','3340300018845','3340300018845','2025-08-02'),(8,'1341501353611','3340300018845','3340300018845','3340300018845','2025-08-02'),(9,'1341501401438','3340300018845','3340300018845','3340300018845','2025-08-02'),(10,'1349901140591','3340300018845','3340300018845','3340300018845','2025-08-02'),(11,'1341500008520','3340300018845','3340300018845','3340300018845','2025-08-02'),(12,'1349900392235','3340300018845','3340300018845','3340300018845','2025-08-02');

--
-- Table structure for table `person_main`
--

CREATE TABLE `person_main` (
  `id` int(11) NOT NULL AUTO_INCREMENT,
  `person_id` varchar(13) NOT NULL,
  `prename` varchar(20) NOT NULL,
  `name` varchar(50) NOT NULL,
  `surname` varchar(50) NOT NULL,
  `position_code` tinyint(4) NOT NULL,
  `pic` varchar(150) DEFAULT NULL,
  `status` tinyint(4) NOT NULL DEFAULT 0,
  `person_order` tinyint(4) DEFAULT 0,
  `officer` varchar(13) NOT NULL,
  `rec_date` date NOT NULL,
  PRIMARY KEY (`id`),
  UNIQUE KEY `person_id` (`person_id`)
) ENGINE=MyISAM AUTO_INCREMENT=28 DEFAULT CHARSET=utf8 COLLATE=utf8_general_ci;

--
-- Dumping data for table `person_main`
--

INSERT INTO `person_main` VALUES (1,'3340200315546','นาง','ธนภร','ธนวานิชภัค',3,'modules/person/picture/3340200315546.jpg',0,3,'3340300018845','0000-00-00'),(2,'3331001142260','นาง','ณัฏฐ์ธยาน์','แก้วบัวขาว',3,'modules/person/picture/3331001142260.jpg',1,0,'1341500008520','0000-00-00'),(4,'3340900219205','นาง','ปริญญานุช','น้อมสูงเนิน',3,'modules/person/picture/3340900219205.jpg',1,0,'3340900219205','0000-00-00'),(5,'3341500804365','นาง','สมศรี','ลาธุลี',3,'modules/person/picture/3341500804365.jpg',1,0,'3340900219205','0000-00-00'),(26,'1349901140591','นางสาว','อริสา  ','พรมบัญ',31,'',0,9,'3340300018845','2025-05-22'),(14,'3341500726160','นาย','พรศักดิ์','สุขสิงห์',3,'',1,0,'1341500008520','2018-11-06'),(15,'3330300421038','นาง','โอราฬ','สุวรรณกูฏ',3,'modules/person/picture/3330300421038.jpg',1,0,'1341500008520','2018-11-06'),(16,'3341500899854','นาง','ลักษณา','ไชยกาล',3,'modules/person/picture/3341500899854.jpg',0,2,'3340300018845','2018-11-06'),(10,'1330300033562','ว่าที่ ร.ต.หญิง','จิราพร','เหรียญทอง',32,NULL,1,0,'7777','0000-00-00'),(11,'3349800183967','นาง','บังอร','กองแก้ว',3,'modules/person/picture/3349800183967.jpg',1,0,'1341500008520','0000-00-00'),(12,'5320200035221','นาย','ประกาศ','ลุนาบุตร',1,'modules/person/picture/5320200035221.jpg',1,0,'7777','2015-01-02'),(13,'1341500008520','นาย','คมตะวัน','มูลวัน',32,'',0,10,'3340300018845','2018-10-03'),(17,'1349900305685','นางสาว','กมลชนก','ลาธุลี',31,'',1,0,'1341500008520','2020-07-15'),(24,'1341501401438','นางสาว','ปรินธร  ','กุจพันธ์',31,'',0,8,'3340300018845','2023-11-01'),(19,'1349900916056','นางสาว','เสาวลักษณ์','แก้วเคนมา',3,'',0,5,'3340300018845','2021-11-02'),(20,'3340900457262','นางสาว','นุชราภรณ์','ถิระโคตร',3,'',1,0,'1341500008520','2022-10-07'),(21,'1341100012244','นางสาว','นริศรา ','ผาลีพัฒน์',3,'',0,6,'3340300018845','2022-10-07'),(22,'3340300018845','นาย','ธนิตศักดิ์','ปัญญาคง',1,'modules/person/picture/3340300018845.jpg',0,1,'3340300018845','2022-10-12'),(23,'1330500289935','นางสาว','อรทัย','วงษาลี',3,'',0,4,'3340300018845','2023-07-03'),(25,'1341501353611','นางสาว','กวินธิดา','ดีมาก',4,'',0,7,'3340300018845','2023-11-28'),(27,'1349900392235','นาย','ทรงศักดิ์ ','สุวรรณา',33,'',0,11,'3340300018845','2025-05-22');

--
-- Table structure for table `person_permission`
--

CREATE TABLE `person_permission` (
  `id` int(11) NOT NULL AUTO_INCREMENT,
  `person_id` varchar(13) NOT NULL,
  `p1` tinyint(4) NOT NULL,
  `officer` varchar(13) NOT NULL,
  `rec_date` date NOT NULL,
  PRIMARY KEY (`id`)
) ENGINE=MyISAM AUTO_INCREMENT=10 DEFAULT CHARSET=utf8 COLLATE=utf8_general_ci;

--
-- Dumping data for table `person_permission`
--

INSERT INTO `person_permission` VALUES (3,'3340200315546',1,'1341500008520','2018-10-03'),(6,'3340300018845',1,'3340300018845','2022-11-07'),(4,'1341500008520',1,'1341500008520','2018-10-03'),(8,'1341501353611',1,'3340300018845','2024-03-28'),(9,'1349900916056',1,'3340300018845','2024-03-28');

--
-- Table structure for table `person_position`
--

CREATE TABLE `person_position` (
  `id` int(11) NOT NULL AUTO_INCREMENT,
  `position_code` int(11) NOT NULL,
  `position_name` varchar(50) NOT NULL,
  PRIMARY KEY (`id`),
  UNIQUE KEY `position_code` (`position_code`)
) ENGINE=MyISAM AUTO_INCREMENT=20 DEFAULT CHARSET=utf8 COLLATE=utf8_general_ci;

--
-- Dumping data for table `person_position`
--

INSERT INTO `person_position` VALUES (1,1,'ผู้อำนวยการโรงเรียน'),(2,2,'รองผู้อำนวยการโรงเรียน'),(3,3,'ครู'),(4,4,'ครูผู้ช่วย'),(5,11,'พนักงานราชการ(ครูผู้สอน)'),(6,12,'พนักงานราชการ(ครูพี่เลี้ยง)'),(7,13,'พนักงานราชการ(อื่น ๆ)'),(17,41,'ผู้จัดการโรงเรียนเอกชน'),(9,21,'ลูกจ้างประจำ(พนักงานธุรการ)'),(10,22,'ลูกจ้างประจำ(พนักงานขับรถยนต์))'),(11,23,'ลูกจ้างประจำ(ช่างครุภัณฑ์)'),(12,24,'ลูกจ้างประจำ(อื่น ๆ)'),(13,31,'ลูกจ้างชั่วคราว(ครู)'),(14,32,'ลูกจ้างชั่วคราว(เจ้าหน้าที่ธุรการโรงเรียน)'),(15,33,'ลูกจ้างชั่วคราว(นักการภารโรง)'),(16,34,'ลูกจ้างชั่วคราว(อื่น ๆ)'),(18,42,'เจ้าหน้าที่บริหารทั่วไปโรงเรียนเอกชน'),(19,43,'เจ้าหน้าที่อื่น ๆ โรงเรียนเอกชน');

--
-- Table structure for table `plan_acti`
--

CREATE TABLE `plan_acti` (
  `id` int(11) NOT NULL AUTO_INCREMENT,
  `budget_year` int(11) DEFAULT NULL,
  `code_clus` tinyint(4) NOT NULL,
  `code_proj` char(3) NOT NULL DEFAULT '',
  `code_acti` char(6) NOT NULL DEFAULT '',
  `code_approve` char(3) NOT NULL DEFAULT '',
  `budget_acti` decimal(10,2) NOT NULL DEFAULT 0.00,
  `budget_approve` decimal(10,2) NOT NULL DEFAULT 0.00,
  `dayinput` date NOT NULL DEFAULT '0000-00-00',
  `daythai` char(13) NOT NULL DEFAULT '',
  `name_acti` char(150) NOT NULL,
  `owner_acti` char(50) NOT NULL DEFAULT '',
  `id_defalt` char(13) NOT NULL DEFAULT '',
  `dayseri` datetime NOT NULL DEFAULT '0000-00-00 00:00:00',
  `begin_date` date NOT NULL,
  `finish_date` date NOT NULL,
  `stop` tinyint(1) DEFAULT NULL,
  PRIMARY KEY (`id`)
) ENGINE=MyISAM AUTO_INCREMENT=81 DEFAULT CHARSET=utf8 COLLATE=utf8_general_ci;

--
-- Dumping data for table `plan_acti`
--

INSERT INTO `plan_acti` VALUES (5,2559,1,'011','011001','109',4000.00,0.00,'0000-00-00','10 พ.ย. 2558','การประเมินและการพัฒนาหลักสูตร','','','2015-11-10 01:10:54','2015-11-10','2016-09-30',NULL),(6,2559,1,'011','011002','108',1000.00,0.00,'0000-00-00','11 พ.ย. 2558','การอบรมสัมมนาบุคลากรด้านการใช้หลักสูตร','','','0000-00-00 00:00:00','2015-11-10','2016-09-30',NULL),(7,2559,1,'013','013001','109',30000.00,0.00,'0000-00-00','10 พ.ย. 2558','อ่านออก เขียนได้ สื่อสารเป็น','','','2015-11-10 01:14:06','2015-11-10','2016-09-30',NULL),(8,2559,1,'013','013002','109',30000.00,0.00,'0000-00-00','10 พ.ย. 2558','ส่งเสริมงานศิลปะหัตถกรรม','','','2015-11-10 01:15:36','2015-11-10','2016-09-30',NULL),(9,2559,1,'013','013003','108',5000.00,0.00,'0000-00-00','10 พ.ย. 2558','จัดค่ายวิชาการ','','','2015-11-10 01:16:06','2015-11-10','2016-09-30',NULL),(10,2559,1,'013','013004','108',5000.00,0.00,'0000-00-00','10 พ.ย. 2558','จัดประกวด และจัดนิทรรศการผลงานของเด็ก','','','2015-11-10 01:17:14','2015-11-10','2016-09-30',NULL),(11,2559,1,'012','012001','108',2000.00,0.00,'0000-00-00','10 พ.ย. 2558','จัดทำเอกสารหลักฐานตามมาตรฐาน 15 มาตรฐาน','','','2015-11-10 01:19:34','2015-11-10','2016-09-30',NULL),(12,2559,1,'012','012002','108',1000.00,0.00,'0000-00-00','10 พ.ย. 2558','จัดทำแบบนิเทศ','','','2015-11-10 01:20:05','2015-11-10','2016-09-30',NULL),(13,2559,1,'014','014001','109',10000.00,0.00,'0000-00-00','10 พ.ย. 2558','จัดซื้ออุปกรณ์ BBL','','','2015-11-10 01:21:06','2015-11-10','2016-09-30',NULL),(14,2559,1,'014','014002','101',7100.00,0.00,'0000-00-00','10 พ.ย. 2558','จัดทำสนาม BBL','','','0000-00-00 00:00:00','2015-11-10','2016-09-30',NULL),(18,2559,1,'015','015001','118',1000.00,0.00,'0000-00-00','10 พ.ย. 2558','ปลูกกล้วยน้ำว้า','','','2015-11-10 01:28:30','2015-11-10','2016-09-30',NULL),(16,2559,1,'015','015002','118',1000.00,0.00,'0000-00-00','10 พ.ย. 2558','เลี้ยงหมูพันธ์พื้นเมือง','','','0000-00-00 00:00:00','2015-11-10','2016-09-30',NULL),(17,2559,1,'015','015003','118',1000.00,0.00,'0000-00-00','10 พ.ย. 2558','เลี้ยงปลาในบ่อซีเมนต์','','','2015-11-10 01:27:35','2015-11-10','2016-09-30',NULL),(19,2559,1,'015','015004','118',1000.00,0.00,'0000-00-00','10 พ.ย. 2558','เพาะเห็ดนางฟ้า เห็ดหอม','','','2015-11-10 01:29:09','2015-11-10','2016-09-30',NULL),(20,2559,1,'015','015005','118',1000.00,0.00,'0000-00-00','10 พ.ย. 2558','ปลูกผักปลอดสารพิษ','','','2015-11-10 01:30:32','2015-11-10','2016-09-30',NULL),(21,2559,2,'021','021001','109',59000.00,0.00,'0000-00-00','10 พ.ย. 2558','บริหารจัดการค่าสาธารณูปโภค','','','2015-11-10 01:32:40','2015-11-10','2016-09-30',NULL),(22,2559,2,'021','021002','108',8000.00,0.00,'0000-00-00','10 พ.ย. 2558','จัดซื้อวัสดุสำนักงาน','','','2015-11-10 01:33:30','2015-11-10','2016-09-30',NULL),(23,2559,2,'021','021003','108',1000.00,0.00,'0000-00-00','10 พ.ย. 2558','จัดซื้อวัสดุเอกสารเกี่ยวกับการเงินและบัญชี','','','2015-11-10 01:35:00','2015-11-10','2016-09-30',NULL),(24,2559,2,'021','021004','108',1000.00,0.00,'0000-00-00','10 พ.ย. 2558','จัดซื้อเอกสารและวัสดุในการทำหลักฐานการจัดซื้อ-จัดจ้าง','','','2015-11-10 01:36:11','2015-11-10','2016-09-30',NULL),(25,2559,2,'022','022001','114',69138.00,0.00,'0000-00-00','10 พ.ย. 2558','ซื้อหนังสือเรียน','','','2015-11-10 01:37:57','2015-11-10','2016-09-30',NULL),(26,2559,2,'022','022002','115',20840.00,0.00,'0000-00-00','10 พ.ย. 2558','แจกผู้ปกครองเพื่อซื้ออุปกรณ์การเรียน','','','2015-11-10 01:39:22','2015-11-10','2016-09-30',NULL),(27,2559,2,'022','022003','116',41820.00,0.00,'0000-00-00','10 พ.ย. 2558','แจกผู้ปกครองเพื่อซื้อเครื่องแบบนักเรียน','','','2015-11-10 01:40:20','2015-11-10','2016-09-30',NULL),(28,2559,2,'022','022004','117',6169.00,0.00,'0000-00-00','10 พ.ย. 2558','กิจกรรมทางวิชาการ','','','2015-11-10 01:41:57','2015-11-10','2016-09-30',NULL),(29,2559,2,'022','022005','117',3000.00,0.00,'0000-00-00','10 พ.ย. 2558','กิจกรรมคุณธรรม/ลูกเสือเนตรนารี','','','2015-11-10 01:42:56','2015-11-10','2016-09-30',NULL),(30,2559,2,'022','022006','117',25000.00,0.00,'0000-00-00','10 พ.ย. 2558','กิจกรรมทัศนศึกษา','','','2015-11-10 01:43:31','2015-11-10','2016-09-30',NULL),(31,2559,2,'022','022007','117',15000.00,0.00,'0000-00-00','10 พ.ย. 2558','กิจกรรมเกี่ยวกับคอมพิวเตอร์/ICT','','','2015-11-10 01:44:59','2015-11-10','2016-09-30',NULL),(32,2559,3,'031','031001','108',5000.00,0.00,'0000-00-00','10 พ.ย. 2558','ส่งเสริมสนับสนุนการอบรมสัมมนา','','','0000-00-00 00:00:00','2015-11-10','2016-09-30',NULL),(33,2559,3,'031','031002','109',10000.00,0.00,'0000-00-00','10 พ.ย. 2558','การศึกษาดูงาน','','','2015-11-10 01:48:19','2015-11-10','2016-09-30',NULL),(34,2559,4,'041','041001','109',3000.00,0.00,'0000-00-00','11 พ.ย. 2558','จัดซื้ออุปกรณ์ทำความสะอาดเขตรับผิดชอบ','','','2015-11-11 08:26:58','2015-11-11','2016-09-30',NULL),(35,2559,4,'041','041002','109',2000.00,0.00,'0000-00-00','11 พ.ย. 2558','กิจกรรมช่วยเหลือนักเรียน','','','2015-11-11 08:28:46','2015-11-11','2016-09-30',NULL),(36,2559,4,'041','041003','109',1000.00,0.00,'0000-00-00','11 พ.ย. 2558','กิจกรรมสภานักเรียน','','','2015-11-11 08:29:17','2015-11-11','2016-09-30',NULL),(45,2559,4,'042','042001','109',0.00,0.00,'0000-00-00','11 พ.ย. 2558','ปฐมนิเทศนักเรียน','','','0000-00-00 00:00:00','2015-11-11','2016-09-30',NULL),(68,2559,4,'042','042007','109',3000.00,0.00,'0000-00-00','11 พ.ย. 2558','ปัจฉิมนิเทศนักเรียน','','','2015-11-11 09:33:07','2015-11-11','2016-09-30',NULL),(67,2559,4,'042','042006','101',2000.00,0.00,'0000-00-00','11 พ.ย. 2558','วันเด็กแห่งชาติ','','','2015-11-11 09:32:05','2015-11-11','2016-09-30',NULL),(69,2559,4,'047','047001','109',1000.00,0.00,'0000-00-00','11 พ.ย. 2558','ประชุมผู้ปกครองนักเรียน','','','2015-11-11 09:34:51','2015-11-11','2016-09-30',NULL),(50,2559,4,'042','042005','109',1000.00,0.00,'0000-00-00','11 พ.ย. 2558','วันวิทยาศาสตร์','','','0000-00-00 00:00:00','2015-11-11','2016-09-30',NULL),(48,2559,4,'042','042004','109',2000.00,0.00,'0000-00-00','11 พ.ย. 2558','วันแม่แห่งชาติ','','','0000-00-00 00:00:00','2015-11-11','2016-09-30',NULL),(47,2559,4,'042','042003','101',1000.00,0.00,'0000-00-00','11 พ.ย. 2558','วันเข้าพรรษา','','','0000-00-00 00:00:00','2015-11-11','2016-09-30',NULL),(46,2559,4,'042','042002','109',1000.00,0.00,'0000-00-00','11 พ.ย. 2558','วันภาษาไทยแห่งชาติ','','','0000-00-00 00:00:00','2015-11-11','2016-09-30',NULL),(54,2559,4,'043','043001','117',1000.00,0.00,'0000-00-00','11 พ.ย. 2558','มีวินัยและความรับผิดชอบ','','','0000-00-00 00:00:00','2015-11-11','2016-09-30',NULL),(55,2559,4,'043','043002','117',1000.00,0.00,'0000-00-00','11 พ.ย. 2558','ความซื่อสัตย์สุจริต','','','0000-00-00 00:00:00','2015-11-11','2016-09-30',NULL),(56,2559,4,'043','043003','117',1000.00,0.00,'0000-00-00','11 พ.ย. 2558','ความกตัญญูกตเวที','','','0000-00-00 00:00:00','2015-11-11','2016-09-30',NULL),(57,2559,4,'043','043004','117',1000.00,0.00,'0000-00-00','11 พ.ย. 2558','เมตตากรุณา โอบอ้อมอารี เอื้อเฟื้อเผื่อแผ่ ไม่เห็นแก่ตัว','','','0000-00-00 00:00:00','2015-11-11','2016-09-30',NULL),(58,2559,4,'043','043005','117',1000.00,0.00,'0000-00-00','11 พ.ย. 2558','การประหยัดและใช้ทรัพยากรอย่างมีคุณภาพ','','','0000-00-00 00:00:00','2015-11-11','2016-09-30',NULL),(59,2559,4,'044','044001','109',2000.00,0.00,'0000-00-00','11 พ.ย. 2558','ประชุมคณะกรรมการสถานศึกษา','','','2015-11-11 09:00:38','2015-11-11','2016-09-30',NULL),(60,2559,4,'044','044002','109',3000.00,0.00,'0000-00-00','11 พ.ย. 2558','จัดหาวัสดุ - อุปกรณ์ปรับปรุงสถานที่','','','2015-11-11 09:01:46','2015-11-11','2016-09-30',NULL),(61,2559,4,'045','045001','112',2000.00,0.00,'0000-00-00','11 พ.ย. 2558','เฝ้าระวังปัญหาสุขภาพ','','','2015-11-11 09:20:27','2015-11-11','2016-09-30',NULL),(62,2559,4,'045','045002','109',2000.00,0.00,'0000-00-00','11 พ.ย. 2558','ครอบครัวสุขสันต์','','','2015-11-11 09:20:56','2015-11-11','2016-09-30',NULL),(63,2559,4,'045','045003','109',2000.00,0.00,'0000-00-00','11 พ.ย. 2558','กิจกรรมโรงเรียนสีขาว','','','2015-11-11 09:21:23','2015-11-11','2016-09-30',NULL),(64,2559,4,'045','045004','109',2000.00,0.00,'0000-00-00','11 พ.ย. 2558','กิจกรรมบริโภคอย่างฉลาด','','','2015-11-11 09:22:00','2015-11-11','2016-09-30',NULL),(65,2559,4,'045','045005','109',2000.00,0.00,'0000-00-00','11 พ.ย. 2558','กิจกรรมดูแลนักเรียน','','','2015-11-11 09:22:36','2015-11-11','2016-09-30',NULL),(66,2559,4,'046','046001','118',484000.00,0.00,'0000-00-00','11 พ.ย. 2558','จัดอาหารกลางวันทุกวันเปิดเรียน','','','2015-11-11 09:29:08','2015-11-11','2016-09-30',NULL),(70,2559,4,'047','047002','109',1000.00,0.00,'0000-00-00','11 พ.ย. 2558','จัดทำเอกสารคู่มือนักเรียน เอกสารระบบดูแลนักเรียน','','','2015-11-11 09:36:02','2015-11-11','2016-09-30',NULL),(71,2559,4,'047','047003','109',0.00,0.00,'0000-00-00','11 พ.ย. 2558','กิจกรรมแนะแนว','','','2015-11-11 09:36:30','2015-11-11','2016-09-30',NULL),(72,2559,4,'047','047004','109',0.00,0.00,'0000-00-00','11 พ.ย. 2558','กิจกรรมคุณธรรม จริยธรรม','','','2015-11-11 09:37:28','2015-11-11','2016-09-30',NULL),(73,2559,4,'047','047005','109',3000.00,0.00,'0000-00-00','11 พ.ย. 2558','กิจกรรมส่งเสิมกิจการนักเรียน','','','2015-11-11 09:38:08','2015-11-11','2016-09-30',NULL),(74,2559,4,'048','048001','109',5000.00,0.00,'0000-00-00','11 พ.ย. 2558','จัดหา-จัดซื้ออุปกรณ์กีฬา','','','2015-11-11 09:39:32','2015-11-11','2016-09-30',NULL),(75,2559,4,'048','048002','108',3000.00,0.00,'0000-00-00','11 พ.ย. 2558','จัดการแข่งขันกีฬาภายใน','','','2015-11-11 09:40:08','2015-11-11','2016-09-30',NULL),(76,2559,4,'048','048003','109',2000.00,0.00,'0000-00-00','11 พ.ย. 2558','สนับสนุนกิจกรรมดนตรี นาฏศิลป์','','','2015-11-11 09:41:10','2015-11-11','2016-09-30',NULL),(77,2559,4,'042','042008','101',2000.00,0.00,'0000-00-00','11 พ.ย. 2558','ร่วมกิจกรรมวันสำคัญกับชุมชน','','','0000-00-00 00:00:00','2015-11-11','2016-09-30',NULL),(78,2564,4,'001','001001','118',317.00,0.00,'2021-02-22','18 ต.ค. 2563','อาหารกลางวัน','','','2020-10-18 11:57:32','2020-10-18','2021-03-31',NULL),(79,2564,1,'002','002001','115',1000.00,0.00,'2021-03-01','1 มี.ค. 2564','พัฒนาหลักสูตร','','','2021-03-01 15:23:52','2021-03-01','2021-09-30',NULL),(80,2564,1,'002','002002','115',2000.00,0.00,'2564-03-01','1 มี.ค. 2564','เอกสาร','','','2021-03-01 15:24:38','2021-03-01','2021-09-30',NULL);

--
-- Table structure for table `plan_proj`
--

CREATE TABLE `plan_proj` (
  `id` int(11) NOT NULL AUTO_INCREMENT,
  `budget_year` int(11) DEFAULT NULL,
  `code_clus` tinyint(4) NOT NULL,
  `code_tegy` char(1) NOT NULL DEFAULT '',
  `code_proj` char(3) NOT NULL DEFAULT '',
  `budget_proj` double NOT NULL DEFAULT 0,
  `budget_approve` double NOT NULL DEFAULT 0,
  `name_proj` varchar(250) NOT NULL DEFAULT '',
  `owner_proj` varchar(50) NOT NULL DEFAULT '',
  `file_detail` varchar(100) NOT NULL DEFAULT '',
  `dayrec` datetime NOT NULL DEFAULT '0000-00-00 00:00:00',
  `eval_tegy` varchar(250) NOT NULL DEFAULT '',
  `eval_activity` longtext NOT NULL,
  `eval_result` longtext NOT NULL,
  `eval_obstacle` longtext NOT NULL,
  `eval_particular` varchar(100) NOT NULL DEFAULT '',
  `begin_date` date NOT NULL,
  `finish_date` date NOT NULL,
  `allow_edit` char(1) NOT NULL DEFAULT '',
  PRIMARY KEY (`id`)
) ENGINE=MyISAM AUTO_INCREMENT=20 DEFAULT CHARSET=utf8 COLLATE=utf8_general_ci;

--
-- Dumping data for table `plan_proj`
--

INSERT INTO `plan_proj` VALUES (2,2559,1,'1','011',5000,0,'โครงการพัฒนาหลักสูตรสถานศึกษา','3349800183967','','2015-11-09 03:18:04','','','','','','2015-11-09','2016-09-30',''),(3,2559,1,'1','012',3000,0,'โครงการประกันคุณภาพภายในสถานศึกษา','3349800183967','','2015-11-10 08:34:10','','','','','','2015-11-10','2016-09-30',''),(4,2559,1,'1','013',60000,0,'โครงการพัฒนาคุณภาพการศึกษาสู่ความเป็นเลิศ','3349800183967','','2015-11-10 11:16:41','','','','','','2015-11-10','2016-09-30',''),(5,2559,1,'5','014',17100,0,'โครงการพัฒนาแหล่งเรียนรู้ภายในสถานศึกษา','3341500726160','','2015-11-10 11:18:38','','','','','','2015-11-10','2016-09-30',''),(6,2559,1,'2','015',5000,0,'โครงการเดินตามรอยพ่อก่อเกิดพอเพียง','3330300421038','','2015-11-10 11:19:42','','','','','','2015-11-10','2016-09-30',''),(7,2559,2,'5','021',69000,0,'โครงพัฒนาระบบการบริหารงบประมาณอย่างมีคุณภาพ	','3341500804365','','2015-11-10 11:21:02','','','','','','2015-11-10','2016-09-30',''),(8,2559,2,'','022',209282,0,'โครงการเรียนฟรีอย่างมีคุณภาพ','3341500804365','','2015-11-10 11:21:57','','','','','','2015-11-10','2016-09-30',''),(9,2559,3,'4','031',15000,0,'โครงการพัฒนาบุคลากรครูสู่มืออาชีพ','3341500899854','','2015-11-10 11:24:52','','','','','','2015-11-10','2016-09-30',''),(10,2559,4,'2','041',5000,0,'โครงการส่งเสริมประชาธิปไตยในโรงเรียน','3331001142260','','2015-11-10 11:26:39','','','','','','2015-11-10','2016-09-30',''),(11,2559,4,'2','042',10000,0,'โครงการวันสำคัญต่างๆ','3331001142260','','2015-11-10 11:27:54','','','','','','2015-11-10','2016-09-30',''),(12,2559,4,'2','043',5000,0,'โครงการส่งเสริมคุณธรรมจริยธรรม','3331001142260','','2015-11-10 11:28:55','','','','','','2015-11-10','2016-09-30',''),(13,2559,4,'5','044',5000,0,'โครงการพัฒนาองค์กรสู่ความเป็นเลิศ','5320200035221','','2015-11-10 11:29:37','','','','','','2015-11-10','2016-09-30',''),(14,2559,4,'1','045',10000,0,'โครงการสุขภาพดีชีวีสดใส จิตใจร่าเริง','3341500804454','','2015-11-10 11:30:43','','','','','','2015-11-10','2016-09-30',''),(15,2559,4,'1','046',484000,0,'โครงการอาหารกลางวัน','3341500804454','','2015-11-10 11:31:52','','','','','','2015-11-10','2016-09-30',''),(16,2559,4,'3','047',5000,0,'โครงการระบบดูแลช่วยเหลือนักเรียน','3340200315546','','2015-11-10 11:33:00','','','','','','2015-11-10','2016-09-30',''),(17,2559,4,'2','048',10000,0,'โครงการกีฬาและนันทนาการ','3341500726160','','2015-11-10 11:34:09','','','','','','2015-11-10','2016-09-30',''),(18,2564,4,'3','001',317426.48,0,'อาหารกลางวัน','3341500804454','','2020-10-18 10:33:16','','','','','','2020-02-01','2021-03-31',''),(19,2564,1,'1','002',3000,0,'การพัฒนาหลักสูตรสถานศึกษา','3341500899854','','2021-02-13 11:25:54','','','','','','2021-02-13','2021-09-30','');

--
-- Table structure for table `plan_setgic_year`
--

CREATE TABLE `plan_setgic_year` (
  `id` int(11) NOT NULL AUTO_INCREMENT,
  `budget_year` int(11) NOT NULL,
  `year_active` tinyint(1) NOT NULL,
  PRIMARY KEY (`id`),
  UNIQUE KEY `budget_year` (`budget_year`)
) ENGINE=MyISAM AUTO_INCREMENT=3 DEFAULT CHARSET=utf8 COLLATE=utf8_general_ci;

--
-- Dumping data for table `plan_setgic_year`
--

INSERT INTO `plan_setgic_year` VALUES (1,2554,1),(2,2558,0);

--
-- Table structure for table `plan_standard`
--

CREATE TABLE `plan_standard` (
  `id` int(11) NOT NULL AUTO_INCREMENT,
  `budget_year` int(11) NOT NULL,
  `sd_year` int(4) NOT NULL,
  `code_clus` tinyint(4) NOT NULL,
  `code_proj` char(3) NOT NULL,
  `code_acti` char(6) NOT NULL,
  `sd_level` char(1) NOT NULL,
  `sd_id` int(11) NOT NULL,
  `id_indicator` int(11) NOT NULL,
  PRIMARY KEY (`id`)
) ENGINE=MyISAM AUTO_INCREMENT=9 DEFAULT CHARSET=utf8 COLLATE=utf8_general_ci;

--
-- Dumping data for table `plan_standard`
--

INSERT INTO `plan_standard` VALUES (1,2558,2554,2,'007','007001','1',10,1001),(2,2558,2554,2,'007','007001','1',10,1002),(3,2558,2554,2,'007','007001','1',10,1003),(4,2558,2554,2,'007','007001','1',10,1004),(5,2558,2554,2,'007','007001','1',10,1005),(6,2558,2554,2,'007','007001','1',10,1006),(7,2558,2554,2,'007','007001','1',15,1501),(8,2558,2554,2,'007','007001','1',15,1502);

--
-- Table structure for table `plan_stregic`
--

CREATE TABLE `plan_stregic` (
  `id` int(11) NOT NULL AUTO_INCREMENT,
  `id_tegic` int(3) NOT NULL,
  `budget_year` int(4) NOT NULL,
  `strategic` varchar(200) NOT NULL,
  PRIMARY KEY (`id`)
) ENGINE=MyISAM AUTO_INCREMENT=16 DEFAULT CHARSET=utf8 COLLATE=utf8_general_ci;

--
-- Dumping data for table `plan_stregic`
--

INSERT INTO `plan_stregic` VALUES (1,1,2558,'กลยุทธ์ที่  1   พัฒนาคุณภาพและมาตรฐานการศึกษาทุกระดับตามหลักสูตรและส่งเสริมความสามารถด้านเทคโนโลยีเพื่อเป็นเครื่องมือในการเรียนรู้ (Raising the bar)'),(2,2,2558,'กลยุทธ์ที่  2  ปลูกฝังคุณธรรม ความสำนึกในความเป็นชาติไทยแล ะวิถีชีวิตตามหลักปรัชญาของเศรษฐกิจพอเพียง (Moral and Ethics)'),(3,3,2558,'	กลยุทธ์ที่  3   ขยายโอกาสทางการศึกษาให้ทั่วถึงและลดความเหลี่ยมล้ำ ผู้เรียนได้รับโอกาสในการพัฒนาเต็มศักยภาพ( Filling the gap)'),(4,4,2558,'กลยุทธ์ที่  4   พัฒนาครูและบุคลากรทางการศึกษาทั้งระบบ ให้สามารถจัดกิจกรรมการเรียนรู้อย่างมีประสิทธิภาพ ( Teacher  Enhancement)'),(5,5,2558,'กลยุทธ์ที่  5  พัฒนาประสิทธิภาพการบริหารจัดการศึกษา ตามแนวทางการกระจายอำนาจทางการศึกษา  หลักธรรมาภิบาล เน้นการมีส่วนร่วมจาทุกภาคส่วนในการส่งเสริม  สนับสนุนการจัดการศึกษา( Good Govermance)'),(6,1,2559,'พัฒนาคุณภาพและมาตรฐานการศึกษาทุกระดับตามหลักสูตรและส่งเสริมความสามารถด้านเทคโนโลยีเพื่อเป็นเครื่องมือในการเรียนรู้ (Raising the bar)'),(7,2,2559,'ปลูกฝังคุณธรรม ความสำนึกในความเป็นชาติไทยและวิถีชีวิตตามหลักปรัชญาของเศรษฐกิจพอเพียง(Moral and Ethics)'),(8,3,2559,'ขยายโอกาสทางการศึกษาให้ทั่วถึงและลดความเหลี่ยมล้ำ ผู้เรียนได้รับโอกาสในการพัฒนาเต็มศักยภาพ( Filling the gap)'),(9,4,2559,'พัฒนาครูและบุคลากรทางการศึกษาทั้งระบบ ให้สามารถจัดกิจกรรมการเรียนรู้อย่างมีประสิทธิภาพ ( Teacher  Enhancement)'),(10,5,2559,'พัฒนาประสิทธิภาพการบริหารจัดการศึกษา ตามแนวทางการกระจายอำนาจทางการศึกษา  หลักธรรมาภิบาล เน้นการมีส่วนร่วมจาทุกภาคส่วนในการส่งเสริม  สนับสนุนการจัดการศึกษา( Good Govermance)'),(11,1,2564,'พัฒนาคุณภาพและมาตรฐานการศึกษาทุกระดับตามหลักสูตรและส่งเสริมความสามารถด้านเทคโนโลยีเพื่อเป็นเครื่องมือในการเรียนรู้ (Raising the bar)'),(12,2,2564,'ปลูกฝังคุณธรรม ความสำนึกในความเป็นชาติไทยและวิถีชีวิตตามหลักปรัชญาของเศรษฐกิจพอเพียง (Moral and Ethics)'),(13,3,2564,'ขยายโอกาสทางการศึกษาให้ทั่วถึงและลดความเหลื่อมล้ำ ผู้เรียนได้รับโอกาสในการพัฒนาเต็มศักยภาพ (Filling the gap)'),(14,4,2564,'พัฒนาครูและบุคลากรทางการศึกษาทั้งระบบให้สามารถจัดกิจกรรมการเรียนรู้อย่างมีประสิทธิภาพ (Teacher  Enhancement)'),(15,5,2564,'พัฒนาประสิทธิภาพการบริหารจัดการศึกษา ตามแนวทางการกระจายอำนาจทางการศึกษา หลักธรรมาภิบาล เน้นการมีส่วนร่วมจากทุกภาคส่วนในการส่งเสริม สนับสนุนการจัดการศึกษา \r\n(Good Govermance)\r\n');

--
-- Table structure for table `plan_year`
--

CREATE TABLE `plan_year` (
  `id` int(11) NOT NULL AUTO_INCREMENT,
  `budget_year` int(11) NOT NULL,
  `year_active` tinyint(1) NOT NULL,
  PRIMARY KEY (`id`),
  UNIQUE KEY `budget_year` (`budget_year`)
) ENGINE=MyISAM AUTO_INCREMENT=8 DEFAULT CHARSET=utf8 COLLATE=utf8_general_ci;

--
-- Dumping data for table `plan_year`
--

INSERT INTO `plan_year` VALUES (1,2558,1),(7,2567,0);

--
-- Table structure for table `questionnaire_permission`
--

CREATE TABLE `questionnaire_permission` (
  `id` int(11) NOT NULL AUTO_INCREMENT,
  `person_id` varchar(13) NOT NULL,
  `p1` tinyint(4) NOT NULL,
  `officer` varchar(13) NOT NULL,
  `rec_date` date NOT NULL,
  PRIMARY KEY (`id`),
  UNIQUE KEY `person_id` (`person_id`)
) ENGINE=MyISAM AUTO_INCREMENT=4 DEFAULT CHARSET=utf8 COLLATE=utf8_general_ci;

--
-- Dumping data for table `questionnaire_permission`
--

INSERT INTO `questionnaire_permission` VALUES (1,'1349901140591',1,'3340300018845','2025-09-09'),(2,'1341500008520',1,'3340300018845','2025-09-09'),(3,'3340300018845',1,'3340300018845','2025-09-09');

--
-- Table structure for table `savings_account`
--

CREATE TABLE `savings_account` (
  `account_id` int(11) NOT NULL AUTO_INCREMENT,
  `acc_code` varchar(10) NOT NULL,
  `description` varchar(100) NOT NULL,
  PRIMARY KEY (`account_id`)
) ENGINE=MyISAM AUTO_INCREMENT=7 DEFAULT CHARSET=utf8 COLLATE=utf8_general_ci;

--
-- Dumping data for table `savings_account`
--

INSERT INTO `savings_account` VALUES (1,'1','ฝาก'),(2,'2','ถอน'),(3,'3','ยอดยกมา'),(4,'4','ดอกเบี้ยเงินฝาก'),(5,'5','รายการแก้ไข'),(6,'6','ปิดบัญชี');

--
-- Table structure for table `savings_base`
--

CREATE TABLE `savings_base` (
  `base_id` int(5) NOT NULL AUTO_INCREMENT,
  `study_year` int(5) NOT NULL,
  `status` int(2) NOT NULL,
  PRIMARY KEY (`base_id`)
) ENGINE=MyISAM AUTO_INCREMENT=3 DEFAULT CHARSET=utf8 COLLATE=utf8_general_ci;

--
-- Dumping data for table `savings_base`
--

INSERT INTO `savings_base` VALUES (1,2558,0),(2,2566,1);

--
-- Table structure for table `savings_money`
--

CREATE TABLE `savings_money` (
  `save_id` int(11) NOT NULL AUTO_INCREMENT,
  `std_id` varchar(15) NOT NULL,
  `year_past` varchar(4) NOT NULL,
  `amount_money` decimal(8,2) NOT NULL,
  `day_save` varchar(3) NOT NULL,
  `month_save` varchar(3) NOT NULL,
  `year_save` varchar(5) NOT NULL,
  `timer` time NOT NULL,
  `office` varchar(15) DEFAULT NULL,
  `day_act` varchar(20) NOT NULL,
  `acc_type` varchar(10) NOT NULL,
  `level_class` varchar(5) NOT NULL,
  `room` varchar(5) NOT NULL,
  `student_number` varchar(5) NOT NULL,
  `rec_officer` varchar(13) DEFAULT NULL,
  PRIMARY KEY (`save_id`),
  KEY `std_id` (`std_id`),
  KEY `room` (`room`),
  KEY `level_class` (`level_class`),
  KEY `acc_type` (`acc_type`),
  KEY `day_act` (`day_act`)
) ENGINE=MyISAM AUTO_INCREMENT=1347 DEFAULT CHARSET=utf8 COLLATE=utf8_general_ci;

--
-- Dumping data for table `savings_money`
--

INSERT INTO `savings_money` VALUES (1,'2327','',12.00,'29','08','2014','10:36:52','2014-08-29','29/08/2014','1','4','1','0','3349800183967'),(2,'2316','',13.00,'29','08','2014','10:36:52','2014-08-29','29/08/2014','1','4','1','0','3349800183967'),(3,'2318','',5.00,'29','08','2014','10:36:52','2014-08-29','29/08/2014','1','4','1','0','3349800183967'),(4,'2317','',10.00,'29','08','2014','10:36:52','2014-08-29','29/08/2014','1','4','1','0','3349800183967'),(5,'2319','',20.00,'29','08','2014','10:36:52','2014-08-29','29/08/2014','1','4','1','0','3349800183967'),(6,'2320','',5.00,'29','08','2014','10:36:52','2014-08-29','29/08/2014','1','4','1','0','3349800183967'),(7,'2331','',5.00,'29','08','2014','10:36:52','2014-08-29','29/08/2014','1','4','1','0','3349800183967'),(8,'2321','',5.00,'29','08','2014','10:36:52','2014-08-29','29/08/2014','1','4','1','0','3349800183967'),(9,'2322','',20.00,'29','08','2014','10:36:52','2014-08-29','29/08/2014','1','4','1','0','3349800183967'),(10,'2323','',10.00,'29','08','2014','10:36:52','2014-08-29','29/08/2014','1','4','1','0','3349800183967'),(11,'2325','',3.00,'29','08','2014','10:36:52','2014-08-29','29/08/2014','1','4','1','0','3349800183967'),(12,'2326','',20.00,'29','08','2014','10:36:52','2014-08-29','29/08/2014','1','4','1','0','3349800183967'),(13,'2315','',5.00,'29','08','2014','10:36:52','2014-08-29','29/08/2014','1','4','1','0','3349800183967'),(14,'2284','',1.00,'29','08','2014','02:45:24','2014-08-29','29/08/2014','1','6','1','0','3331001142260'),(15,'2273','',0.00,'29','08','2014','02:45:24','2014-08-29','29/08/2014','1','6','1','0','3331001142260'),(16,'2274','',0.00,'29','08','2014','02:45:24','2014-08-29','29/08/2014','1','6','1','0','3331001142260'),(17,'2276','',0.00,'29','08','2014','02:45:24','2014-08-29','29/08/2014','1','6','1','0','3331001142260'),(18,'2277','',0.00,'29','08','2014','02:45:24','2014-08-29','29/08/2014','1','6','1','0','3331001142260'),(19,'2279','',0.00,'29','08','2014','02:45:24','2014-08-29','29/08/2014','1','6','1','0','3331001142260'),(20,'2278','',5.00,'29','08','2014','02:45:24','2014-08-29','29/08/2014','1','6','1','0','3331001142260'),(21,'2280','',5.00,'29','08','2014','02:45:24','2014-08-29','29/08/2014','1','6','1','0','3331001142260'),(22,'2281','',15.00,'29','08','2014','02:45:24','2014-08-29','29/08/2014','1','6','1','0','3331001142260'),(23,'2282','',10.00,'29','08','2014','02:45:24','2014-08-29','29/08/2014','1','6','1','0','3331001142260'),(24,'2283','',20.00,'29','08','2014','02:45:24','2014-08-29','29/08/2014','1','6','1','0','3331001142260'),(25,'2272','',5.00,'29','08','2014','02:45:24','2014-08-29','29/08/2014','1','6','1','0','3331001142260'),(26,'2359','',6400.00,'29','08','2014','06:35:29','2014-08-29','29/08/2014','1','1','1','1','3340900219205'),(27,'2360','',1300.00,'29','08','2014','06:35:29','2014-08-29','29/08/2014','1','1','1','2','3340900219205'),(28,'2361','',1055.00,'29','08','2014','06:35:29','2014-08-29','29/08/2014','1','1','1','3','3340900219205'),(29,'2362','',1400.00,'29','08','2014','06:35:29','2014-08-29','29/08/2014','1','1','1','4','3340900219205'),(30,'2363','',426.00,'29','08','2014','06:35:29','2014-08-29','29/08/2014','1','1','1','5','3340900219205'),(31,'2364','',254.00,'29','08','2014','06:35:29','2014-08-29','29/08/2014','1','1','1','6','3340900219205'),(32,'2365','',475.00,'29','08','2014','06:35:29','2014-08-29','29/08/2014','1','1','1','7','3340900219205'),(33,'2366','',676.00,'29','08','2014','06:35:29','2014-08-29','29/08/2014','1','1','1','8','3340900219205'),(34,'2367','',920.00,'29','08','2014','06:35:29','2014-08-29','29/08/2014','1','1','1','9','3340900219205'),(35,'2368','',816.00,'29','08','2014','06:35:29','2014-08-29','29/08/2014','1','1','1','10','3340900219205'),(36,'2369','',740.00,'29','08','2014','06:35:29','2014-08-29','29/08/2014','1','1','1','11','3340900219205'),(37,'2370','',1300.00,'29','08','2014','06:35:29','2014-08-29','29/08/2014','1','1','1','12','3340900219205'),(38,'2371','',1040.00,'29','08','2014','06:35:29','2014-08-29','29/08/2014','1','1','1','13','3340900219205'),(39,'2372','',1100.00,'29','08','2014','06:35:29','2014-08-29','29/08/2014','1','1','1','14','3340900219205'),(40,'2373','',531.00,'29','08','2014','06:35:29','2014-08-29','29/08/2014','1','1','1','15','3340900219205'),(41,'2374','',1300.00,'29','08','2014','06:35:29','2014-08-29','29/08/2014','1','1','1','16','3340900219205'),(42,'2344','2557',130.00,'29','08','2014','06:48:14','2014-08-29','29/08/2014','1','2','1','1','3340900219205'),(43,'2351','2557',343.00,'29','08','2014','06:48:14','2014-08-29','29/08/2014','1','2','1','2','3340900219205'),(44,'2345','2557',505.00,'29','08','2014','06:48:14','2014-08-29','29/08/2014','1','2','1','3','3340900219205'),(45,'2346','2557',565.00,'29','08','2014','06:48:14','2014-08-29','29/08/2014','1','2','1','4','3340900219205'),(46,'2347','2557',490.00,'29','08','2014','06:48:14','2014-08-29','29/08/2014','1','2','1','5','3340900219205'),(47,'2348','2557',345.00,'29','08','2014','06:48:14','2014-08-29','29/08/2014','1','2','1','6','3340900219205'),(48,'2349','2557',562.00,'29','08','2014','06:48:14','2014-08-29','29/08/2014','1','2','1','7','3340900219205'),(49,'2352','2557',999.00,'29','08','2014','06:48:14','2014-08-29','29/08/2014','1','2','1','9','3340900219205'),(50,'2353','2557',610.00,'29','08','2014','06:48:14','2014-08-29','29/08/2014','1','2','1','10','3340900219205'),(51,'2354','2557',658.00,'29','08','2014','06:48:14','2014-08-29','29/08/2014','1','2','1','11','3340900219205'),(52,'2355','2557',280.00,'29','08','2014','06:48:14','2014-08-29','29/08/2014','1','2','1','12','3340900219205'),(53,'2356','2557',927.00,'29','08','2014','06:48:14','2014-08-29','29/08/2014','1','2','1','13','3340900219205'),(54,'2357','2557',414.00,'29','08','2014','06:48:14','2014-08-29','29/08/2014','1','2','1','14','3340900219205'),(55,'2315','2557',0.00,'29','08','2014','06:59:56','2014-08-29','29/08/2014','1','4','1','1','3340900219205'),(56,'2316','2557',0.00,'29','08','2014','06:59:56','2014-08-29','29/08/2014','1','4','1','2','3340900219205'),(57,'2317','2557',0.00,'29','08','2014','06:59:56','2014-08-29','29/08/2014','1','4','1','3','3340900219205'),(58,'2318','2557',0.00,'29','08','2014','06:59:56','2014-08-29','29/08/2014','1','4','1','4','3340900219205'),(59,'2319','2557',0.00,'29','08','2014','06:59:56','2014-08-29','29/08/2014','1','4','1','5','3340900219205'),(60,'2320','2557',0.00,'29','08','2014','06:59:56','2014-08-29','29/08/2014','1','4','1','6','3340900219205'),(61,'2321','2557',0.00,'29','08','2014','06:59:56','2014-08-29','29/08/2014','1','4','1','7','3340900219205'),(62,'2331','2557',0.00,'29','08','2014','06:59:56','2014-08-29','29/08/2014','1','4','1','8','3340900219205'),(63,'2322','2557',0.00,'29','08','2014','06:59:56','2014-08-29','29/08/2014','1','4','1','9','3340900219205'),(64,'2323','2557',0.00,'29','08','2014','06:59:56','2014-08-29','29/08/2014','1','4','1','10','3340900219205'),(65,'2325','2557',0.00,'29','08','2014','06:59:56','2014-08-29','29/08/2014','1','4','1','12','3340900219205'),(66,'2326','2557',0.00,'29','08','2014','06:59:56','2014-08-29','29/08/2014','1','4','1','13','3340900219205'),(67,'2327','2557',0.00,'29','08','2014','06:59:56','2014-08-29','29/08/2014','1','4','1','14','3340900219205'),(68,'0000','2557',0.00,'29','08','2014','06:59:56','2014-08-29','29/08/2014','1','4','1','15','3340900219205'),(69,'2336','2557',3392.00,'26','08','2014','07:02:38','2014-08-26','26/08/2014','1','3','1','1','3340900219205'),(70,'2337','2557',732.00,'26','08','2014','07:02:38','2014-08-26','26/08/2014','1','3','1','2','3340900219205'),(71,'2339','2557',1010.00,'26','08','2014','07:02:38','2014-08-26','26/08/2014','1','3','1','3','3340900219205'),(72,'2340','2557',1397.00,'26','08','2014','07:02:38','2014-08-26','26/08/2014','1','3','1','4','3340900219205'),(73,'2341','2557',3748.00,'26','08','2014','07:02:38','2014-08-26','26/08/2014','1','3','1','5','3340900219205'),(74,'2272','2557',669.00,'29','08','2014','07:33:03','2014-08-29','29/08/2014','1','6','1','1','3340900219205'),(75,'2273','2557',443.00,'29','08','2014','07:36:01','2014-08-29','29/08/2014','1','6','1','2','3340900219205'),(76,'2274','2557',411.00,'29','08','2014','07:36:01','2014-08-29','29/08/2014','1','6','1','3','3340900219205'),(77,'2276','2557',361.00,'29','08','2014','07:36:01','2014-08-29','29/08/2014','1','6','1','4','3340900219205'),(78,'2277','2557',1003.00,'29','08','2014','07:36:01','2014-08-29','29/08/2014','1','6','1','5','3340900219205'),(79,'2278','2557',905.00,'29','08','2014','07:36:01','2014-08-29','29/08/2014','1','6','1','6','3340900219205'),(80,'2279','2557',180.00,'29','08','2014','07:36:01','2014-08-29','29/08/2014','1','6','1','7','3340900219205'),(81,'2280','2557',1101.00,'29','08','2014','07:36:01','2014-08-29','29/08/2014','1','6','1','8','3340900219205'),(82,'2281','2557',2036.00,'29','08','2014','07:36:01','2014-08-29','29/08/2014','1','6','1','9','3340900219205'),(83,'2282','2557',1964.00,'29','08','2014','07:36:01','2014-08-29','29/08/2014','1','6','1','10','3340900219205'),(84,'2283','2557',3408.00,'29','08','2014','07:36:01','2014-08-29','29/08/2014','1','6','1','11','3340900219205'),(85,'2284','2557',227.00,'29','08','2014','07:36:01','2014-08-29','29/08/2014','1','6','1','12','3340900219205'),(86,'2315','2557',1153.00,'29','08','2014','07:45:11','2014-08-29','29/08/2014','1','4','1','1','3340900219205'),(87,'2316','2557',488.00,'29','08','2014','07:45:11','2014-08-29','29/08/2014','1','4','1','2','3340900219205'),(88,'2317','2557',2252.00,'29','08','2014','07:45:11','2014-08-29','29/08/2014','1','4','1','3','3340900219205'),(89,'2318','2557',1283.00,'29','08','2014','07:45:11','2014-08-29','29/08/2014','1','4','1','4','3340900219205'),(90,'2319','2557',1788.00,'29','08','2014','07:45:11','2014-08-29','29/08/2014','1','4','1','5','3340900219205'),(91,'2320','2557',1531.00,'29','08','2014','07:45:11','2014-08-29','29/08/2014','1','4','1','6','3340900219205'),(92,'2321','2557',922.00,'29','08','2014','07:45:11','2014-08-29','29/08/2014','1','4','1','7','3340900219205'),(93,'2331','2557',220.00,'29','08','2014','07:45:11','2014-08-29','29/08/2014','1','4','1','8','3340900219205'),(94,'2322','2557',871.00,'29','08','2014','07:45:11','2014-08-29','29/08/2014','1','4','1','9','3340900219205'),(95,'2323','2557',2066.00,'29','08','2014','07:45:11','2014-08-29','29/08/2014','1','4','1','10','3340900219205'),(96,'2325','2557',650.00,'29','08','2014','07:45:11','2014-08-29','29/08/2014','1','4','1','12','3340900219205'),(97,'2326','2557',1226.00,'29','08','2014','07:45:11','2014-08-29','29/08/2014','1','4','1','13','3340900219205'),(98,'2327','2557',3014.00,'29','08','2014','07:45:11','2014-08-29','29/08/2014','1','4','1','14','3340900219205'),(99,'0000','2557',1091.00,'29','08','2014','07:45:11','2014-08-29','29/08/2014','1','4','1','15','3340900219205'),(100,'2255','2557',1080.00,'29','08','2014','08:04:21','2014-08-29','29/08/2014','1','7','1','1','3340900219205'),(101,'2256','2557',126.00,'29','08','2014','08:04:21','2014-08-29','29/08/2014','1','7','1','2','3340900219205'),(102,'2258','2557',215.00,'29','08','2014','08:04:21','2014-08-29','29/08/2014','1','7','1','3','3340900219205'),(103,'2259','2557',456.00,'29','08','2014','08:04:21','2014-08-29','29/08/2014','1','7','1','4','3340900219205'),(104,'2260','2557',6180.00,'29','08','2014','08:04:21','2014-08-29','29/08/2014','1','7','1','5','3340900219205'),(105,'2329','2557',291.00,'29','08','2014','08:04:21','2014-08-29','29/08/2014','1','7','1','6','3340900219205'),(106,'2261','2557',177.00,'29','08','2014','08:04:21','2014-08-29','29/08/2014','1','7','1','7','3340900219205'),(107,'2262','2557',3056.00,'29','08','2014','08:04:21','2014-08-29','29/08/2014','1','7','1','8','3340900219205'),(108,'2263','2557',2400.00,'29','08','2014','08:04:21','2014-08-29','29/08/2014','1','7','1','9','3340900219205'),(109,'2264','2557',3204.00,'29','08','2014','08:04:21','2014-08-29','29/08/2014','1','7','1','10','3340900219205'),(110,'2265','2557',120.00,'29','08','2014','08:04:21','2014-08-29','29/08/2014','1','7','1','11','3340900219205'),(111,'2266','2557',292.00,'29','08','2014','08:04:21','2014-08-29','29/08/2014','1','7','1','12','3340900219205'),(112,'2267','2557',105.00,'29','08','2014','08:04:21','2014-08-29','29/08/2014','1','7','1','13','3340900219205'),(113,'2268','2557',752.00,'29','08','2014','08:04:21','2014-08-29','29/08/2014','1','7','1','14','3340900219205'),(114,'2285','2557',103.00,'29','08','2014','08:04:21','2014-08-29','29/08/2014','1','7','1','15','3340900219205'),(115,'2288','2557',971.00,'29','08','2014','08:04:21','2014-08-29','29/08/2014','1','7','1','16','3340900219205'),(116,'2376','2557',370.00,'29','08','2014','08:04:21','2014-08-29','29/08/2014','1','7','1','17','3340900219205'),(117,'2234','2557',5360.00,'29','08','2014','08:15:40','2014-08-29','29/08/2014','1','8','1','1','3340900219205'),(118,'2235','2557',16.00,'29','08','2014','08:15:40','2014-08-29','29/08/2014','1','8','1','2','3340900219205'),(119,'2236','2557',540.00,'29','08','2014','08:15:40','2014-08-29','29/08/2014','1','8','1','3','3340900219205'),(120,'2237','2557',1013.00,'29','08','2014','08:15:40','2014-08-29','29/08/2014','1','8','1','4','3340900219205'),(121,'2239','2557',205.00,'29','08','2014','08:15:40','2014-08-29','29/08/2014','1','8','1','5','3340900219205'),(122,'2240','2557',119.00,'29','08','2014','08:15:40','2014-08-29','29/08/2014','1','8','1','6','3340900219205'),(123,'2241','2557',155.00,'29','08','2014','08:15:40','2014-08-29','29/08/2014','1','8','1','7','3340900219205'),(124,'2242','2557',45.00,'29','08','2014','08:15:40','2014-08-29','29/08/2014','1','8','1','8','3340900219205'),(125,'2243','2557',80.00,'29','08','2014','08:15:40','2014-08-29','29/08/2014','1','8','1','9','3340900219205'),(126,'2250','2557',23.00,'29','08','2014','08:15:40','2014-08-29','29/08/2014','1','8','1','10','3340900219205'),(127,'2333','2557',258.00,'29','08','2014','08:15:40','2014-08-29','29/08/2014','1','8','1','11','3340900219205'),(128,'2245','2557',816.00,'29','08','2014','08:15:40','2014-08-29','29/08/2014','1','8','1','12','3340900219205'),(129,'2246','2557',1333.00,'29','08','2014','08:15:40','2014-08-29','29/08/2014','1','8','1','13','3340900219205'),(130,'2247','2557',1538.00,'29','08','2014','08:15:40','2014-08-29','29/08/2014','1','8','1','14','3340900219205'),(131,'2249','2557',306.00,'29','08','2014','08:15:40','2014-08-29','29/08/2014','1','8','1','15','3340900219205'),(132,'2254','2557',354.00,'29','08','2014','08:15:40','2014-08-29','29/08/2014','1','8','1','16','3340900219205'),(133,'2269','2557',105.00,'29','08','2014','08:15:40','2014-08-29','29/08/2014','1','8','1','17','3340900219205'),(134,'2291','2557',1374.00,'22','08','2014','08:32:38','2014-08-22','22/08/2014','1','5','1','1','3340900219205'),(135,'2295','2557',635.00,'22','08','2014','08:32:38','2014-08-22','22/08/2014','1','5','1','2','3340900219205'),(136,'2296','2557',768.00,'22','08','2014','08:32:38','2014-08-22','22/08/2014','1','5','1','3','3340900219205'),(137,'2297','2557',235.00,'22','08','2014','08:32:38','2014-08-22','22/08/2014','1','5','1','4','3340900219205'),(138,'2298','2557',580.00,'22','08','2014','08:32:38','2014-08-22','22/08/2014','1','5','1','5','3340900219205'),(139,'2299','2557',565.00,'22','08','2014','08:32:38','2014-08-22','22/08/2014','1','5','1','6','3340900219205'),(140,'2300','2557',440.00,'22','08','2014','08:32:38','2014-08-22','22/08/2014','1','5','1','7','3340900219205'),(141,'2301','2557',3314.00,'22','08','2014','08:32:38','2014-08-22','22/08/2014','1','5','1','8','3340900219205'),(142,'2328','2557',1083.00,'22','08','2014','08:32:38','2014-08-22','22/08/2014','1','5','1','9','3340900219205'),(143,'2332','2557',532.00,'22','08','2014','08:32:38','2014-08-22','22/08/2014','1','5','1','10','3340900219205'),(144,'2335','2557',210.00,'22','08','2014','08:32:38','2014-08-22','22/08/2014','1','5','1','11','3340900219205'),(145,'2302','2557',2240.00,'22','08','2014','08:32:38','2014-08-22','22/08/2014','1','5','1','12','3340900219205'),(146,'2304','2557',650.00,'22','08','2014','08:32:38','2014-08-22','22/08/2014','1','5','1','13','3340900219205'),(147,'2305','2557',2367.00,'22','08','2014','08:32:38','2014-08-22','22/08/2014','1','5','1','14','3340900219205'),(148,'2307','2557',98.00,'22','08','2014','08:32:38','2014-08-22','22/08/2014','1','5','1','15','3340900219205'),(149,'2308','2557',675.00,'22','08','2014','08:32:38','2014-08-22','22/08/2014','1','5','1','16','3340900219205'),(150,'2309','2557',3397.00,'22','08','2014','08:32:38','2014-08-22','22/08/2014','1','5','1','17','3340900219205'),(151,'2310','2557',1250.00,'22','08','2014','08:32:38','2014-08-22','22/08/2014','1','5','1','18','3340900219205'),(152,'2311','2557',2082.00,'22','08','2014','08:32:38','2014-08-22','22/08/2014','1','5','1','19','3340900219205'),(153,'2313','2557',852.00,'22','08','2014','08:32:38','2014-08-22','22/08/2014','1','5','1','20','3340900219205'),(154,'2314','2557',1865.00,'22','08','2014','08:32:38','2014-08-22','22/08/2014','1','5','1','21','3340900219205'),(155,'2342','2557',3692.00,'22','08','2014','08:32:38','2014-08-22','22/08/2014','1','5','1','22','3340900219205'),(156,'2343','2557',4255.00,'22','08','2014','08:32:38','2014-08-22','22/08/2014','1','5','1','23','3340900219205'),(157,'2358','2557',998.00,'22','08','2014','08:32:38','2014-08-22','22/08/2014','1','5','1','24','3340900219205'),(158,'2375','2557',581.00,'22','08','2014','08:32:38','2014-08-22','22/08/2014','1','5','1','25','3340900219205'),(159,'0001','2557',110.00,'22','08','2014','08:32:38','2014-08-22','22/08/2014','1','5','1','26','3340900219205'),(160,'2315','2557',10.00,'01','09','2014','09:18:57','2014-09-01','01/09/2014','1','4','1','1','3349800183967'),(161,'2316','2557',0.00,'01','09','2014','09:18:57','2014-09-01','01/09/2014','1','4','1','2','3349800183967'),(162,'2317','2557',10.00,'01','09','2014','09:18:57','2014-09-01','01/09/2014','1','4','1','3','3349800183967'),(163,'2318','2557',10.00,'01','09','2014','09:18:57','2014-09-01','01/09/2014','1','4','1','4','3349800183967'),(164,'2319','2557',10.00,'01','09','2014','09:18:57','2014-09-01','01/09/2014','1','4','1','5','3349800183967'),(165,'2320','2557',10.00,'01','09','2014','09:18:57','2014-09-01','01/09/2014','1','4','1','6','3349800183967'),(166,'2321','2557',5.00,'01','09','2014','09:18:57','2014-09-01','01/09/2014','1','4','1','7','3349800183967'),(167,'2331','2557',5.00,'01','09','2014','09:18:57','2014-09-01','01/09/2014','1','4','1','8','3349800183967'),(168,'2322','2557',16.00,'01','09','2014','09:18:57','2014-09-01','01/09/2014','1','4','1','9','3349800183967'),(169,'2323','2557',10.00,'01','09','2014','09:18:57','2014-09-01','01/09/2014','1','4','1','10','3349800183967'),(170,'2325','2557',5.00,'01','09','2014','09:18:57','2014-09-01','01/09/2014','1','4','1','12','3349800183967'),(171,'2326','2557',20.00,'01','09','2014','09:18:57','2014-09-01','01/09/2014','1','4','1','13','3349800183967'),(172,'2327','2557',6.00,'01','09','2014','09:18:57','2014-09-01','01/09/2014','1','4','1','14','3349800183967'),(173,'0000','2557',20.00,'01','09','2014','09:18:57','2014-09-01','01/09/2014','1','4','1','15','3349800183967'),(174,'2377','2557',20.00,'01','09','2014','11:45:06','2014-09-01','01/09/2014','1','4','1','14','3340900219205'),(175,'2336','2557',20.00,'01','09','2014','12:15:09','2014-09-01','01/09/2014','1','3','1','1','3340900219205'),(176,'2337','2557',20.00,'01','09','2014','12:15:09','2014-09-01','01/09/2014','1','3','1','2','3340900219205'),(177,'2339','2557',20.00,'01','09','2014','12:15:09','2014-09-01','01/09/2014','1','3','1','3','3340900219205'),(178,'2340','2557',100.00,'01','09','2014','12:15:09','2014-09-01','01/09/2014','1','3','1','4','3340900219205'),(179,'2341','2557',20.00,'01','09','2014','12:15:09','2014-09-01','01/09/2014','1','3','1','5','3340900219205'),(180,'2336','2557',23.00,'01','09','2014','12:17:02','2014-09-01','01/09/2014','1','3','1','1','3340900219205'),(181,'2337','2557',10.00,'01','09','2014','12:17:02','2014-09-01','01/09/2014','1','3','1','2','3340900219205'),(182,'2339','2557',20.00,'01','09','2014','12:17:02','2014-09-01','01/09/2014','1','3','1','3','3340900219205'),(183,'2340','2557',20.00,'01','09','2014','12:17:02','2014-09-01','01/09/2014','1','3','1','4','3340900219205'),(184,'2341','2557',20.00,'01','09','2014','12:17:02','2014-09-01','01/09/2014','1','3','1','5','3340900219205'),(185,'2336','2557',23.00,'01','09','2014','12:19:15','2014-09-01','01/09/2014','1','3','1','1','3340900219205'),(186,'2337','2557',10.00,'01','09','2014','12:19:15','2014-09-01','01/09/2014','1','3','1','2','3340900219205'),(187,'2339','2557',20.00,'01','09','2014','12:19:15','2014-09-01','01/09/2014','1','3','1','3','3340900219205'),(188,'2340','2557',20.00,'01','09','2014','12:19:15','2014-09-01','01/09/2014','1','3','1','4','3340900219205'),(189,'2341','2557',20.00,'01','09','2014','12:19:15','2014-09-01','01/09/2014','1','3','1','5','3340900219205'),(190,'2291','2557',10.00,'26','08','2014','01:36:39','2014-08-26','26/08/2014','1','5','1','1','3340900219205'),(191,'2299','2557',15.00,'26','08','2014','01:36:39','2014-08-26','26/08/2014','1','5','1','6','3340900219205'),(192,'2300','2557',10.00,'26','08','2014','01:36:39','2014-08-26','26/08/2014','1','5','1','7','3340900219205'),(193,'2301','2557',15.00,'26','08','2014','01:36:39','2014-08-26','26/08/2014','1','5','1','8','3340900219205'),(194,'2328','2557',20.00,'26','08','2014','01:36:39','2014-08-26','26/08/2014','1','5','1','9','3340900219205'),(195,'2332','2557',0.00,'26','08','2014','01:36:39','2014-08-26','26/08/2014','1','5','1','10','3340900219205'),(196,'2335','2557',0.00,'26','08','2014','01:36:39','2014-08-26','26/08/2014','1','5','1','11','3340900219205'),(197,'2302','2557',10.00,'26','08','2014','01:36:39','2014-08-26','26/08/2014','1','5','1','12','3340900219205'),(198,'2304','2557',10.00,'26','08','2014','01:36:39','2014-08-26','26/08/2014','1','5','1','13','3340900219205'),(199,'2305','2557',10.00,'26','08','2014','01:36:39','2014-08-26','26/08/2014','1','5','1','14','3340900219205'),(200,'2307','2557',0.00,'26','08','2014','01:36:39','2014-08-26','26/08/2014','1','5','1','15','3340900219205'),(201,'2308','2557',10.00,'26','08','2014','01:36:39','2014-08-26','26/08/2014','1','5','1','16','3340900219205'),(202,'2309','2557',10.00,'26','08','2014','01:36:39','2014-08-26','26/08/2014','1','5','1','17','3340900219205'),(203,'2310','2557',10.00,'26','08','2014','01:36:39','2014-08-26','26/08/2014','1','5','1','18','3340900219205'),(204,'2311','2557',10.00,'26','08','2014','01:36:39','2014-08-26','26/08/2014','1','5','1','19','3340900219205'),(205,'2313','2557',10.00,'26','08','2014','01:36:39','2014-08-26','26/08/2014','1','5','1','20','3340900219205'),(206,'2314','2557',10.00,'26','08','2014','01:36:39','2014-08-26','26/08/2014','1','5','1','21','3340900219205'),(207,'2342','2557',0.00,'26','08','2014','01:36:39','2014-08-26','26/08/2014','1','5','1','22','3340900219205'),(208,'2343','2557',100.00,'26','08','2014','01:36:39','2014-08-26','26/08/2014','1','5','1','23','3340900219205'),(209,'2358','2557',0.00,'26','08','2014','01:36:39','2014-08-26','26/08/2014','1','5','1','24','3340900219205'),(210,'2375','2557',0.00,'26','08','2014','01:36:39','2014-08-26','26/08/2014','1','5','1','25','3340900219205'),(211,'2378','2557',5.00,'26','08','2014','01:36:39','2014-08-26','26/08/2014','1','5','1','26','3340900219205'),(212,'2291','2557',30.00,'25','08','2014','01:39:17','2014-08-25','25/08/2014','1','5','1','1','3340900219205'),(213,'2295','2557',0.00,'25','08','2014','01:39:17','2014-08-25','25/08/2014','1','5','1','2','3340900219205'),(214,'2296','2557',0.00,'25','08','2014','01:39:17','2014-08-25','25/08/2014','1','5','1','3','3340900219205'),(215,'2297','2557',0.00,'25','08','2014','01:39:17','2014-08-25','25/08/2014','1','5','1','4','3340900219205'),(216,'2298','2557',0.00,'25','08','2014','01:39:17','2014-08-25','25/08/2014','1','5','1','5','3340900219205'),(217,'2299','2557',15.00,'25','08','2014','01:39:17','2014-08-25','25/08/2014','1','5','1','6','3340900219205'),(218,'2300','2557',10.00,'25','08','2014','01:39:17','2014-08-25','25/08/2014','1','5','1','7','3340900219205'),(219,'2301','2557',15.00,'25','08','2014','01:39:17','2014-08-25','25/08/2014','1','5','1','8','3340900219205'),(220,'2328','2557',20.00,'25','08','2014','01:39:17','2014-08-25','25/08/2014','1','5','1','9','3340900219205'),(221,'2332','2557',0.00,'25','08','2014','01:39:17','2014-08-25','25/08/2014','1','5','1','10','3340900219205'),(222,'2335','2557',14.00,'25','08','2014','01:39:17','2014-08-25','25/08/2014','1','5','1','11','3340900219205'),(223,'2302','2557',10.00,'25','08','2014','01:39:17','2014-08-25','25/08/2014','1','5','1','12','3340900219205'),(224,'2304','2557',20.00,'25','08','2014','01:39:17','2014-08-25','25/08/2014','1','5','1','13','3340900219205'),(225,'2305','2557',10.00,'25','08','2014','01:39:17','2014-08-25','25/08/2014','1','5','1','14','3340900219205'),(226,'2307','2557',0.00,'25','08','2014','01:39:17','2014-08-25','25/08/2014','1','5','1','15','3340900219205'),(227,'2308','2557',10.00,'25','08','2014','01:39:17','2014-08-25','25/08/2014','1','5','1','16','3340900219205'),(228,'2309','2557',10.00,'25','08','2014','01:39:17','2014-08-25','25/08/2014','1','5','1','17','3340900219205'),(229,'2310','2557',10.00,'25','08','2014','01:39:17','2014-08-25','25/08/2014','1','5','1','18','3340900219205'),(230,'2311','2557',10.00,'25','08','2014','01:39:17','2014-08-25','25/08/2014','1','5','1','19','3340900219205'),(231,'2313','2557',5.00,'25','08','2014','01:39:17','2014-08-25','25/08/2014','1','5','1','20','3340900219205'),(232,'2314','2557',0.00,'25','08','2014','01:39:17','2014-08-25','25/08/2014','1','5','1','21','3340900219205'),(233,'2342','2557',0.00,'25','08','2014','01:39:17','2014-08-25','25/08/2014','1','5','1','22','3340900219205'),(234,'2343','2557',100.00,'25','08','2014','01:39:17','2014-08-25','25/08/2014','1','5','1','23','3340900219205'),(235,'2358','2557',0.00,'25','08','2014','01:39:17','2014-08-25','25/08/2014','1','5','1','24','3340900219205'),(236,'2375','2557',0.00,'25','08','2014','01:39:17','2014-08-25','25/08/2014','1','5','1','25','3340900219205'),(237,'2378','2557',0.00,'25','08','2014','01:39:17','2014-08-25','25/08/2014','1','5','1','26','3340900219205'),(238,'2301','2557',10.00,'29','08','2014','01:42:20','2014-08-29','29/08/2014','1','5','1','8','3340900219205'),(239,'2328','2557',100.00,'29','08','2014','01:42:20','2014-08-29','29/08/2014','1','5','1','9','3340900219205'),(240,'2332','2557',0.00,'29','08','2014','01:42:20','2014-08-29','29/08/2014','1','5','1','10','3340900219205'),(241,'2335','2557',300.00,'29','08','2014','01:42:20','2014-08-29','29/08/2014','1','5','1','11','3340900219205'),(242,'2302','2557',10.00,'29','08','2014','01:42:20','2014-08-29','29/08/2014','1','5','1','12','3340900219205'),(243,'2304','2557',10.00,'29','08','2014','01:42:20','2014-08-29','29/08/2014','1','5','1','13','3340900219205'),(244,'2305','2557',30.00,'29','08','2014','01:42:20','2014-08-29','29/08/2014','1','5','1','14','3340900219205'),(245,'2307','2557',0.00,'29','08','2014','01:42:20','2014-08-29','29/08/2014','1','5','1','15','3340900219205'),(246,'2308','2557',15.00,'29','08','2014','01:42:20','2014-08-29','29/08/2014','1','5','1','16','3340900219205'),(247,'2309','2557',10.00,'29','08','2014','01:42:20','2014-08-29','29/08/2014','1','5','1','17','3340900219205'),(248,'2310','2557',10.00,'29','08','2014','01:42:20','2014-08-29','29/08/2014','1','5','1','18','3340900219205'),(249,'2311','2557',10.00,'29','08','2014','01:42:20','2014-08-29','29/08/2014','1','5','1','19','3340900219205'),(250,'2313','2557',0.00,'29','08','2014','01:42:20','2014-08-29','29/08/2014','1','5','1','20','3340900219205'),(251,'2314','2557',10.00,'29','08','2014','01:42:20','2014-08-29','29/08/2014','1','5','1','21','3340900219205'),(252,'2342','2557',0.00,'29','08','2014','01:42:20','2014-08-29','29/08/2014','1','5','1','22','3340900219205'),(253,'2343','2557',100.00,'29','08','2014','01:42:20','2014-08-29','29/08/2014','1','5','1','23','3340900219205'),(254,'2358','2557',0.00,'29','08','2014','01:42:20','2014-08-29','29/08/2014','1','5','1','24','3340900219205'),(255,'2375','2557',0.00,'29','08','2014','01:42:20','2014-08-29','29/08/2014','1','5','1','25','3340900219205'),(256,'2378','2557',5.00,'29','08','2014','01:42:20','2014-08-29','29/08/2014','1','5','1','26','3340900219205'),(257,'2291','2557',20.00,'01','09','2014','01:44:29','2014-09-01','01/09/2014','1','5','1','1','3340900219205'),(258,'2295','2557',0.00,'01','09','2014','01:44:29','2014-09-01','01/09/2014','1','5','1','2','3340900219205'),(259,'2296','2557',5.00,'01','09','2014','01:44:29','2014-09-01','01/09/2014','1','5','1','3','3340900219205'),(260,'2297','2557',0.00,'01','09','2014','01:44:29','2014-09-01','01/09/2014','1','5','1','4','3340900219205'),(261,'2298','2557',20.00,'01','09','2014','01:44:29','2014-09-01','01/09/2014','1','5','1','5','3340900219205'),(262,'2299','2557',10.00,'01','09','2014','01:44:29','2014-09-01','01/09/2014','1','5','1','6','3340900219205'),(263,'2300','2557',0.00,'01','09','2014','01:44:29','2014-09-01','01/09/2014','1','5','1','7','3340900219205'),(264,'2301','2557',20.00,'01','09','2014','01:44:29','2014-09-01','01/09/2014','1','5','1','8','3340900219205'),(265,'2328','2557',100.00,'01','09','2014','01:44:29','2014-09-01','01/09/2014','1','5','1','9','3340900219205'),(266,'2332','2557',0.00,'01','09','2014','01:44:29','2014-09-01','01/09/2014','1','5','1','10','3340900219205'),(267,'2335','2557',0.00,'01','09','2014','01:44:29','2014-09-01','01/09/2014','1','5','1','11','3340900219205'),(268,'2302','2557',10.00,'01','09','2014','01:44:29','2014-09-01','01/09/2014','1','5','1','12','3340900219205'),(269,'2304','2557',10.00,'01','09','2014','01:44:29','2014-09-01','01/09/2014','1','5','1','13','3340900219205'),(270,'2305','2557',10.00,'01','09','2014','01:44:29','2014-09-01','01/09/2014','1','5','1','14','3340900219205'),(271,'2307','2557',0.00,'01','09','2014','01:44:29','2014-09-01','01/09/2014','1','5','1','15','3340900219205'),(272,'2308','2557',15.00,'01','09','2014','01:44:29','2014-09-01','01/09/2014','1','5','1','16','3340900219205'),(273,'2309','2557',10.00,'01','09','2014','01:44:29','2014-09-01','01/09/2014','1','5','1','17','3340900219205'),(274,'2310','2557',10.00,'01','09','2014','01:44:29','2014-09-01','01/09/2014','1','5','1','18','3340900219205'),(275,'2311','2557',10.00,'01','09','2014','01:44:29','2014-09-01','01/09/2014','1','5','1','19','3340900219205'),(276,'2313','2557',5.00,'01','09','2014','01:44:29','2014-09-01','01/09/2014','1','5','1','20','3340900219205'),(277,'2314','2557',25.00,'01','09','2014','01:44:29','2014-09-01','01/09/2014','1','5','1','21','3340900219205'),(278,'2342','2557',10.00,'01','09','2014','01:44:29','2014-09-01','01/09/2014','1','5','1','22','3340900219205'),(279,'2343','2557',100.00,'01','09','2014','01:44:29','2014-09-01','01/09/2014','1','5','1','23','3340900219205'),(280,'2358','2557',0.00,'01','09','2014','01:44:29','2014-09-01','01/09/2014','1','5','1','24','3340900219205'),(281,'2375','2557',0.00,'01','09','2014','01:44:29','2014-09-01','01/09/2014','1','5','1','25','3340900219205'),(282,'2378','2557',5.00,'01','09','2014','01:44:29','2014-09-01','01/09/2014','1','5','1','26','3340900219205'),(283,'2315','2557',9.00,'02','09','2014','09:18:31','2014-09-02','02/09/2014','1','4','1','1','3349800183967'),(284,'2316','2557',20.00,'02','09','2014','09:18:31','2014-09-02','02/09/2014','1','4','1','2','3349800183967'),(285,'2317','2557',10.00,'02','09','2014','09:18:31','2014-09-02','02/09/2014','1','4','1','3','3349800183967'),(286,'2318','2557',5.00,'02','09','2014','09:18:31','2014-09-02','02/09/2014','1','4','1','4','3349800183967'),(287,'2319','2557',10.00,'02','09','2014','09:18:31','2014-09-02','02/09/2014','1','4','1','5','3349800183967'),(288,'2320','2557',10.00,'02','09','2014','09:18:31','2014-09-02','02/09/2014','1','4','1','6','3349800183967'),(289,'2321','2557',0.00,'02','09','2014','09:18:31','2014-09-02','02/09/2014','1','4','1','7','3349800183967'),(290,'2331','2557',0.00,'02','09','2014','09:18:31','2014-09-02','02/09/2014','1','4','1','8','3349800183967'),(291,'2322','2557',20.00,'02','09','2014','09:18:31','2014-09-02','02/09/2014','1','4','1','9','3349800183967'),(292,'2323','2557',10.00,'02','09','2014','09:18:31','2014-09-02','02/09/2014','1','4','1','10','3349800183967'),(293,'2325','2557',5.00,'02','09','2014','09:18:31','2014-09-02','02/09/2014','1','4','1','12','3349800183967'),(294,'2326','2557',20.00,'02','09','2014','09:18:31','2014-09-02','02/09/2014','1','4','1','13','3349800183967'),(295,'2327','2557',10.00,'02','09','2014','09:18:31','2014-09-02','02/09/2014','1','4','1','14','3349800183967'),(296,'2377','2557',20.00,'02','09','2014','09:18:31','2014-09-02','02/09/2014','1','4','1','14','3349800183967'),(297,'2336','2557',20.00,'02','09','2014','10:38:03','2014-09-02','02/09/2014','1','3','1','1','3341500804454'),(298,'2337','2557',10.00,'02','09','2014','10:38:03','2014-09-02','02/09/2014','1','3','1','2','3341500804454'),(299,'2339','2557',20.00,'02','09','2014','10:38:03','2014-09-02','02/09/2014','1','3','1','3','3341500804454'),(300,'2340','2557',23.00,'02','09','2014','10:38:03','2014-09-02','02/09/2014','1','3','1','4','3341500804454'),(301,'2341','2557',20.00,'02','09','2014','10:38:03','2014-09-02','02/09/2014','1','3','1','5','3341500804454'),(302,'2344','2557',0.00,'02','09','2014','07:08:54','2014-09-02','02/09/2014','1','2','1','1','3340900219205'),(303,'2351','2557',5.00,'02','09','2014','07:08:54','2014-09-02','02/09/2014','1','2','1','2','3340900219205'),(304,'2345','2557',10.00,'02','09','2014','07:08:54','2014-09-02','02/09/2014','1','2','1','3','3340900219205'),(305,'2346','2557',20.00,'02','09','2014','07:08:54','2014-09-02','02/09/2014','1','2','1','4','3340900219205'),(306,'2347','2557',10.00,'02','09','2014','07:08:54','2014-09-02','02/09/2014','1','2','1','5','3340900219205'),(307,'2348','2557',3.00,'02','09','2014','07:08:54','2014-09-02','02/09/2014','1','2','1','6','3340900219205'),(308,'2349','2557',10.00,'02','09','2014','07:08:54','2014-09-02','02/09/2014','1','2','1','7','3340900219205'),(309,'2352','2557',5.00,'02','09','2014','07:08:54','2014-09-02','02/09/2014','1','2','1','9','3340900219205'),(310,'2353','2557',10.00,'02','09','2014','07:08:54','2014-09-02','02/09/2014','1','2','1','10','3340900219205'),(311,'2354','2557',5.00,'02','09','2014','07:08:54','2014-09-02','02/09/2014','1','2','1','11','3340900219205'),(312,'2355','2557',1.00,'02','09','2014','07:08:54','2014-09-02','02/09/2014','1','2','1','12','3340900219205'),(313,'2356','2557',10.00,'02','09','2014','07:08:54','2014-09-02','02/09/2014','1','2','1','13','3340900219205'),(314,'2357','2557',5.00,'02','09','2014','07:08:54','2014-09-02','02/09/2014','1','2','1','14','3340900219205'),(315,'2315','2557',10.00,'03','09','2014','09:58:20','2014-09-03','03/09/2014','1','4','1','1','3349800183967'),(316,'2316','2557',10.00,'03','09','2014','09:58:20','2014-09-03','03/09/2014','1','4','1','2','3349800183967'),(317,'2317','2557',21.00,'03','09','2014','09:58:20','2014-09-03','03/09/2014','1','4','1','3','3349800183967'),(318,'2318','2557',10.00,'03','09','2014','09:58:20','2014-09-03','03/09/2014','1','4','1','4','3349800183967'),(319,'2319','2557',10.00,'03','09','2014','09:58:20','2014-09-03','03/09/2014','1','4','1','5','3349800183967'),(320,'2320','2557',10.00,'03','09','2014','09:58:20','2014-09-03','03/09/2014','1','4','1','6','3349800183967'),(321,'2321','2557',5.00,'03','09','2014','09:58:20','2014-09-03','03/09/2014','1','4','1','7','3349800183967'),(322,'2331','2557',0.00,'03','09','2014','09:58:20','2014-09-03','03/09/2014','1','4','1','8','3349800183967'),(323,'2322','2557',5.00,'03','09','2014','09:58:20','2014-09-03','03/09/2014','1','4','1','9','3349800183967'),(324,'2323','2557',100.00,'03','09','2014','09:58:20','2014-09-03','03/09/2014','1','4','1','10','3349800183967'),(325,'2325','2557',3.00,'03','09','2014','09:58:20','2014-09-03','03/09/2014','1','4','1','12','3349800183967'),(326,'2326','2557',20.00,'03','09','2014','09:58:20','2014-09-03','03/09/2014','1','4','1','13','3349800183967'),(327,'2327','2557',0.00,'03','09','2014','09:58:20','2014-09-03','03/09/2014','1','4','1','14','3349800183967'),(328,'2377','2557',0.00,'03','09','2014','09:58:20','2014-09-03','03/09/2014','1','4','1','14','3349800183967'),(329,'2336','2557',20.00,'03','09','2014','09:59:14','2014-09-03','03/09/2014','1','3','1','1','3341500804454'),(330,'2337','2557',10.00,'03','09','2014','09:59:14','2014-09-03','03/09/2014','1','3','1','2','3341500804454'),(331,'2339','2557',20.00,'03','09','2014','09:59:14','2014-09-03','03/09/2014','1','3','1','3','3341500804454'),(332,'2340','2557',22.00,'03','09','2014','09:59:14','2014-09-03','03/09/2014','1','3','1','4','3341500804454'),(333,'2341','2557',20.00,'03','09','2014','09:59:14','2014-09-03','03/09/2014','1','3','1','5','3341500804454'),(334,'2315','2557',10.00,'04','09','2014','09:55:48','2014-09-04','04/09/2014','1','4','1','1','3349800183967'),(335,'2316','2557',10.00,'04','09','2014','09:55:48','2014-09-04','04/09/2014','1','4','1','2','3349800183967'),(336,'2317','2557',13.00,'04','09','2014','09:55:48','2014-09-04','04/09/2014','1','4','1','3','3349800183967'),(337,'2318','2557',5.00,'04','09','2014','09:55:48','2014-09-04','04/09/2014','1','4','1','4','3349800183967'),(338,'2319','2557',10.00,'04','09','2014','09:55:48','2014-09-04','04/09/2014','1','4','1','5','3349800183967'),(339,'2320','2557',5.00,'04','09','2014','09:55:48','2014-09-04','04/09/2014','1','4','1','6','3349800183967'),(340,'2321','2557',0.00,'04','09','2014','09:55:48','2014-09-04','04/09/2014','1','4','1','7','3349800183967'),(341,'2331','2557',10.00,'04','09','2014','09:55:48','2014-09-04','04/09/2014','1','4','1','8','3349800183967'),(342,'2322','2557',5.00,'04','09','2014','09:55:48','2014-09-04','04/09/2014','1','4','1','9','3349800183967'),(343,'2323','2557',8.00,'04','09','2014','09:55:48','2014-09-04','04/09/2014','1','4','1','10','3349800183967'),(344,'2325','2557',5.00,'04','09','2014','09:55:48','2014-09-04','04/09/2014','1','4','1','12','3349800183967'),(345,'2326','2557',24.00,'04','09','2014','09:55:48','2014-09-04','04/09/2014','1','4','1','13','3349800183967'),(346,'2327','2557',5.00,'04','09','2014','09:55:48','2014-09-04','04/09/2014','1','4','1','14','3349800183967'),(347,'2377','2557',19.00,'04','09','2014','09:55:48','2014-09-04','04/09/2014','1','4','1','14','3349800183967'),(348,'2336','2557',20.00,'04','09','2014','11:38:10','2014-09-04','04/09/2014','1','3','1','1','3341500804454'),(349,'2337','2557',6.00,'04','09','2014','11:38:10','2014-09-04','04/09/2014','1','3','1','2','3341500804454'),(350,'2339','2557',20.00,'04','09','2014','11:38:10','2014-09-04','04/09/2014','1','3','1','3','3341500804454'),(351,'2340','2557',27.00,'04','09','2014','11:38:10','2014-09-04','04/09/2014','1','3','1','4','3341500804454'),(352,'2341','2557',20.00,'04','09','2014','11:38:10','2014-09-04','04/09/2014','1','3','1','5','3341500804454'),(353,'2315','2557',10.00,'05','09','2014','09:47:52','2014-09-05','05/09/2014','1','4','1','1','3349800183967'),(354,'2316','2557',20.00,'05','09','2014','09:47:52','2014-09-05','05/09/2014','1','4','1','2','3349800183967'),(355,'2317','2557',10.00,'05','09','2014','09:47:52','2014-09-05','05/09/2014','1','4','1','3','3349800183967'),(356,'2318','2557',5.00,'05','09','2014','09:47:52','2014-09-05','05/09/2014','1','4','1','4','3349800183967'),(357,'2319','2557',0.00,'05','09','2014','09:47:52','2014-09-05','05/09/2014','1','4','1','5','3349800183967'),(358,'2320','2557',15.00,'05','09','2014','09:47:52','2014-09-05','05/09/2014','1','4','1','6','3349800183967'),(359,'2321','2557',5.00,'05','09','2014','09:47:52','2014-09-05','05/09/2014','1','4','1','7','3349800183967'),(360,'2331','2557',0.00,'05','09','2014','09:47:52','2014-09-05','05/09/2014','1','4','1','8','3349800183967'),(361,'2322','2557',20.00,'05','09','2014','09:47:52','2014-09-05','05/09/2014','1','4','1','9','3349800183967'),(362,'2323','2557',10.00,'05','09','2014','09:47:52','2014-09-05','05/09/2014','1','4','1','10','3349800183967'),(363,'2325','2557',3.00,'05','09','2014','09:47:52','2014-09-05','05/09/2014','1','4','1','12','3349800183967'),(364,'2326','2557',20.00,'05','09','2014','09:47:52','2014-09-05','05/09/2014','1','4','1','13','3349800183967'),(365,'2327','2557',10.00,'05','09','2014','09:47:52','2014-09-05','05/09/2014','1','4','1','14','3349800183967'),(366,'2377','2557',20.00,'05','09','2014','09:47:52','2014-09-05','05/09/2014','1','4','1','14','3349800183967'),(367,'2272','2557',10.00,'05','09','2014','02:42:36','2014-09-05','05/09/2014','1','6','1','1','3331001142260'),(368,'2273','2557',0.00,'05','09','2014','02:42:36','2014-09-05','05/09/2014','1','6','1','2','3331001142260'),(369,'2274','2557',8.00,'05','09','2014','02:42:36','2014-09-05','05/09/2014','1','6','1','3','3331001142260'),(370,'2276','2557',5.00,'05','09','2014','02:42:36','2014-09-05','05/09/2014','1','6','1','4','3331001142260'),(371,'2277','2557',5.00,'05','09','2014','02:42:36','2014-09-05','05/09/2014','1','6','1','5','3331001142260'),(372,'2278','2557',10.00,'05','09','2014','02:42:36','2014-09-05','05/09/2014','1','6','1','6','3331001142260'),(373,'2279','2557',8.00,'05','09','2014','02:42:36','2014-09-05','05/09/2014','1','6','1','7','3331001142260'),(374,'2280','2557',5.00,'05','09','2014','02:42:36','2014-09-05','05/09/2014','1','6','1','8','3331001142260'),(375,'2281','2557',10.00,'05','09','2014','02:42:36','2014-09-05','05/09/2014','1','6','1','9','3331001142260'),(376,'2282','2557',10.00,'05','09','2014','02:42:36','2014-09-05','05/09/2014','1','6','1','10','3331001142260'),(377,'2283','2557',20.00,'05','09','2014','02:42:36','2014-09-05','05/09/2014','1','6','1','11','3331001142260'),(378,'2284','2557',9.00,'05','09','2014','02:42:36','2014-09-05','05/09/2014','1','6','1','12','3331001142260'),(379,'2336','2557',20.00,'08','09','2014','10:23:21','2014-09-08','08/09/2014','1','3','1','1','3341500804454'),(380,'2337','2557',10.00,'08','09','2014','10:23:21','2014-09-08','08/09/2014','1','3','1','2','3341500804454'),(381,'2339','2557',20.00,'08','09','2014','10:23:21','2014-09-08','08/09/2014','1','3','1','3','3341500804454'),(382,'2340','2557',113.00,'08','09','2014','10:23:21','2014-09-08','08/09/2014','1','3','1','4','3341500804454'),(383,'2341','2557',20.00,'08','09','2014','10:23:21','2014-09-08','08/09/2014','1','3','1','5','3341500804454'),(384,'2336','2557',20.00,'08','09','2014','10:25:40','2014-09-08','08/09/2014','1','3','1','1','3341500804454'),(385,'2337','2557',10.00,'08','09','2014','10:25:40','2014-09-08','08/09/2014','1','3','1','2','3341500804454'),(386,'2339','2557',20.00,'08','09','2014','10:25:40','2014-09-08','08/09/2014','1','3','1','3','3341500804454'),(387,'2340','2557',113.00,'08','09','2014','10:25:40','2014-09-08','08/09/2014','1','3','1','4','3341500804454'),(388,'2341','2557',20.00,'08','09','2014','10:25:40','2014-09-08','08/09/2014','1','3','1','5','3341500804454'),(389,'2315','2557',0.00,'08','09','2014','10:59:43','2014-09-08','08/09/2014','1','4','1','1','3349800183967'),(390,'2316','2557',40.00,'08','09','2014','10:59:43','2014-09-08','08/09/2014','1','4','1','2','3349800183967'),(391,'2317','2557',10.00,'08','09','2014','10:59:43','2014-09-08','08/09/2014','1','4','1','3','3349800183967'),(392,'2318','2557',2.00,'08','09','2014','10:59:43','2014-09-08','08/09/2014','1','4','1','4','3349800183967'),(393,'2319','2557',10.00,'08','09','2014','10:59:43','2014-09-08','08/09/2014','1','4','1','5','3349800183967'),(394,'2320','2557',15.00,'08','09','2014','10:59:43','2014-09-08','08/09/2014','1','4','1','6','3349800183967'),(395,'2321','2557',0.00,'08','09','2014','10:59:43','2014-09-08','08/09/2014','1','4','1','7','3349800183967'),(396,'2331','2557',5.00,'08','09','2014','10:59:43','2014-09-08','08/09/2014','1','4','1','8','3349800183967'),(397,'2322','2557',52.00,'08','09','2014','10:59:43','2014-09-08','08/09/2014','1','4','1','9','3349800183967'),(398,'2323','2557',10.00,'08','09','2014','10:59:43','2014-09-08','08/09/2014','1','4','1','10','3349800183967'),(399,'2325','2557',5.00,'08','09','2014','10:59:43','2014-09-08','08/09/2014','1','4','1','12','3349800183967'),(400,'2326','2557',25.00,'08','09','2014','10:59:43','2014-09-08','08/09/2014','1','4','1','13','3349800183967'),(401,'2327','2557',5.00,'08','09','2014','10:59:43','2014-09-08','08/09/2014','1','4','1','14','3349800183967'),(402,'2377','2557',20.00,'08','09','2014','10:59:43','2014-09-08','08/09/2014','1','4','1','14','3349800183967'),(403,'2272','2557',10.00,'05','09','2014','01:33:43','2014-09-05','05/09/2014','1','6','1','1','3331001142260'),(404,'2273','2557',0.00,'05','09','2014','01:33:43','2014-09-05','05/09/2014','1','6','1','2','3331001142260'),(405,'2274','2557',8.00,'05','09','2014','01:33:43','2014-09-05','05/09/2014','1','6','1','3','3331001142260'),(406,'2276','2557',5.00,'05','09','2014','01:33:43','2014-09-05','05/09/2014','1','6','1','4','3331001142260'),(407,'2277','2557',10.00,'05','09','2014','01:33:43','2014-09-05','05/09/2014','1','6','1','5','3331001142260'),(408,'2278','2557',10.00,'05','09','2014','01:33:43','2014-09-05','05/09/2014','1','6','1','6','3331001142260'),(409,'2279','2557',8.00,'05','09','2014','01:33:43','2014-09-05','05/09/2014','1','6','1','7','3331001142260'),(410,'2280','2557',5.00,'05','09','2014','01:33:43','2014-09-05','05/09/2014','1','6','1','8','3331001142260'),(411,'2281','2557',10.00,'05','09','2014','01:33:43','2014-09-05','05/09/2014','1','6','1','9','3331001142260'),(412,'2282','2557',10.00,'05','09','2014','01:33:43','2014-09-05','05/09/2014','1','6','1','10','3331001142260'),(413,'2283','2557',20.00,'05','09','2014','01:33:43','2014-09-05','05/09/2014','1','6','1','11','3331001142260'),(414,'2284','2557',9.00,'05','09','2014','01:33:43','2014-09-05','05/09/2014','1','6','1','12','3331001142260'),(415,'2272','2557',1.00,'08','09','2014','01:36:00','2014-09-08','08/09/2014','1','6','1','1','3331001142260'),(416,'2273','2557',0.00,'08','09','2014','01:36:00','2014-09-08','08/09/2014','1','6','1','2','3331001142260'),(417,'2274','2557',10.00,'08','09','2014','01:36:00','2014-09-08','08/09/2014','1','6','1','3','3331001142260'),(418,'2276','2557',5.00,'08','09','2014','01:36:00','2014-09-08','08/09/2014','1','6','1','4','3331001142260'),(419,'2277','2557',5.00,'08','09','2014','01:36:00','2014-09-08','08/09/2014','1','6','1','5','3331001142260'),(420,'2278','2557',10.00,'08','09','2014','01:36:00','2014-09-08','08/09/2014','1','6','1','6','3331001142260'),(421,'2279','2557',0.00,'08','09','2014','01:36:00','2014-09-08','08/09/2014','1','6','1','7','3331001142260'),(422,'2280','2557',5.00,'08','09','2014','01:36:00','2014-09-08','08/09/2014','1','6','1','8','3331001142260'),(423,'2281','2557',10.00,'08','09','2014','01:36:00','2014-09-08','08/09/2014','1','6','1','9','3331001142260'),(424,'2282','2557',5.00,'08','09','2014','01:36:00','2014-09-08','08/09/2014','1','6','1','10','3331001142260'),(425,'2283','2557',20.00,'08','09','2014','01:36:00','2014-09-08','08/09/2014','1','6','1','11','3331001142260'),(426,'2284','2557',5.00,'08','09','2014','01:36:00','2014-09-08','08/09/2014','1','6','1','12','3331001142260'),(427,'2336','2557',20.00,'09','09','2014','09:32:55','2014-09-09','09/09/2014','1','3','1','1','3341500804454'),(428,'2337','2557',10.00,'09','09','2014','09:32:55','2014-09-09','09/09/2014','1','3','1','2','3341500804454'),(429,'2339','2557',20.00,'09','09','2014','09:32:55','2014-09-09','09/09/2014','1','3','1','3','3341500804454'),(430,'2340','2557',26.00,'09','09','2014','09:32:55','2014-09-09','09/09/2014','1','3','1','4','3341500804454'),(431,'2341','2557',20.00,'09','09','2014','09:32:55','2014-09-09','09/09/2014','1','3','1','5','3341500804454'),(432,'2315','2557',20.00,'09','09','2014','10:34:40','2014-09-09','09/09/2014','1','4','1','1','3349800183967'),(433,'2316','2557',20.00,'09','09','2014','10:34:40','2014-09-09','09/09/2014','1','4','1','2','3349800183967'),(434,'2317','2557',10.00,'09','09','2014','10:34:40','2014-09-09','09/09/2014','1','4','1','3','3349800183967'),(435,'2318','2557',7.00,'09','09','2014','10:34:40','2014-09-09','09/09/2014','1','4','1','4','3349800183967'),(436,'2319','2557',10.00,'09','09','2014','10:34:40','2014-09-09','09/09/2014','1','4','1','5','3349800183967'),(437,'2320','2557',15.00,'09','09','2014','10:34:40','2014-09-09','09/09/2014','1','4','1','6','3349800183967'),(438,'2321','2557',5.00,'09','09','2014','10:34:40','2014-09-09','09/09/2014','1','4','1','7','3349800183967'),(439,'2331','2557',0.00,'09','09','2014','10:34:40','2014-09-09','09/09/2014','1','4','1','8','3349800183967'),(440,'2322','2557',20.00,'09','09','2014','10:34:40','2014-09-09','09/09/2014','1','4','1','9','3349800183967'),(441,'2323','2557',10.00,'09','09','2014','10:34:40','2014-09-09','09/09/2014','1','4','1','10','3349800183967'),(442,'2325','2557',10.00,'09','09','2014','10:34:40','2014-09-09','09/09/2014','1','4','1','12','3349800183967'),(443,'2326','2557',20.00,'09','09','2014','10:34:40','2014-09-09','09/09/2014','1','4','1','13','3349800183967'),(444,'2327','2557',12.00,'09','09','2014','10:34:40','2014-09-09','09/09/2014','1','4','1','14','3349800183967'),(445,'2377','2557',20.00,'09','09','2014','10:34:40','2014-09-09','09/09/2014','1','4','1','14','3349800183967'),(446,'2272','2557',3.00,'09','09','2014','12:47:09','2014-09-09','09/09/2014','1','6','1','1','3331001142260'),(447,'2273','2557',1.00,'09','09','2014','12:47:09','2014-09-09','09/09/2014','1','6','1','2','3331001142260'),(448,'2274','2557',5.00,'09','09','2014','12:47:09','2014-09-09','09/09/2014','1','6','1','3','3331001142260'),(449,'2276','2557',0.00,'09','09','2014','12:47:09','2014-09-09','09/09/2014','1','6','1','4','3331001142260'),(450,'2277','2557',5.00,'09','09','2014','12:47:09','2014-09-09','09/09/2014','1','6','1','5','3331001142260'),(451,'2278','2557',10.00,'09','09','2014','12:47:09','2014-09-09','09/09/2014','1','6','1','6','3331001142260'),(452,'2279','2557',0.00,'09','09','2014','12:47:09','2014-09-09','09/09/2014','1','6','1','7','3331001142260'),(453,'2280','2557',5.00,'09','09','2014','12:47:09','2014-09-09','09/09/2014','1','6','1','8','3331001142260'),(454,'2281','2557',20.00,'09','09','2014','12:47:09','2014-09-09','09/09/2014','1','6','1','9','3331001142260'),(455,'2282','2557',5.00,'09','09','2014','12:47:09','2014-09-09','09/09/2014','1','6','1','10','3331001142260'),(456,'2283','2557',20.00,'09','09','2014','12:47:09','2014-09-09','09/09/2014','1','6','1','11','3331001142260'),(457,'2284','2557',10.00,'09','09','2014','12:47:09','2014-09-09','09/09/2014','1','6','1','12','3331001142260'),(458,'2336','2557',20.00,'10','09','2014','09:34:43','2014-09-10','10/09/2014','1','3','1','1','3341500804454'),(459,'2337','2557',10.00,'10','09','2014','09:34:43','2014-09-10','10/09/2014','1','3','1','2','3341500804454'),(460,'2339','2557',20.00,'10','09','2014','09:34:43','2014-09-10','10/09/2014','1','3','1','3','3341500804454'),(461,'2340','2557',24.00,'10','09','2014','09:34:43','2014-09-10','10/09/2014','1','3','1','4','3341500804454'),(462,'2341','2557',20.00,'10','09','2014','09:34:43','2014-09-10','10/09/2014','1','3','1','5','3341500804454'),(463,'2315','2557',10.00,'10','09','2014','10:09:57','2014-09-10','10/09/2014','1','4','1','1','3349800183967'),(464,'2316','2557',10.00,'10','09','2014','10:09:57','2014-09-10','10/09/2014','1','4','1','2','3349800183967'),(465,'2317','2557',15.00,'10','09','2014','10:09:57','2014-09-10','10/09/2014','1','4','1','3','3349800183967'),(466,'2318','2557',7.00,'10','09','2014','10:09:57','2014-09-10','10/09/2014','1','4','1','4','3349800183967'),(467,'2319','2557',10.00,'10','09','2014','10:09:57','2014-09-10','10/09/2014','1','4','1','5','3349800183967'),(468,'2320','2557',10.00,'10','09','2014','10:09:57','2014-09-10','10/09/2014','1','4','1','6','3349800183967'),(469,'2321','2557',5.00,'10','09','2014','10:09:57','2014-09-10','10/09/2014','1','4','1','7','3349800183967'),(470,'2331','2557',5.00,'10','09','2014','10:09:57','2014-09-10','10/09/2014','1','4','1','8','3349800183967'),(471,'2322','2557',20.00,'10','09','2014','10:09:57','2014-09-10','10/09/2014','1','4','1','9','3349800183967'),(472,'2323','2557',10.00,'10','09','2014','10:09:57','2014-09-10','10/09/2014','1','4','1','10','3349800183967'),(473,'2325','2557',5.00,'10','09','2014','10:09:57','2014-09-10','10/09/2014','1','4','1','12','3349800183967'),(474,'2326','2557',25.00,'10','09','2014','10:09:57','2014-09-10','10/09/2014','1','4','1','13','3349800183967'),(475,'2327','2557',15.00,'10','09','2014','10:09:57','2014-09-10','10/09/2014','1','4','1','14','3349800183967'),(476,'2377','2557',20.00,'10','09','2014','10:09:57','2014-09-10','10/09/2014','1','4','1','14','3349800183967'),(477,'2315','2557',10.00,'11','09','2014','10:41:19','2014-09-11','11/09/2014','1','4','1','1','3349800183967'),(478,'2316','2557',5.00,'11','09','2014','10:41:19','2014-09-11','11/09/2014','1','4','1','2','3349800183967'),(479,'2317','2557',11.00,'11','09','2014','10:41:19','2014-09-11','11/09/2014','1','4','1','3','3349800183967'),(480,'2318','2557',5.00,'11','09','2014','10:41:19','2014-09-11','11/09/2014','1','4','1','4','3349800183967'),(481,'2319','2557',10.00,'11','09','2014','10:41:19','2014-09-11','11/09/2014','1','4','1','5','3349800183967'),(482,'2320','2557',10.00,'11','09','2014','10:41:19','2014-09-11','11/09/2014','1','4','1','6','3349800183967'),(483,'2321','2557',0.00,'11','09','2014','10:41:19','2014-09-11','11/09/2014','1','4','1','7','3349800183967'),(484,'2331','2557',0.00,'11','09','2014','10:41:19','2014-09-11','11/09/2014','1','4','1','8','3349800183967'),(485,'2322','2557',9.00,'11','09','2014','10:41:19','2014-09-11','11/09/2014','1','4','1','9','3349800183967'),(486,'2323','2557',10.00,'11','09','2014','10:41:19','2014-09-11','11/09/2014','1','4','1','10','3349800183967'),(487,'2325','2557',5.00,'11','09','2014','10:41:19','2014-09-11','11/09/2014','1','4','1','12','3349800183967'),(488,'2326','2557',20.00,'11','09','2014','10:41:19','2014-09-11','11/09/2014','1','4','1','13','3349800183967'),(489,'2327','2557',13.00,'11','09','2014','10:41:19','2014-09-11','11/09/2014','1','4','1','14','3349800183967'),(490,'2377','2557',11.00,'11','09','2014','10:41:19','2014-09-11','11/09/2014','1','4','1','14','3349800183967'),(491,'2336','2557',20.00,'11','09','2014','11:41:17','2014-09-11','11/09/2014','1','3','1','1','3341500804454'),(492,'2337','2557',10.00,'11','09','2014','11:41:17','2014-09-11','11/09/2014','1','3','1','2','3341500804454'),(493,'2339','2557',30.00,'11','09','2014','11:41:17','2014-09-11','11/09/2014','1','3','1','3','3341500804454'),(494,'2340','2557',30.00,'11','09','2014','11:41:17','2014-09-11','11/09/2014','1','3','1','4','3341500804454'),(495,'2341','2557',20.00,'11','09','2014','11:41:17','2014-09-11','11/09/2014','1','3','1','5','3341500804454'),(496,'2315','2557',15.00,'12','09','2014','11:07:07','2014-09-12','12/09/2014','1','4','1','1','3349800183967'),(497,'2316','2557',10.00,'12','09','2014','11:07:07','2014-09-12','12/09/2014','1','4','1','2','3349800183967'),(498,'2317','2557',10.00,'12','09','2014','11:07:07','2014-09-12','12/09/2014','1','4','1','3','3349800183967'),(499,'2318','2557',5.00,'12','09','2014','11:07:07','2014-09-12','12/09/2014','1','4','1','4','3349800183967'),(500,'2319','2557',10.00,'12','09','2014','11:07:07','2014-09-12','12/09/2014','1','4','1','5','3349800183967'),(501,'2320','2557',10.00,'12','09','2014','11:07:07','2014-09-12','12/09/2014','1','4','1','6','3349800183967'),(502,'2321','2557',5.00,'12','09','2014','11:07:07','2014-09-12','12/09/2014','1','4','1','7','3349800183967'),(503,'2331','2557',5.00,'12','09','2014','11:07:07','2014-09-12','12/09/2014','1','4','1','8','3349800183967'),(504,'2322','2557',10.00,'12','09','2014','11:07:07','2014-09-12','12/09/2014','1','4','1','9','3349800183967'),(505,'2323','2557',0.00,'12','09','2014','11:07:07','2014-09-12','12/09/2014','1','4','1','10','3349800183967'),(506,'2325','2557',5.00,'12','09','2014','11:07:07','2014-09-12','12/09/2014','1','4','1','12','3349800183967'),(507,'2326','2557',20.00,'12','09','2014','11:07:07','2014-09-12','12/09/2014','1','4','1','13','3349800183967'),(508,'2327','2557',6.00,'12','09','2014','11:07:07','2014-09-12','12/09/2014','1','4','1','14','3349800183967'),(509,'2377','2557',30.00,'12','09','2014','11:07:07','2014-09-12','12/09/2014','1','4','1','14','3349800183967'),(510,'2336','2557',20.00,'12','09','2014','12:12:01','2014-09-12','12/09/2014','1','3','1','1','3340900219205'),(511,'2337','2557',10.00,'12','09','2014','12:12:01','2014-09-12','12/09/2014','1','3','1','2','3340900219205'),(512,'2339','2557',20.00,'12','09','2014','12:12:01','2014-09-12','12/09/2014','1','3','1','3','3340900219205'),(513,'2340','2557',25.00,'12','09','2014','12:12:01','2014-09-12','12/09/2014','1','3','1','4','3340900219205'),(514,'2272','2557',5.00,'12','09','2014','12:46:19','2014-09-12','12/09/2014','1','6','1','1','3331001142260'),(515,'2273','2557',0.00,'12','09','2014','12:46:19','2014-09-12','12/09/2014','1','6','1','2','3331001142260'),(516,'2274','2557',5.00,'12','09','2014','12:46:19','2014-09-12','12/09/2014','1','6','1','3','3331001142260'),(517,'2276','2557',0.00,'12','09','2014','12:46:19','2014-09-12','12/09/2014','1','6','1','4','3331001142260'),(518,'2277','2557',5.00,'12','09','2014','12:46:19','2014-09-12','12/09/2014','1','6','1','5','3331001142260'),(519,'2278','2557',10.00,'12','09','2014','12:46:19','2014-09-12','12/09/2014','1','6','1','6','3331001142260'),(520,'2279','2557',0.00,'12','09','2014','12:46:19','2014-09-12','12/09/2014','1','6','1','7','3331001142260'),(521,'2280','2557',5.00,'12','09','2014','12:46:19','2014-09-12','12/09/2014','1','6','1','8','3331001142260'),(522,'2281','2557',20.00,'12','09','2014','12:46:19','2014-09-12','12/09/2014','1','6','1','9','3331001142260'),(523,'2282','2557',5.00,'12','09','2014','12:46:19','2014-09-12','12/09/2014','1','6','1','10','3331001142260'),(524,'2283','2557',20.00,'12','09','2014','12:46:19','2014-09-12','12/09/2014','1','6','1','11','3331001142260'),(525,'2284','2557',15.00,'12','09','2014','12:46:19','2014-09-12','12/09/2014','1','6','1','12','3331001142260'),(526,'2315','2557',10.00,'15','09','2014','09:43:11','2014-09-15','15/09/2014','1','4','1','1','3349800183967'),(527,'2316','2557',0.00,'15','09','2014','09:43:11','2014-09-15','15/09/2014','1','4','1','2','3349800183967'),(528,'2317','2557',10.00,'15','09','2014','09:43:11','2014-09-15','15/09/2014','1','4','1','3','3349800183967'),(529,'2318','2557',5.00,'15','09','2014','09:43:11','2014-09-15','15/09/2014','1','4','1','4','3349800183967'),(530,'2319','2557',10.00,'15','09','2014','09:43:11','2014-09-15','15/09/2014','1','4','1','5','3349800183967'),(531,'2320','2557',15.00,'15','09','2014','09:43:11','2014-09-15','15/09/2014','1','4','1','6','3349800183967'),(532,'2321','2557',0.00,'15','09','2014','09:43:11','2014-09-15','15/09/2014','1','4','1','7','3349800183967'),(533,'2331','2557',0.00,'15','09','2014','09:43:11','2014-09-15','15/09/2014','1','4','1','8','3349800183967'),(534,'2322','2557',5.00,'15','09','2014','09:43:11','2014-09-15','15/09/2014','1','4','1','9','3349800183967'),(535,'2323','2557',10.00,'15','09','2014','09:43:11','2014-09-15','15/09/2014','1','4','1','10','3349800183967'),(536,'2325','2557',5.00,'15','09','2014','09:43:11','2014-09-15','15/09/2014','1','4','1','12','3349800183967'),(537,'2326','2557',0.00,'15','09','2014','09:43:11','2014-09-15','15/09/2014','1','4','1','13','3349800183967'),(538,'2327','2557',5.00,'15','09','2014','09:43:11','2014-09-15','15/09/2014','1','4','1','14','3349800183967'),(539,'2377','2557',20.00,'15','09','2014','09:43:11','2014-09-15','15/09/2014','1','4','1','14','3349800183967'),(540,'2336','2557',20.00,'15','09','2014','02:04:08','2014-09-15','15/09/2014','1','3','1','1','3341500804454'),(541,'2337','2557',10.00,'15','09','2014','02:04:08','2014-09-15','15/09/2014','1','3','1','2','3341500804454'),(542,'2339','2557',20.00,'15','09','2014','02:04:08','2014-09-15','15/09/2014','1','3','1','3','3341500804454'),(543,'2340','2557',22.00,'15','09','2014','02:04:08','2014-09-15','15/09/2014','1','3','1','4','3341500804454'),(544,'2341','2557',20.00,'15','09','2014','02:04:08','2014-09-15','15/09/2014','1','3','1','5','3341500804454'),(545,'2336','2557',126.00,'16','09','2014','10:49:16','2014-09-16','16/09/2014','1','3','1','1','3341500804454'),(546,'2337','2557',5.00,'16','09','2014','10:49:16','2014-09-16','16/09/2014','1','3','1','2','3341500804454'),(547,'2339','2557',20.00,'16','09','2014','10:49:16','2014-09-16','16/09/2014','1','3','1','3','3341500804454'),(548,'2340','2557',20.00,'16','09','2014','10:49:16','2014-09-16','16/09/2014','1','3','1','4','3341500804454'),(549,'2341','2557',20.00,'16','09','2014','10:49:16','2014-09-16','16/09/2014','1','3','1','5','3341500804454'),(550,'2336','2557',100.00,'17','09','2014','10:21:23','2014-09-17','17/09/2014','1','3','1','1','3341500804454'),(551,'2337','2557',10.00,'17','09','2014','10:21:23','2014-09-17','17/09/2014','1','3','1','2','3341500804454'),(552,'2339','2557',20.00,'17','09','2014','10:21:23','2014-09-17','17/09/2014','1','3','1','3','3341500804454'),(553,'2340','2557',25.00,'17','09','2014','10:21:23','2014-09-17','17/09/2014','1','3','1','4','3341500804454'),(554,'2341','2557',20.00,'17','09','2014','10:21:23','2014-09-17','17/09/2014','1','3','1','5','3341500804454'),(555,'2336','2557',20.00,'22','09','2014','11:00:29','2014-09-22','22/09/2014','1','3','1','1','3341500804454'),(556,'2337','2557',10.00,'22','09','2014','11:00:29','2014-09-22','22/09/2014','1','3','1','2','3341500804454'),(557,'2339','2557',20.00,'22','09','2014','11:00:29','2014-09-22','22/09/2014','1','3','1','3','3341500804454'),(558,'2340','2557',50.00,'22','09','2014','11:00:29','2014-09-22','22/09/2014','1','3','1','4','3341500804454'),(559,'2341','2557',20.00,'22','09','2014','11:00:29','2014-09-22','22/09/2014','1','3','1','5','3341500804454'),(560,'2336','2557',20.00,'23','09','2014','09:34:06','2014-09-23','23/09/2014','1','3','1','1','3341500804454'),(561,'2337','2557',10.00,'23','09','2014','09:34:06','2014-09-23','23/09/2014','1','3','1','2','3341500804454'),(562,'2339','2557',20.00,'23','09','2014','09:34:06','2014-09-23','23/09/2014','1','3','1','3','3341500804454'),(563,'2340','2557',20.00,'23','09','2014','09:34:06','2014-09-23','23/09/2014','1','3','1','4','3341500804454'),(564,'2341','2557',20.00,'23','09','2014','09:34:06','2014-09-23','23/09/2014','1','3','1','5','3341500804454'),(565,'2337','2557',10.00,'24','09','2014','01:23:10','2014-09-24','24/09/2014','1','3','1','2','3341500804454'),(566,'2339','2557',15.00,'24','09','2014','01:23:10','2014-09-24','24/09/2014','1','3','1','3','3341500804454'),(567,'2341','2557',20.00,'24','09','2014','01:23:10','2014-09-24','24/09/2014','1','3','1','5','3341500804454'),(568,'2336','2557',20.00,'26','09','2014','09:33:54','2014-09-26','26/09/2014','1','3','1','1','3341500804454'),(569,'2337','2557',10.00,'26','09','2014','09:33:54','2014-09-26','26/09/2014','1','3','1','2','3341500804454'),(570,'2339','2557',20.00,'26','09','2014','09:33:54','2014-09-26','26/09/2014','1','3','1','3','3341500804454'),(571,'2340','2557',25.00,'26','09','2014','09:33:54','2014-09-26','26/09/2014','1','3','1','4','3341500804454'),(572,'2341','2557',22.00,'26','09','2014','09:33:54','2014-09-26','26/09/2014','1','3','1','5','3341500804454'),(573,'2361','2561',20.00,'01','11','2018','02:38:20','2018-11-01','01/11/2018','1','6','1','1','3340200315546'),(574,'2362','2561',10.00,'01','11','2018','02:38:20','2018-11-01','01/11/2018','1','6','1','2','3340200315546'),(575,'2363','2561',5.00,'01','11','2018','02:38:20','2018-11-01','01/11/2018','1','6','1','3','3340200315546'),(576,'2365','2561',5.00,'01','11','2018','02:38:20','2018-11-01','01/11/2018','1','6','1','5','3340200315546'),(577,'2366','2561',5.00,'01','11','2018','02:38:20','2018-11-01','01/11/2018','1','6','1','6','3340200315546'),(578,'2367','2561',5.00,'01','11','2018','02:38:20','2018-11-01','01/11/2018','1','6','1','7','3340200315546'),(579,'2380','2561',5.00,'01','11','2018','02:38:20','2018-11-01','01/11/2018','1','6','1','8','3340200315546'),(580,'2369','2561',5.00,'01','11','2018','02:38:20','2018-11-01','01/11/2018','1','6','1','9','3340200315546'),(581,'2420','2561',5.00,'01','11','2018','02:38:20','2018-11-01','01/11/2018','1','6','1','10','3340200315546'),(582,'2370','2561',5.00,'01','11','2018','02:38:20','2018-11-01','01/11/2018','1','6','1','11','3340200315546'),(583,'2371','2561',20.00,'01','11','2018','02:38:20','2018-11-01','01/11/2018','1','6','1','12','3340200315546'),(584,'2372','2561',20.00,'01','11','2018','02:38:20','2018-11-01','01/11/2018','1','6','1','13','3340200315546'),(585,'2373','2561',5.00,'01','11','2018','02:38:20','2018-11-01','01/11/2018','1','6','1','14','3340200315546'),(586,'2374','2561',420.00,'01','11','2018','02:38:20','2018-11-01','01/11/2018','1','6','1','15','3340200315546'),(587,'2382','2561',20.00,'01','11','2018','02:38:20','2018-11-01','01/11/2018','1','6','1','16','3340200315546'),(588,'2361','2561',20.00,'18','05','2018','02:41:09','2018-05-18','18/05/2018','1','6','1','1','3340200315546'),(589,'2365','2561',10.00,'18','05','2018','02:41:09','2018-05-18','18/05/2018','1','6','1','5','3340200315546'),(590,'2366','2561',5.00,'18','05','2018','02:41:09','2018-05-18','18/05/2018','1','6','1','6','3340200315546'),(591,'2367','2561',5.00,'18','05','2018','02:41:09','2018-05-18','18/05/2018','1','6','1','7','3340200315546'),(592,'2370','2561',10.00,'18','05','2018','02:41:09','2018-05-18','18/05/2018','1','6','1','11','3340200315546'),(593,'2371','2561',20.00,'18','05','2018','02:41:09','2018-05-18','18/05/2018','1','6','1','12','3340200315546'),(594,'2372','2561',20.00,'18','05','2018','02:41:09','2018-05-18','18/05/2018','1','6','1','13','3340200315546'),(595,'2373','2561',5.00,'18','05','2018','02:41:09','2018-05-18','18/05/2018','1','6','1','14','3340200315546'),(596,'2374','2561',40.00,'18','05','2018','02:41:09','2018-05-18','18/05/2018','1','6','1','15','3340200315546'),(597,'2382','2561',30.00,'18','05','2018','02:41:09','2018-05-18','18/05/2018','1','6','1','16','3340200315546'),(598,'2361','2561',20.00,'21','05','2018','02:43:55','2018-05-21','21/05/2018','1','6','1','1','3340200315546'),(599,'2362','2561',30.00,'21','05','2018','02:43:55','2018-05-21','21/05/2018','1','6','1','2','3340200315546'),(600,'2363','2561',5.00,'21','05','2018','02:43:55','2018-05-21','21/05/2018','1','6','1','3','3340200315546'),(601,'2364','2561',10.00,'21','05','2018','02:43:55','2018-05-21','21/05/2018','1','6','1','4','3340200315546'),(602,'2365','2561',10.00,'21','05','2018','02:43:55','2018-05-21','21/05/2018','1','6','1','5','3340200315546'),(603,'2380','2561',30.00,'21','05','2018','02:43:55','2018-05-21','21/05/2018','1','6','1','8','3340200315546'),(604,'2370','2561',5.00,'21','05','2018','02:43:55','2018-05-21','21/05/2018','1','6','1','11','3340200315546'),(605,'2371','2561',20.00,'21','05','2018','02:43:55','2018-05-21','21/05/2018','1','6','1','12','3340200315546'),(606,'2372','2561',15.00,'21','05','2018','02:43:55','2018-05-21','21/05/2018','1','6','1','13','3340200315546'),(607,'2373','2561',5.00,'21','05','2018','02:43:55','2018-05-21','21/05/2018','1','6','1','14','3340200315546'),(608,'2374','2561',40.00,'21','05','2018','02:43:55','2018-05-21','21/05/2018','1','6','1','15','3340200315546'),(609,'2382','2561',20.00,'21','05','2018','02:43:55','2018-05-21','21/05/2018','1','6','1','16','3340200315546'),(610,'2361','2561',20.00,'22','05','2018','02:45:44','2018-05-22','22/05/2018','1','6','1','1','3340200315546'),(611,'2362','2561',20.00,'22','05','2018','02:45:44','2018-05-22','22/05/2018','1','6','1','2','3340200315546'),(612,'2363','2561',10.00,'22','05','2018','02:45:44','2018-05-22','22/05/2018','1','6','1','3','3340200315546'),(613,'2364','2561',5.00,'22','05','2018','02:45:44','2018-05-22','22/05/2018','1','6','1','4','3340200315546'),(614,'2365','2561',20.00,'22','05','2018','02:45:44','2018-05-22','22/05/2018','1','6','1','5','3340200315546'),(615,'2366','2561',5.00,'22','05','2018','02:45:44','2018-05-22','22/05/2018','1','6','1','6','3340200315546'),(616,'2380','2561',20.00,'22','05','2018','02:45:44','2018-05-22','22/05/2018','1','6','1','8','3340200315546'),(617,'2369','2561',5.00,'22','05','2018','02:45:44','2018-05-22','22/05/2018','1','6','1','9','3340200315546'),(618,'2371','2561',20.00,'22','05','2018','02:45:44','2018-05-22','22/05/2018','1','6','1','12','3340200315546'),(619,'2372','2561',25.00,'22','05','2018','02:45:44','2018-05-22','22/05/2018','1','6','1','13','3340200315546'),(620,'2374','2561',40.00,'22','05','2018','02:45:44','2018-05-22','22/05/2018','1','6','1','15','3340200315546'),(621,'2382','2561',20.00,'22','05','2018','02:45:44','2018-05-22','22/05/2018','1','6','1','16','3340200315546'),(622,'2361','2561',20.00,'23','05','2018','02:49:11','2018-05-23','23/05/2018','1','6','1','1','3340200315546'),(623,'2363','2561',5.00,'23','05','2018','02:49:11','2018-05-23','23/05/2018','1','6','1','3','3340200315546'),(624,'2365','2561',20.00,'23','05','2018','02:49:11','2018-05-23','23/05/2018','1','6','1','5','3340200315546'),(625,'2366','2561',100.00,'23','05','2018','02:49:11','2018-05-23','23/05/2018','1','6','1','6','3340200315546'),(626,'2367','2561',10.00,'23','05','2018','02:49:11','2018-05-23','23/05/2018','1','6','1','7','3340200315546'),(627,'2380','2561',5.00,'23','05','2018','02:49:11','2018-05-23','23/05/2018','1','6','1','8','3340200315546'),(628,'2420','2561',10.00,'23','05','2018','02:49:11','2018-05-23','23/05/2018','1','6','1','10','3340200315546'),(629,'2370','2561',5.00,'23','05','2018','02:49:11','2018-05-23','23/05/2018','1','6','1','11','3340200315546'),(630,'2371','2561',20.00,'23','05','2018','02:49:11','2018-05-23','23/05/2018','1','6','1','12','3340200315546'),(631,'2372','2561',20.00,'23','05','2018','02:49:11','2018-05-23','23/05/2018','1','6','1','13','3340200315546'),(632,'2373','2561',10.00,'23','05','2018','02:49:11','2018-05-23','23/05/2018','1','6','1','14','3340200315546'),(633,'2374','2561',50.00,'23','05','2018','02:49:11','2018-05-23','23/05/2018','1','6','1','15','3340200315546'),(634,'2361','2561',20.00,'24','05','2018','02:50:46','2018-05-24','24/05/2018','1','6','1','1','3340200315546'),(635,'2363','2561',5.00,'24','05','2018','02:50:46','2018-05-24','24/05/2018','1','6','1','3','3340200315546'),(636,'2365','2561',10.00,'24','05','2018','02:50:46','2018-05-24','24/05/2018','1','6','1','5','3340200315546'),(637,'2367','2561',5.00,'24','05','2018','02:50:46','2018-05-24','24/05/2018','1','6','1','7','3340200315546'),(638,'2420','2561',5.00,'24','05','2018','02:50:46','2018-05-24','24/05/2018','1','6','1','10','3340200315546'),(639,'2370','2561',5.00,'24','05','2018','02:50:46','2018-05-24','24/05/2018','1','6','1','11','3340200315546'),(640,'2371','2561',20.00,'24','05','2018','02:50:46','2018-05-24','24/05/2018','1','6','1','12','3340200315546'),(641,'2372','2561',20.00,'24','05','2018','02:50:46','2018-05-24','24/05/2018','1','6','1','13','3340200315546'),(642,'2382','2561',30.00,'24','05','2018','02:50:46','2018-05-24','24/05/2018','1','6','1','16','3340200315546'),(643,'2361','2561',20.00,'07','11','2018','02:52:11','2018-11-07','07/11/2018','1','6','1','1','3340200315546'),(644,'2362','2561',50.00,'07','11','2018','02:52:11','2018-11-07','07/11/2018','1','6','1','2','3340200315546'),(645,'2365','2561',10.00,'07','11','2018','02:52:11','2018-11-07','07/11/2018','1','6','1','5','3340200315546'),(646,'2380','2561',5.00,'07','11','2018','02:52:11','2018-11-07','07/11/2018','1','6','1','8','3340200315546'),(647,'2371','2561',10.00,'07','11','2018','02:52:11','2018-11-07','07/11/2018','1','6','1','12','3340200315546'),(648,'2372','2561',10.00,'07','11','2018','02:52:11','2018-11-07','07/11/2018','1','6','1','13','3340200315546'),(649,'2374','2561',20.00,'07','11','2018','02:52:11','2018-11-07','07/11/2018','1','6','1','15','3340200315546'),(650,'2382','2561',15.00,'07','11','2018','02:52:11','2018-11-07','07/11/2018','1','6','1','16','3340200315546'),(651,'2361','2561',20.00,'30','05','2018','02:53:45','2018-05-30','30/05/2018','1','6','1','1','3340200315546'),(652,'2362','2561',10.00,'30','05','2018','02:53:45','2018-05-30','30/05/2018','1','6','1','2','3340200315546'),(653,'2364','2561',5.00,'30','05','2018','02:53:45','2018-05-30','30/05/2018','1','6','1','4','3340200315546'),(654,'2365','2561',10.00,'30','05','2018','02:53:45','2018-05-30','30/05/2018','1','6','1','5','3340200315546'),(655,'2366','2561',5.00,'30','05','2018','02:53:45','2018-05-30','30/05/2018','1','6','1','6','3340200315546'),(656,'2367','2561',10.00,'30','05','2018','02:53:45','2018-05-30','30/05/2018','1','6','1','7','3340200315546'),(657,'2380','2561',20.00,'30','05','2018','02:53:45','2018-05-30','30/05/2018','1','6','1','8','3340200315546'),(658,'2371','2561',20.00,'30','05','2018','02:53:45','2018-05-30','30/05/2018','1','6','1','12','3340200315546'),(659,'2372','2561',20.00,'30','05','2018','02:53:45','2018-05-30','30/05/2018','1','6','1','13','3340200315546'),(660,'2373','2561',5.00,'30','05','2018','02:53:45','2018-05-30','30/05/2018','1','6','1','14','3340200315546'),(661,'2374','2561',30.00,'30','05','2018','02:53:45','2018-05-30','30/05/2018','1','6','1','15','3340200315546'),(662,'2382','2561',20.00,'30','05','2018','02:53:45','2018-05-30','30/05/2018','1','6','1','16','3340200315546'),(663,'2361','2561',20.00,'31','05','2018','02:55:52','2018-05-31','31/05/2018','1','6','1','1','3340200315546'),(664,'2362','2561',10.00,'31','05','2018','02:55:52','2018-05-31','31/05/2018','1','6','1','2','3340200315546'),(665,'2363','2561',5.00,'31','05','2018','02:55:52','2018-05-31','31/05/2018','1','6','1','3','3340200315546'),(666,'2365','2561',20.00,'31','05','2018','02:55:52','2018-05-31','31/05/2018','1','6','1','5','3340200315546'),(667,'2367','2561',10.00,'31','05','2018','02:55:52','2018-05-31','31/05/2018','1','6','1','7','3340200315546'),(668,'2380','2561',20.00,'31','05','2018','02:55:52','2018-05-31','31/05/2018','1','6','1','8','3340200315546'),(669,'2370','2561',5.00,'31','05','2018','02:55:52','2018-05-31','31/05/2018','1','6','1','11','3340200315546'),(670,'2371','2561',15.00,'31','05','2018','02:55:52','2018-05-31','31/05/2018','1','6','1','12','3340200315546'),(671,'2372','2561',10.00,'31','05','2018','02:55:52','2018-05-31','31/05/2018','1','6','1','13','3340200315546'),(672,'2374','2561',40.00,'31','05','2018','02:55:52','2018-05-31','31/05/2018','1','6','1','15','3340200315546'),(673,'2382','2561',20.00,'31','05','2018','02:55:52','2018-05-31','31/05/2018','1','6','1','16','3340200315546'),(674,'2361','2561',40.00,'01','06','2018','02:57:20','2018-06-01','01/06/2018','1','6','1','1','3340200315546'),(675,'2362','2561',5.00,'01','06','2018','02:57:20','2018-06-01','01/06/2018','1','6','1','2','3340200315546'),(676,'2365','2561',20.00,'01','06','2018','02:57:20','2018-06-01','01/06/2018','1','6','1','5','3340200315546'),(677,'2366','2561',5.00,'01','06','2018','02:57:20','2018-06-01','01/06/2018','1','6','1','6','3340200315546'),(678,'2367','2561',10.00,'01','06','2018','02:57:20','2018-06-01','01/06/2018','1','6','1','7','3340200315546'),(679,'2371','2561',25.00,'01','06','2018','02:57:20','2018-06-01','01/06/2018','1','6','1','12','3340200315546'),(680,'2372','2561',20.00,'01','06','2018','02:57:20','2018-06-01','01/06/2018','1','6','1','13','3340200315546'),(681,'2373','2561',5.00,'01','06','2018','02:57:20','2018-06-01','01/06/2018','1','6','1','14','3340200315546'),(682,'2374','2561',40.00,'01','06','2018','02:57:20','2018-06-01','01/06/2018','1','6','1','15','3340200315546'),(683,'2382','2561',20.00,'01','06','2018','02:57:20','2018-06-01','01/06/2018','1','6','1','16','3340200315546'),(684,'2361','2561',330.00,'04','06','2018','03:23:57','2018-06-04','04/06/2018','1','6','1','1','3340200315546'),(685,'2362','2561',165.00,'04','06','2018','03:23:57','2018-06-04','04/06/2018','1','6','1','2','3340200315546'),(686,'2363','2561',40.00,'04','06','2018','03:23:57','2018-06-04','04/06/2018','1','6','1','3','3340200315546'),(687,'2364','2561',26.00,'04','06','2018','03:23:57','2018-06-04','04/06/2018','1','6','1','4','3340200315546'),(688,'2365','2561',170.00,'04','06','2018','03:23:57','2018-06-04','04/06/2018','1','6','1','5','3340200315546'),(689,'2366','2561',200.00,'04','06','2018','03:23:57','2018-06-04','04/06/2018','1','6','1','6','3340200315546'),(690,'2367','2561',75.00,'04','06','2018','03:23:57','2018-06-04','04/06/2018','1','6','1','7','3340200315546'),(691,'2380','2561',185.00,'04','06','2018','03:23:57','2018-06-04','04/06/2018','1','6','1','8','3340200315546'),(692,'2369','2561',5.00,'04','06','2018','03:23:57','2018-06-04','04/06/2018','1','6','1','9','3340200315546'),(693,'2420','2561',40.00,'04','06','2018','03:23:57','2018-06-04','04/06/2018','1','6','1','10','3340200315546'),(694,'2370','2561',60.00,'04','06','2018','03:23:57','2018-06-04','04/06/2018','1','6','1','11','3340200315546'),(695,'2371','2561',340.00,'04','06','2018','03:23:57','2018-06-04','04/06/2018','1','6','1','12','3340200315546'),(696,'2372','2561',315.00,'04','06','2018','03:23:57','2018-06-04','04/06/2018','1','6','1','13','3340200315546'),(697,'2373','2561',115.00,'04','06','2018','03:23:57','2018-06-04','04/06/2018','1','6','1','14','3340200315546'),(698,'2374','2561',760.00,'04','06','2018','03:23:57','2018-06-04','04/06/2018','1','6','1','15','3340200315546'),(699,'2382','2561',340.00,'04','06','2018','03:23:57','2018-06-04','04/06/2018','1','6','1','16','3340200315546'),(700,'2361','2561',380.00,'02','07','2018','03:28:28','2018-07-02','02/07/2018','1','6','1','1','3340200315546'),(701,'2362','2561',130.00,'02','07','2018','03:28:28','2018-07-02','02/07/2018','1','6','1','2','3340200315546'),(702,'2363','2561',30.00,'02','07','2018','03:28:28','2018-07-02','02/07/2018','1','6','1','3','3340200315546'),(703,'2364','2561',20.00,'02','07','2018','03:28:28','2018-07-02','02/07/2018','1','6','1','4','3340200315546'),(704,'2365','2561',135.00,'02','07','2018','03:28:28','2018-07-02','02/07/2018','1','6','1','5','3340200315546'),(705,'2366','2561',50.00,'02','07','2018','03:28:28','2018-07-02','02/07/2018','1','6','1','6','3340200315546'),(706,'2367','2561',120.00,'02','07','2018','03:28:28','2018-07-02','02/07/2018','1','6','1','7','3340200315546'),(707,'2380','2561',295.00,'02','07','2018','03:28:28','2018-07-02','02/07/2018','1','6','1','8','3340200315546'),(708,'2369','2561',40.00,'02','07','2018','03:28:28','2018-07-02','02/07/2018','1','6','1','9','3340200315546'),(709,'2420','2561',45.00,'02','07','2018','03:28:28','2018-07-02','02/07/2018','1','6','1','10','3340200315546'),(710,'2370','2561',120.00,'02','07','2018','03:28:28','2018-07-02','02/07/2018','1','6','1','11','3340200315546'),(711,'2371','2561',400.00,'02','07','2018','03:28:28','2018-07-02','02/07/2018','1','6','1','12','3340200315546'),(712,'2372','2561',385.00,'02','07','2018','03:28:28','2018-07-02','02/07/2018','1','6','1','13','3340200315546'),(713,'2373','2561',125.00,'02','07','2018','03:28:28','2018-07-02','02/07/2018','1','6','1','14','3340200315546'),(714,'2374','2561',730.00,'02','07','2018','03:28:28','2018-07-02','02/07/2018','1','6','1','15','3340200315546'),(715,'2382','2561',410.00,'02','07','2018','03:28:28','2018-07-02','02/07/2018','1','6','1','16','3340200315546'),(716,'2361','2561',510.00,'01','08','2018','03:30:11','2018-08-01','01/08/2018','1','6','1','1','3340200315546'),(717,'2362','2561',200.00,'01','08','2018','03:30:11','2018-08-01','01/08/2018','1','6','1','2','3340200315546'),(718,'2363','2561',25.00,'01','08','2018','03:30:11','2018-08-01','01/08/2018','1','6','1','3','3340200315546'),(719,'2364','2561',25.00,'01','08','2018','03:30:11','2018-08-01','01/08/2018','1','6','1','4','3340200315546'),(720,'2365','2561',140.00,'01','08','2018','03:30:11','2018-08-01','01/08/2018','1','6','1','5','3340200315546'),(721,'2366','2561',25.00,'01','08','2018','03:30:11','2018-08-01','01/08/2018','1','6','1','6','3340200315546'),(722,'2367','2561',110.00,'01','08','2018','03:30:11','2018-08-01','01/08/2018','1','6','1','7','3340200315546'),(723,'2380','2561',145.00,'01','08','2018','03:30:11','2018-08-01','01/08/2018','1','6','1','8','3340200315546'),(724,'2369','2561',15.00,'01','08','2018','03:30:11','2018-08-01','01/08/2018','1','6','1','9','3340200315546'),(725,'2420','2561',25.00,'01','08','2018','03:30:11','2018-08-01','01/08/2018','1','6','1','10','3340200315546'),(726,'2370','2561',80.00,'01','08','2018','03:30:11','2018-08-01','01/08/2018','1','6','1','11','3340200315546'),(727,'2371','2561',320.00,'01','08','2018','03:30:11','2018-08-01','01/08/2018','1','6','1','12','3340200315546'),(728,'2372','2561',270.00,'01','08','2018','03:30:11','2018-08-01','01/08/2018','1','6','1','13','3340200315546'),(729,'2373','2561',95.00,'01','08','2018','03:30:11','2018-08-01','01/08/2018','1','6','1','14','3340200315546'),(730,'2374','2561',475.00,'01','08','2018','03:30:11','2018-08-01','01/08/2018','1','6','1','15','3340200315546'),(731,'2382','2561',405.00,'01','08','2018','03:30:11','2018-08-01','01/08/2018','1','6','1','16','3340200315546'),(732,'2361','2561',340.00,'03','09','2018','03:32:28','2018-09-03','03/09/2018','1','6','1','1','3340200315546'),(733,'2362','2561',200.00,'03','09','2018','03:32:28','2018-09-03','03/09/2018','1','6','1','2','3340200315546'),(734,'2363','2561',20.00,'03','09','2018','03:32:28','2018-09-03','03/09/2018','1','6','1','3','3340200315546'),(735,'2364','2561',5.00,'03','09','2018','03:32:28','2018-09-03','03/09/2018','1','6','1','4','3340200315546'),(736,'2365','2561',145.00,'03','09','2018','03:32:28','2018-09-03','03/09/2018','1','6','1','5','3340200315546'),(737,'2366','2561',94.00,'03','09','2018','03:32:28','2018-09-03','03/09/2018','1','6','1','6','3340200315546'),(738,'2367','2561',130.00,'03','09','2018','03:32:28','2018-09-03','03/09/2018','1','6','1','7','3340200315546'),(739,'2380','2561',65.00,'03','09','2018','03:32:28','2018-09-03','03/09/2018','1','6','1','8','3340200315546'),(740,'2369','2561',35.00,'03','09','2018','03:32:28','2018-09-03','03/09/2018','1','6','1','9','3340200315546'),(741,'2420','2561',10.00,'03','09','2018','03:32:28','2018-09-03','03/09/2018','1','6','1','10','3340200315546'),(742,'2370','2561',105.00,'03','09','2018','03:32:28','2018-09-03','03/09/2018','1','6','1','11','3340200315546'),(743,'2371','2561',300.00,'03','09','2018','03:32:28','2018-09-03','03/09/2018','1','6','1','12','3340200315546'),(744,'2372','2561',280.00,'03','09','2018','03:32:28','2018-09-03','03/09/2018','1','6','1','13','3340200315546'),(745,'2373','2561',225.00,'03','09','2018','03:32:28','2018-09-03','03/09/2018','1','6','1','14','3340200315546'),(746,'2374','2561',410.00,'03','09','2018','03:32:28','2018-09-03','03/09/2018','1','6','1','15','3340200315546'),(747,'2382','2561',350.00,'03','09','2018','03:32:28','2018-09-03','03/09/2018','1','6','1','16','3340200315546'),(748,'2361','2561',100.00,'01','10','2018','03:36:05','2018-10-01','01/10/2018','1','6','1','1','3340200315546'),(749,'2362','2561',50.00,'01','10','2018','03:36:05','2018-10-01','01/10/2018','1','6','1','2','3340200315546'),(750,'2364','2561',15.00,'01','10','2018','03:36:05','2018-10-01','01/10/2018','1','6','1','4','3340200315546'),(751,'2365','2561',40.00,'01','10','2018','03:36:05','2018-10-01','01/10/2018','1','6','1','5','3340200315546'),(752,'2366','2561',35.00,'01','10','2018','03:36:05','2018-10-01','01/10/2018','1','6','1','6','3340200315546'),(753,'2367','2561',25.00,'01','10','2018','03:36:05','2018-10-01','01/10/2018','1','6','1','7','3340200315546'),(754,'2420','2561',15.00,'01','10','2018','03:36:05','2018-10-01','01/10/2018','1','6','1','10','3340200315546'),(755,'2370','2561',10.00,'01','10','2018','03:36:05','2018-10-01','01/10/2018','1','6','1','11','3340200315546'),(756,'2371','2561',100.00,'01','10','2018','03:36:05','2018-10-01','01/10/2018','1','6','1','12','3340200315546'),(757,'2372','2561',45.00,'01','10','2018','03:36:05','2018-10-01','01/10/2018','1','6','1','13','3340200315546'),(758,'2373','2561',50.00,'01','10','2018','03:36:05','2018-10-01','01/10/2018','1','6','1','14','3340200315546'),(759,'2374','2561',150.00,'01','10','2018','03:36:05','2018-10-01','01/10/2018','1','6','1','15','3340200315546'),(760,'2382','2561',130.00,'01','10','2018','03:36:05','2018-10-01','01/10/2018','1','6','1','16','3340200315546'),(761,'2368','2561',40.00,'12','11','2018','11:40:24','2018-11-12','12/11/2018','1','5','1','1','3330300421038'),(762,'2383','2561',0.00,'12','11','2018','11:40:24','2018-11-12','12/11/2018','1','5','1','2','3330300421038'),(763,'2385','2561',0.00,'12','11','2018','11:40:24','2018-11-12','12/11/2018','1','5','1','4','3330300421038'),(764,'2386','2561',5.00,'12','11','2018','11:40:24','2018-11-12','12/11/2018','1','5','1','5','3330300421038'),(765,'2387','2561',5.00,'12','11','2018','11:40:24','2018-11-12','12/11/2018','1','5','1','6','3330300421038'),(766,'2388','2561',0.00,'12','11','2018','11:40:24','2018-11-12','12/11/2018','1','5','1','7','3330300421038'),(767,'2389','2561',5.00,'12','11','2018','11:40:24','2018-11-12','12/11/2018','1','5','1','8','3330300421038'),(768,'2390','2561',0.00,'12','11','2018','11:40:24','2018-11-12','12/11/2018','1','5','1','9','3330300421038'),(769,'2391','2561',10.00,'12','11','2018','11:40:24','2018-11-12','12/11/2018','1','5','1','10','3330300421038'),(770,'2392','2561',5.00,'12','11','2018','11:40:24','2018-11-12','12/11/2018','1','5','1','11','3330300421038'),(771,'2393','2561',5.00,'12','11','2018','11:40:24','2018-11-12','12/11/2018','1','5','1','12','3330300421038'),(772,'2394','2561',5.00,'12','11','2018','11:40:24','2018-11-12','12/11/2018','1','5','1','13','3330300421038'),(773,'2396','2561',5.00,'12','11','2018','11:40:24','2018-11-12','12/11/2018','1','5','1','14','3330300421038'),(774,'2397','2561',20.00,'12','11','2018','11:40:24','2018-11-12','12/11/2018','1','5','1','15','3330300421038'),(775,'2417','2561',20.00,'12','11','2018','11:40:24','2018-11-12','12/11/2018','1','5','1','16','3330300421038'),(776,'2368','2561',40.00,'14','11','2018','10:14:56','2018-11-14','14/11/2018','1','5','1','1','3330300421038'),(777,'2383','2561',10.00,'14','11','2018','10:14:56','2018-11-14','14/11/2018','1','5','1','2','3330300421038'),(778,'2384','2561',5.00,'14','11','2018','10:14:56','2018-11-14','14/11/2018','1','5','1','3','3330300421038'),(779,'2385','2561',20.00,'14','11','2018','10:14:56','2018-11-14','14/11/2018','1','5','1','4','3330300421038'),(780,'2386','2561',5.00,'14','11','2018','10:14:56','2018-11-14','14/11/2018','1','5','1','5','3330300421038'),(781,'2387','2561',5.00,'14','11','2018','10:14:56','2018-11-14','14/11/2018','1','5','1','6','3330300421038'),(782,'2388','2561',10.00,'14','11','2018','10:14:56','2018-11-14','14/11/2018','1','5','1','7','3330300421038'),(783,'2389','2561',5.00,'14','11','2018','10:14:56','2018-11-14','14/11/2018','1','5','1','8','3330300421038'),(784,'2390','2561',20.00,'14','11','2018','10:14:56','2018-11-14','14/11/2018','1','5','1','9','3330300421038'),(785,'2391','2561',10.00,'14','11','2018','10:14:56','2018-11-14','14/11/2018','1','5','1','10','3330300421038'),(786,'2392','2561',5.00,'14','11','2018','10:14:56','2018-11-14','14/11/2018','1','5','1','11','3330300421038'),(787,'2393','2561',10.00,'14','11','2018','10:14:56','2018-11-14','14/11/2018','1','5','1','12','3330300421038'),(788,'2394','2561',0.00,'14','11','2018','10:14:56','2018-11-14','14/11/2018','1','5','1','13','3330300421038'),(789,'2396','2561',10.00,'14','11','2018','10:14:56','2018-11-14','14/11/2018','1','5','1','14','3330300421038'),(790,'2397','2561',20.00,'14','11','2018','10:14:56','2018-11-14','14/11/2018','1','5','1','15','3330300421038'),(791,'2417','2561',20.00,'14','11','2018','10:14:56','2018-11-14','14/11/2018','1','5','1','16','3330300421038'),(792,'2368','2561',40.00,'15','11','2018','09:42:57','2018-11-15','15/11/2018','1','5','1','1','3330300421038'),(793,'2383','2561',5.00,'15','11','2018','09:42:57','2018-11-15','15/11/2018','1','5','1','2','3330300421038'),(794,'2384','2561',0.00,'15','11','2018','09:42:57','2018-11-15','15/11/2018','1','5','1','3','3330300421038'),(795,'2385','2561',20.00,'15','11','2018','09:42:57','2018-11-15','15/11/2018','1','5','1','4','3330300421038'),(796,'2386','2561',5.00,'15','11','2018','09:42:57','2018-11-15','15/11/2018','1','5','1','5','3330300421038'),(797,'2387','2561',5.00,'15','11','2018','09:42:57','2018-11-15','15/11/2018','1','5','1','6','3330300421038'),(798,'2388','2561',5.00,'15','11','2018','09:42:57','2018-11-15','15/11/2018','1','5','1','7','3330300421038'),(799,'2389','2561',5.00,'15','11','2018','09:42:57','2018-11-15','15/11/2018','1','5','1','8','3330300421038'),(800,'2390','2561',0.00,'15','11','2018','09:42:57','2018-11-15','15/11/2018','1','5','1','9','3330300421038'),(801,'2391','2561',10.00,'15','11','2018','09:42:57','2018-11-15','15/11/2018','1','5','1','10','3330300421038'),(802,'2392','2561',4.00,'15','11','2018','09:42:57','2018-11-15','15/11/2018','1','5','1','11','3330300421038'),(803,'2393','2561',10.00,'15','11','2018','09:42:57','2018-11-15','15/11/2018','1','5','1','12','3330300421038'),(804,'2394','2561',5.00,'15','11','2018','09:42:57','2018-11-15','15/11/2018','1','5','1','13','3330300421038'),(805,'2396','2561',5.00,'15','11','2018','09:42:57','2018-11-15','15/11/2018','1','5','1','14','3330300421038'),(806,'2397','2561',15.00,'15','11','2018','09:42:57','2018-11-15','15/11/2018','1','5','1','15','3330300421038'),(807,'2417','2561',20.00,'15','11','2018','09:42:57','2018-11-15','15/11/2018','1','5','1','16','3330300421038'),(808,'2368','2561',40.00,'16','11','2018','10:29:38','2018-11-16','16/11/2018','1','5','1','1','3330300421038'),(809,'2383','2561',5.00,'16','11','2018','10:29:38','2018-11-16','16/11/2018','1','5','1','2','3330300421038'),(810,'2384','2561',5.00,'16','11','2018','10:29:38','2018-11-16','16/11/2018','1','5','1','3','3330300421038'),(811,'2385','2561',20.00,'16','11','2018','10:29:38','2018-11-16','16/11/2018','1','5','1','4','3330300421038'),(812,'2386','2561',10.00,'16','11','2018','10:29:38','2018-11-16','16/11/2018','1','5','1','5','3330300421038'),(813,'2387','2561',5.00,'16','11','2018','10:29:38','2018-11-16','16/11/2018','1','5','1','6','3330300421038'),(814,'2388','2561',25.00,'16','11','2018','10:29:38','2018-11-16','16/11/2018','1','5','1','7','3330300421038'),(815,'2389','2561',5.00,'16','11','2018','10:29:38','2018-11-16','16/11/2018','1','5','1','8','3330300421038'),(816,'2390','2561',10.00,'16','11','2018','10:29:38','2018-11-16','16/11/2018','1','5','1','9','3330300421038'),(817,'2391','2561',10.00,'16','11','2018','10:29:38','2018-11-16','16/11/2018','1','5','1','10','3330300421038'),(818,'2392','2561',5.00,'16','11','2018','10:29:38','2018-11-16','16/11/2018','1','5','1','11','3330300421038'),(819,'2393','2561',5.00,'16','11','2018','10:29:38','2018-11-16','16/11/2018','1','5','1','12','3330300421038'),(820,'2394','2561',5.00,'16','11','2018','10:29:38','2018-11-16','16/11/2018','1','5','1','13','3330300421038'),(821,'2396','2561',5.00,'16','11','2018','10:29:38','2018-11-16','16/11/2018','1','5','1','14','3330300421038'),(822,'2397','2561',10.00,'16','11','2018','10:29:38','2018-11-16','16/11/2018','1','5','1','15','3330300421038'),(823,'2417','2561',10.00,'16','11','2018','10:29:38','2018-11-16','16/11/2018','1','5','1','16','3330300421038'),(824,'2368','2561',0.00,'19','11','2018','11:41:59','2018-11-19','19/11/2018','1','5','1','1','3330300421038'),(825,'2383','2561',5.00,'19','11','2018','11:41:59','2018-11-19','19/11/2018','1','5','1','2','3330300421038'),(826,'2385','2561',120.00,'19','11','2018','11:41:59','2018-11-19','19/11/2018','1','5','1','4','3330300421038'),(827,'2386','2561',5.00,'19','11','2018','11:41:59','2018-11-19','19/11/2018','1','5','1','5','3330300421038'),(828,'2387','2561',5.00,'19','11','2018','11:41:59','2018-11-19','19/11/2018','1','5','1','6','3330300421038'),(829,'2388','2561',25.00,'19','11','2018','11:41:59','2018-11-19','19/11/2018','1','5','1','7','3330300421038'),(830,'2389','2561',5.00,'19','11','2018','11:41:59','2018-11-19','19/11/2018','1','5','1','8','3330300421038'),(831,'2390','2561',5.00,'19','11','2018','11:41:59','2018-11-19','19/11/2018','1','5','1','9','3330300421038'),(832,'2391','2561',5.00,'19','11','2018','11:41:59','2018-11-19','19/11/2018','1','5','1','10','3330300421038'),(833,'2392','2561',0.00,'19','11','2018','11:41:59','2018-11-19','19/11/2018','1','5','1','11','3330300421038'),(834,'2393','2561',5.00,'19','11','2018','11:41:59','2018-11-19','19/11/2018','1','5','1','12','3330300421038'),(835,'2394','2561',0.00,'19','11','2018','11:41:59','2018-11-19','19/11/2018','1','5','1','13','3330300421038'),(836,'2396','2561',5.00,'19','11','2018','11:41:59','2018-11-19','19/11/2018','1','5','1','14','3330300421038'),(837,'2397','2561',5.00,'19','11','2018','11:41:59','2018-11-19','19/11/2018','1','5','1','15','3330300421038'),(838,'2417','2561',40.00,'19','11','2018','11:41:59','2018-11-19','19/11/2018','1','5','1','16','3330300421038'),(839,'2368','2561',0.00,'20','11','2018','10:16:22','2018-11-20','20/11/2018','1','5','1','1','3330300421038'),(840,'2383','2561',5.00,'20','11','2018','10:16:22','2018-11-20','20/11/2018','1','5','1','2','3330300421038'),(841,'2384','2561',5.00,'20','11','2018','10:16:22','2018-11-20','20/11/2018','1','5','1','3','3330300421038'),(842,'2385','2561',100.00,'20','11','2018','10:16:22','2018-11-20','20/11/2018','1','5','1','4','3330300421038'),(843,'2386','2561',5.00,'20','11','2018','10:16:22','2018-11-20','20/11/2018','1','5','1','5','3330300421038'),(844,'2387','2561',5.00,'20','11','2018','10:16:22','2018-11-20','20/11/2018','1','5','1','6','3330300421038'),(845,'2388','2561',25.00,'20','11','2018','10:16:22','2018-11-20','20/11/2018','1','5','1','7','3330300421038'),(846,'2389','2561',5.00,'20','11','2018','10:16:22','2018-11-20','20/11/2018','1','5','1','8','3330300421038'),(847,'2390','2561',0.00,'20','11','2018','10:16:22','2018-11-20','20/11/2018','1','5','1','9','3330300421038'),(848,'2391','2561',5.00,'20','11','2018','10:16:22','2018-11-20','20/11/2018','1','5','1','10','3330300421038'),(849,'2392','2561',3.00,'20','11','2018','10:16:22','2018-11-20','20/11/2018','1','5','1','11','3330300421038'),(850,'2393','2561',0.00,'20','11','2018','10:16:22','2018-11-20','20/11/2018','1','5','1','12','3330300421038'),(851,'2394','2561',0.00,'20','11','2018','10:16:22','2018-11-20','20/11/2018','1','5','1','13','3330300421038'),(852,'2396','2561',10.00,'20','11','2018','10:16:22','2018-11-20','20/11/2018','1','5','1','14','3330300421038'),(853,'2397','2561',5.00,'20','11','2018','10:16:22','2018-11-20','20/11/2018','1','5','1','15','3330300421038'),(854,'2417','2561',20.00,'20','11','2018','10:16:22','2018-11-20','20/11/2018','1','5','1','16','3330300421038'),(855,'2368','2561',0.00,'20','11','2018','10:16:23','2018-11-20','20/11/2018','1','5','1','1','3330300421038'),(856,'2383','2561',5.00,'20','11','2018','10:16:23','2018-11-20','20/11/2018','1','5','1','2','3330300421038'),(857,'2384','2561',5.00,'20','11','2018','10:16:23','2018-11-20','20/11/2018','1','5','1','3','3330300421038'),(858,'2385','2561',100.00,'20','11','2018','10:16:23','2018-11-20','20/11/2018','1','5','1','4','3330300421038'),(859,'2386','2561',5.00,'20','11','2018','10:16:23','2018-11-20','20/11/2018','1','5','1','5','3330300421038'),(860,'2387','2561',5.00,'20','11','2018','10:16:23','2018-11-20','20/11/2018','1','5','1','6','3330300421038'),(861,'2388','2561',25.00,'20','11','2018','10:16:23','2018-11-20','20/11/2018','1','5','1','7','3330300421038'),(862,'2389','2561',5.00,'20','11','2018','10:16:23','2018-11-20','20/11/2018','1','5','1','8','3330300421038'),(863,'2390','2561',0.00,'20','11','2018','10:16:23','2018-11-20','20/11/2018','1','5','1','9','3330300421038'),(864,'2391','2561',5.00,'20','11','2018','10:16:23','2018-11-20','20/11/2018','1','5','1','10','3330300421038'),(865,'2392','2561',3.00,'20','11','2018','10:16:23','2018-11-20','20/11/2018','1','5','1','11','3330300421038'),(866,'2393','2561',0.00,'20','11','2018','10:16:23','2018-11-20','20/11/2018','1','5','1','12','3330300421038'),(867,'2394','2561',0.00,'20','11','2018','10:16:23','2018-11-20','20/11/2018','1','5','1','13','3330300421038'),(868,'2396','2561',10.00,'20','11','2018','10:16:23','2018-11-20','20/11/2018','1','5','1','14','3330300421038'),(869,'2397','2561',5.00,'20','11','2018','10:16:23','2018-11-20','20/11/2018','1','5','1','15','3330300421038'),(870,'2417','2561',20.00,'20','11','2018','10:16:23','2018-11-20','20/11/2018','1','5','1','16','3330300421038'),(871,'2368','2561',50.00,'21','11','2018','11:34:56','2018-11-21','21/11/2018','1','5','1','1','3330300421038'),(872,'2383','2561',5.00,'21','11','2018','11:34:56','2018-11-21','21/11/2018','1','5','1','2','3330300421038'),(873,'2384','2561',0.00,'21','11','2018','11:34:56','2018-11-21','21/11/2018','1','5','1','3','3330300421038'),(874,'2385','2561',15.00,'21','11','2018','11:34:56','2018-11-21','21/11/2018','1','5','1','4','3330300421038'),(875,'2386','2561',5.00,'21','11','2018','11:34:56','2018-11-21','21/11/2018','1','5','1','5','3330300421038'),(876,'2387','2561',5.00,'21','11','2018','11:34:56','2018-11-21','21/11/2018','1','5','1','6','3330300421038'),(877,'2388','2561',5.00,'21','11','2018','11:34:56','2018-11-21','21/11/2018','1','5','1','7','3330300421038'),(878,'2389','2561',5.00,'21','11','2018','11:34:56','2018-11-21','21/11/2018','1','5','1','8','3330300421038'),(879,'2390','2561',5.00,'21','11','2018','11:34:56','2018-11-21','21/11/2018','1','5','1','9','3330300421038'),(880,'2391','2561',10.00,'21','11','2018','11:34:56','2018-11-21','21/11/2018','1','5','1','10','3330300421038'),(881,'2392','2561',0.00,'21','11','2018','11:34:56','2018-11-21','21/11/2018','1','5','1','11','3330300421038'),(882,'2393','2561',15.00,'21','11','2018','11:34:56','2018-11-21','21/11/2018','1','5','1','12','3330300421038'),(883,'2394','2561',0.00,'21','11','2018','11:34:56','2018-11-21','21/11/2018','1','5','1','13','3330300421038'),(884,'2396','2561',0.00,'21','11','2018','11:34:56','2018-11-21','21/11/2018','1','5','1','14','3330300421038'),(885,'2397','2561',10.00,'21','11','2018','11:34:56','2018-11-21','21/11/2018','1','5','1','15','3330300421038'),(886,'2417','2561',34.00,'21','11','2018','11:34:56','2018-11-21','21/11/2018','1','5','1','16','3330300421038'),(887,'2368','2561',40.00,'22','11','2018','01:34:57','2018-11-22','22/11/2018','1','5','1','1','3330300421038'),(888,'2383','2561',0.00,'22','11','2018','01:34:57','2018-11-22','22/11/2018','1','5','1','2','3330300421038'),(889,'2384','2561',0.00,'22','11','2018','01:34:57','2018-11-22','22/11/2018','1','5','1','3','3330300421038'),(890,'2385','2561',100.00,'22','11','2018','01:34:57','2018-11-22','22/11/2018','1','5','1','4','3330300421038'),(891,'2386','2561',5.00,'22','11','2018','01:34:57','2018-11-22','22/11/2018','1','5','1','5','3330300421038'),(892,'2387','2561',5.00,'22','11','2018','01:34:57','2018-11-22','22/11/2018','1','5','1','6','3330300421038'),(893,'2388','2561',5.00,'22','11','2018','01:34:57','2018-11-22','22/11/2018','1','5','1','7','3330300421038'),(894,'2389','2561',5.00,'22','11','2018','01:34:57','2018-11-22','22/11/2018','1','5','1','8','3330300421038'),(895,'2390','2561',3.00,'22','11','2018','01:34:57','2018-11-22','22/11/2018','1','5','1','9','3330300421038'),(896,'2391','2561',0.00,'22','11','2018','01:34:57','2018-11-22','22/11/2018','1','5','1','10','3330300421038'),(897,'2392','2561',2.00,'22','11','2018','01:34:57','2018-11-22','22/11/2018','1','5','1','11','3330300421038'),(898,'2393','2561',0.00,'22','11','2018','01:34:57','2018-11-22','22/11/2018','1','5','1','12','3330300421038'),(899,'2394','2561',2.00,'22','11','2018','01:34:57','2018-11-22','22/11/2018','1','5','1','13','3330300421038'),(900,'2396','2561',10.00,'22','11','2018','01:34:57','2018-11-22','22/11/2018','1','5','1','14','3330300421038'),(901,'2397','2561',20.00,'22','11','2018','01:34:57','2018-11-22','22/11/2018','1','5','1','15','3330300421038'),(902,'2417','2561',20.00,'22','11','2018','01:34:57','2018-11-22','22/11/2018','1','5','1','16','3330300421038'),(903,'2368','2561',40.00,'23','11','2018','10:43:57','2018-11-23','23/11/2018','1','5','1','1','3330300421038'),(904,'2383','2561',0.00,'23','11','2018','10:43:57','2018-11-23','23/11/2018','1','5','1','2','3330300421038'),(905,'2384','2561',0.00,'23','11','2018','10:43:57','2018-11-23','23/11/2018','1','5','1','3','3330300421038'),(906,'2385','2561',20.00,'23','11','2018','10:43:57','2018-11-23','23/11/2018','1','5','1','4','3330300421038'),(907,'2386','2561',5.00,'23','11','2018','10:43:57','2018-11-23','23/11/2018','1','5','1','5','3330300421038'),(908,'2387','2561',5.00,'23','11','2018','10:43:57','2018-11-23','23/11/2018','1','5','1','6','3330300421038'),(909,'2388','2561',5.00,'23','11','2018','10:43:57','2018-11-23','23/11/2018','1','5','1','7','3330300421038'),(910,'2389','2561',5.00,'23','11','2018','10:43:57','2018-11-23','23/11/2018','1','5','1','8','3330300421038'),(911,'2390','2561',0.00,'23','11','2018','10:43:57','2018-11-23','23/11/2018','1','5','1','9','3330300421038'),(912,'2391','2561',10.00,'23','11','2018','10:43:57','2018-11-23','23/11/2018','1','5','1','10','3330300421038'),(913,'2392','2561',0.00,'23','11','2018','10:43:57','2018-11-23','23/11/2018','1','5','1','11','3330300421038'),(914,'2393','2561',5.00,'23','11','2018','10:43:57','2018-11-23','23/11/2018','1','5','1','12','3330300421038'),(915,'2394','2561',5.00,'23','11','2018','10:43:57','2018-11-23','23/11/2018','1','5','1','13','3330300421038'),(916,'2396','2561',5.00,'23','11','2018','10:43:57','2018-11-23','23/11/2018','1','5','1','14','3330300421038'),(917,'2397','2561',10.00,'23','11','2018','10:43:57','2018-11-23','23/11/2018','1','5','1','15','3330300421038'),(918,'2417','2561',25.00,'23','11','2018','10:43:57','2018-11-23','23/11/2018','1','5','1','16','3330300421038'),(919,'2368','2561',50.00,'26','11','2018','10:47:45','2018-11-26','26/11/2018','1','5','1','1','3330300421038'),(920,'2383','2561',0.00,'26','11','2018','10:47:45','2018-11-26','26/11/2018','1','5','1','2','3330300421038'),(921,'2384','2561',5.00,'26','11','2018','10:47:45','2018-11-26','26/11/2018','1','5','1','3','3330300421038'),(922,'2385','2561',5.00,'26','11','2018','10:47:45','2018-11-26','26/11/2018','1','5','1','4','3330300421038'),(923,'2386','2561',5.00,'26','11','2018','10:47:45','2018-11-26','26/11/2018','1','5','1','5','3330300421038'),(924,'2387','2561',5.00,'26','11','2018','10:47:45','2018-11-26','26/11/2018','1','5','1','6','3330300421038'),(925,'2388','2561',10.00,'26','11','2018','10:47:45','2018-11-26','26/11/2018','1','5','1','7','3330300421038'),(926,'2389','2561',5.00,'26','11','2018','10:47:45','2018-11-26','26/11/2018','1','5','1','8','3330300421038'),(927,'2390','2561',5.00,'26','11','2018','10:47:45','2018-11-26','26/11/2018','1','5','1','9','3330300421038'),(928,'2391','2561',5.00,'26','11','2018','10:47:45','2018-11-26','26/11/2018','1','5','1','10','3330300421038'),(929,'2392','2561',0.00,'26','11','2018','10:47:45','2018-11-26','26/11/2018','1','5','1','11','3330300421038'),(930,'2393','2561',0.00,'26','11','2018','10:47:45','2018-11-26','26/11/2018','1','5','1','12','3330300421038'),(931,'2394','2561',0.00,'26','11','2018','10:47:45','2018-11-26','26/11/2018','1','5','1','13','3330300421038'),(932,'2396','2561',0.00,'26','11','2018','10:47:45','2018-11-26','26/11/2018','1','5','1','14','3330300421038'),(933,'2397','2561',10.00,'26','11','2018','10:47:45','2018-11-26','26/11/2018','1','5','1','15','3330300421038'),(934,'2417','2561',10.00,'26','11','2018','10:47:45','2018-11-26','26/11/2018','1','5','1','16','3330300421038'),(935,'2368','2561',40.00,'27','11','2018','09:34:51','2018-11-27','27/11/2018','1','5','1','1','3330300421038'),(936,'2383','2561',0.00,'27','11','2018','09:34:51','2018-11-27','27/11/2018','1','5','1','2','3330300421038'),(937,'2384','2561',0.00,'27','11','2018','09:34:51','2018-11-27','27/11/2018','1','5','1','3','3330300421038'),(938,'2385','2561',0.00,'27','11','2018','09:34:51','2018-11-27','27/11/2018','1','5','1','4','3330300421038'),(939,'2386','2561',0.00,'27','11','2018','09:34:51','2018-11-27','27/11/2018','1','5','1','5','3330300421038'),(940,'2387','2561',5.00,'27','11','2018','09:34:51','2018-11-27','27/11/2018','1','5','1','6','3330300421038'),(941,'2388','2561',10.00,'27','11','2018','09:34:51','2018-11-27','27/11/2018','1','5','1','7','3330300421038'),(942,'2389','2561',5.00,'27','11','2018','09:34:51','2018-11-27','27/11/2018','1','5','1','8','3330300421038'),(943,'2390','2561',0.00,'27','11','2018','09:34:51','2018-11-27','27/11/2018','1','5','1','9','3330300421038'),(944,'2391','2561',10.00,'27','11','2018','09:34:51','2018-11-27','27/11/2018','1','5','1','10','3330300421038'),(945,'2392','2561',0.00,'27','11','2018','09:34:51','2018-11-27','27/11/2018','1','5','1','11','3330300421038'),(946,'2393','2561',10.00,'27','11','2018','09:34:51','2018-11-27','27/11/2018','1','5','1','12','3330300421038'),(947,'2394','2561',10.00,'27','11','2018','09:34:51','2018-11-27','27/11/2018','1','5','1','13','3330300421038'),(948,'2396','2561',0.00,'27','11','2018','09:34:51','2018-11-27','27/11/2018','1','5','1','14','3330300421038'),(949,'2397','2561',5.00,'27','11','2018','09:34:51','2018-11-27','27/11/2018','1','5','1','15','3330300421038'),(950,'2417','2561',10.00,'27','11','2018','09:34:51','2018-11-27','27/11/2018','1','5','1','16','3330300421038'),(951,'2368','2561',40.00,'28','11','2018','10:48:56','2018-11-28','28/11/2018','1','5','1','1','3330300421038'),(952,'2383','2561',5.00,'28','11','2018','10:48:56','2018-11-28','28/11/2018','1','5','1','2','3330300421038'),(953,'2384','2561',5.00,'28','11','2018','10:48:56','2018-11-28','28/11/2018','1','5','1','3','3330300421038'),(954,'2385','2561',20.00,'28','11','2018','10:48:56','2018-11-28','28/11/2018','1','5','1','4','3330300421038'),(955,'2386','2561',10.00,'28','11','2018','10:48:56','2018-11-28','28/11/2018','1','5','1','5','3330300421038'),(956,'2387','2561',0.00,'28','11','2018','10:48:56','2018-11-28','28/11/2018','1','5','1','6','3330300421038'),(957,'2388','2561',20.00,'28','11','2018','10:48:56','2018-11-28','28/11/2018','1','5','1','7','3330300421038'),(958,'2389','2561',10.00,'28','11','2018','10:48:56','2018-11-28','28/11/2018','1','5','1','8','3330300421038'),(959,'2390','2561',5.00,'28','11','2018','10:48:56','2018-11-28','28/11/2018','1','5','1','9','3330300421038'),(960,'2391','2561',10.00,'28','11','2018','10:48:56','2018-11-28','28/11/2018','1','5','1','10','3330300421038'),(961,'2392','2561',5.00,'28','11','2018','10:48:56','2018-11-28','28/11/2018','1','5','1','11','3330300421038'),(962,'2393','2561',10.00,'28','11','2018','10:48:56','2018-11-28','28/11/2018','1','5','1','12','3330300421038'),(963,'2394','2561',5.00,'28','11','2018','10:48:56','2018-11-28','28/11/2018','1','5','1','13','3330300421038'),(964,'2396','2561',10.00,'28','11','2018','10:48:56','2018-11-28','28/11/2018','1','5','1','14','3330300421038'),(965,'2397','2561',25.00,'28','11','2018','10:48:56','2018-11-28','28/11/2018','1','5','1','15','3330300421038'),(966,'2417','2561',0.00,'28','11','2018','10:48:56','2018-11-28','28/11/2018','1','5','1','16','3330300421038'),(967,'2368','2561',40.00,'03','12','2018','09:38:01','2018-12-03','03/12/2018','1','5','1','1','3330300421038'),(968,'2383','2561',0.00,'03','12','2018','09:38:01','2018-12-03','03/12/2018','1','5','1','2','3330300421038'),(969,'2384','2561',5.00,'03','12','2018','09:38:01','2018-12-03','03/12/2018','1','5','1','3','3330300421038'),(970,'2385','2561',120.00,'03','12','2018','09:38:01','2018-12-03','03/12/2018','1','5','1','4','3330300421038'),(971,'2386','2561',5.00,'03','12','2018','09:38:01','2018-12-03','03/12/2018','1','5','1','5','3330300421038'),(972,'2387','2561',5.00,'03','12','2018','09:38:01','2018-12-03','03/12/2018','1','5','1','6','3330300421038'),(973,'2388','2561',10.00,'03','12','2018','09:38:01','2018-12-03','03/12/2018','1','5','1','7','3330300421038'),(974,'2389','2561',5.00,'03','12','2018','09:38:01','2018-12-03','03/12/2018','1','5','1','8','3330300421038'),(975,'2390','2561',5.00,'03','12','2018','09:38:01','2018-12-03','03/12/2018','1','5','1','9','3330300421038'),(976,'2391','2561',0.00,'03','12','2018','09:38:01','2018-12-03','03/12/2018','1','5','1','10','3330300421038'),(977,'2392','2561',0.00,'03','12','2018','09:38:01','2018-12-03','03/12/2018','1','5','1','11','3330300421038'),(978,'2393','2561',5.00,'03','12','2018','09:38:01','2018-12-03','03/12/2018','1','5','1','12','3330300421038'),(979,'2394','2561',5.00,'03','12','2018','09:38:01','2018-12-03','03/12/2018','1','5','1','13','3330300421038'),(980,'2396','2561',5.00,'03','12','2018','09:38:01','2018-12-03','03/12/2018','1','5','1','14','3330300421038'),(981,'2397','2561',5.00,'03','12','2018','09:38:01','2018-12-03','03/12/2018','1','5','1','15','3330300421038'),(982,'2417','2561',10.00,'03','12','2018','09:38:01','2018-12-03','03/12/2018','1','5','1','16','3330300421038'),(983,'2368','2561',40.00,'03','12','2018','09:45:03','2018-12-03','03/12/2018','1','5','1','1','3330300421038'),(984,'2383','2561',0.00,'03','12','2018','09:45:03','2018-12-03','03/12/2018','1','5','1','2','3330300421038'),(985,'2384','2561',0.00,'03','12','2018','09:45:03','2018-12-03','03/12/2018','1','5','1','3','3330300421038'),(986,'2385','2561',110.00,'03','12','2018','09:45:03','2018-12-03','03/12/2018','1','5','1','4','3330300421038'),(987,'2386','2561',5.00,'03','12','2018','09:45:03','2018-12-03','03/12/2018','1','5','1','5','3330300421038'),(988,'2387','2561',5.00,'03','12','2018','09:45:03','2018-12-03','03/12/2018','1','5','1','6','3330300421038'),(989,'2388','2561',10.00,'03','12','2018','09:45:03','2018-12-03','03/12/2018','1','5','1','7','3330300421038'),(990,'2389','2561',5.00,'03','12','2018','09:45:03','2018-12-03','03/12/2018','1','5','1','8','3330300421038'),(991,'2390','2561',5.00,'03','12','2018','09:45:03','2018-12-03','03/12/2018','1','5','1','9','3330300421038'),(992,'2391','2561',0.00,'03','12','2018','09:45:03','2018-12-03','03/12/2018','1','5','1','10','3330300421038'),(993,'2392','2561',0.00,'03','12','2018','09:45:03','2018-12-03','03/12/2018','1','5','1','11','3330300421038'),(994,'2393','2561',10.00,'03','12','2018','09:45:03','2018-12-03','03/12/2018','1','5','1','12','3330300421038'),(995,'2394','2561',5.00,'03','12','2018','09:45:03','2018-12-03','03/12/2018','1','5','1','13','3330300421038'),(996,'2396','2561',10.00,'03','12','2018','09:45:03','2018-12-03','03/12/2018','1','5','1','14','3330300421038'),(997,'2397','2561',30.00,'03','12','2018','09:45:03','2018-12-03','03/12/2018','1','5','1','15','3330300421038'),(998,'2417','2561',20.00,'03','12','2018','09:45:03','2018-12-03','03/12/2018','1','5','1','16','3330300421038'),(999,'2368','2561',40.00,'12','12','2018','12:54:34','2018-12-12','12/12/2018','1','5','1','1','3330300421038'),(1000,'2383','2561',0.00,'12','12','2018','12:54:34','2018-12-12','12/12/2018','1','5','1','2','3330300421038'),(1001,'2384','2561',0.00,'12','12','2018','12:54:34','2018-12-12','12/12/2018','1','5','1','3','3330300421038'),(1002,'2385','2561',110.00,'12','12','2018','12:54:34','2018-12-12','12/12/2018','1','5','1','4','3330300421038'),(1003,'2386','2561',5.00,'12','12','2018','12:54:34','2018-12-12','12/12/2018','1','5','1','5','3330300421038'),(1004,'2387','2561',5.00,'12','12','2018','12:54:34','2018-12-12','12/12/2018','1','5','1','6','3330300421038'),(1005,'2388','2561',10.00,'12','12','2018','12:54:34','2018-12-12','12/12/2018','1','5','1','7','3330300421038'),(1006,'2389','2561',5.00,'12','12','2018','12:54:34','2018-12-12','12/12/2018','1','5','1','8','3330300421038'),(1007,'2390','2561',5.00,'12','12','2018','12:54:34','2018-12-12','12/12/2018','1','5','1','9','3330300421038'),(1008,'2391','2561',0.00,'12','12','2018','12:54:34','2018-12-12','12/12/2018','1','5','1','10','3330300421038'),(1009,'2392','2561',0.00,'12','12','2018','12:54:34','2018-12-12','12/12/2018','1','5','1','11','3330300421038'),(1010,'2393','2561',10.00,'12','12','2018','12:54:34','2018-12-12','12/12/2018','1','5','1','12','3330300421038'),(1011,'2394','2561',5.00,'12','12','2018','12:54:34','2018-12-12','12/12/2018','1','5','1','13','3330300421038'),(1012,'2396','2561',10.00,'12','12','2018','12:54:34','2018-12-12','12/12/2018','1','5','1','14','3330300421038'),(1013,'2397','2561',30.00,'12','12','2018','12:54:34','2018-12-12','12/12/2018','1','5','1','15','3330300421038'),(1014,'2417','2561',20.00,'12','12','2018','12:54:34','2018-12-12','12/12/2018','1','5','1','16','3330300421038'),(1015,'2368','2561',40.00,'04','12','2018','12:57:43','2018-12-04','04/12/2018','1','5','1','1','3330300421038'),(1016,'2383','2561',0.00,'04','12','2018','12:57:43','2018-12-04','04/12/2018','1','5','1','2','3330300421038'),(1017,'2384','2561',0.00,'04','12','2018','12:57:43','2018-12-04','04/12/2018','1','5','1','3','3330300421038'),(1018,'2385','2561',100.00,'04','12','2018','12:57:43','2018-12-04','04/12/2018','1','5','1','4','3330300421038'),(1019,'2386','2561',5.00,'04','12','2018','12:57:43','2018-12-04','04/12/2018','1','5','1','5','3330300421038'),(1020,'2387','2561',5.00,'04','12','2018','12:57:43','2018-12-04','04/12/2018','1','5','1','6','3330300421038'),(1021,'2388','2561',10.00,'04','12','2018','12:57:43','2018-12-04','04/12/2018','1','5','1','7','3330300421038'),(1022,'2389','2561',5.00,'04','12','2018','12:57:43','2018-12-04','04/12/2018','1','5','1','8','3330300421038'),(1023,'2390','2561',0.00,'04','12','2018','12:57:43','2018-12-04','04/12/2018','1','5','1','9','3330300421038'),(1024,'2391','2561',1.00,'04','12','2018','12:57:43','2018-12-04','04/12/2018','1','5','1','10','3330300421038'),(1025,'2392','2561',1.00,'04','12','2018','12:57:43','2018-12-04','04/12/2018','1','5','1','11','3330300421038'),(1026,'2393','2561',10.00,'04','12','2018','12:57:43','2018-12-04','04/12/2018','1','5','1','12','3330300421038'),(1027,'2394','2561',0.00,'04','12','2018','12:57:43','2018-12-04','04/12/2018','1','5','1','13','3330300421038'),(1028,'2396','2561',10.00,'04','12','2018','12:57:43','2018-12-04','04/12/2018','1','5','1','14','3330300421038'),(1029,'2397','2561',5.00,'04','12','2018','12:57:43','2018-12-04','04/12/2018','1','5','1','15','3330300421038'),(1030,'2417','2561',10.00,'04','12','2018','12:57:43','2018-12-04','04/12/2018','1','5','1','16','3330300421038'),(1031,'2368','2561',35.00,'12','12','2018','01:11:29','2018-12-12','12/12/2018','1','5','1','1','3330300421038'),(1032,'2383','2561',5.00,'12','12','2018','01:11:29','2018-12-12','12/12/2018','1','5','1','2','3330300421038'),(1033,'2384','2561',5.00,'12','12','2018','01:11:29','2018-12-12','12/12/2018','1','5','1','3','3330300421038'),(1034,'2385','2561',100.00,'12','12','2018','01:11:29','2018-12-12','12/12/2018','1','5','1','4','3330300421038'),(1035,'2386','2561',5.00,'12','12','2018','01:11:29','2018-12-12','12/12/2018','1','5','1','5','3330300421038'),(1036,'2387','2561',5.00,'12','12','2018','01:11:29','2018-12-12','12/12/2018','1','5','1','6','3330300421038'),(1037,'2388','2561',110.00,'12','12','2018','01:11:29','2018-12-12','12/12/2018','1','5','1','7','3330300421038'),(1038,'2389','2561',5.00,'12','12','2018','01:11:29','2018-12-12','12/12/2018','1','5','1','8','3330300421038'),(1039,'2390','2561',0.00,'12','12','2018','01:11:29','2018-12-12','12/12/2018','1','5','1','9','3330300421038'),(1040,'2391','2561',10.00,'12','12','2018','01:11:29','2018-12-12','12/12/2018','1','5','1','10','3330300421038'),(1041,'2392','2561',0.00,'12','12','2018','01:11:29','2018-12-12','12/12/2018','1','5','1','11','3330300421038'),(1042,'2393','2561',4.00,'12','12','2018','01:11:29','2018-12-12','12/12/2018','1','5','1','12','3330300421038'),(1043,'2394','2561',0.00,'12','12','2018','01:11:29','2018-12-12','12/12/2018','1','5','1','13','3330300421038'),(1044,'2396','2561',10.00,'12','12','2018','01:11:29','2018-12-12','12/12/2018','1','5','1','14','3330300421038'),(1045,'2397','2561',10.00,'12','12','2018','01:11:29','2018-12-12','12/12/2018','1','5','1','15','3330300421038'),(1046,'2417','2561',15.00,'12','12','2018','01:11:29','2018-12-12','12/12/2018','1','5','1','16','3330300421038'),(1047,'2368','2561',35.00,'13','12','2018','11:23:35','2018-12-13','13/12/2018','1','5','1','1','3330300421038'),(1048,'2383','2561',5.00,'13','12','2018','11:23:35','2018-12-13','13/12/2018','1','5','1','2','3330300421038'),(1049,'2384','2561',0.00,'13','12','2018','11:23:35','2018-12-13','13/12/2018','1','5','1','3','3330300421038'),(1050,'2385','2561',10.00,'13','12','2018','11:23:35','2018-12-13','13/12/2018','1','5','1','4','3330300421038'),(1051,'2386','2561',0.00,'13','12','2018','11:23:35','2018-12-13','13/12/2018','1','5','1','5','3330300421038'),(1052,'2387','2561',5.00,'13','12','2018','11:23:35','2018-12-13','13/12/2018','1','5','1','6','3330300421038'),(1053,'2388','2561',5.00,'13','12','2018','11:23:35','2018-12-13','13/12/2018','1','5','1','7','3330300421038'),(1054,'2389','2561',5.00,'13','12','2018','11:23:35','2018-12-13','13/12/2018','1','5','1','8','3330300421038'),(1055,'2390','2561',5.00,'13','12','2018','11:23:35','2018-12-13','13/12/2018','1','5','1','9','3330300421038'),(1056,'2391','2561',10.00,'13','12','2018','11:23:35','2018-12-13','13/12/2018','1','5','1','10','3330300421038'),(1057,'2392','2561',1.00,'13','12','2018','11:23:35','2018-12-13','13/12/2018','1','5','1','11','3330300421038'),(1058,'2393','2561',10.00,'13','12','2018','11:23:35','2018-12-13','13/12/2018','1','5','1','12','3330300421038'),(1059,'2394','2561',10.00,'13','12','2018','11:23:35','2018-12-13','13/12/2018','1','5','1','13','3330300421038'),(1060,'2396','2561',10.00,'13','12','2018','11:23:35','2018-12-13','13/12/2018','1','5','1','14','3330300421038'),(1061,'2397','2561',10.00,'13','12','2018','11:23:35','2018-12-13','13/12/2018','1','5','1','15','3330300421038'),(1062,'2417','2561',10.00,'13','12','2018','11:23:35','2018-12-13','13/12/2018','1','5','1','16','3330300421038'),(1063,'2368','2561',35.00,'14','12','2018','11:24:23','2018-12-14','14/12/2018','1','5','1','1','3330300421038'),(1064,'2383','2561',5.00,'14','12','2018','11:24:23','2018-12-14','14/12/2018','1','5','1','2','3330300421038'),(1065,'2384','2561',0.00,'14','12','2018','11:24:23','2018-12-14','14/12/2018','1','5','1','3','3330300421038'),(1066,'2385','2561',0.00,'14','12','2018','11:24:23','2018-12-14','14/12/2018','1','5','1','4','3330300421038'),(1067,'2386','2561',5.00,'14','12','2018','11:24:23','2018-12-14','14/12/2018','1','5','1','5','3330300421038'),(1068,'2387','2561',5.00,'14','12','2018','11:24:23','2018-12-14','14/12/2018','1','5','1','6','3330300421038'),(1069,'2388','2561',5.00,'14','12','2018','11:24:23','2018-12-14','14/12/2018','1','5','1','7','3330300421038'),(1070,'2389','2561',5.00,'14','12','2018','11:24:23','2018-12-14','14/12/2018','1','5','1','8','3330300421038'),(1071,'2390','2561',0.00,'14','12','2018','11:24:23','2018-12-14','14/12/2018','1','5','1','9','3330300421038'),(1072,'2391','2561',25.00,'14','12','2018','11:24:23','2018-12-14','14/12/2018','1','5','1','10','3330300421038'),(1073,'2392','2561',0.00,'14','12','2018','11:24:23','2018-12-14','14/12/2018','1','5','1','11','3330300421038'),(1074,'2393','2561',15.00,'14','12','2018','11:24:23','2018-12-14','14/12/2018','1','5','1','12','3330300421038'),(1075,'2394','2561',0.00,'14','12','2018','11:24:23','2018-12-14','14/12/2018','1','5','1','13','3330300421038'),(1076,'2396','2561',10.00,'14','12','2018','11:24:23','2018-12-14','14/12/2018','1','5','1','14','3330300421038'),(1077,'2397','2561',15.00,'14','12','2018','11:24:23','2018-12-14','14/12/2018','1','5','1','15','3330300421038'),(1078,'2417','2561',25.00,'14','12','2018','11:24:23','2018-12-14','14/12/2018','1','5','1','16','3330300421038'),(1079,'2368','2561',40.00,'19','12','2018','02:33:21','2018-12-19','19/12/2018','1','5','1','1','3330300421038'),(1080,'2383','2561',5.00,'19','12','2018','02:33:21','2018-12-19','19/12/2018','1','5','1','2','3330300421038'),(1081,'2384','2561',0.00,'19','12','2018','02:33:21','2018-12-19','19/12/2018','1','5','1','3','3330300421038'),(1082,'2385','2561',10.00,'19','12','2018','02:33:21','2018-12-19','19/12/2018','1','5','1','4','3330300421038'),(1083,'2386','2561',10.00,'19','12','2018','02:33:21','2018-12-19','19/12/2018','1','5','1','5','3330300421038'),(1084,'2387','2561',5.00,'19','12','2018','02:33:21','2018-12-19','19/12/2018','1','5','1','6','3330300421038'),(1085,'2388','2561',10.00,'19','12','2018','02:33:21','2018-12-19','19/12/2018','1','5','1','7','3330300421038'),(1086,'2389','2561',5.00,'19','12','2018','02:33:21','2018-12-19','19/12/2018','1','5','1','8','3330300421038'),(1087,'2390','2561',5.00,'19','12','2018','02:33:21','2018-12-19','19/12/2018','1','5','1','9','3330300421038'),(1088,'2391','2561',5.00,'19','12','2018','02:33:21','2018-12-19','19/12/2018','1','5','1','10','3330300421038'),(1089,'2392','2561',0.00,'19','12','2018','02:33:21','2018-12-19','19/12/2018','1','5','1','11','3330300421038'),(1090,'2393','2561',5.00,'19','12','2018','02:33:21','2018-12-19','19/12/2018','1','5','1','12','3330300421038'),(1091,'2394','2561',5.00,'19','12','2018','02:33:21','2018-12-19','19/12/2018','1','5','1','13','3330300421038'),(1092,'2396','2561',5.00,'19','12','2018','02:33:21','2018-12-19','19/12/2018','1','5','1','14','3330300421038'),(1093,'2397','2561',5.00,'19','12','2018','02:33:21','2018-12-19','19/12/2018','1','5','1','15','3330300421038'),(1094,'2417','2561',10.00,'19','12','2018','02:33:21','2018-12-19','19/12/2018','1','5','1','16','3330300421038'),(1095,'2368','2561',40.00,'20','12','2018','11:15:02','2018-12-20','20/12/2018','1','5','1','1','3330300421038'),(1096,'2383','2561',5.00,'20','12','2018','11:15:02','2018-12-20','20/12/2018','1','5','1','2','3330300421038'),(1097,'2384','2561',5.00,'20','12','2018','11:15:02','2018-12-20','20/12/2018','1','5','1','3','3330300421038'),(1098,'2385','2561',10.00,'20','12','2018','11:15:02','2018-12-20','20/12/2018','1','5','1','4','3330300421038'),(1099,'2386','2561',10.00,'20','12','2018','11:15:02','2018-12-20','20/12/2018','1','5','1','5','3330300421038'),(1100,'2387','2561',5.00,'20','12','2018','11:15:02','2018-12-20','20/12/2018','1','5','1','6','3330300421038'),(1101,'2388','2561',5.00,'20','12','2018','11:15:02','2018-12-20','20/12/2018','1','5','1','7','3330300421038'),(1102,'2389','2561',5.00,'20','12','2018','11:15:02','2018-12-20','20/12/2018','1','5','1','8','3330300421038'),(1103,'2390','2561',5.00,'20','12','2018','11:15:02','2018-12-20','20/12/2018','1','5','1','9','3330300421038'),(1104,'2391','2561',0.00,'20','12','2018','11:15:02','2018-12-20','20/12/2018','1','5','1','10','3330300421038'),(1105,'2392','2561',5.00,'20','12','2018','11:15:02','2018-12-20','20/12/2018','1','5','1','11','3330300421038'),(1106,'2393','2561',5.00,'20','12','2018','11:15:02','2018-12-20','20/12/2018','1','5','1','12','3330300421038'),(1107,'2394','2561',5.00,'20','12','2018','11:15:02','2018-12-20','20/12/2018','1','5','1','13','3330300421038'),(1108,'2396','2561',10.00,'20','12','2018','11:15:02','2018-12-20','20/12/2018','1','5','1','14','3330300421038'),(1109,'2397','2561',25.00,'20','12','2018','11:15:02','2018-12-20','20/12/2018','1','5','1','15','3330300421038'),(1110,'2417','2561',17.00,'20','12','2018','11:15:02','2018-12-20','20/12/2018','1','5','1','16','3330300421038'),(1111,'2368','2561',40.00,'19','12','2018','11:18:37','2018-12-19','19/12/2018','1','5','1','1','3330300421038'),(1112,'2383','2561',5.00,'19','12','2018','11:18:37','2018-12-19','19/12/2018','1','5','1','2','3330300421038'),(1113,'2384','2561',0.00,'19','12','2018','11:18:37','2018-12-19','19/12/2018','1','5','1','3','3330300421038'),(1114,'2385','2561',10.00,'19','12','2018','11:18:37','2018-12-19','19/12/2018','1','5','1','4','3330300421038'),(1115,'2386','2561',10.00,'19','12','2018','11:18:37','2018-12-19','19/12/2018','1','5','1','5','3330300421038'),(1116,'2387','2561',5.00,'19','12','2018','11:18:37','2018-12-19','19/12/2018','1','5','1','6','3330300421038'),(1117,'2388','2561',5.00,'19','12','2018','11:18:37','2018-12-19','19/12/2018','1','5','1','7','3330300421038'),(1118,'2389','2561',5.00,'19','12','2018','11:18:37','2018-12-19','19/12/2018','1','5','1','8','3330300421038'),(1119,'2390','2561',5.00,'19','12','2018','11:18:37','2018-12-19','19/12/2018','1','5','1','9','3330300421038'),(1120,'2391','2561',0.00,'19','12','2018','11:18:37','2018-12-19','19/12/2018','1','5','1','10','3330300421038'),(1121,'2392','2561',5.00,'19','12','2018','11:18:37','2018-12-19','19/12/2018','1','5','1','11','3330300421038'),(1122,'2393','2561',5.00,'19','12','2018','11:18:37','2018-12-19','19/12/2018','1','5','1','12','3330300421038'),(1123,'2394','2561',5.00,'19','12','2018','11:18:37','2018-12-19','19/12/2018','1','5','1','13','3330300421038'),(1124,'2396','2561',5.00,'19','12','2018','11:18:37','2018-12-19','19/12/2018','1','5','1','14','3330300421038'),(1125,'2397','2561',5.00,'19','12','2018','11:18:37','2018-12-19','19/12/2018','1','5','1','15','3330300421038'),(1126,'2417','2561',10.00,'19','12','2018','11:18:37','2018-12-19','19/12/2018','1','5','1','16','3330300421038'),(1127,'2368','2561',40.00,'18','01','2019','10:05:38','2019-01-18','18/01/2019','1','5','1','1','3330300421038'),(1128,'2383','2561',0.00,'18','01','2019','10:05:38','2019-01-18','18/01/2019','1','5','1','2','3330300421038'),(1129,'2384','2561',5.00,'18','01','2019','10:05:38','2019-01-18','18/01/2019','1','5','1','3','3330300421038'),(1130,'2385','2561',10.00,'18','01','2019','10:05:38','2019-01-18','18/01/2019','1','5','1','4','3330300421038'),(1131,'2386','2561',10.00,'18','01','2019','10:05:38','2019-01-18','18/01/2019','1','5','1','5','3330300421038'),(1132,'2387','2561',5.00,'18','01','2019','10:05:38','2019-01-18','18/01/2019','1','5','1','6','3330300421038'),(1133,'2388','2561',15.00,'18','01','2019','10:05:38','2019-01-18','18/01/2019','1','5','1','7','3330300421038'),(1134,'2389','2561',5.00,'18','01','2019','10:05:38','2019-01-18','18/01/2019','1','5','1','8','3330300421038'),(1135,'2390','2561',0.00,'18','01','2019','10:05:38','2019-01-18','18/01/2019','1','5','1','9','3330300421038'),(1136,'2391','2561',10.00,'18','01','2019','10:05:38','2019-01-18','18/01/2019','1','5','1','10','3330300421038'),(1137,'2392','2561',2.00,'18','01','2019','10:05:38','2019-01-18','18/01/2019','1','5','1','11','3330300421038'),(1138,'2393','2561',5.00,'18','01','2019','10:05:38','2019-01-18','18/01/2019','1','5','1','12','3330300421038'),(1139,'2394','2561',5.00,'18','01','2019','10:05:38','2019-01-18','18/01/2019','1','5','1','13','3330300421038'),(1140,'2396','2561',0.00,'18','01','2019','10:05:38','2019-01-18','18/01/2019','1','5','1','14','3330300421038'),(1141,'2397','2561',10.00,'18','01','2019','10:05:38','2019-01-18','18/01/2019','1','5','1','15','3330300421038'),(1142,'2417','2561',20.00,'18','01','2019','10:05:38','2019-01-18','18/01/2019','1','5','1','16','3330300421038'),(1143,'2368','2561',40.00,'05','02','2019','09:20:44','2019-02-05','05/02/2019','1','5','1','1','3330300421038'),(1144,'2383','2561',5.00,'05','02','2019','09:20:44','2019-02-05','05/02/2019','1','5','1','2','3330300421038'),(1145,'2384','2561',5.00,'05','02','2019','09:20:44','2019-02-05','05/02/2019','1','5','1','3','3330300421038'),(1146,'2385','2561',10.00,'05','02','2019','09:20:44','2019-02-05','05/02/2019','1','5','1','4','3330300421038'),(1147,'2386','2561',10.00,'05','02','2019','09:20:44','2019-02-05','05/02/2019','1','5','1','5','3330300421038'),(1148,'2387','2561',5.00,'05','02','2019','09:20:44','2019-02-05','05/02/2019','1','5','1','6','3330300421038'),(1149,'2388','2561',15.00,'05','02','2019','09:20:44','2019-02-05','05/02/2019','1','5','1','7','3330300421038'),(1150,'2389','2561',10.00,'05','02','2019','09:20:44','2019-02-05','05/02/2019','1','5','1','8','3330300421038'),(1151,'2390','2561',5.00,'05','02','2019','09:20:44','2019-02-05','05/02/2019','1','5','1','9','3330300421038'),(1152,'2391','2561',10.00,'05','02','2019','09:20:44','2019-02-05','05/02/2019','1','5','1','10','3330300421038'),(1153,'2392','2561',5.00,'05','02','2019','09:20:44','2019-02-05','05/02/2019','1','5','1','11','3330300421038'),(1154,'2393','2561',5.00,'05','02','2019','09:20:44','2019-02-05','05/02/2019','1','5','1','12','3330300421038'),(1155,'2394','2561',5.00,'05','02','2019','09:20:44','2019-02-05','05/02/2019','1','5','1','13','3330300421038'),(1156,'2396','2561',5.00,'05','02','2019','09:20:44','2019-02-05','05/02/2019','1','5','1','14','3330300421038'),(1157,'2397','2561',10.00,'05','02','2019','09:20:44','2019-02-05','05/02/2019','1','5','1','15','3330300421038'),(1158,'2417','2561',10.00,'05','02','2019','09:20:44','2019-02-05','05/02/2019','1','5','1','16','3330300421038'),(1159,'2368','2561',0.00,'11','02','2019','09:44:40','2019-02-11','11/02/2019','1','5','1','1','3330300421038'),(1160,'2383','2561',0.00,'11','02','2019','09:44:40','2019-02-11','11/02/2019','1','5','1','2','3330300421038'),(1161,'2384','2561',0.00,'11','02','2019','09:44:40','2019-02-11','11/02/2019','1','5','1','3','3330300421038'),(1162,'2385','2561',10.00,'11','02','2019','09:44:40','2019-02-11','11/02/2019','1','5','1','4','3330300421038'),(1163,'2386','2561',10.00,'11','02','2019','09:44:40','2019-02-11','11/02/2019','1','5','1','5','3330300421038'),(1164,'2387','2561',5.00,'11','02','2019','09:44:40','2019-02-11','11/02/2019','1','5','1','6','3330300421038'),(1165,'2388','2561',10.00,'11','02','2019','09:44:40','2019-02-11','11/02/2019','1','5','1','7','3330300421038'),(1166,'2389','2561',10.00,'11','02','2019','09:44:40','2019-02-11','11/02/2019','1','5','1','8','3330300421038'),(1167,'2390','2561',5.00,'11','02','2019','09:44:40','2019-02-11','11/02/2019','1','5','1','9','3330300421038'),(1168,'2391','2561',0.00,'11','02','2019','09:44:40','2019-02-11','11/02/2019','1','5','1','10','3330300421038'),(1169,'2392','2561',0.00,'11','02','2019','09:44:40','2019-02-11','11/02/2019','1','5','1','11','3330300421038'),(1170,'2393','2561',5.00,'11','02','2019','09:44:40','2019-02-11','11/02/2019','1','5','1','12','3330300421038'),(1171,'2394','2561',10.00,'11','02','2019','09:44:40','2019-02-11','11/02/2019','1','5','1','13','3330300421038'),(1172,'2396','2561',5.00,'11','02','2019','09:44:40','2019-02-11','11/02/2019','1','5','1','14','3330300421038'),(1173,'2397','2561',20.00,'11','02','2019','09:44:40','2019-02-11','11/02/2019','1','5','1','15','3330300421038'),(1174,'2417','2561',20.00,'11','02','2019','09:44:40','2019-02-11','11/02/2019','1','5','1','16','3330300421038'),(1175,'2368','2561',0.00,'12','02','2019','11:26:22','2019-02-12','12/02/2019','1','5','1','1','3330300421038'),(1176,'2383','2561',10.00,'12','02','2019','11:26:22','2019-02-12','12/02/2019','1','5','1','2','3330300421038'),(1177,'2384','2561',0.00,'12','02','2019','11:26:22','2019-02-12','12/02/2019','1','5','1','3','3330300421038'),(1178,'2385','2561',10.00,'12','02','2019','11:26:22','2019-02-12','12/02/2019','1','5','1','4','3330300421038'),(1179,'2386','2561',10.00,'12','02','2019','11:26:22','2019-02-12','12/02/2019','1','5','1','5','3330300421038'),(1180,'2387','2561',5.00,'12','02','2019','11:26:22','2019-02-12','12/02/2019','1','5','1','6','3330300421038'),(1181,'2388','2561',15.00,'12','02','2019','11:26:22','2019-02-12','12/02/2019','1','5','1','7','3330300421038'),(1182,'2389','2561',10.00,'12','02','2019','11:26:22','2019-02-12','12/02/2019','1','5','1','8','3330300421038'),(1183,'2390','2561',5.00,'12','02','2019','11:26:22','2019-02-12','12/02/2019','1','5','1','9','3330300421038'),(1184,'2391','2561',10.00,'12','02','2019','11:26:22','2019-02-12','12/02/2019','1','5','1','10','3330300421038'),(1185,'2392','2561',5.00,'12','02','2019','11:26:22','2019-02-12','12/02/2019','1','5','1','11','3330300421038'),(1186,'2393','2561',5.00,'12','02','2019','11:26:22','2019-02-12','12/02/2019','1','5','1','12','3330300421038'),(1187,'2394','2561',5.00,'12','02','2019','11:26:22','2019-02-12','12/02/2019','1','5','1','13','3330300421038'),(1188,'2396','2561',5.00,'12','02','2019','11:26:22','2019-02-12','12/02/2019','1','5','1','14','3330300421038'),(1189,'2397','2561',5.00,'12','02','2019','11:26:22','2019-02-12','12/02/2019','1','5','1','15','3330300421038'),(1190,'2417','2561',15.00,'12','02','2019','11:26:22','2019-02-12','12/02/2019','1','5','1','16','3330300421038'),(1191,'2368','2561',35.00,'13','02','2019','10:36:11','2019-02-13','13/02/2019','1','5','1','1','3330300421038'),(1192,'2383','2561',5.00,'13','02','2019','10:36:11','2019-02-13','13/02/2019','1','5','1','2','3330300421038'),(1193,'2384','2561',0.00,'13','02','2019','10:36:11','2019-02-13','13/02/2019','1','5','1','3','3330300421038'),(1194,'2385','2561',5.00,'13','02','2019','10:36:11','2019-02-13','13/02/2019','1','5','1','4','3330300421038'),(1195,'2386','2561',10.00,'13','02','2019','10:36:11','2019-02-13','13/02/2019','1','5','1','5','3330300421038'),(1196,'2387','2561',5.00,'13','02','2019','10:36:11','2019-02-13','13/02/2019','1','5','1','6','3330300421038'),(1197,'2388','2561',10.00,'13','02','2019','10:36:11','2019-02-13','13/02/2019','1','5','1','7','3330300421038'),(1198,'2389','2561',10.00,'13','02','2019','10:36:11','2019-02-13','13/02/2019','1','5','1','8','3330300421038'),(1199,'2390','2561',5.00,'13','02','2019','10:36:11','2019-02-13','13/02/2019','1','5','1','9','3330300421038'),(1200,'2391','2561',5.00,'13','02','2019','10:36:11','2019-02-13','13/02/2019','1','5','1','10','3330300421038'),(1201,'2392','2561',0.00,'13','02','2019','10:36:11','2019-02-13','13/02/2019','1','5','1','11','3330300421038'),(1202,'2393','2561',10.00,'13','02','2019','10:36:11','2019-02-13','13/02/2019','1','5','1','12','3330300421038'),(1203,'2394','2561',20.00,'13','02','2019','10:36:11','2019-02-13','13/02/2019','1','5','1','13','3330300421038'),(1204,'2396','2561',5.00,'13','02','2019','10:36:11','2019-02-13','13/02/2019','1','5','1','14','3330300421038'),(1205,'2397','2561',10.00,'13','02','2019','10:36:11','2019-02-13','13/02/2019','1','5','1','15','3330300421038'),(1206,'2417','2561',30.00,'13','02','2019','10:36:11','2019-02-13','13/02/2019','1','5','1','16','3330300421038'),(1207,'2368','2561',40.00,'18','02','2019','10:26:41','2019-02-18','18/02/2019','1','5','1','1','3330300421038'),(1208,'2383','2561',5.00,'18','02','2019','10:26:41','2019-02-18','18/02/2019','1','5','1','2','3330300421038'),(1209,'2384','2561',5.00,'18','02','2019','10:26:41','2019-02-18','18/02/2019','1','5','1','3','3330300421038'),(1210,'2385','2561',10.00,'18','02','2019','10:26:41','2019-02-18','18/02/2019','1','5','1','4','3330300421038'),(1211,'2386','2561',10.00,'18','02','2019','10:26:41','2019-02-18','18/02/2019','1','5','1','5','3330300421038'),(1212,'2387','2561',5.00,'18','02','2019','10:26:41','2019-02-18','18/02/2019','1','5','1','6','3330300421038'),(1213,'2388','2561',10.00,'18','02','2019','10:26:41','2019-02-18','18/02/2019','1','5','1','7','3330300421038'),(1214,'2389','2561',5.00,'18','02','2019','10:26:41','2019-02-18','18/02/2019','1','5','1','8','3330300421038'),(1215,'2390','2561',5.00,'18','02','2019','10:26:41','2019-02-18','18/02/2019','1','5','1','9','3330300421038'),(1216,'2391','2561',5.00,'18','02','2019','10:26:41','2019-02-18','18/02/2019','1','5','1','10','3330300421038'),(1217,'2392','2561',2.00,'18','02','2019','10:26:41','2019-02-18','18/02/2019','1','5','1','11','3330300421038'),(1218,'2393','2561',5.00,'18','02','2019','10:26:41','2019-02-18','18/02/2019','1','5','1','12','3330300421038'),(1219,'2394','2561',0.00,'18','02','2019','10:26:41','2019-02-18','18/02/2019','1','5','1','13','3330300421038'),(1220,'2396','2561',10.00,'18','02','2019','10:26:41','2019-02-18','18/02/2019','1','5','1','14','3330300421038'),(1221,'2397','2561',15.00,'18','02','2019','10:26:41','2019-02-18','18/02/2019','1','5','1','15','3330300421038'),(1222,'2417','2561',20.00,'18','02','2019','10:26:41','2019-02-18','18/02/2019','1','5','1','16','3330300421038'),(1223,'2368','2561',40.00,'20','02','2019','11:26:57','2019-02-20','20/02/2019','1','5','1','1','3330300421038'),(1224,'2383','2561',50.00,'20','02','2019','11:26:57','2019-02-20','20/02/2019','1','5','1','2','3330300421038'),(1225,'2384','2561',0.00,'20','02','2019','11:26:57','2019-02-20','20/02/2019','1','5','1','3','3330300421038'),(1226,'2385','2561',0.00,'20','02','2019','11:26:57','2019-02-20','20/02/2019','1','5','1','4','3330300421038'),(1227,'2386','2561',10.00,'20','02','2019','11:26:57','2019-02-20','20/02/2019','1','5','1','5','3330300421038'),(1228,'2387','2561',5.00,'20','02','2019','11:26:57','2019-02-20','20/02/2019','1','5','1','6','3330300421038'),(1229,'2388','2561',5.00,'20','02','2019','11:26:57','2019-02-20','20/02/2019','1','5','1','7','3330300421038'),(1230,'2389','2561',10.00,'20','02','2019','11:26:57','2019-02-20','20/02/2019','1','5','1','8','3330300421038'),(1231,'2390','2561',5.00,'20','02','2019','11:26:57','2019-02-20','20/02/2019','1','5','1','9','3330300421038'),(1232,'2391','2561',5.00,'20','02','2019','11:26:57','2019-02-20','20/02/2019','1','5','1','10','3330300421038'),(1233,'2392','2561',0.00,'20','02','2019','11:26:57','2019-02-20','20/02/2019','1','5','1','11','3330300421038'),(1234,'2393','2561',5.00,'20','02','2019','11:26:57','2019-02-20','20/02/2019','1','5','1','12','3330300421038'),(1235,'2394','2561',10.00,'20','02','2019','11:26:57','2019-02-20','20/02/2019','1','5','1','13','3330300421038'),(1236,'2396','2561',5.00,'20','02','2019','11:26:57','2019-02-20','20/02/2019','1','5','1','14','3330300421038'),(1237,'2397','2561',5.00,'20','02','2019','11:26:57','2019-02-20','20/02/2019','1','5','1','15','3330300421038'),(1238,'2417','2561',5.00,'20','02','2019','11:26:57','2019-02-20','20/02/2019','1','5','1','16','3330300421038'),(1239,'2368','2561',40.00,'21','02','2019','11:10:07','2019-02-21','21/02/2019','1','5','1','1','3330300421038'),(1240,'2383','2561',10.00,'21','02','2019','11:10:07','2019-02-21','21/02/2019','1','5','1','2','3330300421038'),(1241,'2384','2561',5.00,'21','02','2019','11:10:07','2019-02-21','21/02/2019','1','5','1','3','3330300421038'),(1242,'2385','2561',5.00,'21','02','2019','11:10:07','2019-02-21','21/02/2019','1','5','1','4','3330300421038'),(1243,'2386','2561',10.00,'21','02','2019','11:10:07','2019-02-21','21/02/2019','1','5','1','5','3330300421038'),(1244,'2387','2561',5.00,'21','02','2019','11:10:07','2019-02-21','21/02/2019','1','5','1','6','3330300421038'),(1245,'2388','2561',5.00,'21','02','2019','11:10:07','2019-02-21','21/02/2019','1','5','1','7','3330300421038'),(1246,'2389','2561',10.00,'21','02','2019','11:10:07','2019-02-21','21/02/2019','1','5','1','8','3330300421038'),(1247,'2390','2561',3.00,'21','02','2019','11:10:07','2019-02-21','21/02/2019','1','5','1','9','3330300421038'),(1248,'2391','2561',5.00,'21','02','2019','11:10:07','2019-02-21','21/02/2019','1','5','1','10','3330300421038'),(1249,'2392','2561',5.00,'21','02','2019','11:10:07','2019-02-21','21/02/2019','1','5','1','11','3330300421038'),(1250,'2393','2561',15.00,'21','02','2019','11:10:07','2019-02-21','21/02/2019','1','5','1','12','3330300421038'),(1251,'2394','2561',0.00,'21','02','2019','11:10:07','2019-02-21','21/02/2019','1','5','1','13','3330300421038'),(1252,'2396','2561',5.00,'21','02','2019','11:10:07','2019-02-21','21/02/2019','1','5','1','14','3330300421038'),(1253,'2397','2561',5.00,'21','02','2019','11:10:07','2019-02-21','21/02/2019','1','5','1','15','3330300421038'),(1254,'2417','2561',20.00,'21','02','2019','11:10:07','2019-02-21','21/02/2019','1','5','1','16','3330300421038'),(1255,'2368','2561',50.00,'25','02','2019','10:26:10','2019-02-25','25/02/2019','1','5','1','1','3330300421038'),(1256,'2383','2561',10.00,'25','02','2019','10:26:10','2019-02-25','25/02/2019','1','5','1','2','3330300421038'),(1257,'2384','2561',5.00,'25','02','2019','10:26:10','2019-02-25','25/02/2019','1','5','1','3','3330300421038'),(1258,'2385','2561',10.00,'25','02','2019','10:26:10','2019-02-25','25/02/2019','1','5','1','4','3330300421038'),(1259,'2386','2561',10.00,'25','02','2019','10:26:10','2019-02-25','25/02/2019','1','5','1','5','3330300421038'),(1260,'2387','2561',5.00,'25','02','2019','10:26:10','2019-02-25','25/02/2019','1','5','1','6','3330300421038'),(1261,'2388','2561',10.00,'25','02','2019','10:26:10','2019-02-25','25/02/2019','1','5','1','7','3330300421038'),(1262,'2389','2561',10.00,'25','02','2019','10:26:10','2019-02-25','25/02/2019','1','5','1','8','3330300421038'),(1263,'2390','2561',5.00,'25','02','2019','10:26:10','2019-02-25','25/02/2019','1','5','1','9','3330300421038'),(1264,'2391','2561',10.00,'25','02','2019','10:26:10','2019-02-25','25/02/2019','1','5','1','10','3330300421038'),(1265,'2392','2561',0.00,'25','02','2019','10:26:10','2019-02-25','25/02/2019','1','5','1','11','3330300421038'),(1266,'2393','2561',5.00,'25','02','2019','10:26:10','2019-02-25','25/02/2019','1','5','1','12','3330300421038'),(1267,'2394','2561',8.00,'25','02','2019','10:26:10','2019-02-25','25/02/2019','1','5','1','13','3330300421038'),(1268,'2396','2561',5.00,'25','02','2019','10:26:10','2019-02-25','25/02/2019','1','5','1','14','3330300421038'),(1269,'2397','2561',10.00,'25','02','2019','10:26:10','2019-02-25','25/02/2019','1','5','1','15','3330300421038'),(1270,'2417','2561',20.00,'25','02','2019','10:26:10','2019-02-25','25/02/2019','1','5','1','16','3330300421038'),(1271,'2368','2561',40.00,'05','03','2019','10:16:33','2019-03-05','05/03/2019','1','5','1','1','3330300421038'),(1272,'2383','2561',5.00,'05','03','2019','10:16:33','2019-03-05','05/03/2019','1','5','1','2','3330300421038'),(1273,'2384','2561',10.00,'05','03','2019','10:16:33','2019-03-05','05/03/2019','1','5','1','3','3330300421038'),(1274,'2385','2561',10.00,'05','03','2019','10:16:33','2019-03-05','05/03/2019','1','5','1','4','3330300421038'),(1275,'2386','2561',10.00,'05','03','2019','10:16:33','2019-03-05','05/03/2019','1','5','1','5','3330300421038'),(1276,'2387','2561',10.00,'05','03','2019','10:16:33','2019-03-05','05/03/2019','1','5','1','6','3330300421038'),(1277,'2388','2561',5.00,'05','03','2019','10:16:33','2019-03-05','05/03/2019','1','5','1','7','3330300421038'),(1278,'2389','2561',10.00,'05','03','2019','10:16:33','2019-03-05','05/03/2019','1','5','1','8','3330300421038'),(1279,'2390','2561',0.00,'05','03','2019','10:16:33','2019-03-05','05/03/2019','1','5','1','9','3330300421038'),(1280,'2391','2561',0.00,'05','03','2019','10:16:33','2019-03-05','05/03/2019','1','5','1','10','3330300421038'),(1281,'2392','2561',5.00,'05','03','2019','10:16:33','2019-03-05','05/03/2019','1','5','1','11','3330300421038'),(1282,'2393','2561',10.00,'05','03','2019','10:16:33','2019-03-05','05/03/2019','1','5','1','12','3330300421038'),(1283,'2394','2561',0.00,'05','03','2019','10:16:33','2019-03-05','05/03/2019','1','5','1','13','3330300421038'),(1284,'2396','2561',10.00,'05','03','2019','10:16:33','2019-03-05','05/03/2019','1','5','1','14','3330300421038'),(1285,'2397','2561',10.00,'05','03','2019','10:16:33','2019-03-05','05/03/2019','1','5','1','15','3330300421038'),(1286,'2417','2561',30.00,'05','03','2019','10:16:33','2019-03-05','05/03/2019','1','5','1','16','3330300421038'),(1287,'2422','2566',0.00,'1','11','2023','10:25:26','2023-11-1','1/11/2023','1','8','0','1','3341500899854'),(1288,'2423','2566',10.00,'1','11','2023','10:25:26','2023-11-1','1/11/2023','1','8','0','2','3341500899854'),(1289,'2424','2566',20.00,'1','11','2023','10:25:26','2023-11-1','1/11/2023','1','8','0','3','3341500899854'),(1290,'2425','2566',20.00,'1','11','2023','10:25:26','2023-11-1','1/11/2023','1','8','0','4','3341500899854'),(1291,'2467','2566',0.00,'1','11','2023','10:25:26','2023-11-1','1/11/2023','1','8','0','5','3341500899854'),(1292,'2426','2566',30.00,'1','11','2023','10:25:26','2023-11-1','1/11/2023','1','8','0','6','3341500899854'),(1293,'2428','2566',100.00,'1','11','2023','10:25:26','2023-11-1','1/11/2023','1','8','0','8','3341500899854'),(1294,'2430','2566',20.00,'1','11','2023','10:25:26','2023-11-1','1/11/2023','1','8','0','9','3341500899854'),(1295,'2431','2566',10.00,'1','11','2023','10:25:26','2023-11-1','1/11/2023','1','8','0','10','3341500899854'),(1296,'2432','2566',20.00,'1','11','2023','10:25:26','2023-11-1','1/11/2023','1','8','0','11','3341500899854'),(1297,'2434','2566',20.00,'1','11','2023','10:25:26','2023-11-1','1/11/2023','1','8','0','13','3341500899854'),(1298,'2464','2566',10.00,'1','11','2023','10:25:26','2023-11-1','1/11/2023','1','8','0','14','3341500899854'),(1299,'2422','2566',10.00,'07','12','2023','01:56:26','2023-12-07','07/12/2023','1','8','0','1','3341500899854'),(1300,'2423','2566',20.00,'07','12','2023','01:56:26','2023-12-07','07/12/2023','1','8','0','2','3341500899854'),(1301,'2424','2566',20.00,'07','12','2023','01:56:26','2023-12-07','07/12/2023','1','8','0','3','3341500899854'),(1302,'2425','2566',20.00,'07','12','2023','01:56:26','2023-12-07','07/12/2023','1','8','0','4','3341500899854'),(1303,'2467','2566',10.00,'07','12','2023','01:56:26','2023-12-07','07/12/2023','1','8','0','5','3341500899854'),(1304,'2426','2566',20.00,'07','12','2023','01:56:26','2023-12-07','07/12/2023','1','8','0','6','3341500899854'),(1305,'2428','2566',100.00,'07','12','2023','01:56:26','2023-12-07','07/12/2023','1','8','0','8','3341500899854'),(1306,'2430','2566',30.00,'07','12','2023','01:56:26','2023-12-07','07/12/2023','1','8','0','9','3341500899854'),(1307,'2431','2566',20.00,'07','12','2023','01:56:26','2023-12-07','07/12/2023','1','8','0','10','3341500899854'),(1308,'2432','2566',20.00,'07','12','2023','01:56:26','2023-12-07','07/12/2023','1','8','0','11','3341500899854'),(1309,'2434','2566',0.00,'07','12','2023','01:56:26','2023-12-07','07/12/2023','1','8','0','13','3341500899854'),(1310,'2464','2566',20.00,'07','12','2023','01:56:26','2023-12-07','07/12/2023','1','8','0','14','3341500899854'),(1311,'2422','2566',0.00,'06','12','2023','02:02:48','2023-12-06','06/12/2023','1','8','0','1','3341500899854'),(1312,'2423','2566',0.00,'06','12','2023','02:02:48','2023-12-06','06/12/2023','1','8','0','2','3341500899854'),(1313,'2424','2566',0.00,'06','12','2023','02:02:48','2023-12-06','06/12/2023','1','8','0','3','3341500899854'),(1314,'2425','2566',20.00,'06','12','2023','02:02:48','2023-12-06','06/12/2023','1','8','0','4','3341500899854'),(1315,'2467','2566',0.00,'06','12','2023','02:02:48','2023-12-06','06/12/2023','1','8','0','5','3341500899854'),(1316,'2426','2566',20.00,'06','12','2023','02:02:48','2023-12-06','06/12/2023','1','8','0','6','3341500899854'),(1317,'2428','2566',100.00,'06','12','2023','02:02:48','2023-12-06','06/12/2023','1','8','0','8','3341500899854'),(1318,'2430','2566',20.00,'06','12','2023','02:02:48','2023-12-06','06/12/2023','1','8','0','9','3341500899854'),(1319,'2431','2566',20.00,'06','12','2023','02:02:48','2023-12-06','06/12/2023','1','8','0','10','3341500899854'),(1320,'2432','2566',20.00,'06','12','2023','02:02:48','2023-12-06','06/12/2023','1','8','0','11','3341500899854'),(1321,'2434','2566',20.00,'06','12','2023','02:02:48','2023-12-06','06/12/2023','1','8','0','13','3341500899854'),(1322,'2464','2566',0.00,'06','12','2023','02:02:48','2023-12-06','06/12/2023','1','8','0','14','3341500899854'),(1323,'2422','2566',0.00,'01','12','2023','02:05:34','2023-12-01','01/12/2023','1','8','0','1','3341500899854'),(1324,'2423','2566',0.00,'01','12','2023','02:05:34','2023-12-01','01/12/2023','1','8','0','2','3341500899854'),(1325,'2424','2566',0.00,'01','12','2023','02:05:34','2023-12-01','01/12/2023','1','8','0','3','3341500899854'),(1326,'2425','2566',20.00,'01','12','2023','02:05:34','2023-12-01','01/12/2023','1','8','0','4','3341500899854'),(1327,'2467','2566',0.00,'01','12','2023','02:05:34','2023-12-01','01/12/2023','1','8','0','5','3341500899854'),(1328,'2426','2566',20.00,'01','12','2023','02:05:34','2023-12-01','01/12/2023','1','8','0','6','3341500899854'),(1329,'2428','2566',100.00,'01','12','2023','02:05:34','2023-12-01','01/12/2023','1','8','0','8','3341500899854'),(1330,'2430','2566',20.00,'01','12','2023','02:05:34','2023-12-01','01/12/2023','1','8','0','9','3341500899854'),(1331,'2431','2566',0.00,'01','12','2023','02:05:34','2023-12-01','01/12/2023','1','8','0','10','3341500899854'),(1332,'2432','2566',40.00,'01','12','2023','02:05:34','2023-12-01','01/12/2023','1','8','0','11','3341500899854'),(1333,'2434','2566',20.00,'01','12','2023','02:05:34','2023-12-01','01/12/2023','1','8','0','13','3341500899854'),(1334,'2464','2566',0.00,'01','12','2023','02:05:34','2023-12-01','01/12/2023','1','8','0','14','3341500899854'),(1335,'2422','2566',0.00,'07','12','2023','02:07:45','2023-12-07','07/12/2023','1','8','0','1','3341500899854'),(1336,'2423','2566',20.00,'07','12','2023','02:07:45','2023-12-07','07/12/2023','1','8','0','2','3341500899854'),(1337,'2424','2566',0.00,'07','12','2023','02:07:45','2023-12-07','07/12/2023','1','8','0','3','3341500899854'),(1338,'2425','2566',20.00,'07','12','2023','02:07:45','2023-12-07','07/12/2023','1','8','0','4','3341500899854'),(1339,'2467','2566',0.00,'07','12','2023','02:07:45','2023-12-07','07/12/2023','1','8','0','5','3341500899854'),(1340,'2426','2566',20.00,'07','12','2023','02:07:45','2023-12-07','07/12/2023','1','8','0','6','3341500899854'),(1341,'2428','2566',100.00,'07','12','2023','02:07:45','2023-12-07','07/12/2023','1','8','0','8','3341500899854'),(1342,'2430','2566',20.00,'07','12','2023','02:07:45','2023-12-07','07/12/2023','1','8','0','9','3341500899854'),(1343,'2431','2566',40.00,'07','12','2023','02:07:45','2023-12-07','07/12/2023','1','8','0','10','3341500899854'),(1344,'2432','2566',20.00,'07','12','2023','02:07:45','2023-12-07','07/12/2023','1','8','0','11','3341500899854'),(1345,'2434','2566',20.00,'07','12','2023','02:07:45','2023-12-07','07/12/2023','1','8','0','13','3341500899854'),(1346,'2464','2566',5.00,'07','12','2023','02:07:45','2023-12-07','07/12/2023','1','8','0','14','3341500899854');

--
