-- Table structure for table `student_check_permission`
--

CREATE TABLE `student_check_permission` (
  `class_now` tinyint(4) NOT NULL,
  `room_now` tinyint(4) NOT NULL,
  `person_id` varchar(13) NOT NULL,
  `student_check_year` int(11) NOT NULL
) ENGINE=MyISAM DEFAULT CHARSET=utf8 COLLATE=utf8_general_ci;

--
-- Dumping data for table `student_check_permission`
--

INSERT INTO `student_check_permission` VALUES (3,1,'3300100477340',2563),(4,1,'3349800091337',2558),(3,1,'3300100477340',2558),(5,1,'3730400219946',2558),(6,1,'3349900958880',2558),(7,1,'3341500759831',2558),(2,1,'3300100477340',2563),(9,1,'3341500250408',2558),(2,1,'3330401200746',2558),(3,1,'3330401200746',2558),(4,1,'3330401200746',2558),(5,1,'3330401200746',2558),(6,1,'3330401200746',2558),(7,1,'3330401200746',2558),(8,1,'3330401200746',2558),(9,1,'3330401200746',2558),(8,1,'3341500759831',2558),(8,1,'1349900416151',2558),(3,1,'3300100477340',2559),(4,1,'3349800091337',2559),(5,1,'3300100477340',2559),(4,1,'3300100477340',2559),(6,1,'3300100477340',2559),(7,1,'3300100477340',2559),(8,1,'3300100477340',2559),(9,1,'3300100477340',2559),(2,1,'1349900565148',2561),(2,1,'3300100477340',2562),(2,1,'1349900565148',2562),(3,1,'3300100477340',2562),(3,1,'1349900565148',2562),(4,1,'1349900565148',2562),(5,1,'3730400219946',2562),(5,1,'1349900565148',2562),(6,1,'3730400219946',2562),(6,1,'1349900565148',2562),(7,1,'1341500271158',2562),(7,1,'1349900565148',2562),(8,1,'1349900509728',2562),(8,1,'1349900565148',2562),(9,1,'3349900958880',2562),(9,1,'1349900565148',2562),(4,1,'1349900730998',2562),(6,0,'1349900565148',2562),(4,1,'1349900730998',2563),(5,1,'3730400219946',2563),(6,1,'1104200018176',2563),(7,1,'1349900784460',2563),(8,1,'1349900509728',2563),(9,1,'3349900958880',2563),(2,1,'1341500268904',2563),(3,1,'1341500268904',2563),(4,1,'1341500268904',2563),(5,1,'1341500268904',2563),(6,1,'1341500268904',2563),(7,1,'1341500268904',2563),(8,1,'1341500268904',2563),(9,1,'1341500268904',2563),(7,1,'1341500274041',2563);

--
-- Table structure for table `student_check_year`
--

CREATE TABLE `student_check_year` (
  `id` int(11) NOT NULL AUTO_INCREMENT,
  `student_check_year` int(11) NOT NULL,
  `year_active` tinyint(1) NOT NULL,
  PRIMARY KEY (`id`),
  UNIQUE KEY `student_check_year` (`student_check_year`)
) ENGINE=MyISAM AUTO_INCREMENT=8 DEFAULT CHARSET=utf8 COLLATE=utf8_general_ci;

--
-- Dumping data for table `student_check_year`
--

INSERT INTO `student_check_year` VALUES (1,2558,0),(2,2559,0),(3,2561,0),(4,2562,0),(5,2563,0),(6,2566,0),(7,2568,1);

--
-- Table structure for table `student_main`
--

CREATE TABLE `student_main` (
  `id` int(11) NOT NULL AUTO_INCREMENT,
  `student_id` varchar(7) NOT NULL,
  `student_number` int(11) DEFAULT NULL,
  `prename` varchar(20) NOT NULL,
  `name` varchar(50) NOT NULL,
  `surname` varchar(50) NOT NULL,
  `person_id` varchar(20) DEFAULT NULL,
  `sex` tinyint(4) NOT NULL DEFAULT 0,
  `pic` varchar(150) DEFAULT NULL,
  `class_now` tinyint(4) DEFAULT NULL,
  `room` tinyint(4) NOT NULL DEFAULT 0,
  `status` tinyint(4) NOT NULL DEFAULT 0,
  `out_edyear` int(11) DEFAULT NULL,
  `officer` varchar(13) NOT NULL,
  `rec_date` date NOT NULL,
  PRIMARY KEY (`id`),
  UNIQUE KEY `student_number` (`student_id`),
  KEY `class_now` (`class_now`),
  KEY `room` (`room`)
) ENGINE=MyISAM AUTO_INCREMENT=206 DEFAULT CHARSET=utf8 COLLATE=utf8_general_ci;

--
-- Dumping data for table `student_main`
--

INSERT INTO `student_main` VALUES (186,'4152',3,'เด็กชาย','กันต์พิชญ์','เอมโอฐ','1349902285258',1,'',3,0,0,NULL,'1341500268904','2025-08-02'),(185,'4156',2,'เด็กชาย','พชรพล','จำปาพันธ์','1341501647291',1,'',3,0,0,NULL,'1341500268904','2025-08-02'),(184,'4154',1,'เด็กชาย','ธนากฤติ','นาสุริ','1349902282682',1,'',3,0,0,NULL,'1341500268904','2025-08-02'),(5,'4020',0,'เด็กหญิง','เพียงดาว','ปัญญา','1349901764829',2,NULL,6,1,2,2562,'1349900565148','0000-00-00'),(183,'4142',5,'เด็กหญิง','สร้อยสุดา','อร่ามศรี','1101501631273',2,'',4,0,0,NULL,'1341500268904','2025-08-02'),(8,'4010',0,'เด็กชาย','ฉัตรมงคล','ปานทองหล่อ','1341501511209',1,NULL,4,1,2,2559,'','0000-00-00'),(177,'4151',9,'เด็กหญิง','อุรัสยา	','เเซ่ตัง','1341501607907',2,'',5,0,0,NULL,'1341500268904','2024-09-19'),(11,'3994',0,'เด็กชาย','ชนะชัย','มีวงษ์','1349901583301',1,NULL,8,1,1,2564,'1349900565148','0000-00-00'),(12,'3996',0,'เด็กชาย','สิทธิชัย','อัมพุนันท์','1347600027629',1,NULL,8,1,1,2564,'1349900565148','0000-00-00'),(13,'3997',0,'เด็กชาย','อัษฎาวุธ','สิมมาสา','1341501510555',1,NULL,8,1,1,2564,'1349900565148','0000-00-00'),(14,'4001',0,'เด็กชาย','วราวุธ','จิตรสำราญ','1341501507546',1,NULL,8,1,1,2564,'1349900565148','0000-00-00'),(15,'4009',0,'เด็กชาย','อาณัต','ปัดถา','1229901290381',1,NULL,8,1,1,2564,'1349900565148','0000-00-00'),(16,'3998',0,'เด็กหญิง','กันยารัตน์','ทวีสาร','1430301455125',2,NULL,5,1,2,2562,'','0000-00-00'),(17,'4008',0,'เด็กหญิง','นารีรัตน์','มากดี','1349901574337',2,NULL,8,1,1,2564,'1349900565148','0000-00-00'),(18,'3983',0,'เด็กชาย','ทัพพล','สีหาวงษ์','1349901516558',1,NULL,9,1,1,2564,'1349900565148','0000-00-00'),(19,'3984',0,'เด็กชาย','นนทวัฒน์','โคตรนิล','1349901495119',1,NULL,9,1,1,2564,'1349900565148','0000-00-00'),(20,'3985',0,'เด็กชาย','ปุณณะวิช','เพชรเนตร','1347600020039',1,NULL,6,1,2,2562,'','0000-00-00'),(21,'4002',0,'เด็กชาย','คุณากร','สู่สุข','1349901557335',1,NULL,9,1,1,2564,'1349900565148','0000-00-00'),(22,'4014',0,'เด็กชาย','ชาญชัย','วิเศษโวหาร','1349901499173',1,NULL,9,1,1,2564,'1349900565148','0000-00-00'),(23,'3987',0,'เด็กหญิง','ธันยมัย','เชื้อธรรม','1349901532600',2,NULL,9,1,1,2564,'1349900565148','0000-00-00'),(24,'3988',0,'เด็กหญิง','ธีมาพร','ปัญญา','1349901536788',2,NULL,6,1,2,2562,'','0000-00-00'),(25,'3989',0,'เด็กหญิง','ปรางค์ทิพย์','เชิงชัยภูมิ','1341501494622',2,NULL,9,1,1,2564,'1349900565148','0000-00-00'),(26,'3990',0,'เด็กหญิง','อมรกานต์','ค่ำคูณ','1341501492794',2,NULL,9,1,1,2564,'1349900565148','0000-00-00'),(27,'3963',0,'เด็กชาย','คณากร','บุญเจือ','1349901472551',1,NULL,7,1,1,2561,'','0000-00-00'),(28,'3964',0,'เด็กชาย','ณัฐวุฒิ','วงศ์ใหญ่','1341501487553',1,NULL,7,1,1,2561,'','0000-00-00'),(29,'3965',0,'เด็กชาย','ธนากร','โคตรมนตรี','1341501486727',1,NULL,7,1,1,2561,'','0000-00-00'),(30,'3977',0,'เด็กชาย','สุรโรตม์','ศรีอนันต์','1341501487006',1,NULL,7,1,1,2561,'','0000-00-00'),(31,'3992',0,'เด็กชาย','สิทธิพงษ์','เคนประจง','1341501485461',1,NULL,7,1,1,2561,'','0000-00-00'),(32,'3967',0,'เด็กหญิง','ณีรภัทร','บุระคำ','1341501482292',2,NULL,7,1,1,2561,'','0000-00-00'),(33,'3968',0,'เด็กหญิง','ธารีรัตน์','คลาดหมาย','1308400023531',2,NULL,7,1,1,2561,'','0000-00-00'),(34,'3969',0,'เด็กหญิง','นรีรัตน์','เกษสุรันต์','1209000262867',2,NULL,7,1,1,2561,'','0000-00-00'),(35,'3971',0,'เด็กหญิง','รัชนก','เดชะคำภู','1349901441531',2,NULL,7,1,1,2561,'','0000-00-00'),(36,'3974',0,'เด็กหญิง','ศิริวัล','หนูพันธ์','1341501492361',2,NULL,7,1,1,2561,'','0000-00-00'),(37,'3952',0,'เด็กชาย','จุลภัทร','สมศรี','1341501481776',1,NULL,8,1,2,2562,'3300100477340','0000-00-00'),(38,'3953',0,'เด็กชาย','ณัฐพงษ์','กาลเนตร','1349901383124',1,NULL,8,1,2,2562,'3300100477340','0000-00-00'),(39,'3954',0,'เด็กชาย','บารมี','ผาสุข','1341501467943',1,NULL,8,1,2,2562,'3300100477340','0000-00-00'),(40,'3955',0,'เด็กชาย','ภูวสิทธิ์','ทองดี','1341501472751',1,NULL,8,1,2,2562,'3300100477340','0000-00-00'),(41,'3956',0,'เด็กชาย','ศราวุธ','แขรัมย์','1341501476535',1,NULL,8,1,2,2562,'3300100477340','0000-00-00'),(42,'3957',0,'เด็กหญิง','ชลิตา','จงใจ','1341501465355',2,NULL,8,1,2,2562,'3300100477340','0000-00-00'),(43,'3958',0,'เด็กหญิง','ทิพวรรณ','เชิงชัยภูมิ','1341501460507',2,NULL,8,1,2,2562,'3300100477340','0000-00-00'),(44,'3975',0,'เด็กหญิง','สุพัตสรณ์','พลใส','1341501479526',2,NULL,8,1,2,2562,'3300100477340','0000-00-00'),(45,'3896',0,'เด็กชาย','วิรชาติ','กวนชาบัญ','1341501382549',1,NULL,8,1,2,2562,'','0000-00-00'),(46,'3898',0,'เด็กชาย','อนุวัฒน์','อุทัย','2329900047986',1,NULL,8,1,2,2559,'','0000-00-00'),(47,'3906',0,'เด็กชาย','วุธิชัย','สมพันธ์','1341501394547',1,NULL,8,1,2,2562,'','0000-00-00'),(48,'3926',0,'เด็กชาย','สิงขร','ผิวทอง','1341501449279',1,'modules/student_main/picture/pic_3926.jpg',9,1,1,2561,'3300100477340','0000-00-00'),(49,'3932',0,'เด็กชาย','เกียรติศักดิ์','สีหะนันท์','1341501466181',1,'modules/student_main/picture/pic_3932.jpg',9,1,1,2561,'3300100477340','0000-00-00'),(50,'3933',0,'เด็กชาย','ณัฐภูมิ','อินทร์สุวรรณ','1139600305991',1,'modules/student_main/picture/pic_3933.jpg',9,1,1,2561,'3300100477340','0000-00-00'),(51,'3935',0,'เด็กชาย','ธวัชชัย','กองสุข','1341501452253',1,'modules/student_main/picture/pic_3935.jpg',9,1,1,2561,'3300100477340','0000-00-00'),(52,'3936',0,'เด็กชาย','นวพล','พันธ์เพ็ง','1349901282565',1,'modules/student_main/picture/pic_3936.jpg',9,1,1,2561,'3300100477340','0000-00-00'),(53,'4006',0,'เด็กชาย','กฤษฎา','ปานทองหล่อ','1341501466238',1,'modules/student_main/picture/pic_4006.jpg',9,1,2,2559,'3300100477340','0000-00-00'),(54,'3940',0,'เด็กหญิง','นิภาพร','หงษ์อินทร์','1341501463760',2,'modules/student_main/picture/pic_3940.jpg',9,1,2,2559,'3300100477340','0000-00-00'),(55,'3941',0,'เด็กหญิง','นิตยา','กวนชาบัน','1341501455724',2,'modules/student_main/picture/pic_3941.jpg',9,1,1,2561,'3300100477340','0000-00-00'),(56,'3942',0,'เด็กหญิง','น้ำทิพย์','คลาดหมาย','1308400013412',2,'modules/student_main/picture/pic_3942.jpg',9,1,1,2561,'3300100477340','0000-00-00'),(57,'3944',0,'เด็กหญิง','รุจิรา','บุญใส','1349901294881',2,'modules/student_main/picture/pic_3944.jpg',9,1,1,2561,'3300100477340','0000-00-00'),(58,'3945',0,'เด็กหญิง','ศิริวรรณ','สัมพันธ์','1349901321145',2,'modules/student_main/picture/pic_3945.jpg',9,1,1,2561,'3300100477340','0000-00-00'),(59,'3946',0,'เด็กหญิง','สุวิชา','ทองแถม','1341501459029',2,'modules/student_main/picture/pic_3946.jpg',9,1,1,2561,'3300100477340','0000-00-00'),(60,'3951',0,'เด็กหญิง','เสาวลักษณ์','ทวีสาร','1341501453276',2,'modules/student_main/picture/pic_3951.jpg',9,1,1,2561,'3300100477340','0000-00-00'),(61,'3960',0,'เด็กหญิง','นิธิกานต์','โกศลศิรศักดิ์','1320601322920',2,'modules/student_main/picture/pic_3960.jpg',9,1,1,2561,'3300100477340','0000-00-00'),(62,'3981',0,'เด็กหญิง','กชกร','กลิ่นหอม','1349901231260',2,'modules/student_main/picture/pic_3981.jpg',9,1,1,2561,'3300100477340','0000-00-00'),(63,'3914',0,'เด็กชาย','ธนชัย','บุญใส','1349901216082',1,'modules/student_main/picture/pic_3914.jpg',9,1,1,2558,'3300100477340','0000-00-00'),(64,'3915',0,'เด็กชาย','ธนพล','บุญใส','1349901216074',1,'modules/student_main/picture/pic_3915.jpg',9,1,1,2558,'3300100477340','0000-00-00'),(65,'3917',0,'เด็กชาย','สุริยา','จูมภักดี','1341501421684',1,'modules/student_main/picture/pic_3917.jpg',9,1,1,2558,'3300100477340','0000-00-00'),(66,'3918',0,'เด็กชาย','สมเกียรติ','รอบคอบ','1349901242733',1,'modules/student_main/picture/pic_3918.jpg',9,1,1,2558,'3300100477340','0000-00-00'),(67,'4007',0,'เด็กชาย','พีรพัฒน์','จิตรจอน','1209601404844',1,'modules/student_main/picture/pic_4007.jpg',9,1,1,2558,'3300100477340','0000-00-00'),(68,'3920',0,'เด็กหญิง','นฤมล','ทองคำจันทร์','1349901247689',2,'modules/student_main/picture/pic_3920.jpg',9,1,1,2558,'3300100477340','0000-00-00'),(69,'3921',0,'เด็กหญิง','เยาวลักษณ์','ทวีสาร','1341501427542',2,'modules/student_main/picture/pic_3921.jpg',9,1,1,2558,'3300100477340','0000-00-00'),(70,'3925',0,'เด็กหญิง','ชลธิชา','แสนศรีสงค์','1341501446091',2,'modules/student_main/picture/pic_3925.jpg',9,1,1,2558,'3300100477340','0000-00-00'),(71,'3948',0,'เด็กหญิง','ณัฐการ','สาจันทร์','1341501440972',2,'modules/student_main/picture/pic_3948.jpg',9,1,1,2558,'3300100477340','0000-00-00'),(72,'3980',0,'เด็กหญิง','ชุฎาภา','คัสดี','1341501417881',2,'modules/student_main/picture/pic_3980.jpg',9,1,1,2558,'3300100477340','0000-00-00'),(74,'4024',0,'เด็กชาย','อารักษ์','คำตรงใจ','1341501512370',1,'',4,1,2,2561,'3300100477340','2015-11-03'),(75,'3991',0,'เด็กหญิง','กฤติมา','เคนประจง','1349901324918',2,'',9,1,1,2561,'3300100477340','2015-11-03'),(76,'4026',0,'เด็กชาย','นันทิพัฒน์','สายแวว','1341501516952',1,'',7,1,1,2564,'1349900565148','2015-11-03'),(77,'4027',0,'เด็กชาย','ชลันธร','คำแผ่น','1341501541981',1,'',2,1,2,2562,'3300100477340','2016-07-25'),(182,'4140',4,'เด็กหญิง','นันท์นภัส','เอมโอฐ','1341501636320',2,'',4,0,0,NULL,'1341500268904','2025-08-02'),(181,'4139',3,'เด็กหญิง','กัญชพร','สิงหาชาติ','1330501553300',2,'',4,0,0,NULL,'1341500268904','2025-08-02'),(180,'4138',2,'เด็กชาย','ภูมพัฒน์','นิพระขัน','1349902279291',1,'',4,0,0,NULL,'1341500268904','2025-08-02'),(179,'4137',1,'เด็กชาย','พจนา','พะนัง','1349902252520',1,'',4,0,0,NULL,'1341500268904','2025-08-02'),(82,'4032',0,'เด็กหญิง','สุพิชญา','ขุนตาแสง','1347600060324',2,'',2,1,2,2562,'3300100477340','2016-07-25'),(83,'4033',0,'เด็กหญิง','รมิตา','สายยู','1341501510857',2,'',7,1,1,2564,'1349900565148','2016-07-25'),(84,'4034',0,'เด็กหญิง','วาสนา','ปัตตะแวว','1349901587030',2,'',7,1,1,2564,'1349900565148','2016-07-25'),(85,'4035',0,'เด็กชาย','กฤษฎา','โมลานิล','1349901454463',1,'',7,1,2,2562,'3300100477340','2016-07-25'),(86,'4000',0,'เด็กหญิง','ภาวินี','ประทาน','1341501502528',2,'',8,1,1,2564,'1349900565148','2016-07-25'),(173,'4135',14,'เด็กหญิง','พิมพ์ณภัส','ขาวขำ','1341501558736',2,'',9,0,0,NULL,'1341500268904','2024-09-19'),(87,'4071',1,'เด็กชาย','ศิรวิทย์','บุญประสม','1349902000385',1,'',8,0,0,NULL,'1341500268904','2019-12-09'),(89,'4083',3,'เด็กชาย','พีรัชชัย','จิตโภคา','1341501576629',1,'',8,0,0,NULL,'1341500268904','2019-12-10'),(147,'4128',4,'เด็กหญิง','กัลยกร	','เบาะแสะ','1341501621161',2,'',5,0,0,NULL,'1341500268904','2022-09-17'),(91,'4087',7,'เด็กหญิง','ชาลิสา','แสงงาม','1678600065448',2,'',8,0,0,NULL,'1341500268904','2019-12-10'),(148,'4129',5,'เด็กหญิง','จิราพร	','สีหมากสุข','1349902222094',2,'',5,0,0,NULL,'1341500268904','2022-09-17'),(94,'4085',5,'เด็กชาย','มนต์มนัส','เมฆบุตร','1341501579075',1,'',8,0,0,NULL,'1341500268904','2019-12-10'),(95,'4084',4,'เด็กชาย','มนต์ทนัส','เมฆบุตร','1341501579083',1,'',8,0,0,NULL,'1341500268904','2019-12-10'),(146,'4127',3,'เด็กชาย','รัชชานนท์','กวนชาบัญ','1349902215659',1,'',5,0,0,NULL,'1341500268904','2022-09-17'),(97,'4086',6,'เด็กชาย','อัศวิน','องครักษ์','1149901408889',1,'',8,0,0,NULL,'1341500268904','2019-12-10'),(98,'4081',2,'เด็กชาย','นัฐวุฒิ','ง่ามเข็มกลาง','1341501579024',1,'',8,0,0,NULL,'1341500268904','2019-12-10'),(99,'4088',8,'เด็กหญิง','ดาวิกา','ผองแผ้ว','1341501577013',2,'',8,0,0,NULL,'1341500268904','2019-12-10'),(174,'4136',6,'เด็กชาย','วรานนท์','ผาละพรม','1341501611491',1,'',5,0,0,NULL,'1341500268904','2024-09-19'),(145,'4126',2,'เด็กชาย','พัชรพล','บุญมณีพันธิ์	','1341501617091',1,'',5,0,0,NULL,'1341500268904','2022-09-17'),(102,'4055',1,'เด็กชาย','ณัฐพล','สีหะนันท์','1341501560609',1,'',9,0,0,NULL,'1341500268904','2019-12-10'),(103,'4056',2,'เด็กชาย','นันทิพัฒน์','นิพระขัน','1347600086722',1,'',9,0,0,NULL,'1341500268904','2019-12-10'),(104,'4057',3,'เด็กชาย','นนทวัฒน์','บุญลบ','1349901968629',1,'',9,0,0,NULL,'1341500268904','2019-12-10'),(105,'4060',4,'เด็กชาย','อิทธิพัทธ์','โรจนอัครโภคิน','1348900335214',1,'',9,0,0,NULL,'1341500268904','2019-12-10'),(106,'4061',5,'เด็กชาย','อิษฎา','ทองแถม','1341501558949',1,'',9,0,0,NULL,'1341500268904','2019-12-10'),(107,'4062',9,'เด็กหญิง','ชยานันต์','ชารีแสน','1341501566071',2,'',9,0,0,NULL,'1341500268904','2019-12-10'),(172,'4146',8,'เด็กชาย','ภูผา','เเพงศรี','1341501554153',1,'',9,0,0,NULL,'1341500268904','2024-09-19'),(109,'4064',10,'เด็กหญิง','ณัฐชยา','เกษม','1341501559317',2,'',9,0,0,NULL,'1341500268904','2019-12-10'),(110,'4065',11,'เด็กหญิง','ดาราวรรณ','สายยู','1341501564884',2,'',9,0,0,NULL,'1341500268904','2019-12-10'),(111,'4067',13,'เด็กหญิง','พรทิพย์','โคตรมนตรี','1349901943677',2,'',9,0,0,NULL,'1341500268904','2019-12-10'),(112,'4066',12,'เด็กหญิง','ปุณณดา','แห่งธรรม','	1341501558744',2,'',9,0,0,NULL,'1341500268904','2019-12-10'),(143,'4124',1,'เด็กชาย','ธนศักดิ์	','นิพระขัน','1341501619522',1,'',5,0,0,NULL,'1341500268904','2022-09-17'),(170,'4145',4,'เด็กชาย','ชูเกียรติ','กาลเนตร','1349902170264',1,'',6,0,0,NULL,'1341500268904','2024-09-19'),(116,'4092',6,'เด็กชาย','กุลเดช','สิงหาชาติ','1341501553370',1,'',9,0,0,NULL,'1341500268904','2019-12-10'),(117,'4040',1,'เด็กชาย','ธันวา','ทองแถม','1341501550841',1,'',9,0,1,2567,'1341500268904','2019-12-10'),(118,'4044',2,'เด็กชาย','สิรธีร์','ช่องวารินทร์','1341501551286',1,'',9,0,1,2567,'1341500268904','2019-12-10'),(119,'4045',4,'เด็กหญิง','กชพร','ชนะบุญ','1341501549877',2,'',9,0,1,2567,'1341500268904','2019-12-10'),(176,'4149',7,'เด็กชาย','นนทภพ','วงค์พันธ์','1103200435558',1,'',5,0,0,NULL,'1341500268904','2024-09-19'),(121,'4047',5,'เด็กหญิง','เบญจวรรณ','จันทร์พวง','1349901881531',2,'',9,0,1,2567,'1341500268904','2019-12-10'),(187,'4159',4,'เด็กชาย','ปิยะพงษ์','หนูพันธ์','1341501655031',1,'',3,0,0,NULL,'1341500268904','2025-08-02'),(123,'4068',6,'เด็กหญิง','อธิตยา ','ศิริกรรณ์','1349901904264',2,'',9,0,1,2567,'1341500268904','2019-12-10'),(178,'4078',12,'เด็กชาย','กิตติศักดิ์','ศรีบัวอ่อน','1341501575649',1,'',8,0,0,NULL,'1341500268904','2025-08-02'),(127,'4094',7,'เด็กชาย','วรุตม์','อารีรมย์','1129600058701',1,'',6,1,2,2565,'1349900565148','2019-12-11'),(128,'4051',0,'เด็กชาย','ปัญญา','นามฮุง','1349901590618',1,'',7,1,1,2564,'1349900565148','2019-12-11'),(129,'4070',7,'เด็กชาย','สุริยะ','ปราบภัย','1349901655931',1,'',7,1,1,2564,'1349900565148','2019-12-11'),(130,'4091',8,'เด็กหญิง','สรสิชา','วัฒนสุข','1341501516413',2,'',7,1,1,2564,'1349900565148','2019-12-11'),(131,'4054',8,'เด็กชาย','ปรีชา','ปัญญาภู','1341501505802',1,'',8,1,1,2564,'1349900565148','2019-12-11'),(132,'3995',9,'เด็กชาย','เทิดศักดิ์','หนูน้ำคำ','1149901062346',1,'',8,1,1,2564,'1349900565148','2019-12-11'),(133,'4005',8,'เด็กหญิง','จิราภา','หนูน้ำคำ','1349901498321',2,'',9,1,1,2564,'1349900565148','2019-12-11'),(163,'4089',9,'เด็กหญิง','พิมพ์ลภัส','ง่ามเข็มกลาง','1341501568766',2,'',8,0,0,NULL,'1341500268904','2022-09-17'),(175,'4150',8,'เด็กชาย','อินทร์ทัพ','เอาะตะเมาะ','1228900071650',1,'',5,0,2,2568,'1341500268904','2024-09-19'),(171,'4160',5,'เด็กชาย','ทัศวัตร','พิลา','1499900754616',1,'',6,0,2,2568,'1341500268904','2024-09-19'),(134,'4101',1,'เด็กชาย','บุญยวัฒน์','ศรีเลิศ','1341501594040',1,'',7,0,0,NULL,'1341500268904','2020-08-05'),(135,'4102',2,'เด็กชาย','วราวุธ','ผุยพัฒน์','1341501584435',1,'',7,0,0,NULL,'1341500268904','2020-08-05'),(136,'4103',3,'เด็กชาย','อริญชัย','ทองอ่อน','1341501590044',1,'',7,0,0,NULL,'1341500268904','2020-08-05'),(137,'4104',4,'เด็กหญิง','ชุติกาญจน์','วงค์คะพันธ์','1341501593345',2,'',7,0,0,NULL,'1341500268904','2020-08-05'),(139,'4106',5,'เด็กหญิง','พิมนภา','บุระคำ','1349902089394',2,'',7,0,0,NULL,'1341500268904','2020-08-05'),(150,'4115',1,'เด็กชาย','เจนณรงค์','มลิวรรณ์','1341501607478',1,'',6,0,0,NULL,'1341500268904','2022-09-17'),(151,'4116',2,'เด็กหญิง','ภูวนัตถ์','แก้วสิงห์','1341501604801',1,'',6,0,2,2568,'1341500268904','2022-09-17'),(152,'4117',3,'เด็กหญิง','อารยา','สีหะนันท์','1341501606854',2,'',6,0,0,NULL,'1341500268904','2022-09-17'),(153,'4109',6,'เด็กหญิง','ณัฐณิชา','กาลเนตร	','1341501585890',2,'',7,0,0,NULL,'1341500268904','2022-09-17'),(154,'4114',7,'เด็กหญิง','นัสทวัฒน์	','ผลคูณ','1341501593698',1,'',7,0,0,NULL,'1341500268904','2022-09-17'),(167,'4143',8,'เด็กชาย','กำชัย','มีทอง','1341501584168',1,'',7,0,0,NULL,'1341500268904','2024-09-19'),(168,'4148',9,'เด็กชาย','สรชัช','แซ่เล็ก','1339600362675',1,'',7,0,0,NULL,'1341500268904','2024-09-19'),(169,'4134',8,'เด็กชาย','ธวัฒน์','ตงกระโทก','1341501564868',1,'',9,0,2,2568,'1341500268904','2024-09-19'),(166,'4133',3,'เด็กชาย','สุทรี','จำปาพันธ์','1349901848232',1,'',9,0,1,2567,'1341500268904','2024-09-19'),(159,'4099',7,'เด็กชาย','วุฒิภัทร','รำพึงวงษ์','1349901926101',1,'',9,0,0,NULL,'1341500268904','2022-09-17'),(161,'4112',7,'เด็กชาย','มงคลชัย	','ชารีแสน','1349901895320',1,'',9,0,2,2568,'1341500268904','2022-09-17'),(164,'4100',10,'เด็กชาย','พีรพัฒน์	','โรจนอัครโภคิน','1341501580332',1,'',8,0,0,NULL,'1341500268904','2022-09-17'),(165,'4108',11,'เด็กชาย','กิตติพัฒน์','มั่นยืน','1139300048641',1,'',8,0,0,NULL,'1341500268904','2022-09-17'),(188,'4155',5,'เด็กหญิง','นรินทร์พร','หนูน้ำคำ','1341501651175',2,'',3,0,0,NULL,'1341500268904','2025-08-02'),(189,'4158',6,'เด็กหญิง','ปาริศา','เเซ่ตัง','1341501644721',2,'',3,0,0,NULL,'1341500268904','2025-08-02'),(190,'4157',7,'เด็กหญิง','พรสวรรค์','หนูพันธ์','1341501649600',2,'',3,0,0,NULL,'1341500268904','2025-08-02'),(191,'4164',1,'เด็กชาย','กฤติเดช','บุระคำ','1346400008531',1,'',2,0,0,NULL,'1341500268904','2025-08-02'),(192,'4166',2,'เด็กชาย','ณัฐภูมิ','จูมภักดี','1349902353504',1,'',2,0,0,NULL,'1341500268904','2025-08-02'),(193,'4167',3,'เด็กชาย','ธนพัฒน์','เกตุศิริ','1839902659544',1,'',2,0,0,NULL,'1341500268904','2025-08-02'),(194,'4168',4,'เด็กชาย','ธนภัทร','เอมโอฐ','1346400007801',1,'',2,0,0,NULL,'1341500268904','2025-08-02'),(195,'4170',5,'เด็กชาย','ธนเทพ','หนูพันธ์','1100704901622',1,'',2,0,0,NULL,'1341500268904','2025-08-02'),(196,'4174',6,'เด็กชาย','พสุธันย์','มิ่งขวัญ','1349902362392',1,'',2,0,0,NULL,'1341500268904','2025-08-02'),(197,'4176',7,'เด็กชาย','ภาคิน','แสนลา','1346400002001',1,'',2,0,0,NULL,'1341500268904','2025-08-02'),(198,'4171',8,'เด็กชาย','นพรัตน์','กวนชาบัน','1349902345102',1,'',2,0,0,NULL,'1341500268904','2025-08-02'),(199,'4172',9,'เด็กหญิง','นริศรา','นิพระขัน','1346400009588',2,'',2,0,0,NULL,'1341500268904','2025-08-02'),(200,'4165',10,'เด็กหญิง','ณัฐพร','หมื่นคำยอง','1346400011370',2,'',2,0,0,NULL,'1341500268904','2025-08-02'),(201,'4173',11,'เด็กหญิง','ปภัสสิริย์','หนูน้ำคำ','1346400006830',2,'',2,0,0,NULL,'1341500268904','2025-08-02'),(202,'4169',12,'เด็กหญิง','ธนัญญา','นิพระขัน','1346400012660',2,'',2,0,0,NULL,'1341500268904','2025-08-02'),(203,'4175',13,'เด็กหญิง','พิชญาภา','พะนัง','1346400008328',2,'',2,0,0,NULL,'1341500268904','2025-08-02'),(204,'4177',14,'เด็กหญิง','รินรดา','ผาละพรม','1346400011809',2,'',2,0,0,NULL,'1341500268904','2025-08-02'),(205,'4178',15,'เด็กหญิง','สุวิมล','บุญประสิทธิ์','1346400005329',2,'',2,0,0,NULL,'1341500268904','2025-08-02');

--
-- Table structure for table `student_main_class`
--

CREATE TABLE `student_main_class` (
  `id` int(11) NOT NULL AUTO_INCREMENT,
  `class_code` tinyint(4) NOT NULL,
  `class_name` varchar(150) NOT NULL,
  PRIMARY KEY (`id`),
  UNIQUE KEY `class_code` (`class_code`)
) ENGINE=MyISAM AUTO_INCREMENT=10 DEFAULT CHARSET=utf8 COLLATE=utf8_general_ci;

--
-- Dumping data for table `student_main_class`
--

INSERT INTO `student_main_class` VALUES (1,2,'อนุบาล2'),(2,3,'อนุบาล 3'),(3,4,'ประถมศึกษาปีที่1'),(4,5,'ประถมศึกษาปีที่2'),(5,6,'ประถมศึกษาปีที่3'),(6,7,'ประถมศึกษาปีที่4'),(7,8,'ประถมศึกษาปีที่5'),(8,9,'ประถมศึกษาปีที่6');

--
-- Table structure for table `student_main_classlog`
--

CREATE TABLE `student_main_classlog` (
  `id` int(11) NOT NULL AUTO_INCREMENT,
  `ed_year` int(11) NOT NULL,
  `student_id` varchar(7) NOT NULL,
  `student_number` int(11) DEFAULT NULL,
  `class_code` tinyint(4) NOT NULL,
  `room` tinyint(4) DEFAULT 0,
  `officer` varchar(13) NOT NULL,
  `rec_date` date NOT NULL,
  PRIMARY KEY (`id`)
) ENGINE=MyISAM AUTO_INCREMENT=464 DEFAULT CHARSET=utf8 COLLATE=utf8_general_ci;

--
-- Dumping data for table `student_main_classlog`
--

INSERT INTO `student_main_classlog` VALUES (1,2558,'3914',0,9,1,'3300100477340','2016-07-23'),(2,2558,'3915',0,9,1,'3300100477340','2016-07-23'),(3,2558,'3917',0,9,1,'3300100477340','2016-07-23'),(4,2558,'3918',0,9,1,'3300100477340','2016-07-23'),(5,2558,'3920',0,9,1,'3300100477340','2016-07-23'),(6,2558,'3921',0,9,1,'3300100477340','2016-07-23'),(7,2558,'3925',0,9,1,'3300100477340','2016-07-23'),(8,2558,'3948',0,9,1,'3300100477340','2016-07-23'),(9,2558,'3980',0,9,1,'3300100477340','2016-07-23'),(10,2558,'4007',0,9,1,'3300100477340','2016-07-23'),(11,2558,'4016',0,2,1,'3300100477340','2016-07-23'),(12,2558,'4017',0,2,1,'3300100477340','2016-07-23'),(13,2558,'4018',0,2,1,'3300100477340','2016-07-23'),(14,2558,'4019',0,2,1,'3300100477340','2016-07-23'),(15,2558,'4020',0,2,1,'3300100477340','2016-07-23'),(16,2558,'4021',0,2,1,'3300100477340','2016-07-23'),(17,2558,'4022',0,2,1,'3300100477340','2016-07-23'),(18,2558,'4010',0,3,1,'3300100477340','2016-07-23'),(19,2558,'4011',0,3,1,'3300100477340','2016-07-23'),(20,2558,'4012',0,3,1,'3300100477340','2016-07-23'),(21,2558,'4024',0,3,1,'3300100477340','2016-07-23'),(22,2558,'4026',0,3,1,'3300100477340','2016-07-23'),(23,2558,'3994',0,4,1,'3300100477340','2016-07-23'),(24,2558,'3996',0,4,1,'3300100477340','2016-07-23'),(25,2558,'3997',0,4,1,'3300100477340','2016-07-23'),(26,2558,'3998',0,4,1,'3300100477340','2016-07-23'),(27,2558,'4001',0,4,1,'3300100477340','2016-07-23'),(28,2558,'4008',0,4,1,'3300100477340','2016-07-23'),(29,2558,'4009',0,4,1,'3300100477340','2016-07-23'),(30,2558,'3983',0,5,1,'3300100477340','2016-07-23'),(31,2558,'3984',0,5,1,'3300100477340','2016-07-23'),(32,2558,'3985',0,5,1,'3300100477340','2016-07-23'),(33,2558,'3987',0,5,1,'3300100477340','2016-07-23'),(34,2558,'3988',0,5,1,'3300100477340','2016-07-23'),(35,2558,'3989',0,5,1,'3300100477340','2016-07-23'),(36,2558,'3990',0,5,1,'3300100477340','2016-07-23'),(37,2558,'4002',0,5,1,'3300100477340','2016-07-23'),(38,2558,'4014',0,5,1,'3300100477340','2016-07-23'),(39,2558,'3963',0,6,1,'3300100477340','2016-07-23'),(40,2558,'3964',0,6,1,'3300100477340','2016-07-23'),(41,2558,'3965',0,6,1,'3300100477340','2016-07-23'),(42,2558,'3967',0,6,1,'3300100477340','2016-07-23'),(43,2558,'3968',0,6,1,'3300100477340','2016-07-23'),(44,2558,'3969',0,6,1,'3300100477340','2016-07-23'),(45,2558,'3971',0,6,1,'3300100477340','2016-07-23'),(46,2558,'3974',0,6,1,'3300100477340','2016-07-23'),(47,2558,'3977',0,6,1,'3300100477340','2016-07-23'),(48,2558,'3992',0,6,1,'3300100477340','2016-07-23'),(49,2558,'3952',0,7,1,'3300100477340','2016-07-23'),(50,2558,'3953',0,7,1,'3300100477340','2016-07-23'),(51,2558,'3954',0,7,1,'3300100477340','2016-07-23'),(52,2558,'3955',0,7,1,'3300100477340','2016-07-23'),(53,2558,'3956',0,7,1,'3300100477340','2016-07-23'),(54,2558,'3957',0,7,1,'3300100477340','2016-07-23'),(55,2558,'3958',0,7,1,'3300100477340','2016-07-23'),(56,2558,'3935',0,8,1,'3300100477340','2016-07-23'),(57,2558,'3936',0,8,1,'3300100477340','2016-07-23'),(58,2558,'3940',0,8,1,'3300100477340','2016-07-23'),(59,2558,'3941',0,8,1,'3300100477340','2016-07-23'),(60,2558,'3942',0,8,1,'3300100477340','2016-07-23'),(61,2558,'3944',0,8,1,'3300100477340','2016-07-23'),(62,2558,'3945',0,8,1,'3300100477340','2016-07-23'),(63,2558,'3946',0,8,1,'3300100477340','2016-07-23'),(64,2558,'3951',0,8,1,'3300100477340','2016-07-23'),(65,2558,'3960',0,8,1,'3300100477340','2016-07-23'),(66,2558,'3981',0,8,1,'3300100477340','2016-07-23'),(67,2558,'3991',0,8,1,'3300100477340','2016-07-23'),(68,2558,'4006',0,8,1,'3300100477340','2016-07-23'),(69,2559,'4010',0,4,1,'3300100477340','2016-07-23'),(70,2559,'3940',0,9,1,'3300100477340','2016-07-23'),(71,2559,'4006',0,9,1,'3300100477340','2016-07-23'),(72,2559,'3898',0,8,1,'3300100477340','2016-07-25'),(73,2561,'4011',0,7,1,'1349900565148','2019-12-09'),(74,2561,'4012',0,7,1,'1349900565148','2019-12-09'),(75,2561,'4026',0,7,1,'1349900565148','2019-12-09'),(76,2561,'4033',0,7,1,'1349900565148','2019-12-09'),(77,2561,'4034',0,7,1,'1349900565148','2019-12-09'),(78,2561,'4000',0,8,0,'1349900565148','2019-12-09'),(79,2561,'3996',0,8,1,'1349900565148','2019-12-09'),(80,2561,'3997',0,8,1,'1349900565148','2019-12-09'),(81,2561,'4001',0,8,1,'1349900565148','2019-12-09'),(82,2561,'4008',0,8,1,'1349900565148','2019-12-09'),(83,2561,'4009',0,8,1,'1349900565148','2019-12-09'),(84,2561,'3994',0,8,1,'1349900565148','2019-12-09'),(85,2561,'3983',0,9,1,'1349900565148','2019-12-09'),(86,2561,'3984',0,9,1,'1349900565148','2019-12-09'),(87,2561,'3987',0,9,1,'1349900565148','2019-12-09'),(88,2561,'3989',0,9,1,'1349900565148','2019-12-09'),(89,2561,'3990',0,9,1,'1349900565148','2019-12-09'),(90,2561,'4002',0,9,1,'1349900565148','2019-12-09'),(91,2561,'4014',0,9,1,'1349900565148','2019-12-09'),(92,2561,'3963',0,7,1,'1349900565148','2019-12-09'),(93,2561,'3964',0,7,1,'1349900565148','2019-12-09'),(94,2561,'3965',0,7,1,'1349900565148','2019-12-09'),(95,2561,'3967',0,7,1,'1349900565148','2019-12-09'),(96,2561,'3968',0,7,1,'1349900565148','2019-12-09'),(97,2561,'3969',0,7,1,'1349900565148','2019-12-09'),(98,2561,'3971',0,7,1,'1349900565148','2019-12-09'),(99,2561,'3974',0,7,1,'1349900565148','2019-12-09'),(100,2561,'3977',0,7,1,'1349900565148','2019-12-09'),(101,2561,'3992',0,7,1,'1349900565148','2019-12-09'),(102,2561,'4028',0,5,1,'1349900565148','2019-12-09'),(103,2561,'4029',0,5,1,'1349900565148','2019-12-09'),(104,2561,'4030',0,5,1,'1349900565148','2019-12-09'),(105,2561,'4031',0,5,1,'1349900565148','2019-12-09'),(106,2561,'4016',0,6,1,'1349900565148','2019-12-09'),(107,2561,'4017',0,6,1,'1349900565148','2019-12-09'),(108,2561,'4018',0,6,1,'1349900565148','2019-12-09'),(109,2561,'4019',0,6,1,'1349900565148','2019-12-09'),(110,2561,'4020',0,6,1,'1349900565148','2019-12-09'),(111,2561,'4021',0,6,1,'1349900565148','2019-12-09'),(112,2561,'4022',0,6,1,'1349900565148','2019-12-09'),(113,2561,'4024',0,4,1,'1349900565148','2019-12-09'),(114,2562,'3998',0,5,1,'1349900565148','2019-12-09'),(115,2562,'4027',0,2,1,'1349900565148','2019-12-09'),(116,2562,'4032',0,2,1,'1349900565148','2019-12-09'),(117,2562,'4071',1,2,1,'1349900565148','2019-12-11'),(118,2562,'4082',2,2,1,'1349900565148','2019-12-11'),(119,2562,'4083',3,2,1,'1349900565148','2019-12-11'),(120,2562,'4090',4,2,1,'1349900565148','2019-12-11'),(121,2562,'4087',5,2,1,'1349900565148','2019-12-11'),(122,2562,'4078',6,2,1,'1349900565148','2019-12-11'),(123,2562,'4080',7,2,1,'1349900565148','2019-12-11'),(124,2562,'4085',8,2,1,'1349900565148','2019-12-11'),(125,2562,'4084',9,2,1,'1349900565148','2019-12-11'),(126,2562,'4079',10,2,1,'1349900565148','2019-12-11'),(127,2562,'4086',11,2,1,'1349900565148','2019-12-11'),(128,2562,'4081',12,2,1,'1349900565148','2019-12-11'),(129,2562,'4088',13,2,1,'1349900565148','2019-12-11'),(130,2562,'4089',14,2,1,'1349900565148','2019-12-11'),(131,2562,'4093',15,2,1,'1349900565148','2019-12-11'),(132,2562,'4055',1,3,1,'1349900565148','2019-12-11'),(133,2562,'4056',2,3,1,'1349900565148','2019-12-11'),(134,2562,'4057',3,3,1,'1349900565148','2019-12-11'),(135,2562,'4060',4,3,1,'1349900565148','2019-12-11'),(136,2562,'4061',5,3,1,'1349900565148','2019-12-11'),(137,2562,'4062',6,3,1,'1349900565148','2019-12-11'),(138,2562,'4063',7,3,1,'1349900565148','2019-12-11'),(139,2562,'4064',8,3,1,'1349900565148','2019-12-11'),(140,2562,'4065',9,3,1,'1349900565148','2019-12-11'),(141,2562,'4067',10,3,1,'1349900565148','2019-12-11'),(142,2562,'4066',11,3,1,'1349900565148','2019-12-11'),(143,2562,'4075',12,3,1,'1349900565148','2019-12-11'),(144,2562,'4076',13,3,1,'1349900565148','2019-12-11'),(145,2562,'4077',14,3,1,'1349900565148','2019-12-11'),(146,2562,'4092',15,3,1,'1349900565148','2019-12-11'),(147,2562,'4040',1,4,1,'1349900565148','2019-12-11'),(148,2562,'4044',2,4,1,'1349900565148','2019-12-11'),(149,2562,'4045',3,4,1,'1349900565148','2019-12-11'),(150,2562,'4046',4,4,1,'1349900565148','2019-12-11'),(151,2562,'4047',5,4,1,'1349900565148','2019-12-11'),(152,2562,'4049',6,4,1,'1349900565148','2019-12-11'),(153,2562,'4068',7,4,1,'1349900565148','2019-12-11'),(154,2562,'4043',5,5,1,'1349900565148','2019-12-11'),(155,2562,'4048',6,5,1,'1349900565148','2019-12-11'),(156,2562,'4069',7,5,1,'1349900565148','2019-12-11'),(157,2562,'3985',0,6,1,'1349900565148','2019-12-11'),(158,2562,'3988',0,6,1,'1349900565148','2019-12-11'),(159,2562,'4020',0,6,1,'1349900565148','2019-12-11'),(160,2562,'4094',7,6,1,'1349900565148','2019-12-11'),(161,2562,'4035',0,7,1,'1349900565148','2019-12-11'),(162,2562,'4054',8,8,1,'1349900565148','2019-12-11'),(163,2562,'4070',7,7,1,'1349900565148','2019-12-11'),(164,2562,'4091',8,7,1,'1349900565148','2019-12-11'),(165,2562,'3896',0,8,1,'1349900565148','2019-12-11'),(166,2562,'3906',0,8,1,'1349900565148','2019-12-11'),(167,2562,'3952',0,8,1,'1349900565148','2019-12-11'),(168,2562,'3953',0,8,1,'1349900565148','2019-12-11'),(169,2562,'3954',0,8,1,'1349900565148','2019-12-11'),(170,2562,'3955',0,8,1,'1349900565148','2019-12-11'),(171,2562,'3956',0,8,1,'1349900565148','2019-12-11'),(172,2562,'3957',0,8,1,'1349900565148','2019-12-11'),(173,2562,'3958',0,8,1,'1349900565148','2019-12-11'),(174,2562,'3975',0,8,1,'1349900565148','2019-12-11'),(175,2562,'4051',0,7,1,'1349900565148','2019-12-11'),(176,2562,'3995',9,8,1,'1349900565148','2019-12-11'),(177,2561,'3926',0,9,1,'1349900565148','2019-12-11'),(178,2561,'3932',0,9,1,'1349900565148','2019-12-11'),(179,2561,'3933',0,9,1,'1349900565148','2019-12-11'),(180,2561,'3935',0,9,1,'1349900565148','2019-12-11'),(181,2561,'3936',0,9,1,'1349900565148','2019-12-11'),(182,2561,'3941',0,9,1,'1349900565148','2019-12-11'),(183,2561,'3942',0,9,1,'1349900565148','2019-12-11'),(184,2561,'3944',0,9,1,'1349900565148','2019-12-11'),(185,2561,'3945',0,9,1,'1349900565148','2019-12-11'),(186,2561,'3946',0,9,1,'1349900565148','2019-12-11'),(187,2561,'3951',0,9,1,'1349900565148','2019-12-11'),(188,2561,'3960',0,9,1,'1349900565148','2019-12-11'),(189,2561,'3981',0,9,1,'1349900565148','2019-12-11'),(190,2561,'3991',0,9,1,'1349900565148','2019-12-11'),(191,2562,'4005',8,9,1,'1349900565148','2019-12-11'),(192,2562,'4016',0,6,1,'1349900565148','2019-12-11'),(193,2562,'4028',0,5,1,'1349900565148','2019-12-11'),(194,2562,'4017',0,6,1,'1349900565148','2019-12-11'),(195,2562,'4018',0,6,1,'1349900565148','2019-12-11'),(196,2562,'4019',0,6,1,'1349900565148','2019-12-11'),(197,2562,'4021',0,6,1,'1349900565148','2019-12-11'),(198,2562,'4022',0,6,1,'1349900565148','2019-12-11'),(199,2562,'4011',0,7,1,'1349900565148','2019-12-11'),(200,2562,'4029',0,5,1,'1349900565148','2019-12-11'),(201,2562,'4030',0,5,1,'1349900565148','2019-12-11'),(202,2562,'4031',0,5,1,'1349900565148','2019-12-11'),(203,2562,'4000',0,8,1,'1349900565148','2019-12-11'),(204,2563,'4101',1,2,1,'1341500268904','2020-08-05'),(205,2563,'4030',3,6,1,'1341500268904','2020-08-05'),(206,2563,'4102',2,2,1,'1341500268904','2020-08-05'),(207,2563,'4103',3,2,1,'1341500268904','2020-08-05'),(208,2563,'4104',4,2,1,'1341500268904','2020-08-05'),(209,2563,'4105',5,2,1,'1341500268904','2020-08-05'),(210,2563,'4106',6,2,1,'1341500268904','2020-08-05'),(211,2564,'4026',0,7,1,'1341500268904','2022-09-13'),(212,2564,'4033',0,7,1,'1341500268904','2022-09-13'),(213,2564,'4034',0,7,1,'1341500268904','2022-09-13'),(214,2564,'4051',0,7,1,'1341500268904','2022-09-13'),(215,2564,'4070',7,7,1,'1341500268904','2022-09-13'),(216,2564,'4091',8,7,1,'1341500268904','2022-09-13'),(217,2564,'3994',0,8,1,'1341500268904','2022-09-13'),(218,2564,'3996',0,8,1,'1341500268904','2022-09-13'),(219,2564,'3997',0,8,1,'1341500268904','2022-09-13'),(220,2564,'4000',0,8,1,'1341500268904','2022-09-13'),(221,2564,'4001',0,8,1,'1341500268904','2022-09-13'),(222,2564,'4008',0,8,1,'1341500268904','2022-09-13'),(223,2564,'4009',0,8,1,'1341500268904','2022-09-13'),(224,2564,'4054',8,8,1,'1341500268904','2022-09-13'),(225,2564,'3995',9,8,1,'1341500268904','2022-09-13'),(226,2564,'3983',0,9,1,'1341500268904','2022-09-13'),(227,2564,'3984',0,9,1,'1341500268904','2022-09-13'),(228,2564,'3987',0,9,1,'1341500268904','2022-09-13'),(229,2564,'3989',0,9,1,'1341500268904','2022-09-13'),(230,2564,'3990',0,9,1,'1341500268904','2022-09-13'),(231,2564,'4002',0,9,1,'1341500268904','2022-09-13'),(232,2564,'4014',0,9,1,'1341500268904','2022-09-13'),(233,2564,'4005',8,9,1,'1341500268904','2022-09-13'),(234,2565,'4094',7,6,1,'1341500268904','2022-09-13'),(235,2564,'4055',1,4,1,'1341500268904','2022-09-13'),(236,2564,'4056',2,4,1,'1341500268904','2022-09-13'),(237,2564,'4057',3,4,1,'1341500268904','2022-09-13'),(238,2564,'4060',4,4,1,'1341500268904','2022-09-13'),(239,2564,'4061',5,4,1,'1341500268904','2022-09-13'),(240,2564,'4062',6,4,1,'1341500268904','2022-09-13'),(241,2564,'4063',7,4,1,'1341500268904','2022-09-13'),(242,2564,'4064',8,4,1,'1341500268904','2022-09-13'),(243,2564,'4065',9,4,1,'1341500268904','2022-09-13'),(244,2564,'4067',10,4,1,'1341500268904','2022-09-13'),(245,2564,'4066',11,4,1,'1341500268904','2022-09-13'),(246,2564,'4075',12,4,1,'1341500268904','2022-09-13'),(247,2564,'4076',13,4,1,'1341500268904','2022-09-13'),(248,2564,'4077',14,4,1,'1341500268904','2022-09-13'),(249,2564,'4092',15,4,1,'1341500268904','2022-09-13'),(250,2565,'4101',1,4,0,'1341500268904','2022-09-17'),(251,2565,'4102',2,4,0,'1341500268904','2022-09-17'),(252,2565,'4103',3,4,0,'1341500268904','2022-09-19'),(253,2565,'4104',4,4,0,'1341500268904','2022-09-17'),(297,2565,'4121',1,2,0,'1341500268904','2022-09-17'),(255,2565,'4106',5,4,0,'1341500268904','2022-09-17'),(256,2565,'4071',1,5,0,'1341500268904','2022-09-17'),(257,2565,'4083',3,5,0,'1341500268904','2022-09-17'),(258,2565,'4087',7,5,0,'1341500268904','2022-09-17'),(259,2565,'4085',5,5,0,'1341500268904','2022-09-17'),(260,2565,'4084',4,5,0,'1341500268904','2022-09-17'),(261,2565,'4086',6,5,0,'1341500268904','2022-09-17'),(262,2565,'4081',2,5,0,'1341500268904','2022-09-17'),(263,2565,'4088',8,5,0,'1341500268904','2022-09-17'),(317,2565,'4107',15,6,0,'1341500268904','2022-09-17'),(265,2565,'4040',1,7,0,'1341500268904','2022-09-17'),(266,2565,'4055',1,6,0,'1341500268904','2022-09-17'),(267,2565,'4044',2,7,0,'1341500268904','2022-09-17'),(268,2565,'4056',2,6,0,'1341500268904','2022-09-17'),(269,2565,'4045',3,7,0,'1341500268904','2022-09-17'),(270,2565,'4057',3,6,0,'1341500268904','2022-09-17'),(271,2565,'4060',4,6,0,'1341500268904','2022-09-17'),(272,2565,'4047',4,7,0,'1341500268904','2022-09-17'),(273,2565,'4017',2,9,0,'1341500268904','2022-09-17'),(274,2565,'4049',5,7,0,'1341500268904','2022-09-17'),(275,2565,'4061',5,6,0,'1341500268904','2022-09-17'),(276,2565,'4062',6,6,0,'1341500268904','2022-09-17'),(277,2565,'4063',7,6,0,'1341500268904','2022-09-17'),(278,2565,'4068',6,7,0,'1341500268904','2022-09-17'),(279,2565,'4064',8,6,0,'1341500268904','2022-09-17'),(280,2565,'4065',9,6,0,'1341500268904','2022-09-17'),(281,2565,'4067',11,6,0,'1341500268904','2022-09-19'),(282,2565,'4066',10,6,0,'1341500268904','2022-09-19'),(283,2565,'4077',12,6,0,'1341500268904','2022-09-17'),(284,2565,'4092',13,6,0,'1341500268904','2022-09-17'),(285,2565,'4018',3,9,0,'1341500268904','2022-09-17'),(286,2565,'4019',4,9,0,'1341500268904','2022-09-17'),(287,2565,'4021',5,9,0,'1341500268904','2022-09-17'),(288,2565,'4028',1,8,0,'1341500268904','2022-09-17'),(289,2565,'4029',2,8,0,'1341500268904','2022-09-17'),(290,2565,'4022',6,9,0,'1341500268904','2022-09-17'),(291,2565,'4031',4,8,0,'1341500268904','2022-09-17'),(292,2565,'4030',3,8,0,'1341500268904','2022-09-17'),(293,2565,'4043',5,8,0,'1341500268904','2022-09-17'),(294,2565,'4048',6,8,0,'1341500268904','2022-09-17'),(295,2565,'4069',7,8,0,'1341500268904','2022-09-17'),(296,2565,'4016',1,9,0,'1341500268904','2022-09-17'),(298,2565,'4122',2,2,0,'1341500268904','2022-09-17'),(299,2565,'4123',3,2,0,'1341500268904','2022-09-17'),(300,2565,'4124',4,2,0,'1341500268904','2022-09-17'),(301,2565,'4125',5,2,0,'1341500268904','2022-09-17'),(302,2565,'4126',6,2,0,'1341500268904','2022-09-17'),(303,2565,'4127',7,2,0,'1341500268904','2022-09-17'),(304,2565,'4128',8,2,0,'1341500268904','2022-09-17'),(305,2565,'4129',9,2,0,'1341500268904','2022-09-17'),(306,2565,'4130',10,2,0,'1341500268904','2022-09-17'),(307,2565,'4115',1,3,0,'1341500268904','2022-09-17'),(308,2565,'4116',2,3,0,'1341500268904','2022-09-17'),(309,2565,'4117',3,3,0,'1341500268904','2022-09-17'),(310,2565,'4109',6,4,0,'1341500268904','2022-09-17'),(311,2565,'4114',7,4,0,'1341500268904','2022-09-17'),(312,2565,'4120',8,4,0,'1341500268904','2022-09-17'),(313,2565,'4111',9,8,0,'1341500268904','2022-09-17'),(314,2565,'4118',10,8,0,'1341500268904','2022-09-17'),(315,2565,'4097',8,8,0,'1341500268904','2022-09-17'),(322,2565,'4108',11,5,0,'1341500268904','2022-09-17'),(321,2565,'4100',10,5,0,'1341500268904','2022-09-17'),(320,2565,'4089',9,5,0,'1341500268904','2022-09-17'),(316,2565,'4099',14,6,0,'1341500268904','2022-09-17'),(318,2565,'4112',16,6,0,'1341500268904','2022-09-17'),(319,2565,'4119',17,6,0,'1341500268904','2022-09-17'),(323,2567,'4047',5,9,0,'1341500268904','2024-09-19'),(324,2567,'4068',6,9,0,'1341500268904','2024-09-19'),(325,2567,'4040',1,9,0,'1341500268904','2024-09-19'),(326,2567,'4045',4,9,0,'1341500268904','2024-09-19'),(327,2567,'4044',2,9,0,'1341500268904','2024-09-19'),(328,2567,'4133',3,9,0,'1341500268904','2024-09-19'),(329,2566,'4108',11,5,0,'1341500268904','2024-09-19'),(330,2566,'4055',1,6,0,'1341500268904','2024-09-19'),(331,2566,'4056',2,6,0,'1341500268904','2024-09-19'),(332,2566,'4057',3,6,0,'1341500268904','2024-09-19'),(333,2566,'4060',4,6,0,'1341500268904','2024-09-19'),(334,2566,'4061',5,6,0,'1341500268904','2024-09-19'),(335,2566,'4062',6,6,0,'1341500268904','2024-09-19'),(336,2566,'4063',7,6,0,'1341500268904','2024-09-19'),(337,2566,'4064',8,6,0,'1341500268904','2024-09-19'),(338,2566,'4065',9,6,0,'1341500268904','2024-09-19'),(339,2566,'4066',10,6,0,'1341500268904','2024-09-19'),(340,2566,'4067',11,6,0,'1341500268904','2024-09-19'),(341,2566,'4077',12,6,0,'1341500268904','2024-09-19'),(342,2566,'4092',13,6,0,'1341500268904','2024-09-19'),(343,2566,'4099',14,6,0,'1341500268904','2024-09-19'),(344,2566,'4107',15,6,0,'1341500268904','2024-09-19'),(345,2566,'4112',16,6,0,'1341500268904','2024-09-19'),(346,2566,'4119',17,6,0,'1341500268904','2024-09-19'),(347,2566,'4071',1,5,0,'1341500268904','2024-09-19'),(348,2566,'4081',2,5,0,'1341500268904','2024-09-19'),(349,2566,'4083',3,5,0,'1341500268904','2024-09-19'),(350,2566,'4084',4,5,0,'1341500268904','2024-09-19'),(351,2566,'4085',5,5,0,'1341500268904','2024-09-19'),(352,2566,'4086',6,5,0,'1341500268904','2024-09-19'),(353,2566,'4087',7,5,0,'1341500268904','2024-09-19'),(354,2566,'4088',8,5,0,'1341500268904','2024-09-19'),(355,2566,'4089',9,5,0,'1341500268904','2024-09-19'),(356,2566,'4100',10,5,0,'1341500268904','2024-09-19'),(357,2567,'4066',13,8,0,'1341500268904','2024-09-19'),(358,2567,'4067',14,8,0,'1341500268904','2024-09-19'),(359,2567,'4060',3,8,0,'1341500268904','2024-09-19'),(360,2567,'4057',15,8,0,'1341500268904','2024-09-19'),(361,2567,'4061',4,8,0,'1341500268904','2024-09-19'),(362,2567,'4092',5,8,0,'1341500268904','2024-09-19'),(363,2567,'4099',6,8,0,'1341500268904','2024-09-19'),(364,2566,'4101',1,4,0,'1341500268904','2024-09-19'),(365,2566,'4102',2,4,0,'1341500268904','2024-09-19'),(366,2566,'4103',3,4,0,'1341500268904','2024-09-19'),(367,2566,'4104',4,4,0,'1341500268904','2024-09-19'),(368,2566,'4106',5,4,0,'1341500268904','2024-09-19'),(369,2566,'4109',6,4,0,'1341500268904','2024-09-19'),(370,2566,'4114',7,4,0,'1341500268904','2024-09-19'),(371,2566,'4120',8,4,0,'1341500268904','2024-09-19'),(372,2567,'4112',7,8,0,'1341500268904','2024-09-19'),(373,2567,'4143',8,6,0,'1341500268904','2024-09-19'),(374,2567,'4148',9,6,0,'1341500268904','2024-09-19'),(375,2567,'4134',8,8,0,'1341500268904','2024-09-19'),(376,2566,'4115',1,3,0,'1341500268904','2024-09-19'),(377,2566,'4116',2,3,0,'1341500268904','2024-09-19'),(378,2566,'4117',3,3,0,'1341500268904','2024-09-19'),(379,2567,'4145',4,5,0,'1341500268904','2024-09-19'),(380,2567,'4160',5,5,0,'1341500268904','2024-09-19'),(381,2567,'4146',9,8,0,'1341500268904','2024-09-19'),(382,2567,'4135',16,8,0,'1341500268904','2024-09-19'),(383,2567,'4124',1,4,0,'1341500268904','2024-09-19'),(384,2567,'4126',2,4,0,'1341500268904','2024-09-19'),(385,2567,'4127',3,4,0,'1341500268904','2024-09-19'),(386,2567,'4062',10,8,0,'1341500268904','2024-09-19'),(387,2567,'4064',11,8,0,'1341500268904','2024-09-19'),(388,2567,'4128',4,4,0,'1341500268904','2024-09-19'),(389,2567,'4065',12,8,0,'1341500268904','2024-09-19'),(390,2567,'4136',6,4,0,'1341500268904','2024-09-19'),(393,2567,'4150',8,4,0,'1341500268904','2024-09-19'),(392,2567,'4129',5,4,0,'1341500268904','2024-09-19'),(394,2567,'4149',7,4,0,'1341500268904','2024-09-19'),(395,2567,'4151',9,4,0,'1341500268904','2024-09-19'),(396,2567,'4055',1,8,0,'1341500268904','2025-08-02'),(397,2567,'4056',2,8,0,'1341500268904','2025-08-02'),(398,2567,'4071',1,7,0,'1341500268904','2025-08-02'),(399,2567,'4081',2,7,0,'1341500268904','2025-08-02'),(400,2567,'4083',3,7,0,'1341500268904','2025-08-02'),(401,2567,'4084',4,7,0,'1341500268904','2025-08-02'),(402,2567,'4085',5,7,0,'1341500268904','2025-08-02'),(403,2567,'4086',6,7,0,'1341500268904','2025-08-02'),(404,2567,'4087',7,7,0,'1341500268904','2025-08-02'),(405,2567,'4088',8,7,0,'1341500268904','2025-08-02'),(406,2567,'4089',9,7,0,'1341500268904','2025-08-02'),(407,2567,'4100',10,7,0,'1341500268904','2025-08-02'),(408,2567,'4108',11,7,0,'1341500268904','2025-08-02'),(409,2567,'4101',1,6,0,'1341500268904','2025-08-02'),(410,2567,'4102',2,6,0,'1341500268904','2025-08-02'),(411,2567,'4103',3,6,0,'1341500268904','2025-08-02'),(412,2567,'4104',4,6,0,'1341500268904','2025-08-02'),(413,2567,'4106',5,6,0,'1341500268904','2025-08-02'),(414,2567,'4109',6,6,0,'1341500268904','2025-08-02'),(415,2567,'4114',7,6,0,'1341500268904','2025-08-02'),(416,2567,'4115',1,5,0,'1341500268904','2025-08-02'),(417,2567,'4116',2,5,0,'1341500268904','2025-08-02'),(418,2567,'4117',3,5,0,'1341500268904','2025-08-02'),(419,2568,'4112',7,9,0,'1341500268904','2025-08-02'),(420,2568,'4134',8,9,0,'1341500268904','2025-08-02'),(421,2568,'4078',12,8,0,'1341500268904','2025-08-02'),(422,2568,'4150',8,5,0,'1341500268904','2025-08-02'),(423,2568,'4116',2,6,0,'1341500268904','2025-08-02'),(424,2568,'4160',5,6,0,'1341500268904','2025-08-02'),(425,2568,'4137',1,4,0,'1341500268904','2025-08-02'),(426,2568,'4138',2,4,0,'1341500268904','2025-08-02'),(427,2568,'4139',3,4,0,'1341500268904','2025-08-02'),(428,2568,'4140',4,4,0,'1341500268904','2025-08-02'),(429,2568,'4142',5,4,0,'1341500268904','2025-08-02'),(430,2568,'4154',1,3,0,'1341500268904','2025-08-02'),(431,2568,'4156',2,3,0,'1341500268904','2025-08-02'),(432,2568,'4152',3,3,0,'1341500268904','2025-08-02'),(433,2568,'4159',4,3,0,'1341500268904','2025-08-02'),(434,2568,'4155',5,3,0,'1341500268904','2025-08-02'),(435,2568,'4158',6,3,0,'1341500268904','2025-08-02'),(436,2568,'4157',7,3,0,'1341500268904','2025-08-02'),(437,2568,'4167',3,2,0,'1341500268904','2025-08-02'),(438,2568,'4166',2,2,0,'1341500268904','2025-08-02'),(439,2568,'4164',1,2,0,'1341500268904','2025-08-02'),(440,2568,'4168',4,2,0,'1341500268904','2025-08-02'),(441,2568,'4170',5,2,0,'1341500268904','2025-08-02'),(442,2568,'4174',6,2,0,'1341500268904','2025-08-02'),(443,2568,'4176',7,2,0,'1341500268904','2025-08-02'),(444,2568,'4171',8,2,0,'1341500268904','2025-08-02'),(445,2568,'4172',9,2,0,'1341500268904','2025-08-02'),(446,2568,'4165',10,2,0,'1341500268904','2025-08-02'),(447,2568,'4173',11,2,0,'1341500268904','2025-08-02'),(448,2568,'4169',12,2,0,'1341500268904','2025-08-02'),(449,2568,'4175',13,2,0,'1341500268904','2025-08-02'),(450,2568,'4177',14,2,0,'1341500268904','2025-08-02'),(451,2568,'4178',15,2,0,'1341500268904','2025-08-02'),(452,2568,'4146',8,9,0,'1341500268904','2025-08-02'),(453,2568,'4057',3,9,0,'1341500268904','2025-08-02'),(454,2568,'4060',4,9,0,'1341500268904','2025-08-02'),(455,2568,'4061',5,9,0,'1341500268904','2025-08-02'),(456,2568,'4062',9,9,0,'1341500268904','2025-08-02'),(457,2568,'4064',10,9,0,'1341500268904','2025-08-02'),(458,2568,'4065',11,9,0,'1341500268904','2025-08-02'),(459,2568,'4092',6,9,0,'1341500268904','2025-08-02'),(460,2568,'4099',7,9,0,'1341500268904','2025-08-02'),(461,2568,'4066',12,9,0,'1341500268904','2025-08-02'),(462,2568,'4067',13,9,0,'1341500268904','2025-08-02'),(463,2568,'4135',14,9,0,'1341500268904','2025-08-02');

--
-- Table structure for table `student_main_edyear`
--

CREATE TABLE `student_main_edyear` (
  `id` int(11) NOT NULL AUTO_INCREMENT,
  `ed_year` int(11) NOT NULL,
  `year_active` tinyint(4) NOT NULL,
  PRIMARY KEY (`id`),
  UNIQUE KEY `ed_year` (`ed_year`)
) ENGINE=MyISAM AUTO_INCREMENT=11 DEFAULT CHARSET=utf8 COLLATE=utf8_general_ci;

--
-- Dumping data for table `student_main_edyear`
--

INSERT INTO `student_main_edyear` VALUES (2,2558,0),(3,2559,0),(4,2561,0),(5,2563,0),(6,2565,0),(7,2564,0),(8,2566,0),(9,2567,0),(10,2568,1);

--
-- Table structure for table `student_main_expand1`
--

CREATE TABLE `student_main_expand1` (
  `id` int(11) NOT NULL AUTO_INCREMENT,
  `person_id` varchar(13) NOT NULL,
  `e_name` varchar(50) NOT NULL,
  `e_surname` varchar(50) NOT NULL,
  `birthday` date NOT NULL,
  `blood` varchar(2) NOT NULL,
  `race` varchar(30) NOT NULL,
  `nationlity` varchar(30) NOT NULL,
  `religion` varchar(30) NOT NULL,
  `rec_date` date NOT NULL,
  PRIMARY KEY (`id`),
  UNIQUE KEY `person_id` (`person_id`)
) ENGINE=MyISAM AUTO_INCREMENT=82 DEFAULT CHARSET=utf8 COLLATE=utf8_general_ci;

--
-- Dumping data for table `student_main_expand1`
--

INSERT INTO `student_main_expand1` VALUES (1,'1102004274821','Chiraprapha','Witthaisong','2011-07-01','','','','','2023-09-18'),(2,'1341501541132','Nichamon','Phetdi','2012-01-09','','','','','2023-09-18'),(3,'1341501536465','Natthakon','Kaeotho','2011-09-07','','','','','2023-09-18'),(4,'1348900270481','Srinya','Rotjhanaakkharaphokin','2011-12-15','','','','','2023-09-18'),(5,'1341501529540','Chakphanra','Tongkaeo','2011-02-21','','','','','2023-09-18'),(6,'1341501529493','Phongsakon','Namsin','2011-02-22','','','','','2023-09-18'),(7,'1349901752090','Wanchai','Chueatham','2011-02-26','','','','','2023-09-18'),(8,'1341501530513','Suwanna','Choenchiyaphum','2011-03-28','','','','','2023-09-18'),(9,'1341501528888','Raksina','Kongsuk','2011-01-27','','','','','2023-09-18'),(10,'1341501527814','Phonwimon','Ritraksa','2010-12-30','','','','','2023-09-18'),(11,'1349901685732','Phupha','Chanphuang','2010-03-05','-','ไทย','ไทย','พุทธ','2020-02-18'),(12,'1341501515735','Setthawut','Suksoem','2009-12-17','-','ไทย','ไทย','พุทธ','2020-02-18'),(13,'1341501516952','Nantipat','Sayvarw','2010-01-26','-','ไทย','ไทย','พุทธ','2020-02-18'),(14,'1349901587030','Watsana','Pattawaeo','2008-10-21','-','ไทย','ไทย','พุทธ','2020-02-18'),(15,'1341501510857','Ramita','Saiyu','2009-05-27','-','ไทย','ไทย','พุทธ','2020-02-18'),(16,'1349901583301','chanachai','mewong','2008-09-29','-','ไทย','ไทย','พุทธ','2020-02-18'),(17,'1341501510555','Atsadawut','Simmasa','2009-05-13','-','ไทย','ไทย','พุทธ','2020-02-18'),(18,'1347600027629','Sitthichai','Amphunan','2008-09-26','-','ไทย','ไทย','พุทธ','2020-02-18'),(19,'1341501507546','Warawut','Chitsamran','2008-12-21','-','ไทย','ไทย','พุทธ','2020-02-18'),(20,'1229901290381','Anut','Patta','2009-05-07','-','ไทย','ไทย','พุทธ','2020-02-18'),(21,'1341501502528','Phawine','Prathan','2008-06-01','-','ไทย','ไทย','พุทธ','2020-02-18'),(22,'1349901574337','Nareerat','Makdee','2008-08-14','-','ไทย','ไทย','พุทธ','2020-02-18'),(23,'1349901516558','Thapphon','Sihawong','2007-10-05','-','ไทย','ไทย','พุทธ','2020-02-18'),(24,'1349901495119','Nontawat','Khotnin','2007-06-19','-','ไทย','ไทย','พุทธ','2020-02-18'),(25,'1349901557335','KUNAKORN','SUSUK','2008-05-08','-','ไทย','ไทย','พุทธ','2020-02-18'),(26,'1349901499173','Chcnchai','Vichetvohan','2007-07-10','-','ไทย','ไทย','พุทธ','2020-02-18'),(27,'1349901532600','Thanyamai','Chueatham','2007-12-24','-','ไทย','ไทย','พุทธ','2020-02-18'),(28,'1341501494622','Prangthip','Changchaiyapum','2007-08-03','-','ไทย','ไทย','พุทธ','2020-02-18'),(29,'1341501492794','Amonkan','Khamkhun','2007-06-05','-','ไทย','ไทย','พุทธ','2020-02-18'),(30,'1349902000385','Sirawit','Bunprasom','2014-09-05','','','','','2024-09-19'),(31,'1341501575649','Kritisak','Sribuaon','2014-12-19','-','ไทย','ไทย','พุทธ','2020-02-18'),(32,'1349902026767','Chayanat','Thongvichien','2015-01-18','-','ไทย','ไทย','พุทธ','2020-02-18'),(33,'1341501572241','Tawan','Sriprom','2014-09-21','-','ไทย','ไทย','พุทธ','2020-02-18'),(34,'1341501579024','Natthawut','Ngamkemklang','2015-03-30','','','','','2024-09-19'),(35,'1341501572321','Pichaiyut','Chaneewong','2014-09-23','-','ไทย','ไทย','พุทธ','2020-02-18'),(36,'1341501576629','Peeratchai','Jitphoka','2015-01-09','','','','','2024-09-19'),(37,'1341501579083','Montanat','Mekbut','2015-03-30','','','','','2024-09-19'),(38,'1341501579075','Monmanat','Mekbut','2015-03-30','','','','','2024-09-19'),(39,'1149901408889','Atsawin','Ongkaruk','2015-03-10','','','','','2024-09-19'),(40,'1678600065448','Chalisa','Saengngam','2015-02-12','','','','','2024-09-19'),(41,'1341501577013','Davika','Phongpaew','2015-01-23','','','','','2024-09-19'),(42,'1341501568766','Pimrapat','Ngamkemklang','2014-06-19','','','','','2024-09-19'),(43,'1309904300068','Suphaporn','Bunsa','2014-12-10','-','ไทย','ไทย','พุทธ','2020-02-18'),(44,'1349901968629','Nonthawat','Bunlop','2014-03-14','','','','','2024-09-19'),(45,'1341501560609','Natthaphon','Sihanan','2013-10-31','','','','','2024-09-19'),(46,'1347600086722','Nanthiphat','Niphrakhan','2013-09-13','','','','','2024-09-19'),(47,'1348900335214','Itthiphat','Rotchana-akkharaphokhin','2014-02-13','','','','','2024-09-19'),(48,'1341501558949','Itsada','Thongthaem','2013-09-18','','','','','2024-09-19'),(49,'1341501566071','Chayanan','Charisaen','2014-04-09','','','','','2024-09-19'),(50,'1341501559317','Natchaya','Kasam','2013-09-26','','','','','2024-09-19'),(51,'1341501564884','Darawan','Saiyu','2014-03-03','','','','','2024-09-19'),(52,'1349901943677','Phonthip','Khotmontri','2013-10-26','','','','','2024-09-19'),(53,'1341501558744','Punnada','Haengtham','2013-09-15','-','ไทย','ไทย','พุทธ','2020-02-18'),(54,'1341501561435','Charinrat','Chanan','2013-11-19','','','','','2023-09-18'),(55,'1341501560587','Yannawi','Tatthong','2013-10-31','-','ไทย','ไทย','พุทธ','2020-02-18'),(56,'1341501560595','Yanitcha','Tatthong','2013-10-31','-','ไทย','ไทย','พุทธ','2020-02-18'),(57,'1341501567468','Phimphisa','Buriwong','2014-05-15','','','','','2023-09-18'),(58,'1341501550841','TANWA','THONGTHAM','2012-12-08','','','','','2024-09-19'),(59,'1341501551286','Sirathi','Chongwarin','2012-12-26','','','','','2024-09-19'),(60,'1341501549877','Kotchaphon','Chanabun','2012-11-05','','','','','2024-09-19'),(61,'1341501548641','Thanyarat','Bunlang','2012-09-24','-','ไทย','ไทย','พุทธ','2020-02-18'),(62,'1349901881531','Benchawan','Chanphuang','2012-11-27','','','','','2024-09-19'),(63,'1341501552096','Phimphisa','Yanaphan','2013-01-24','','','','','2023-09-18'),(64,'1349901904264','Athitaya','Sirikan','2013-03-24','','','','','2024-09-19'),(65,'1349901827561','Wirachai','Ritraksa','2012-03-16','','','','','2023-09-18'),(66,'1349901825054','Simangkon','Bupphasing','2012-03-01','','','','','2023-09-18'),(67,'1349901808320','Phatcharapha','Thongon','2011-12-05','','','','','2023-09-18'),(68,'1349901590618','Bunya','Namhoog','2008-11-07','-','ไทย','ไทย','พุทธ','2020-02-18'),(69,'1349901655931','Suriya','Prapphai','2009-10-11','-','ไทย','ไทย','พุทธ','2020-02-18'),(70,'1341501516413','sornsicha','wattanasook','2010-01-06','-','ไทย','ไทย','พุทธ','2020-02-18'),(71,'1341501505802','Preecha','Bunyapoo','2008-10-18','-','ไทย','ไทย','พุทธ','2020-02-18'),(72,'1149901062346','Thoetsak','Nunamkham','2008-08-28','-','ไทย','ไทย','พุทธ','2020-02-18'),(73,'1349901498321','JIRAPA','HNUNUMCOME','2007-07-07','-','ไทย','ไทย','พุทธ','2020-02-18'),(74,'1349902089394','Pimnapa','Burakham','2016-01-09','','','','','2024-09-19'),(75,'1341501584435','Warawut','Puiphat','2015-09-05','','','','','2024-09-19'),(76,'1341501590044','Arinchi','Thongaon','2015-12-30','','','','','2024-09-19'),(77,'1341501594040','Boonyawat','Seilert','2016-04-25','','','','','2024-09-19'),(78,'1341501593345','Chutikan','Wongkapan','2016-04-02','','','','','2024-09-19'),(79,'1341501580332','Peerapat','Rotchanaakkharaphochin','2015-05-14','','','','','2024-09-19'),(80,'1349901926101','Wutthipat','Rampeungwong','2013-07-26','','','','','2024-09-19'),(81,'1341501539014','Natpaphat','Suebpeng','2011-11-14','','','','','2023-09-18');

--
-- Table structure for table `student_main_permission`
--

CREATE TABLE `student_main_permission` (
  `id` int(11) NOT NULL AUTO_INCREMENT,
  `person_id` varchar(13) NOT NULL,
  `p1` tinyint(4) NOT NULL,
  `officer` varchar(13) NOT NULL,
  `rec_date` date NOT NULL,
  PRIMARY KEY (`id`)
) ENGINE=MyISAM AUTO_INCREMENT=5 DEFAULT CHARSET=utf8 COLLATE=utf8_general_ci;

--
-- Dumping data for table `student_main_permission`
--

INSERT INTO `student_main_permission` VALUES (4,'1341500274041',1,'1341500268904','2024-09-19'),(3,'1341500268904',1,'1341500268904','2024-09-19');

--
-- Table structure for table `system_ed_year`
--

CREATE TABLE `system_ed_year` (
  `id` int(11) NOT NULL AUTO_INCREMENT,
  `ed_year` int(11) NOT NULL,
  `active_ed_year` tinyint(4) NOT NULL,
  PRIMARY KEY (`id`),
  UNIQUE KEY `ed_year` (`ed_year`)
) ENGINE=MyISAM DEFAULT CHARSET=utf8 COLLATE=utf8_general_ci;

--
-- Dumping data for table `system_ed_year`
--


--
-- Table structure for table `system_export_list`
--

CREATE TABLE `system_export_list` (
  `id` int(11) NOT NULL AUTO_INCREMENT,
  `data_name` varchar(50) NOT NULL,
  `thai_dataname` varchar(100) NOT NULL,
  PRIMARY KEY (`id`),
  UNIQUE KEY `data_name` (`data_name`)
) ENGINE=MyISAM AUTO_INCREMENT=7 DEFAULT CHARSET=utf8 COLLATE=utf8_general_ci;

--
-- Dumping data for table `system_export_list`
--

INSERT INTO `system_export_list` VALUES (1,'person','ข้อมูลครูและบุคลากร'),(2,'student','ข้อมูลพื้นฐานนักเรียน'),(3,'onet','ผลสอบ O-NET'),(4,'plan','แผนปฏิบัติการประจำปี'),(5,'student_check','การมาเรียน'),(6,'health','สุขภาพผู้เรียน');

--
-- Table structure for table `system_export_log`
--

CREATE TABLE `system_export_log` (
  `id` int(11) NOT NULL AUTO_INCREMENT,
  `computer_ip` varchar(25) NOT NULL,
  `requester` varchar(50) NOT NULL,
  `login_time` datetime NOT NULL,
  `data` varchar(20) NOT NULL,
  PRIMARY KEY (`id`)
) ENGINE=MyISAM AUTO_INCREMENT=196 DEFAULT CHARSET=utf8 COLLATE=utf8_general_ci;

--
-- Dumping data for table `system_export_log`
--

INSERT INTO `system_export_log` VALUES (1,'61.19.124.234','amssplus','2018-09-14 12:32:08','person'),(2,'61.19.124.234','amssplus','2018-09-14 13:10:52','person'),(3,'61.19.124.234','amssplus','2018-09-15 09:51:19','person'),(4,'61.19.124.234','amssplus','2018-10-05 06:19:02','person'),(5,'61.19.124.234','amssplus','2018-10-12 04:27:34','student'),(6,'127.0.0.1','amssplus','2019-02-21 06:24:39','student'),(7,'61.19.124.234','amssplus','2019-03-06 04:55:51','student'),(8,'61.19.124.234','amssplus','2019-03-06 04:56:24','student'),(9,'61.19.124.234','amssplus','2019-03-06 04:56:33','student'),(10,'61.19.124.234','amssplus','2019-03-06 04:56:36','student'),(11,'61.19.124.234','amssplus','2019-03-06 14:09:57','plan'),(12,'61.19.124.234','amssplus','2019-03-06 14:10:01','plan'),(13,'172.16.1.7','amssplus','2019-04-02 09:27:05','student'),(14,'172.16.1.7','amssplus','2019-04-02 09:27:07','student'),(15,'61.19.124.234','amssplus','2019-08-19 04:51:52','student'),(16,'61.19.124.234','amssplus','2019-08-22 20:11:20','health'),(17,'61.19.124.234','amssplus','2019-08-22 20:13:30','health'),(18,'61.19.124.234','amssplus','2019-08-22 20:27:08','health'),(19,'127.0.0.1','amssplus','2019-08-23 14:07:54','health'),(20,'127.0.0.1','amssplus','2019-08-23 14:08:42','health'),(21,'127.0.0.1','amssplus','2019-08-23 14:08:43','health'),(22,'127.0.0.1','amssplus','2019-08-23 14:08:51','health'),(23,'127.0.0.1','amssplus','2019-08-23 14:08:52','health'),(24,'127.0.0.1','amssplus','2019-08-23 14:09:09','health'),(25,'127.0.0.1','amssplus','2019-08-23 14:10:52','health'),(26,'61.19.124.234','amssplus','2019-10-08 13:12:14','student_check'),(27,'61.19.124.234','amssplus','2019-11-18 13:41:33','student_check'),(28,'61.19.124.234','amssplus','2019-11-18 13:41:37','student_check'),(29,'61.19.124.234','amssplus','2019-11-18 13:41:42','student_check'),(30,'61.19.124.234','amssplus','2019-11-18 13:41:45','student_check'),(31,'122.155.223.9','amssplus','2019-12-03 20:44:38','health'),(32,'122.155.223.9','amssplus','2019-12-03 20:44:42','health'),(33,'122.155.223.9','amssplus','2020-02-20 12:47:31','student'),(34,'122.155.223.9','amssplus','2020-02-21 06:52:36','student'),(35,'122.155.223.9','amssplus','2020-02-21 06:52:48','student'),(36,'127.0.0.1','amssplus','2020-02-22 10:53:53','student'),(37,'122.155.223.9','amssplus','2020-03-30 10:51:30','student_check'),(38,'122.155.223.9','amssplus','2020-06-08 15:11:52','student'),(39,'122.155.223.9','amssplus','2020-06-08 15:11:54','student'),(40,'122.155.223.9','amssplus','2020-06-08 15:11:59','student'),(41,'122.155.223.9','amssplus','2020-06-08 15:12:40','student'),(42,'122.155.223.9','amssplus','2020-06-10 12:18:10','plan'),(43,'122.155.223.9','amssplus','2020-08-03 09:11:59','student'),(44,'122.155.223.9','amssplus','2020-08-03 09:18:06','student'),(45,'122.155.223.9','amssplus','2020-08-03 09:32:27','student'),(46,'122.155.223.9','amssplus','2020-08-05 08:31:27','student'),(47,'122.155.223.9','amssplus','2020-08-05 09:57:40','student'),(48,'192.168.1.6','amssplus','2021-05-29 11:02:18','student'),(49,'192.168.1.6','amssplus','2021-05-29 11:03:37','student'),(50,'192.168.1.6','amssplus','2021-05-29 11:54:13','student'),(51,'192.168.1.6','amssplus','2021-05-29 11:57:10','student'),(52,'192.168.1.6','amssplus','2021-05-29 11:58:12','student'),(53,'192.168.1.6','amssplus','2021-05-29 12:12:46','student'),(54,'192.168.1.6','amssplus','2021-05-29 12:21:56','student'),(55,'192.168.1.6','amssplus','2021-05-29 12:23:42','student'),(56,'192.168.1.6','amssplus','2021-05-29 12:43:50','student'),(57,'192.168.1.6','amssplus','2021-05-29 12:50:37','student'),(58,'192.168.1.6','amssplus','2021-05-29 12:57:12','student'),(59,'192.168.1.6','amssplus','2021-05-29 12:58:17','student'),(60,'192.168.1.6','amssplus','2021-05-29 14:27:30','student'),(61,'192.168.1.6','amssplus','2021-05-29 14:28:32','student'),(62,'192.168.1.6','amssplus','2021-05-29 14:29:10','student'),(63,'192.168.1.6','amssplus','2021-05-29 14:31:43','student'),(64,'10.1.1.3','amssplus','2021-10-06 10:31:12','student'),(65,'10.1.1.3','amssplus','2021-10-11 10:16:31','student'),(66,'10.1.1.3','amssplus','2021-10-25 23:44:03','health'),(67,'10.1.1.3','amssplus','2021-10-25 23:44:27','health'),(68,'10.1.1.3','amssplus','2021-12-28 18:23:27','student'),(69,'10.1.1.3','amssplus','2021-12-28 18:24:00','student'),(70,'10.1.1.3','amssplus','2022-09-06 16:06:56','student'),(71,'10.1.1.3','amssplus','2022-09-06 16:12:23','student'),(72,'10.1.1.3','amssplus','2022-09-15 11:11:46','student'),(73,'10.1.1.3','amssplus','2022-09-17 11:11:06','student'),(74,'10.1.1.3','amssplus','2022-09-19 09:23:14','student'),(75,'10.1.1.3','amssplus','2022-09-19 10:57:00','student'),(76,'','amssplus','2023-01-02 14:23:31','student_check'),(77,'','amssplus','2023-01-02 17:52:51','student_check'),(78,'','amssplus','2023-01-02 17:54:27','student_check'),(79,'','amssplus','2023-01-02 17:55:01','student_check'),(80,'10.1.1.3','amssplus','2023-01-22 00:19:33','student'),(81,'127.0.0.1','amssplus','2023-02-16 09:21:19','student_check'),(82,'127.0.0.1','amssplus','2023-02-16 09:22:06','student_check'),(83,'127.0.0.1','amssplus','2023-02-16 09:33:00','student_check'),(84,'10.1.1.3','amssplus','2023-04-05 09:48:09','student_check'),(85,'10.1.1.3','amssplus','2023-04-05 22:38:02','student_check'),(86,'10.1.1.3','amssplus','2023-04-06 10:24:15','student_check'),(87,'10.1.1.3','amssplus','2023-04-06 10:25:06','student_check'),(88,'10.1.1.3','amssplus','2023-04-06 10:47:27','student_check'),(89,'127.0.0.1','amssplus','2023-04-06 13:12:58','student_check'),(90,'10.1.1.3','amssplus','2023-04-06 13:13:41','student_check'),(91,'10.1.1.3','amssplus','2023-05-12 16:24:18','plan'),(92,'10.1.1.3','amssplus','2023-06-15 10:20:12','student_check'),(93,'10.1.1.3','amssplus','2023-06-15 10:56:45','student'),(94,'10.1.1.3','amssplus','2023-06-16 15:16:47','student'),(95,'10.1.1.3','amssplus','2023-07-04 11:26:01','student'),(96,'127.0.0.1','amssplus','2023-07-09 13:16:51','student_check'),(97,'127.0.0.1','amssplus','2023-07-09 13:18:55','student_check'),(98,'127.0.0.1','amssplus','2023-07-09 13:19:44','student_check'),(99,'127.0.0.1','amssplus','2023-07-09 13:20:11','student_check'),(100,'127.0.0.1','amssplus','2023-07-09 13:20:43','student_check'),(101,'127.0.0.1','amssplus','2023-07-09 13:21:37','student_check'),(102,'127.0.0.1','amssplus','2023-07-09 13:21:42','student_check'),(103,'127.0.0.1','amssplus','2023-07-09 13:27:55','student_check'),(104,'127.0.0.1','amssplus','2023-07-09 13:29:10','student_check'),(105,'127.0.0.1','amssplus','2023-07-09 13:31:11','student_check'),(106,'127.0.0.1','amssplus','2023-07-09 13:36:09','student_check'),(107,'127.0.0.1','amssplus','2023-07-09 13:37:15','student_check'),(108,'127.0.0.1','amssplus','2023-07-09 13:37:37','student_check'),(109,'127.0.0.1','amssplus','2023-07-09 13:39:09','student_check'),(110,'127.0.0.1','amssplus','2023-07-09 13:41:16','student_check'),(111,'127.0.0.1','amssplus','2023-07-09 13:42:37','student_check'),(112,'127.0.0.1','amssplus','2023-07-09 13:43:36','student_check'),(113,'127.0.0.1','amssplus','2023-07-09 13:47:31','student_check'),(114,'127.0.0.1','amssplus','2023-07-09 13:59:28','student_check'),(115,'127.0.0.1','amssplus','2023-07-09 14:08:11','student_check'),(116,'127.0.0.1','amssplus','2023-07-09 14:17:22','student_check'),(117,'127.0.0.1','amssplus','2023-07-11 07:57:48','student_check'),(118,'127.0.0.1','amssplus','2023-07-11 07:59:58','student_check'),(119,'127.0.0.1','amssplus','2023-07-11 08:12:59','student_check'),(120,'127.0.0.1','amssplus','2023-07-11 08:13:49','student_check'),(121,'127.0.0.1','amssplus','2023-07-11 08:14:40','student_check'),(122,'127.0.0.1','amssplus','2023-07-26 11:51:13','student_check'),(123,'127.0.0.1','amssplus','2023-07-26 13:31:25','student_check'),(124,'127.0.0.1','amssplus','2023-07-26 13:58:22','student_check'),(125,'127.0.0.1','amssplus','2023-07-26 14:00:08','student_check'),(126,'127.0.0.1','amssplus','2023-07-26 14:01:42','student_check'),(127,'127.0.0.1','amssplus','2023-07-26 14:52:24','student_check'),(128,'127.0.0.1','amssplus','2023-07-26 14:58:00','student_check'),(129,'127.0.0.1','amssplus','2023-07-26 15:02:41','student_check'),(130,'127.0.0.1','amssplus','2023-07-26 15:08:42','student_check'),(131,'127.0.0.1','amssplus','2023-07-26 15:10:36','student_check'),(132,'127.0.0.1','amssplus','2023-07-26 15:11:35','student_check'),(133,'127.0.0.1','amssplus','2023-07-26 15:18:11','student_check'),(134,'127.0.0.1','amssplus','2023-07-26 15:21:59','student_check'),(135,'127.0.0.1','amssplus','2023-07-26 15:26:58','student_check'),(136,'127.0.0.1','amssplus','2023-07-26 15:30:38','student_check'),(137,'127.0.0.1','amssplus','2023-07-26 15:31:45','student_check'),(138,'127.0.0.1','amssplus','2023-07-26 15:32:42','student_check'),(139,'127.0.0.1','amssplus','2023-07-26 15:45:19','student_check'),(140,'127.0.0.1','amssplus','2023-07-26 15:48:33','student_check'),(141,'127.0.0.1','amssplus','2023-07-26 15:50:30','student_check'),(142,'127.0.0.1','amssplus','2023-07-26 15:52:17','student_check'),(143,'127.0.0.1','amssplus','2023-07-26 15:56:49','student_check'),(144,'127.0.0.1','amssplus','2023-07-26 17:13:28','student_check'),(145,'127.0.0.1','amssplus','2023-07-26 17:19:17','student_check'),(146,'127.0.0.1','amssplus','2023-07-26 17:26:09','student_check'),(147,'127.0.0.1','amssplus','2023-07-26 17:27:44','student_check'),(148,'127.0.0.1','amssplus','2023-07-26 17:41:47','student_check'),(149,'10.1.1.3','amssplus','2023-08-24 09:05:21','student_check'),(150,'10.1.1.3','amssplus','2023-08-31 09:02:38','student_check'),(151,'10.1.1.3','amssplus','2023-08-31 09:03:18','student_check'),(152,'10.1.1.3','amssplus','2023-08-31 09:03:38','student_check'),(153,'10.1.1.3','amssplus','2023-09-15 20:09:13','student'),(154,'10.1.1.3','amssplus','2023-09-20 11:02:42','student'),(155,'10.1.1.3','amssplus','2023-09-20 11:03:57','student'),(156,'127.0.0.1','amssplus','2023-10-03 13:00:36','student_check'),(157,'127.0.0.1','amssplus','2023-10-08 09:16:13','student_check'),(158,'127.0.0.1','amssplus','2023-10-08 13:29:24','student_check'),(159,'127.0.0.1','amssplus','2023-10-08 13:30:35','student_check'),(160,'127.0.0.1','amssplus','2023-10-08 13:30:42','student_check'),(161,'127.0.0.1','amssplus','2023-10-08 13:31:43','student_check'),(162,'127.0.0.1','amssplus','2023-10-08 13:32:05','student_check'),(163,'','amssplus','2023-10-25 14:28:33','student_check'),(164,'','amssplus','2023-10-25 14:28:45','student_check'),(165,'','amssplus','2023-10-25 14:28:47','student_check'),(166,'10.255.199.107','amssplus','2023-11-29 08:55:47','student_check'),(167,'10.255.199.107','amssplus','2023-12-15 12:15:49','student_check'),(168,'10.255.199.107','amssplus','2024-01-25 03:50:21','student_check'),(169,'10.255.199.107','amssplus','2024-06-10 11:58:11','student'),(170,'10.255.199.107','amssplus','2024-06-10 12:31:41','student'),(171,'10.255.199.107','amssplus','2024-06-14 10:45:50','student'),(172,'10.255.199.107','amssplus','2024-06-14 10:52:03','student'),(173,'10.255.199.107','amssplus','2024-06-17 04:37:31','person'),(174,'10.255.199.107','amssplus','2024-06-17 04:39:47','person'),(175,'10.255.199.107','amssplus','2024-06-20 04:51:34','student_check'),(176,'10.255.199.107','amssplus','2024-06-20 07:55:35','student'),(177,'10.255.199.107','amssplus','2024-08-09 02:27:01','person'),(178,'10.255.199.107','amssplus','2024-08-09 02:27:21','person'),(179,'10.255.199.107','amssplus','2024-09-19 04:23:27','student'),(180,'10.255.199.107','amssplus','2025-03-11 07:57:41','student_check'),(181,'10.255.199.107','amssplus','2025-03-11 07:58:04','student_check'),(182,'10.255.199.107','amssplus','2025-03-28 01:48:36','student_check'),(183,'10.255.199.107','amssplus','2025-05-29 08:10:00','person'),(184,'10.255.199.107','amssplus','2025-05-29 08:12:47','person'),(185,'10.255.199.107','amssplus','2025-06-08 04:32:44','student'),(186,'10.255.199.107','amssplus','2025-07-22 03:24:06','student'),(187,'10.255.199.107','amssplus','2025-07-30 08:33:26','student_check'),(188,'10.255.199.107','amssplus','2025-08-01 22:22:45','student_check'),(189,'10.255.199.107','amssplus','2025-08-01 22:22:49','student_check'),(190,'10.255.199.107','amssplus','2025-08-06 07:34:27','student'),(191,'10.255.199.107','amssplus','2025-08-14 02:32:36','person'),(192,'10.255.199.107','amssplus','2025-08-18 02:44:17','student'),(193,'10.255.199.107','amssplus','2025-08-29 02:40:16','student_check'),(194,'10.255.199.107','amssplus','2025-09-13 05:43:36','student_check'),(195,'10.255.199.107','amssplus','2025-09-13 05:54:44','student_check');

--
-- Table structure for table `system_export_permission`
--

CREATE TABLE `system_export_permission` (
  `id` int(11) NOT NULL AUTO_INCREMENT,
  `requester` varchar(50) NOT NULL,
  `data_name` varchar(50) NOT NULL,
  `status` tinyint(4) NOT NULL DEFAULT 0,
  PRIMARY KEY (`id`)
) ENGINE=MyISAM AUTO_INCREMENT=7 DEFAULT CHARSET=utf8 COLLATE=utf8_general_ci;

--
-- Dumping data for table `system_export_permission`
--

INSERT INTO `system_export_permission` VALUES (1,'amssplus','plan',1),(2,'amssplus','onet',1),(3,'amssplus','student',1),(4,'amssplus','person',1),(5,'amssplus','student_check',1),(6,'amssplus','health',1);

--
-- Table structure for table `system_module`
--

CREATE TABLE `system_module` (
  `id` int(11) NOT NULL AUTO_INCREMENT,
  `module` varchar(50) NOT NULL,
  `module_desc` varchar(100) NOT NULL,
  `workgroup` tinyint(4) DEFAULT NULL,
  `module_active` tinyint(4) DEFAULT NULL,
  `module_order` int(11) NOT NULL,
  `web_link` tinyint(4) DEFAULT NULL,
  `url` varchar(150) DEFAULT NULL,
  `where_work` tinyint(4) NOT NULL DEFAULT 0,
  `menu_pic` varchar(25) NOT NULL,
  PRIMARY KEY (`id`)
) ENGINE=MyISAM AUTO_INCREMENT=114 DEFAULT CHARSET=utf8 COLLATE=utf8_general_ci;

--
-- Dumping data for table `system_module`
--

INSERT INTO `system_module` VALUES (1,'budget','การเงินและบัญชี',2,1,25,NULL,NULL,0,'fab fa-btc'),(32,'person','ข้อมูลพื้นฐานครูและบุคลากร',3,1,29,0,'',0,'fa fa-user-circle'),(36,'standard','มาตรฐานการศึกษา',1,1,21,NULL,NULL,0,''),(49,'health','ตรวจสุขภาพนักเรียน',1,1,5,NULL,NULL,1,''),(50,'student_check','การมาเรียน',1,1,1,0,'',0,'fa fa-child'),(70,'work','﻿การปฏิบัติราชการ',4,1,47,NULL,NULL,0,''),(48,'savings','ออมทรัพย์นักเรียน',1,1,3,NULL,NULL,1,'fab fa-btc'),(45,'student_main','ข้อมูลพื้นฐานนักเรียน',1,1,7,NULL,NULL,0,'fa fa-child'),(47,'plan','การวางแผน',2,1,23,NULL,NULL,0,''),(73,'la','﻿การลา',4,1,45,NULL,NULL,0,''),(80,'mail','ไปรษณีย์_โรงเรียน',4,1,36,0,'',0,'fa fa-envelope'),(75,'meeting','﻿จองห้องประชุม',4,1,49,NULL,NULL,0,''),(76,'permission','﻿ขออนุญาตไปราชการ',4,1,43,NULL,NULL,0,''),(81,'achievement','﻿ผลสัมฤทธิ์ทางการเรียน',1,1,19,NULL,NULL,0,'fa fa-graduation-cap'),(83,'cabinet','﻿ตู้เอกสาร',4,1,51,NULL,NULL,0,''),(99,'bookregister','﻿ทะเบียนหนังสือราชการ',4,1,33,0,'',0,'fa fa-book'),(100,'bets','ทดสอบการศึกษา_โรงเรียน',1,1,9,NULL,NULL,1,'fa fa-graduation-cap'),(101,'affair','﻿ภารกิจผู้อำนวยการ',4,1,41,0,'',0,''),(102,'amss_bets','﻿ทดสอบการศึกษา_สพท.',1,1,11,0,'',1,'fa fa-graduation-cap'),(103,'amss_budget','﻿การบริหารงบประมาณ_สพท.',2,1,27,0,'',0,'fab fa-btc'),(104,'amss_mail','﻿ไปรษณีย์_สพท.',4,1,37,0,'',0,'fa fa-envelope'),(105,'amss_opportunity','﻿สิทธิและโอกาสทางการศึกษา',1,1,15,0,'',0,'fa fa-child'),(106,'amss_spacial_student','﻿นักเรียนพิเศษ',1,1,17,0,'',0,'fa fa-child'),(107,'amss_supervision','﻿นิเทศ ติดตาม ประเมินผล',1,1,13,0,'',1,'fa fa-graduation-cap'),(108,'book','﻿รับส่งหนังสือราชการ',4,1,35,0,'',0,'fa fa-book'),(109,'delegate','﻿รักษาการในตำแหน่ง',3,1,31,0,'',0,''),(110,'warroom','﻿วิเคราะห์สภาพการณ์',1,1,0,0,'',0,'fa fa-filter'),(111,'questionnaire','﻿แบบสอบถาม',4,1,0,0,'',0,''),(112,'idplan','﻿ข้อมูลครูและบุคลากร(ส่วนเพิ่ม)',3,1,0,0,'',0,''),(113,'amss_safety','สถานศึกษาปลอดภัย',1,1,0,0,'',0,'');

--
-- Table structure for table `system_module_admin`
--

CREATE TABLE `system_module_admin` (
  `id` int(11) NOT NULL AUTO_INCREMENT,
  `person_id` varchar(13) NOT NULL,
  `module` varchar(30) NOT NULL,
  `officer` varchar(13) NOT NULL,
  `rec_date` date NOT NULL,
  PRIMARY KEY (`id`)
) ENGINE=MyISAM AUTO_INCREMENT=105 DEFAULT CHARSET=utf8 COLLATE=utf8_general_ci;

--
-- Dumping data for table `system_module_admin`
--

INSERT INTO `system_module_admin` VALUES (1,'3349900312548','student_main','7777','2015-10-26'),(2,'3300100477340','achievement','7777','2015-10-27'),(3,'3300100477340','bets','7777','2015-10-27'),(5,'3730400219946','budget','7777','2015-10-27'),(6,'3330401200746','cabinet','7777','2015-10-27'),(7,'3341500759831','health','7777','2015-10-27'),(8,'3341500250408','la','7777','2015-10-27'),(9,'3330401200746','mail','7777','2015-10-27'),(10,'3349900312548','meeting','7777','2015-10-27'),(11,'3341500250408','permission','7777','2015-10-27'),(12,'3341500250408','person','7777','2015-10-27'),(13,'3349900958880','plan','3330401200746','2015-10-27'),(14,'3349800091337','savings','3330401200746','2015-10-27'),(15,'3349900958880','standard','3330401200746','2015-10-27'),(16,'3300100477340','student_check','3330401200746','2015-10-27'),(17,'3300100477340','student_main','3330401200746','2015-10-27'),(18,'3341500250408','work','3330401200746','2015-10-27'),(19,'3330401200746','achievement','3330401200746','2015-10-27'),(20,'3330401200746','bets','3330401200746','2015-10-27'),(21,'3330401200746','budget','3330401200746','2015-10-27'),(22,'3330401200746','health','3330401200746','2015-10-27'),(23,'3349900312548','la','7777','2015-10-27'),(24,'3330401200746','meeting','3330401200746','2015-10-27'),(25,'3330401200746','permission','3330401200746','2015-10-27'),(26,'3330401200746','person','3330401200746','2015-10-27'),(27,'3330401200746','plan','3330401200746','2015-10-27'),(28,'3330401200746','savings','3330401200746','2015-10-27'),(29,'3330401200746','standard','3330401200746','2015-10-27'),(92,'1349900730998','amss_mail','7777','2020-08-19'),(31,'3330401200746','student_main','3330401200746','2015-10-27'),(32,'3349900312548','work','7777','2015-10-27'),(33,'3349900312548','student_check','7777','2015-10-27'),(34,'3349900958880','achievement','7777','2015-10-27'),(35,'3349900312548','savings','7777','2015-10-27'),(36,'3341500759831','health','7777','2015-10-27'),(37,'3341500250408','bookregister','7777','2015-10-27'),(38,'3330401200746','bookregister','7777','2015-10-27'),(39,'3330401200746','book','3330401200746','2018-10-01'),(40,'1349900565148','achievement','1349900565148','2018-11-01'),(41,'1349900565148','affair','1349900565148','2018-11-01'),(42,'1349900565148','amss_bets','1349900565148','2018-11-01'),(43,'1349900565148','amss_budget','1349900565148','2018-11-01'),(44,'1349900565148','amss_mail','1349900565148','2018-11-01'),(45,'1349900565148','amss_opportunity','1349900565148','2018-11-01'),(46,'1349900565148','amss_spacial_student','1349900565148','2018-11-01'),(91,'1349900784460','student_check','7777','2020-08-19'),(48,'1349900565148','bets','1349900565148','2018-11-01'),(49,'1349900565148','book','1349900565148','2018-11-01'),(50,'1349900565148','bookregister','1349900565148','2018-11-01'),(51,'1349900565148','budget','1349900565148','2018-11-01'),(52,'1349900565148','cabinet','1349900565148','2018-11-01'),(53,'1349900565148','delegate','1349900565148','2018-11-01'),(54,'1349900565148','health','1349900565148','2018-11-01'),(55,'1349900565148','la','1349900565148','2018-11-01'),(56,'1349900565148','mail','1349900565148','2018-11-01'),(57,'1349900565148','meeting','1349900565148','2018-11-01'),(58,'1349900565148','permission','1349900565148','2018-11-01'),(59,'1349900565148','person','1349900565148','2018-11-01'),(60,'1349900565148','plan','1349900565148','2018-11-01'),(61,'1349900565148','savings','1349900565148','2018-11-01'),(62,'1349900565148','standard','1349900565148','2018-11-01'),(88,'1349900730998','student_check','7777','2020-08-19'),(64,'1349900565148','student_main','1349900565148','2018-11-01'),(65,'1349900565148','work','1349900565148','2018-11-01'),(90,'1104200018176','student_check','7777','2020-08-19'),(89,'1349900509728','student_check','7777','2020-08-19'),(68,'3349900958880','student_check','1349900565148','2019-12-04'),(69,'3730400219946','student_check','1349900565148','2019-12-04'),(70,'1341500268904','book','7777','2020-07-30'),(71,'1349900730998','amss_supervision','7777','2020-07-31'),(72,'3300100477340','amss_supervision','7777','2020-07-31'),(73,'1104200018176','amss_supervision','7777','2020-07-31'),(74,'3349900312548','amss_supervision','7777','2020-07-31'),(75,'1341500268904','amss_supervision','7777','2020-07-31'),(76,'3349900958880','amss_supervision','7777','2020-07-31'),(77,'1349900509728','amss_supervision','7777','2020-07-31'),(78,'3730400219946','amss_supervision','7777','2020-07-31'),(79,'1349900784460','amss_supervision','7777','2020-07-31'),(80,'1341500268904','achievement','7777','2020-08-05'),(81,'1341500268904','amss_bets','7777','2020-08-05'),(82,'1341500268904','amss_mail','7777','2020-08-05'),(83,'1341500268904','amss_opportunity','7777','2020-08-05'),(84,'1341500268904','student_main','7777','2020-08-05'),(85,'1341500268904','warroom','7777','2020-08-05'),(86,'1341500268904','student_check','7777','2020-08-05'),(87,'1341500268904','health','7777','2020-08-05'),(93,'1341500274041','achievement','1341500268904','2020-10-14'),(94,'1341500274041','amss_bets','1341500268904','2020-10-14'),(95,'1341500274041','amss_mail','1341500268904','2020-10-14'),(96,'1341500274041','amss_opportunity','1341500268904','2020-10-14'),(97,'1341500274041','amss_spacial_student','1341500268904','2020-10-14'),(98,'1341500274041','amss_supervision','1341500268904','2020-10-14'),(99,'1341500274041','bets','1341500268904','2020-10-14'),(100,'1341500274041','book','1341500268904','2020-10-14'),(101,'1341500274041','student_check','1341500268904','2020-10-14'),(102,'1341500274041','warroom','1341500268904','2020-10-14'),(103,'3349900312548','budget','1341500268904','2020-11-14'),(104,'3349900312548','plan','1341500268904','2020-11-14');

--
-- Table structure for table `system_school_name`
--

CREATE TABLE `system_school_name` (
  `id` tinyint(4) NOT NULL,
  `school_name` varchar(200) NOT NULL,
  `school_type` tinyint(4) NOT NULL DEFAULT 0
) ENGINE=MyISAM DEFAULT CHARSET=utf8 COLLATE=utf8_general_ci;

--
-- Dumping data for table `system_school_name`
--

INSERT INTO `system_school_name` VALUES (1,'โรงเรียนบ้านท่าข้องเหล็ก',0);

--
-- Table structure for table `system_sync_code`
--

CREATE TABLE `system_sync_code` (
  `id` tinyint(4) NOT NULL AUTO_INCREMENT,
  `office_code` varchar(10) NOT NULL,
  `system_name` varchar(50) NOT NULL,
  `sync_code` varchar(50) NOT NULL,
  `amssplus_url` varchar(100) NOT NULL,
  PRIMARY KEY (`id`),
  UNIQUE KEY `system_name` (`system_name`)
) ENGINE=MyISAM AUTO_INCREMENT=5 DEFAULT CHARSET=utf8 COLLATE=utf8_general_ci;

--
-- Dumping data for table `system_sync_code`
--

INSERT INTO `system_sync_code` VALUES (4,'34040004','amssplus','34040004','http://10.255.199.107/amssplus');

--
-- Table structure for table `system_version`
--

CREATE TABLE `system_version` (
  `id` int(11) NOT NULL AUTO_INCREMENT,
  `smss_version` varchar(100) NOT NULL,
  `status1` int(11) DEFAULT NULL,
  `status2` int(11) DEFAULT NULL,
  `status3` int(11) DEFAULT NULL,
  `status4` int(11) DEFAULT NULL,
  `status5` int(11) DEFAULT NULL,
  PRIMARY KEY (`id`)
) ENGINE=MyISAM AUTO_INCREMENT=2 DEFAULT CHARSET=utf8 COLLATE=utf8_general_ci;

--
-- Dumping data for table `system_version`
--

INSERT INTO `system_version` VALUES (1,'6.4',1,0,0,0,0);

--
-- Table structure for table `system_workgroup`
--

CREATE TABLE `system_workgroup` (
  `id` tinyint(4) NOT NULL AUTO_INCREMENT,
  `workgroup` tinyint(4) NOT NULL,
  `workgroup_desc` varchar(50) NOT NULL,
  `workgroup_order` int(11) NOT NULL,
  PRIMARY KEY (`id`),
  UNIQUE KEY `workgroup` (`workgroup`)
) ENGINE=MyISAM AUTO_INCREMENT=5 DEFAULT CHARSET=utf8 COLLATE=utf8_general_ci;

--
-- Dumping data for table `system_workgroup`
--

INSERT INTO `system_workgroup` VALUES (1,1,'บริหารวิชาการ',2),(2,2,'บริหารงบประมาณ',6),(3,3,'บริหารงานบุคคล',8),(4,4,'บริหารทั่วไป',1);

--
-- Table structure for table `work_main`
--

CREATE TABLE `work_main` (
  `id` int(11) NOT NULL AUTO_INCREMENT,
  `work_date` date NOT NULL,
  `person_id` varchar(13) NOT NULL,
  `work` tinyint(4) NOT NULL DEFAULT 0,
  `comment` varchar(150) DEFAULT NULL,
  `rec_date` datetime NOT NULL,
  `officer` varchar(13) NOT NULL,
  PRIMARY KEY (`id`),
  KEY `work_date` (`work_date`),
  KEY `person_id` (`person_id`)
) ENGINE=MyISAM AUTO_INCREMENT=708 DEFAULT CHARSET=utf8 COLLATE=utf8_general_ci;

--
-- Dumping data for table `work_main`
--

INSERT INTO `work_main` VALUES (1,'2015-10-27','3349900312548',2,NULL,'2015-10-27 14:05:52','3330401200746'),(2,'2015-10-27','3349800091337',2,NULL,'2015-10-27 14:05:52','3330401200746'),(3,'2015-10-27','3730400219946',2,NULL,'2015-10-27 14:05:52','3330401200746'),(4,'2015-10-27','3349900958880',2,NULL,'2015-10-27 14:05:52','3330401200746'),(5,'2015-10-27','3300100477340',2,NULL,'2015-10-27 14:05:52','3330401200746'),(6,'2015-10-27','3341500759831',2,NULL,'2015-10-27 14:05:52','3330401200746'),(7,'2015-10-27','3341500250408',2,NULL,'2015-10-27 14:05:52','3330401200746'),(8,'2015-10-27','3349900966891',2,NULL,'2015-10-27 14:05:52','3330401200746'),(9,'2015-10-27','1349900416151',2,NULL,'2015-10-27 14:05:52','3330401200746'),(10,'2015-10-27','3330401200746',2,NULL,'2015-10-27 14:05:52','3330401200746'),(11,'2015-10-27','3341501068336',2,NULL,'2015-10-27 14:05:52','3330401200746'),(12,'2025-03-05','3340400619255',1,NULL,'2025-03-05 09:45:55','3340400619255'),(13,'2025-03-05','1349900730998',1,NULL,'2025-03-05 09:45:55','3340400619255'),(14,'2025-03-05','1341500274041',1,NULL,'2025-03-05 09:45:55','3340400619255'),(15,'2025-03-05','1341500291230',1,NULL,'2025-03-05 09:45:55','3340400619255'),(16,'2025-03-05','1341500268904',1,NULL,'2025-03-05 09:45:55','3340400619255'),(17,'2025-03-04','3340400619255',1,NULL,'2025-03-05 09:46:01','3340400619255'),(18,'2025-03-04','1349900730998',1,NULL,'2025-03-05 09:46:01','3340400619255'),(19,'2025-03-04','1341500274041',1,NULL,'2025-03-05 09:46:01','3340400619255'),(20,'2025-03-04','1341500291230',1,NULL,'2025-03-05 09:46:01','3340400619255'),(21,'2025-03-04','1341500268904',1,NULL,'2025-03-05 09:46:01','3340400619255'),(22,'2025-03-03','3340400619255',1,NULL,'2025-03-05 09:46:09','3340400619255'),(23,'2025-03-03','1349900730998',1,NULL,'2025-03-05 09:46:09','3340400619255'),(24,'2025-03-03','1341500274041',1,NULL,'2025-03-05 09:46:09','3340400619255'),(25,'2025-03-03','1341500291230',1,NULL,'2025-03-05 09:46:09','3340400619255'),(26,'2025-03-03','1341500268904',1,NULL,'2025-03-05 09:46:09','3340400619255'),(27,'2025-05-26','3340400619255',1,NULL,'2025-05-26 12:32:46','3340400619255'),(28,'2025-05-26','1349900730998',1,NULL,'2025-05-26 12:32:46','3340400619255'),(29,'2025-05-26','1341500274041',1,NULL,'2025-05-26 12:32:46','3340400619255'),(30,'2025-05-26','1341500291230',1,NULL,'2025-05-26 12:32:46','3340400619255'),(31,'2025-05-26','1349900935743',1,NULL,'2025-05-26 12:32:46','3340400619255'),(32,'2025-05-26','1342200093751',1,NULL,'2025-05-26 12:32:46','3340400619255'),(33,'2025-05-26','1341500268904',1,NULL,'2025-05-26 12:32:46','3340400619255'),(34,'2025-05-23','3340400619255',1,NULL,'2025-05-26 12:33:02','3340400619255'),(35,'2025-05-23','1349900730998',1,NULL,'2025-05-26 12:33:02','3340400619255'),(36,'2025-05-23','1341500274041',1,NULL,'2025-05-26 12:33:02','3340400619255'),(37,'2025-05-23','1341500291230',1,NULL,'2025-05-26 12:33:02','3340400619255'),(38,'2025-05-23','1349900935743',1,NULL,'2025-05-26 12:33:02','3340400619255'),(39,'2025-05-23','1342200093751',1,NULL,'2025-05-26 12:33:02','3340400619255'),(40,'2025-05-23','1341500268904',1,NULL,'2025-05-26 12:33:02','3340400619255'),(41,'2025-05-22','3340400619255',1,NULL,'2025-05-26 12:33:11','3340400619255'),(42,'2025-05-22','1349900730998',1,NULL,'2025-05-26 12:33:11','3340400619255'),(43,'2025-05-22','1341500274041',1,NULL,'2025-05-26 12:33:11','3340400619255'),(44,'2025-05-22','1341500291230',1,NULL,'2025-05-26 12:33:11','3340400619255'),(45,'2025-05-22','1349900935743',1,NULL,'2025-05-26 12:33:11','3340400619255'),(46,'2025-05-22','1342200093751',1,NULL,'2025-05-26 12:33:11','3340400619255'),(47,'2025-05-22','1341500268904',1,NULL,'2025-05-26 12:33:11','3340400619255'),(48,'2025-05-21','3340400619255',1,NULL,'2025-05-26 12:33:21','3340400619255'),(49,'2025-05-21','1349900730998',1,NULL,'2025-05-26 12:33:21','3340400619255'),(50,'2025-05-21','1341500274041',1,NULL,'2025-05-26 12:33:21','3340400619255'),(51,'2025-05-21','1341500291230',1,NULL,'2025-05-26 12:33:21','3340400619255'),(52,'2025-05-21','1349900935743',1,NULL,'2025-05-26 12:33:21','3340400619255'),(53,'2025-05-21','1342200093751',1,NULL,'2025-05-26 12:33:21','3340400619255'),(54,'2025-05-21','1341500268904',1,NULL,'2025-05-26 12:33:21','3340400619255'),(55,'2025-05-20','3340400619255',1,NULL,'2025-05-26 12:33:49','3340400619255'),(56,'2025-05-20','1349900730998',1,NULL,'2025-05-26 12:33:49','3340400619255'),(57,'2025-05-20','1341500274041',1,NULL,'2025-05-26 12:33:49','3340400619255'),(58,'2025-05-20','1341500291230',1,NULL,'2025-05-26 12:33:49','3340400619255'),(59,'2025-05-20','1349900935743',1,NULL,'2025-05-26 12:33:49','3340400619255'),(60,'2025-05-20','1342200093751',1,NULL,'2025-05-26 12:33:49','3340400619255'),(61,'2025-05-20','1341500268904',4,NULL,'2025-05-26 12:33:49','3340400619255'),(62,'2025-05-19','3340400619255',1,NULL,'2025-05-26 12:33:58','3340400619255'),(63,'2025-05-19','1349900730998',1,NULL,'2025-05-26 12:33:58','3340400619255'),(64,'2025-05-19','1341500274041',1,NULL,'2025-05-26 12:33:58','3340400619255'),(65,'2025-05-19','1341500291230',1,NULL,'2025-05-26 12:33:58','3340400619255'),(66,'2025-05-19','1349900935743',1,NULL,'2025-05-26 12:33:58','3340400619255'),(67,'2025-05-19','1342200093751',1,NULL,'2025-05-26 12:33:58','3340400619255'),(68,'2025-05-19','1341500268904',1,NULL,'2025-05-26 12:33:58','3340400619255'),(69,'2025-05-16','3340400619255',1,NULL,'2025-05-26 12:34:08','3340400619255'),(70,'2025-05-16','1349900730998',1,NULL,'2025-05-26 12:34:08','3340400619255'),(71,'2025-05-16','1341500274041',1,NULL,'2025-05-26 12:34:08','3340400619255'),(72,'2025-05-16','1341500291230',1,NULL,'2025-05-26 12:34:08','3340400619255'),(73,'2025-05-16','1349900935743',1,NULL,'2025-05-26 12:34:08','3340400619255'),(74,'2025-05-16','1342200093751',1,NULL,'2025-05-26 12:34:08','3340400619255'),(75,'2025-05-16','1341500268904',1,NULL,'2025-05-26 12:34:08','3340400619255'),(76,'2025-05-27','3340400619255',1,NULL,'2025-05-27 13:16:54','3340400619255'),(77,'2025-05-27','1349900730998',1,NULL,'2025-05-27 13:16:54','3340400619255'),(78,'2025-05-27','1341500274041',1,NULL,'2025-05-27 13:16:54','3340400619255'),(79,'2025-05-27','1341500291230',1,NULL,'2025-05-27 13:16:54','3340400619255'),(80,'2025-05-27','1349900935743',1,NULL,'2025-05-27 13:16:54','3340400619255'),(81,'2025-05-27','1342200093751',1,NULL,'2025-05-27 13:16:54','3340400619255'),(82,'2025-05-27','1341500268904',1,NULL,'2025-05-27 13:16:54','3340400619255'),(83,'2025-05-28','3340400619255',1,NULL,'2025-05-28 10:47:02','3340400619255'),(84,'2025-05-28','1349900730998',1,NULL,'2025-05-28 10:47:02','3340400619255'),(85,'2025-05-28','1341500274041',1,NULL,'2025-05-28 10:47:02','3340400619255'),(86,'2025-05-28','1341500291230',1,NULL,'2025-05-28 10:47:02','3340400619255'),(87,'2025-05-28','1349900935743',1,NULL,'2025-05-28 10:47:02','3340400619255'),(88,'2025-05-28','1342200093751',1,NULL,'2025-05-28 10:47:02','3340400619255'),(89,'2025-05-28','1341500268904',1,NULL,'2025-05-28 10:47:02','3340400619255'),(90,'2025-05-29','3340400619255',1,NULL,'2025-05-29 08:58:55','3340400619255'),(91,'2025-05-29','1349900730998',1,NULL,'2025-05-29 08:58:55','3340400619255'),(92,'2025-05-29','1341500274041',1,NULL,'2025-05-29 08:58:55','3340400619255'),(93,'2025-05-29','1341500291230',1,NULL,'2025-05-29 08:58:55','3340400619255'),(94,'2025-05-29','1349900935743',1,NULL,'2025-05-29 08:58:55','3340400619255'),(95,'2025-05-29','1342200093751',1,NULL,'2025-05-29 08:58:55','3340400619255'),(96,'2025-05-29','1341500268904',1,NULL,'2025-05-29 08:58:55','3340400619255'),(97,'2025-06-09','3340400619255',1,NULL,'2025-06-09 15:11:11','3340400619255'),(98,'2025-06-09','1349900730998',1,NULL,'2025-06-09 15:11:11','3340400619255'),(99,'2025-06-09','1341500274041',2,NULL,'2025-06-09 15:11:11','3340400619255'),(100,'2025-06-09','1341500291230',1,NULL,'2025-06-09 15:11:11','3340400619255'),(101,'2025-06-09','1349900935743',1,NULL,'2025-06-09 15:11:11','3340400619255'),(102,'2025-06-09','1342200093751',1,NULL,'2025-06-09 15:11:11','3340400619255'),(103,'2025-06-09','1341500268904',1,NULL,'2025-06-09 15:11:11','3340400619255'),(104,'2025-06-06','3340400619255',2,NULL,'2025-06-09 15:11:33','3340400619255'),(105,'2025-06-06','1349900730998',1,NULL,'2025-06-09 15:11:33','3340400619255'),(106,'2025-06-06','1341500274041',1,NULL,'2025-06-09 15:11:33','3340400619255'),(107,'2025-06-06','1341500291230',1,NULL,'2025-06-09 15:11:33','3340400619255'),(108,'2025-06-06','1349900935743',1,NULL,'2025-06-09 15:11:33','3340400619255'),(109,'2025-06-06','1342200093751',1,NULL,'2025-06-09 15:11:33','3340400619255'),(110,'2025-06-06','1341500268904',1,NULL,'2025-06-09 15:11:33','3340400619255'),(111,'2025-06-05','3340400619255',1,NULL,'2025-06-09 15:11:45','3340400619255'),(112,'2025-06-05','1349900730998',1,NULL,'2025-06-09 15:11:45','3340400619255'),(113,'2025-06-05','1341500274041',1,NULL,'2025-06-09 15:11:45','3340400619255'),(114,'2025-06-05','1341500291230',1,NULL,'2025-06-09 15:11:45','3340400619255'),(115,'2025-06-05','1349900935743',1,NULL,'2025-06-09 15:11:45','3340400619255'),(116,'2025-06-05','1342200093751',1,NULL,'2025-06-09 15:11:45','3340400619255'),(117,'2025-06-05','1341500268904',1,NULL,'2025-06-09 15:11:45','3340400619255'),(118,'2025-06-04','3340400619255',1,NULL,'2025-06-09 15:11:55','3340400619255'),(119,'2025-06-04','1349900730998',1,NULL,'2025-06-09 15:11:55','3340400619255'),(120,'2025-06-04','1341500274041',1,NULL,'2025-06-09 15:11:55','3340400619255'),(121,'2025-06-04','1341500291230',1,NULL,'2025-06-09 15:11:55','3340400619255'),(122,'2025-06-04','1349900935743',1,NULL,'2025-06-09 15:11:55','3340400619255'),(123,'2025-06-04','1342200093751',1,NULL,'2025-06-09 15:11:55','3340400619255'),(124,'2025-06-04','1341500268904',1,NULL,'2025-06-09 15:11:55','3340400619255'),(125,'2025-06-03','3340400619255',1,NULL,'2025-06-09 15:12:04','3340400619255'),(126,'2025-06-03','1349900730998',1,NULL,'2025-06-09 15:12:04','3340400619255'),(127,'2025-06-03','1341500274041',1,NULL,'2025-06-09 15:12:04','3340400619255'),(128,'2025-06-03','1341500291230',1,NULL,'2025-06-09 15:12:04','3340400619255'),(129,'2025-06-03','1349900935743',1,NULL,'2025-06-09 15:12:04','3340400619255'),(130,'2025-06-03','1342200093751',1,NULL,'2025-06-09 15:12:04','3340400619255'),(131,'2025-06-03','1341500268904',1,NULL,'2025-06-09 15:12:04','3340400619255'),(132,'2025-06-02','3340400619255',1,NULL,'2025-06-09 15:12:12','3340400619255'),(133,'2025-06-02','1349900730998',1,NULL,'2025-06-09 15:12:12','3340400619255'),(134,'2025-06-02','1341500274041',1,NULL,'2025-06-09 15:12:12','3340400619255'),(135,'2025-06-02','1341500291230',1,NULL,'2025-06-09 15:12:12','3340400619255'),(136,'2025-06-02','1349900935743',1,NULL,'2025-06-09 15:12:12','3340400619255'),(137,'2025-06-02','1342200093751',1,NULL,'2025-06-09 15:12:12','3340400619255'),(138,'2025-06-02','1341500268904',1,NULL,'2025-06-09 15:12:12','3340400619255'),(139,'2025-05-30','3340400619255',1,NULL,'2025-06-09 15:12:29','3340400619255'),(140,'2025-05-30','1349900730998',1,NULL,'2025-06-09 15:12:29','3340400619255'),(141,'2025-05-30','1341500274041',1,NULL,'2025-06-09 15:12:29','3340400619255'),(142,'2025-05-30','1341500291230',1,NULL,'2025-06-09 15:12:29','3340400619255'),(143,'2025-05-30','1349900935743',1,NULL,'2025-06-09 15:12:29','3340400619255'),(144,'2025-05-30','1342200093751',1,NULL,'2025-06-09 15:12:29','3340400619255'),(145,'2025-05-30','1341500268904',1,NULL,'2025-06-09 15:12:29','3340400619255'),(146,'2025-06-10','3340400619255',1,NULL,'2025-06-10 09:29:11','3340400619255'),(147,'2025-06-10','1349900730998',1,NULL,'2025-06-10 09:29:11','3340400619255'),(148,'2025-06-10','1341500274041',1,NULL,'2025-06-10 09:29:11','3340400619255'),(149,'2025-06-10','1341500291230',1,NULL,'2025-06-10 09:29:11','3340400619255'),(150,'2025-06-10','1349900935743',1,NULL,'2025-06-10 09:29:11','3340400619255'),(151,'2025-06-10','1342200093751',1,NULL,'2025-06-10 09:29:11','3340400619255'),(152,'2025-06-10','1341500268904',1,NULL,'2025-06-10 09:29:11','3340400619255'),(153,'2025-06-13','3340400619255',1,NULL,'2025-06-13 09:24:51','3340400619255'),(154,'2025-06-13','1349900730998',1,NULL,'2025-06-13 09:24:51','3340400619255'),(155,'2025-06-13','1341500274041',1,NULL,'2025-06-13 09:24:51','3340400619255'),(156,'2025-06-13','1341500291230',1,NULL,'2025-06-13 09:24:51','3340400619255'),(157,'2025-06-13','1349900935743',1,NULL,'2025-06-13 09:24:51','3340400619255'),(158,'2025-06-13','1342200093751',1,NULL,'2025-06-13 09:24:51','3340400619255'),(159,'2025-06-13','1341500268904',1,NULL,'2025-06-13 09:24:51','3340400619255'),(160,'2025-06-12','3340400619255',1,NULL,'2025-06-13 09:25:07','3340400619255'),(161,'2025-06-12','1349900730998',1,NULL,'2025-06-13 09:25:07','3340400619255'),(162,'2025-06-12','1341500274041',1,NULL,'2025-06-13 09:25:07','3340400619255'),(163,'2025-06-12','1341500291230',1,NULL,'2025-06-13 09:25:07','3340400619255'),(164,'2025-06-12','1349900935743',1,NULL,'2025-06-13 09:25:07','3340400619255'),(165,'2025-06-12','1342200093751',1,NULL,'2025-06-13 09:25:07','3340400619255'),(166,'2025-06-12','1341500268904',1,NULL,'2025-06-13 09:25:07','3340400619255'),(167,'2025-06-11','3340400619255',1,NULL,'2025-06-13 09:25:25','3340400619255'),(168,'2025-06-11','1349900730998',1,NULL,'2025-06-13 09:25:25','3340400619255'),(169,'2025-06-11','1341500274041',1,NULL,'2025-06-13 09:25:25','3340400619255'),(170,'2025-06-11','1341500291230',1,NULL,'2025-06-13 09:25:25','3340400619255'),(171,'2025-06-11','1349900935743',1,NULL,'2025-06-13 09:25:25','3340400619255'),(172,'2025-06-11','1342200093751',1,NULL,'2025-06-13 09:25:25','3340400619255'),(173,'2025-06-11','1341500268904',1,NULL,'2025-06-13 09:25:25','3340400619255'),(174,'2025-06-18','3340400619255',1,NULL,'2025-06-18 11:23:00','3340400619255'),(175,'2025-06-18','1349900730998',1,NULL,'2025-06-18 11:23:00','3340400619255'),(176,'2025-06-18','1341500274041',1,NULL,'2025-06-18 11:23:00','3340400619255'),(177,'2025-06-18','1341500291230',1,NULL,'2025-06-18 11:23:00','3340400619255'),(178,'2025-06-18','1349900935743',1,NULL,'2025-06-18 11:23:00','3340400619255'),(179,'2025-06-18','1342200093751',1,NULL,'2025-06-18 11:23:00','3340400619255'),(180,'2025-06-18','1341500268904',1,NULL,'2025-06-18 11:23:00','3340400619255'),(181,'2025-06-17','3340400619255',1,NULL,'2025-06-18 11:23:15','3340400619255'),(182,'2025-06-17','1349900730998',1,NULL,'2025-06-18 11:23:15','3340400619255'),(183,'2025-06-17','1341500274041',1,NULL,'2025-06-18 11:23:15','3340400619255'),(184,'2025-06-17','1341500291230',1,NULL,'2025-06-18 11:23:15','3340400619255'),(185,'2025-06-17','1349900935743',1,NULL,'2025-06-18 11:23:15','3340400619255'),(186,'2025-06-17','1342200093751',1,NULL,'2025-06-18 11:23:15','3340400619255'),(187,'2025-06-17','1341500268904',1,NULL,'2025-06-18 11:23:15','3340400619255'),(188,'2025-06-16','3340400619255',1,NULL,'2025-06-18 11:23:26','3340400619255'),(189,'2025-06-16','1349900730998',1,NULL,'2025-06-18 11:23:26','3340400619255'),(190,'2025-06-16','1341500274041',1,NULL,'2025-06-18 11:23:26','3340400619255'),(191,'2025-06-16','1341500291230',1,NULL,'2025-06-18 11:23:26','3340400619255'),(192,'2025-06-16','1349900935743',1,NULL,'2025-06-18 11:23:26','3340400619255'),(193,'2025-06-16','1342200093751',1,NULL,'2025-06-18 11:23:26','3340400619255'),(194,'2025-06-16','1341500268904',1,NULL,'2025-06-18 11:23:26','3340400619255'),(195,'2025-06-19','3340400619255',1,NULL,'2025-06-19 10:09:00','3340400619255'),(196,'2025-06-19','1349900730998',1,NULL,'2025-06-19 10:09:00','3340400619255'),(197,'2025-06-19','1341500274041',1,NULL,'2025-06-19 10:09:00','3340400619255'),(198,'2025-06-19','1341500291230',1,NULL,'2025-06-19 10:09:00','3340400619255'),(199,'2025-06-19','1349900935743',1,NULL,'2025-06-19 10:09:00','3340400619255'),(200,'2025-06-19','1342200093751',1,NULL,'2025-06-19 10:09:00','3340400619255'),(201,'2025-06-19','1341500268904',1,NULL,'2025-06-19 10:09:00','3340400619255'),(202,'2025-06-24','3340400619255',1,NULL,'2025-06-24 11:00:08','3340400619255'),(203,'2025-06-24','1349900730998',1,NULL,'2025-06-24 11:00:08','3340400619255'),(204,'2025-06-24','1341500274041',1,NULL,'2025-06-24 11:00:08','3340400619255'),(205,'2025-06-24','1341500291230',1,NULL,'2025-06-24 11:00:08','3340400619255'),(206,'2025-06-24','1349900935743',1,NULL,'2025-06-24 11:00:08','3340400619255'),(207,'2025-06-24','1342200093751',1,NULL,'2025-06-24 11:00:08','3340400619255'),(208,'2025-06-24','1341500268904',1,NULL,'2025-06-24 11:00:08','3340400619255'),(209,'2025-06-23','3340400619255',1,NULL,'2025-06-24 11:00:20','3340400619255'),(210,'2025-06-23','1349900730998',1,NULL,'2025-06-24 11:00:20','3340400619255'),(211,'2025-06-23','1341500274041',1,NULL,'2025-06-24 11:00:20','3340400619255'),(212,'2025-06-23','1341500291230',1,NULL,'2025-06-24 11:00:20','3340400619255'),(213,'2025-06-23','1349900935743',1,NULL,'2025-06-24 11:00:20','3340400619255'),(214,'2025-06-23','1342200093751',1,NULL,'2025-06-24 11:00:20','3340400619255'),(215,'2025-06-23','1341500268904',1,NULL,'2025-06-24 11:00:20','3340400619255'),(216,'2025-06-20','3340400619255',1,NULL,'2025-06-24 11:00:34','3340400619255'),(217,'2025-06-20','1349900730998',1,NULL,'2025-06-24 11:00:34','3340400619255'),(218,'2025-06-20','1341500274041',1,NULL,'2025-06-24 11:00:34','3340400619255'),(219,'2025-06-20','1341500291230',1,NULL,'2025-06-24 11:00:34','3340400619255'),(220,'2025-06-20','1349900935743',1,NULL,'2025-06-24 11:00:34','3340400619255'),(221,'2025-06-20','1342200093751',1,NULL,'2025-06-24 11:00:34','3340400619255'),(222,'2025-06-20','1341500268904',1,NULL,'2025-06-24 11:00:34','3340400619255'),(223,'2025-06-26','3340400619255',1,NULL,'2025-06-26 12:07:06','3340400619255'),(224,'2025-06-26','1349900730998',1,NULL,'2025-06-26 12:07:06','3340400619255'),(225,'2025-06-26','1341500274041',1,NULL,'2025-06-26 12:07:06','3340400619255'),(226,'2025-06-26','1341500291230',1,NULL,'2025-06-26 12:07:06','3340400619255'),(227,'2025-06-26','1349900935743',1,NULL,'2025-06-26 12:07:06','3340400619255'),(228,'2025-06-26','1342200093751',1,NULL,'2025-06-26 12:07:06','3340400619255'),(229,'2025-06-26','1341500268904',1,NULL,'2025-06-26 12:07:06','3340400619255'),(230,'2025-06-25','3340400619255',1,NULL,'2025-06-26 12:07:20','3340400619255'),(231,'2025-06-25','1349900730998',1,NULL,'2025-06-26 12:07:20','3340400619255'),(232,'2025-06-25','1341500274041',1,NULL,'2025-06-26 12:07:20','3340400619255'),(233,'2025-06-25','1341500291230',1,NULL,'2025-06-26 12:07:20','3340400619255'),(234,'2025-06-25','1349900935743',1,NULL,'2025-06-26 12:07:20','3340400619255'),(235,'2025-06-25','1342200093751',1,NULL,'2025-06-26 12:07:20','3340400619255'),(236,'2025-06-25','1341500268904',1,NULL,'2025-06-26 12:07:20','3340400619255'),(237,'2025-07-15','3340400619255',1,NULL,'2025-07-15 13:57:37','3340400619255'),(238,'2025-07-15','1349900730998',1,NULL,'2025-07-15 13:57:37','3340400619255'),(239,'2025-07-15','1341500274041',1,NULL,'2025-07-15 13:57:37','3340400619255'),(240,'2025-07-15','1341500291230',1,NULL,'2025-07-15 13:57:37','3340400619255'),(241,'2025-07-15','1349900935743',1,NULL,'2025-07-15 13:57:37','3340400619255'),(242,'2025-07-15','1342200093751',1,NULL,'2025-07-15 13:57:37','3340400619255'),(243,'2025-07-15','1341500268904',1,NULL,'2025-07-15 13:57:37','3340400619255'),(244,'2025-07-14','3340400619255',1,NULL,'2025-07-15 13:57:51','3340400619255'),(245,'2025-07-14','1349900730998',1,NULL,'2025-07-15 13:57:51','3340400619255'),(246,'2025-07-14','1341500274041',1,NULL,'2025-07-15 13:57:51','3340400619255'),(247,'2025-07-14','1341500291230',1,NULL,'2025-07-15 13:57:51','3340400619255'),(248,'2025-07-14','1349900935743',1,NULL,'2025-07-15 13:57:51','3340400619255'),(249,'2025-07-14','1342200093751',1,NULL,'2025-07-15 13:57:51','3340400619255'),(250,'2025-07-14','1341500268904',1,NULL,'2025-07-15 13:57:51','3340400619255'),(251,'2025-07-09','3340400619255',1,NULL,'2025-07-15 13:58:07','3340400619255'),(252,'2025-07-09','1349900730998',1,NULL,'2025-07-15 13:58:07','3340400619255'),(253,'2025-07-09','1341500274041',1,NULL,'2025-07-15 13:58:07','3340400619255'),(254,'2025-07-09','1341500291230',1,NULL,'2025-07-15 13:58:07','3340400619255'),(255,'2025-07-09','1349900935743',1,NULL,'2025-07-15 13:58:07','3340400619255'),(256,'2025-07-09','1342200093751',1,NULL,'2025-07-15 13:58:07','3340400619255'),(257,'2025-07-09','1341500268904',1,NULL,'2025-07-15 13:58:07','3340400619255'),(258,'2025-07-08','3340400619255',1,NULL,'2025-07-15 13:58:18','3340400619255'),(259,'2025-07-08','1349900730998',1,NULL,'2025-07-15 13:58:18','3340400619255'),(260,'2025-07-08','1341500274041',1,NULL,'2025-07-15 13:58:18','3340400619255'),(261,'2025-07-08','1341500291230',1,NULL,'2025-07-15 13:58:18','3340400619255'),(262,'2025-07-08','1349900935743',1,NULL,'2025-07-15 13:58:18','3340400619255'),(263,'2025-07-08','1342200093751',1,NULL,'2025-07-15 13:58:18','3340400619255'),(264,'2025-07-08','1341500268904',1,NULL,'2025-07-15 13:58:18','3340400619255'),(265,'2025-07-07','3340400619255',1,NULL,'2025-07-15 13:58:28','3340400619255'),(266,'2025-07-07','1349900730998',1,NULL,'2025-07-15 13:58:28','3340400619255'),(267,'2025-07-07','1341500274041',1,NULL,'2025-07-15 13:58:28','3340400619255'),(268,'2025-07-07','1341500291230',1,NULL,'2025-07-15 13:58:28','3340400619255'),(269,'2025-07-07','1349900935743',1,NULL,'2025-07-15 13:58:28','3340400619255'),(270,'2025-07-07','1342200093751',1,NULL,'2025-07-15 13:58:28','3340400619255'),(271,'2025-07-07','1341500268904',1,NULL,'2025-07-15 13:58:28','3340400619255'),(272,'2025-07-04','3340400619255',1,NULL,'2025-07-15 13:58:39','3340400619255'),(273,'2025-07-04','1349900730998',1,NULL,'2025-07-15 13:58:39','3340400619255'),(274,'2025-07-04','1341500274041',1,NULL,'2025-07-15 13:58:39','3340400619255'),(275,'2025-07-04','1341500291230',1,NULL,'2025-07-15 13:58:39','3340400619255'),(276,'2025-07-04','1349900935743',1,NULL,'2025-07-15 13:58:39','3340400619255'),(277,'2025-07-04','1342200093751',1,NULL,'2025-07-15 13:58:39','3340400619255'),(278,'2025-07-04','1341500268904',1,NULL,'2025-07-15 13:58:39','3340400619255'),(279,'2025-07-03','3340400619255',1,NULL,'2025-07-15 13:58:49','3340400619255'),(280,'2025-07-03','1349900730998',1,NULL,'2025-07-15 13:58:49','3340400619255'),(281,'2025-07-03','1341500274041',1,NULL,'2025-07-15 13:58:49','3340400619255'),(282,'2025-07-03','1341500291230',1,NULL,'2025-07-15 13:58:49','3340400619255'),(283,'2025-07-03','1349900935743',1,NULL,'2025-07-15 13:58:49','3340400619255'),(284,'2025-07-03','1342200093751',1,NULL,'2025-07-15 13:58:49','3340400619255'),(285,'2025-07-03','1341500268904',1,NULL,'2025-07-15 13:58:49','3340400619255'),(286,'2025-07-02','3340400619255',1,NULL,'2025-07-15 13:58:58','3340400619255'),(287,'2025-07-02','1349900730998',1,NULL,'2025-07-15 13:58:58','3340400619255'),(288,'2025-07-02','1341500274041',1,NULL,'2025-07-15 13:58:58','3340400619255'),(289,'2025-07-02','1341500291230',1,NULL,'2025-07-15 13:58:58','3340400619255'),(290,'2025-07-02','1349900935743',1,NULL,'2025-07-15 13:58:58','3340400619255'),(291,'2025-07-02','1342200093751',1,NULL,'2025-07-15 13:58:58','3340400619255'),(292,'2025-07-02','1341500268904',1,NULL,'2025-07-15 13:58:58','3340400619255'),(293,'2025-07-01','3340400619255',1,NULL,'2025-07-15 13:59:08','3340400619255'),(294,'2025-07-01','1349900730998',1,NULL,'2025-07-15 13:59:08','3340400619255'),(295,'2025-07-01','1341500274041',1,NULL,'2025-07-15 13:59:08','3340400619255'),(296,'2025-07-01','1341500291230',1,NULL,'2025-07-15 13:59:08','3340400619255'),(297,'2025-07-01','1349900935743',1,NULL,'2025-07-15 13:59:08','3340400619255'),(298,'2025-07-01','1342200093751',1,NULL,'2025-07-15 13:59:08','3340400619255'),(299,'2025-07-01','1341500268904',1,NULL,'2025-07-15 13:59:08','3340400619255'),(300,'2025-06-30','3340400619255',1,NULL,'2025-07-15 13:59:26','3340400619255'),(301,'2025-06-30','1349900730998',1,NULL,'2025-07-15 13:59:26','3340400619255'),(302,'2025-06-30','1341500274041',1,NULL,'2025-07-15 13:59:26','3340400619255'),(303,'2025-06-30','1341500291230',1,NULL,'2025-07-15 13:59:26','3340400619255'),(304,'2025-06-30','1349900935743',1,NULL,'2025-07-15 13:59:26','3340400619255'),(305,'2025-06-30','1342200093751',1,NULL,'2025-07-15 13:59:26','3340400619255'),(306,'2025-06-30','1341500268904',1,NULL,'2025-07-15 13:59:26','3340400619255'),(307,'2025-06-27','3340400619255',1,NULL,'2025-07-15 13:59:37','3340400619255'),(308,'2025-06-27','1349900730998',1,NULL,'2025-07-15 13:59:37','3340400619255'),(309,'2025-06-27','1341500274041',1,NULL,'2025-07-15 13:59:37','3340400619255'),(310,'2025-06-27','1341500291230',1,NULL,'2025-07-15 13:59:37','3340400619255'),(311,'2025-06-27','1349900935743',1,NULL,'2025-07-15 13:59:37','3340400619255'),(312,'2025-06-27','1342200093751',1,NULL,'2025-07-15 13:59:37','3340400619255'),(313,'2025-06-27','1341500268904',1,NULL,'2025-07-15 13:59:37','3340400619255'),(314,'2025-07-18','3340400619255',1,NULL,'2025-07-18 10:31:22','3340400619255'),(315,'2025-07-18','1349900730998',1,NULL,'2025-07-18 10:31:22','3340400619255'),(316,'2025-07-18','1341500274041',1,NULL,'2025-07-18 10:31:22','3340400619255'),(317,'2025-07-18','1341500291230',1,NULL,'2025-07-18 10:31:22','3340400619255'),(318,'2025-07-18','1349900935743',1,NULL,'2025-07-18 10:31:22','3340400619255'),(319,'2025-07-18','1342200093751',1,NULL,'2025-07-18 10:31:22','3340400619255'),(320,'2025-07-18','1341500268904',1,NULL,'2025-07-18 10:31:22','3340400619255'),(321,'2025-07-17','3340400619255',1,NULL,'2025-07-18 10:31:38','3340400619255'),(322,'2025-07-17','1349900730998',1,NULL,'2025-07-18 10:31:38','3340400619255'),(323,'2025-07-17','1341500274041',1,NULL,'2025-07-18 10:31:38','3340400619255'),(324,'2025-07-17','1341500291230',1,NULL,'2025-07-18 10:31:38','3340400619255'),(325,'2025-07-17','1349900935743',2,NULL,'2025-07-18 10:31:38','3340400619255'),(326,'2025-07-17','1342200093751',1,NULL,'2025-07-18 10:31:38','3340400619255'),(327,'2025-07-17','1341500268904',1,NULL,'2025-07-18 10:31:38','3340400619255'),(328,'2025-07-16','3340400619255',1,NULL,'2025-07-18 10:31:48','3340400619255'),(329,'2025-07-16','1349900730998',1,NULL,'2025-07-18 10:31:48','3340400619255'),(330,'2025-07-16','1341500274041',1,NULL,'2025-07-18 10:31:48','3340400619255'),(331,'2025-07-16','1341500291230',1,NULL,'2025-07-18 10:31:48','3340400619255'),(332,'2025-07-16','1349900935743',1,NULL,'2025-07-18 10:31:48','3340400619255'),(333,'2025-07-16','1342200093751',1,NULL,'2025-07-18 10:31:48','3340400619255'),(334,'2025-07-16','1341500268904',1,NULL,'2025-07-18 10:31:48','3340400619255'),(335,'2025-07-31','3340400619255',1,NULL,'2025-07-31 11:24:42','3340400619255'),(336,'2025-07-31','1349900730998',1,NULL,'2025-07-31 11:24:42','3340400619255'),(337,'2025-07-31','1341500274041',1,NULL,'2025-07-31 11:24:42','3340400619255'),(338,'2025-07-31','1341500291230',1,NULL,'2025-07-31 11:24:42','3340400619255'),(339,'2025-07-31','1349900935743',1,NULL,'2025-07-31 11:24:42','3340400619255'),(340,'2025-07-31','1342200093751',1,NULL,'2025-07-31 11:24:42','3340400619255'),(341,'2025-07-31','1341500268904',1,NULL,'2025-07-31 11:24:42','3340400619255'),(342,'2025-07-30','3340400619255',1,NULL,'2025-07-31 11:24:58','3340400619255'),(343,'2025-07-30','1349900730998',1,NULL,'2025-07-31 11:24:58','3340400619255'),(344,'2025-07-30','1341500274041',1,NULL,'2025-07-31 11:24:58','3340400619255'),(345,'2025-07-30','1341500291230',1,NULL,'2025-07-31 11:24:58','3340400619255'),(346,'2025-07-30','1349900935743',1,NULL,'2025-07-31 11:24:58','3340400619255'),(347,'2025-07-30','1342200093751',1,NULL,'2025-07-31 11:24:58','3340400619255'),(348,'2025-07-30','1341500268904',1,NULL,'2025-07-31 11:24:58','3340400619255'),(349,'2025-07-29','3340400619255',1,NULL,'2025-07-31 11:25:09','3340400619255'),(350,'2025-07-29','1349900730998',1,NULL,'2025-07-31 11:25:09','3340400619255'),(351,'2025-07-29','1341500274041',1,NULL,'2025-07-31 11:25:09','3340400619255'),(352,'2025-07-29','1341500291230',1,NULL,'2025-07-31 11:25:09','3340400619255'),(353,'2025-07-29','1349900935743',1,NULL,'2025-07-31 11:25:09','3340400619255'),(354,'2025-07-29','1342200093751',1,NULL,'2025-07-31 11:25:09','3340400619255'),(355,'2025-07-29','1341500268904',1,NULL,'2025-07-31 11:25:09','3340400619255'),(356,'2025-07-25','3340400619255',1,NULL,'2025-07-31 11:25:22','3340400619255'),(357,'2025-07-25','1349900730998',1,NULL,'2025-07-31 11:25:22','3340400619255'),(358,'2025-07-25','1341500274041',1,NULL,'2025-07-31 11:25:22','3340400619255'),(359,'2025-07-25','1341500291230',1,NULL,'2025-07-31 11:25:22','3340400619255'),(360,'2025-07-25','1349900935743',1,NULL,'2025-07-31 11:25:22','3340400619255'),(361,'2025-07-25','1342200093751',1,NULL,'2025-07-31 11:25:22','3340400619255'),(362,'2025-07-25','1341500268904',1,NULL,'2025-07-31 11:25:22','3340400619255'),(363,'2025-07-24','3340400619255',1,NULL,'2025-07-31 11:25:32','3340400619255'),(364,'2025-07-24','1349900730998',1,NULL,'2025-07-31 11:25:32','3340400619255'),(365,'2025-07-24','1341500274041',1,NULL,'2025-07-31 11:25:32','3340400619255'),(366,'2025-07-24','1341500291230',1,NULL,'2025-07-31 11:25:32','3340400619255'),(367,'2025-07-24','1349900935743',1,NULL,'2025-07-31 11:25:32','3340400619255'),(368,'2025-07-24','1342200093751',1,NULL,'2025-07-31 11:25:32','3340400619255'),(369,'2025-07-24','1341500268904',1,NULL,'2025-07-31 11:25:32','3340400619255'),(370,'2025-07-23','3340400619255',1,NULL,'2025-07-31 11:25:39','3340400619255'),(371,'2025-07-23','1349900730998',1,NULL,'2025-07-31 11:25:39','3340400619255'),(372,'2025-07-23','1341500274041',1,NULL,'2025-07-31 11:25:39','3340400619255'),(373,'2025-07-23','1341500291230',1,NULL,'2025-07-31 11:25:39','3340400619255'),(374,'2025-07-23','1349900935743',1,NULL,'2025-07-31 11:25:39','3340400619255'),(375,'2025-07-23','1342200093751',1,NULL,'2025-07-31 11:25:39','3340400619255'),(376,'2025-07-23','1341500268904',1,NULL,'2025-07-31 11:25:39','3340400619255'),(377,'2025-07-22','3340400619255',1,NULL,'2025-07-31 11:25:49','3340400619255'),(378,'2025-07-22','1349900730998',1,NULL,'2025-07-31 11:25:49','3340400619255'),(379,'2025-07-22','1341500274041',1,NULL,'2025-07-31 11:25:49','3340400619255'),(380,'2025-07-22','1341500291230',1,NULL,'2025-07-31 11:25:49','3340400619255'),(381,'2025-07-22','1349900935743',1,NULL,'2025-07-31 11:25:49','3340400619255'),(382,'2025-07-22','1342200093751',1,NULL,'2025-07-31 11:25:49','3340400619255'),(383,'2025-07-22','1341500268904',1,NULL,'2025-07-31 11:25:49','3340400619255'),(384,'2025-07-21','3340400619255',1,NULL,'2025-07-31 11:26:00','3340400619255'),(385,'2025-07-21','1349900730998',1,NULL,'2025-07-31 11:26:00','3340400619255'),(386,'2025-07-21','1341500274041',1,NULL,'2025-07-31 11:26:00','3340400619255'),(387,'2025-07-21','1341500291230',1,NULL,'2025-07-31 11:26:00','3340400619255'),(388,'2025-07-21','1349900935743',1,NULL,'2025-07-31 11:26:00','3340400619255'),(389,'2025-07-21','1342200093751',1,NULL,'2025-07-31 11:26:00','3340400619255'),(390,'2025-07-21','1341500268904',1,NULL,'2025-07-31 11:26:00','3340400619255'),(391,'2025-08-13','3340400619255',1,NULL,'2025-08-13 10:00:28','3340400619255'),(392,'2025-08-13','1349900730998',1,NULL,'2025-08-13 10:00:28','3340400619255'),(393,'2025-08-13','1341500274041',1,NULL,'2025-08-13 10:00:28','3340400619255'),(394,'2025-08-13','1341500291230',1,NULL,'2025-08-13 10:00:28','3340400619255'),(395,'2025-08-13','1349900935743',1,NULL,'2025-08-13 10:00:28','3340400619255'),(396,'2025-08-13','1342200093751',1,NULL,'2025-08-13 10:00:28','3340400619255'),(397,'2025-08-13','1341500268904',1,NULL,'2025-08-13 10:00:28','3340400619255'),(398,'2025-08-08','3340400619255',4,NULL,'2025-08-13 10:01:17','3340400619255'),(399,'2025-08-08','1349900730998',1,NULL,'2025-08-13 10:01:17','3340400619255'),(400,'2025-08-08','1341500274041',1,NULL,'2025-08-13 10:01:17','3340400619255'),(401,'2025-08-08','1341500291230',1,NULL,'2025-08-13 10:01:17','3340400619255'),(402,'2025-08-08','1349900935743',1,NULL,'2025-08-13 10:01:17','3340400619255'),(403,'2025-08-08','1342200093751',1,NULL,'2025-08-13 10:01:17','3340400619255'),(404,'2025-08-08','1341500268904',1,NULL,'2025-08-13 10:01:17','3340400619255'),(405,'2025-08-07','3340400619255',4,NULL,'2025-08-13 10:01:29','3340400619255'),(406,'2025-08-07','1349900730998',1,NULL,'2025-08-13 10:01:29','3340400619255'),(407,'2025-08-07','1341500274041',1,NULL,'2025-08-13 10:01:29','3340400619255'),(408,'2025-08-07','1341500291230',1,NULL,'2025-08-13 10:01:29','3340400619255'),(409,'2025-08-07','1349900935743',1,NULL,'2025-08-13 10:01:29','3340400619255'),(410,'2025-08-07','1342200093751',1,NULL,'2025-08-13 10:01:29','3340400619255'),(411,'2025-08-07','1341500268904',1,NULL,'2025-08-13 10:01:29','3340400619255'),(412,'2025-08-06','3340400619255',4,NULL,'2025-08-13 10:01:38','3340400619255'),(413,'2025-08-06','1349900730998',1,NULL,'2025-08-13 10:01:38','3340400619255'),(414,'2025-08-06','1341500274041',1,NULL,'2025-08-13 10:01:38','3340400619255'),(415,'2025-08-06','1341500291230',1,NULL,'2025-08-13 10:01:38','3340400619255'),(416,'2025-08-06','1349900935743',1,NULL,'2025-08-13 10:01:38','3340400619255'),(417,'2025-08-06','1342200093751',1,NULL,'2025-08-13 10:01:38','3340400619255'),(418,'2025-08-06','1341500268904',1,NULL,'2025-08-13 10:01:38','3340400619255'),(419,'2025-08-05','3340400619255',4,NULL,'2025-08-13 10:01:49','3340400619255'),(420,'2025-08-05','1349900730998',1,NULL,'2025-08-13 10:01:49','3340400619255'),(421,'2025-08-05','1341500274041',1,NULL,'2025-08-13 10:01:49','3340400619255'),(422,'2025-08-05','1341500291230',1,NULL,'2025-08-13 10:01:49','3340400619255'),(423,'2025-08-05','1349900935743',1,NULL,'2025-08-13 10:01:49','3340400619255'),(424,'2025-08-05','1342200093751',1,NULL,'2025-08-13 10:01:49','3340400619255'),(425,'2025-08-05','1341500268904',1,NULL,'2025-08-13 10:01:49','3340400619255'),(426,'2025-08-12','3340400619255',4,NULL,'2025-08-13 10:02:00','3340400619255'),(427,'2025-08-12','1349900730998',1,NULL,'2025-08-13 10:02:00','3340400619255'),(428,'2025-08-12','1341500274041',1,NULL,'2025-08-13 10:02:00','3340400619255'),(429,'2025-08-12','1341500291230',1,NULL,'2025-08-13 10:02:00','3340400619255'),(430,'2025-08-12','1349900935743',1,NULL,'2025-08-13 10:02:00','3340400619255'),(431,'2025-08-12','1342200093751',1,NULL,'2025-08-13 10:02:00','3340400619255'),(432,'2025-08-12','1341500268904',1,NULL,'2025-08-13 10:02:00','3340400619255'),(433,'2025-08-11','3340400619255',4,NULL,'2025-08-13 10:02:11','3340400619255'),(434,'2025-08-11','1349900730998',1,NULL,'2025-08-13 10:02:11','3340400619255'),(435,'2025-08-11','1341500274041',1,NULL,'2025-08-13 10:02:11','3340400619255'),(436,'2025-08-11','1341500291230',1,NULL,'2025-08-13 10:02:11','3340400619255'),(437,'2025-08-11','1349900935743',1,NULL,'2025-08-13 10:02:11','3340400619255'),(438,'2025-08-11','1342200093751',1,NULL,'2025-08-13 10:02:11','3340400619255'),(439,'2025-08-11','1341500268904',1,NULL,'2025-08-13 10:02:11','3340400619255'),(440,'2025-08-04','3340400619255',4,NULL,'2025-08-13 10:02:30','3340400619255'),(441,'2025-08-04','1349900730998',1,NULL,'2025-08-13 10:02:30','3340400619255'),(442,'2025-08-04','1341500274041',1,NULL,'2025-08-13 10:02:30','3340400619255'),(443,'2025-08-04','1341500291230',1,NULL,'2025-08-13 10:02:30','3340400619255'),(444,'2025-08-04','1349900935743',1,NULL,'2025-08-13 10:02:30','3340400619255'),(445,'2025-08-04','1342200093751',1,NULL,'2025-08-13 10:02:30','3340400619255'),(446,'2025-08-04','1341500268904',1,NULL,'2025-08-13 10:02:30','3340400619255'),(447,'2025-08-18','3340400619255',1,NULL,'2025-08-18 11:18:37','3340400619255'),(448,'2025-08-18','1349900730998',1,NULL,'2025-08-18 11:18:37','3340400619255'),(449,'2025-08-18','1341500274041',1,NULL,'2025-08-18 11:18:37','3340400619255'),(450,'2025-08-18','1341500291230',1,NULL,'2025-08-18 11:18:37','3340400619255'),(451,'2025-08-18','1349900935743',1,NULL,'2025-08-18 11:18:37','3340400619255'),(452,'2025-08-18','1342200093751',1,NULL,'2025-08-18 11:18:37','3340400619255'),(453,'2025-08-18','1341500268904',1,NULL,'2025-08-18 11:18:37','3340400619255'),(454,'2025-08-15','3340400619255',1,NULL,'2025-08-18 11:19:08','3340400619255'),(455,'2025-08-15','1349900730998',1,NULL,'2025-08-18 11:19:08','3340400619255'),(456,'2025-08-15','1341500274041',1,NULL,'2025-08-18 11:19:08','3340400619255'),(457,'2025-08-15','1341500291230',1,NULL,'2025-08-18 11:19:08','3340400619255'),(458,'2025-08-15','1349900935743',4,NULL,'2025-08-18 11:19:08','3340400619255'),(459,'2025-08-15','1342200093751',4,NULL,'2025-08-18 11:19:08','3340400619255'),(460,'2025-08-15','1341500268904',2,NULL,'2025-08-18 11:19:08','3340400619255'),(461,'2025-08-14','3340400619255',1,NULL,'2025-08-18 11:19:30','3340400619255'),(462,'2025-08-14','1349900730998',1,NULL,'2025-08-18 11:19:30','3340400619255'),(463,'2025-08-14','1341500274041',1,NULL,'2025-08-18 11:19:30','3340400619255'),(464,'2025-08-14','1341500291230',1,NULL,'2025-08-18 11:19:30','3340400619255'),(465,'2025-08-14','1349900935743',4,NULL,'2025-08-18 11:19:30','3340400619255'),(466,'2025-08-14','1342200093751',1,NULL,'2025-08-18 11:19:30','3340400619255'),(467,'2025-08-14','1341500268904',1,NULL,'2025-08-18 11:19:30','3340400619255'),(468,'2025-09-02','3340400619255',1,NULL,'2025-09-02 11:28:07','3340400619255'),(469,'2025-09-02','1349900730998',1,NULL,'2025-09-02 11:28:07','3340400619255'),(470,'2025-09-02','1341500274041',1,NULL,'2025-09-02 11:28:07','3340400619255'),(471,'2025-09-02','1341500291230',1,NULL,'2025-09-02 11:28:07','3340400619255'),(472,'2025-09-02','1349900935743',1,NULL,'2025-09-02 11:28:07','3340400619255'),(473,'2025-09-02','1342200093751',1,NULL,'2025-09-02 11:28:07','3340400619255'),(474,'2025-09-02','1341500268904',1,NULL,'2025-09-02 11:28:07','3340400619255'),(475,'2025-09-01','3340400619255',1,NULL,'2025-09-02 11:28:20','3340400619255'),(476,'2025-09-01','1349900730998',1,NULL,'2025-09-02 11:28:20','3340400619255'),(477,'2025-09-01','1341500274041',1,NULL,'2025-09-02 11:28:20','3340400619255'),(478,'2025-09-01','1341500291230',1,NULL,'2025-09-02 11:28:20','3340400619255'),(479,'2025-09-01','1349900935743',1,NULL,'2025-09-02 11:28:20','3340400619255'),(480,'2025-09-01','1342200093751',1,NULL,'2025-09-02 11:28:20','3340400619255'),(481,'2025-09-01','1341500268904',1,NULL,'2025-09-02 11:28:20','3340400619255'),(482,'2025-08-29','3340400619255',1,NULL,'2025-09-02 11:28:39','3340400619255'),(483,'2025-08-29','1349900730998',1,NULL,'2025-09-02 11:28:39','3340400619255'),(484,'2025-08-29','1341500274041',1,NULL,'2025-09-02 11:28:39','3340400619255'),(485,'2025-08-29','1341500291230',1,NULL,'2025-09-02 11:28:39','3340400619255'),(486,'2025-08-29','1349900935743',1,NULL,'2025-09-02 11:28:39','3340400619255'),(487,'2025-08-29','1342200093751',1,NULL,'2025-09-02 11:28:39','3340400619255'),(488,'2025-08-29','1341500268904',1,NULL,'2025-09-02 11:28:39','3340400619255'),(489,'2025-08-28','3340400619255',1,NULL,'2025-09-02 11:28:48','3340400619255'),(490,'2025-08-28','1349900730998',1,NULL,'2025-09-02 11:28:48','3340400619255'),(491,'2025-08-28','1341500274041',1,NULL,'2025-09-02 11:28:48','3340400619255'),(492,'2025-08-28','1341500291230',1,NULL,'2025-09-02 11:28:48','3340400619255'),(493,'2025-08-28','1349900935743',1,NULL,'2025-09-02 11:28:48','3340400619255'),(494,'2025-08-28','1342200093751',1,NULL,'2025-09-02 11:28:48','3340400619255'),(495,'2025-08-28','1341500268904',1,NULL,'2025-09-02 11:28:48','3340400619255'),(496,'2025-08-27','3340400619255',1,NULL,'2025-09-02 11:28:57','3340400619255'),(497,'2025-08-27','1349900730998',1,NULL,'2025-09-02 11:28:57','3340400619255'),(498,'2025-08-27','1341500274041',1,NULL,'2025-09-02 11:28:57','3340400619255'),(499,'2025-08-27','1341500291230',1,NULL,'2025-09-02 11:28:57','3340400619255'),(500,'2025-08-27','1349900935743',1,NULL,'2025-09-02 11:28:57','3340400619255'),(501,'2025-08-27','1342200093751',1,NULL,'2025-09-02 11:28:57','3340400619255'),(502,'2025-08-27','1341500268904',1,NULL,'2025-09-02 11:28:57','3340400619255'),(503,'2025-08-26','3340400619255',1,NULL,'2025-09-02 11:29:06','3340400619255'),(504,'2025-08-26','1349900730998',1,NULL,'2025-09-02 11:29:06','3340400619255'),(505,'2025-08-26','1341500274041',1,NULL,'2025-09-02 11:29:06','3340400619255'),(506,'2025-08-26','1341500291230',1,NULL,'2025-09-02 11:29:06','3340400619255'),(507,'2025-08-26','1349900935743',1,NULL,'2025-09-02 11:29:06','3340400619255'),(508,'2025-08-26','1342200093751',1,NULL,'2025-09-02 11:29:06','3340400619255'),(509,'2025-08-26','1341500268904',1,NULL,'2025-09-02 11:29:06','3340400619255'),(510,'2025-08-25','3340400619255',1,NULL,'2025-09-02 11:29:19','3340400619255'),(511,'2025-08-25','1349900730998',1,NULL,'2025-09-02 11:29:19','3340400619255'),(512,'2025-08-25','1341500274041',1,NULL,'2025-09-02 11:29:19','3340400619255'),(513,'2025-08-25','1341500291230',1,NULL,'2025-09-02 11:29:19','3340400619255'),(514,'2025-08-25','1349900935743',1,NULL,'2025-09-02 11:29:19','3340400619255'),(515,'2025-08-25','1342200093751',1,NULL,'2025-09-02 11:29:19','3340400619255'),(516,'2025-08-25','1341500268904',1,NULL,'2025-09-02 11:29:19','3340400619255'),(517,'2025-08-22','3340400619255',1,NULL,'2025-09-02 11:29:39','3340400619255'),(518,'2025-08-22','1349900730998',1,NULL,'2025-09-02 11:29:39','3340400619255'),(519,'2025-08-22','1341500274041',1,NULL,'2025-09-02 11:29:39','3340400619255'),(520,'2025-08-22','1341500291230',1,NULL,'2025-09-02 11:29:39','3340400619255'),(521,'2025-08-22','1349900935743',1,NULL,'2025-09-02 11:29:39','3340400619255'),(522,'2025-08-22','1342200093751',1,NULL,'2025-09-02 11:29:39','3340400619255'),(523,'2025-08-22','1341500268904',1,NULL,'2025-09-02 11:29:39','3340400619255'),(524,'2025-08-21','3340400619255',1,NULL,'2025-09-02 11:29:50','3340400619255'),(525,'2025-08-21','1349900730998',1,NULL,'2025-09-02 11:29:50','3340400619255'),(526,'2025-08-21','1341500274041',1,NULL,'2025-09-02 11:29:50','3340400619255'),(527,'2025-08-21','1341500291230',1,NULL,'2025-09-02 11:29:50','3340400619255'),(528,'2025-08-21','1349900935743',1,NULL,'2025-09-02 11:29:50','3340400619255'),(529,'2025-08-21','1342200093751',1,NULL,'2025-09-02 11:29:50','3340400619255'),(530,'2025-08-21','1341500268904',1,NULL,'2025-09-02 11:29:50','3340400619255'),(531,'2025-08-20','3340400619255',1,NULL,'2025-09-02 11:30:00','3340400619255'),(532,'2025-08-20','1349900730998',1,NULL,'2025-09-02 11:30:00','3340400619255'),(533,'2025-08-20','1341500274041',1,NULL,'2025-09-02 11:30:00','3340400619255'),(534,'2025-08-20','1341500291230',1,NULL,'2025-09-02 11:30:00','3340400619255'),(535,'2025-08-20','1349900935743',1,NULL,'2025-09-02 11:30:00','3340400619255'),(536,'2025-08-20','1342200093751',1,NULL,'2025-09-02 11:30:00','3340400619255'),(537,'2025-08-20','1341500268904',1,NULL,'2025-09-02 11:30:00','3340400619255'),(538,'2025-08-19','3340400619255',1,NULL,'2025-09-02 11:30:08','3340400619255'),(539,'2025-08-19','1349900730998',1,NULL,'2025-09-02 11:30:08','3340400619255'),(540,'2025-08-19','1341500274041',1,NULL,'2025-09-02 11:30:08','3340400619255'),(541,'2025-08-19','1341500291230',1,NULL,'2025-09-02 11:30:08','3340400619255'),(542,'2025-08-19','1349900935743',1,NULL,'2025-09-02 11:30:08','3340400619255'),(543,'2025-08-19','1342200093751',1,NULL,'2025-09-02 11:30:08','3340400619255'),(544,'2025-08-19','1341500268904',1,NULL,'2025-09-02 11:30:08','3340400619255'),(545,'2025-09-08','3340400619255',1,NULL,'2025-09-08 11:09:56','3340400619255'),(546,'2025-09-08','1349900730998',1,NULL,'2025-09-08 11:09:56','3340400619255'),(547,'2025-09-08','1341500274041',1,NULL,'2025-09-08 11:09:56','3340400619255'),(548,'2025-09-08','1341500291230',1,NULL,'2025-09-08 11:09:56','3340400619255'),(549,'2025-09-08','1349900935743',1,NULL,'2025-09-08 11:09:56','3340400619255'),(550,'2025-09-08','1342200093751',1,NULL,'2025-09-08 11:09:56','3340400619255'),(551,'2025-09-08','1341500268904',1,NULL,'2025-09-08 11:09:56','3340400619255'),(552,'2025-09-05','3340400619255',1,NULL,'2025-09-08 11:10:11','3340400619255'),(553,'2025-09-05','1349900730998',1,NULL,'2025-09-08 11:10:11','3340400619255'),(554,'2025-09-05','1341500274041',1,NULL,'2025-09-08 11:10:11','3340400619255'),(555,'2025-09-05','1341500291230',1,NULL,'2025-09-08 11:10:11','3340400619255'),(556,'2025-09-05','1349900935743',1,NULL,'2025-09-08 11:10:11','3340400619255'),(557,'2025-09-05','1342200093751',1,NULL,'2025-09-08 11:10:11','3340400619255'),(558,'2025-09-05','1341500268904',1,NULL,'2025-09-08 11:10:11','3340400619255'),(559,'2025-09-04','3340400619255',1,NULL,'2025-09-08 11:10:20','3340400619255'),(560,'2025-09-04','1349900730998',1,NULL,'2025-09-08 11:10:20','3340400619255'),(561,'2025-09-04','1341500274041',1,NULL,'2025-09-08 11:10:20','3340400619255'),(562,'2025-09-04','1341500291230',1,NULL,'2025-09-08 11:10:20','3340400619255'),(563,'2025-09-04','1349900935743',1,NULL,'2025-09-08 11:10:20','3340400619255'),(564,'2025-09-04','1342200093751',1,NULL,'2025-09-08 11:10:20','3340400619255'),(565,'2025-09-04','1341500268904',1,NULL,'2025-09-08 11:10:20','3340400619255'),(566,'2025-09-03','3340400619255',1,NULL,'2025-09-08 11:10:30','3340400619255'),(567,'2025-09-03','1349900730998',1,NULL,'2025-09-08 11:10:30','3340400619255'),(568,'2025-09-03','1341500274041',1,NULL,'2025-09-08 11:10:30','3340400619255'),(569,'2025-09-03','1341500291230',1,NULL,'2025-09-08 11:10:30','3340400619255'),(570,'2025-09-03','1349900935743',1,NULL,'2025-09-08 11:10:30','3340400619255'),(571,'2025-09-03','1342200093751',1,NULL,'2025-09-08 11:10:30','3340400619255'),(572,'2025-09-03','1341500268904',1,NULL,'2025-09-08 11:10:30','3340400619255'),(573,'2025-11-13','3340400619255',1,NULL,'2025-11-13 12:39:11','3340400619255'),(574,'2025-11-13','1349900730998',1,NULL,'2025-11-13 12:39:11','3340400619255'),(575,'2025-11-13','1341500274041',1,NULL,'2025-11-13 12:39:11','3340400619255'),(576,'2025-11-13','1341500291230',1,NULL,'2025-11-13 12:39:11','3340400619255'),(577,'2025-11-13','1341100322111',1,NULL,'2025-11-13 12:39:11','3340400619255'),(578,'2025-11-13','1349900935743',1,NULL,'2025-11-13 12:39:11','3340400619255'),(579,'2025-11-13','1342200093751',1,NULL,'2025-11-13 12:39:11','3340400619255'),(580,'2025-11-13','1341500268904',1,NULL,'2025-11-13 12:39:11','3340400619255'),(581,'2025-11-12','3340400619255',1,NULL,'2025-11-13 12:39:31','3340400619255'),(582,'2025-11-12','1349900730998',1,NULL,'2025-11-13 12:39:31','3340400619255'),(583,'2025-11-12','1341500274041',1,NULL,'2025-11-13 12:39:31','3340400619255'),(584,'2025-11-12','1341500291230',1,NULL,'2025-11-13 12:39:31','3340400619255'),(585,'2025-11-12','1341100322111',1,NULL,'2025-11-13 12:39:31','3340400619255'),(586,'2025-11-12','1349900935743',1,NULL,'2025-11-13 12:39:31','3340400619255'),(587,'2025-11-12','1342200093751',1,NULL,'2025-11-13 12:39:31','3340400619255'),(588,'2025-11-12','1341500268904',1,NULL,'2025-11-13 12:39:31','3340400619255'),(589,'2025-11-11','3340400619255',1,NULL,'2025-11-13 12:39:40','3340400619255'),(590,'2025-11-11','1349900730998',1,NULL,'2025-11-13 12:39:40','3340400619255'),(591,'2025-11-11','1341500274041',1,NULL,'2025-11-13 12:39:40','3340400619255'),(592,'2025-11-11','1341500291230',1,NULL,'2025-11-13 12:39:40','3340400619255'),(593,'2025-11-11','1341100322111',1,NULL,'2025-11-13 12:39:40','3340400619255'),(594,'2025-11-11','1349900935743',1,NULL,'2025-11-13 12:39:40','3340400619255'),(595,'2025-11-11','1342200093751',1,NULL,'2025-11-13 12:39:40','3340400619255'),(596,'2025-11-11','1341500268904',1,NULL,'2025-11-13 12:39:40','3340400619255'),(597,'2025-11-10','3340400619255',1,NULL,'2025-11-13 12:39:51','3340400619255'),(598,'2025-11-10','1349900730998',1,NULL,'2025-11-13 12:39:51','3340400619255'),(599,'2025-11-10','1341500274041',1,NULL,'2025-11-13 12:39:51','3340400619255'),(600,'2025-11-10','1341500291230',1,NULL,'2025-11-13 12:39:51','3340400619255'),(601,'2025-11-10','1341100322111',1,NULL,'2025-11-13 12:39:51','3340400619255'),(602,'2025-11-10','1349900935743',1,NULL,'2025-11-13 12:39:51','3340400619255'),(603,'2025-11-10','1342200093751',1,NULL,'2025-11-13 12:39:51','3340400619255'),(604,'2025-11-10','1341500268904',1,NULL,'2025-11-13 12:39:51','3340400619255'),(605,'2025-11-07','3340400619255',1,NULL,'2025-11-13 12:40:06','3340400619255'),(606,'2025-11-07','1349900730998',1,NULL,'2025-11-13 12:40:06','3340400619255'),(607,'2025-11-07','1341500274041',1,NULL,'2025-11-13 12:40:06','3340400619255'),(608,'2025-11-07','1341500291230',1,NULL,'2025-11-13 12:40:06','3340400619255'),(609,'2025-11-07','1341100322111',1,NULL,'2025-11-13 12:40:06','3340400619255'),(610,'2025-11-07','1349900935743',1,NULL,'2025-11-13 12:40:06','3340400619255'),(611,'2025-11-07','1342200093751',1,NULL,'2025-11-13 12:40:06','3340400619255'),(612,'2025-11-07','1341500268904',1,NULL,'2025-11-13 12:40:06','3340400619255'),(613,'2025-11-06','3340400619255',1,NULL,'2025-11-13 12:40:16','3340400619255'),(614,'2025-11-06','1349900730998',1,NULL,'2025-11-13 12:40:16','3340400619255'),(615,'2025-11-06','1341500274041',1,NULL,'2025-11-13 12:40:16','3340400619255'),(616,'2025-11-06','1341500291230',1,NULL,'2025-11-13 12:40:16','3340400619255'),(617,'2025-11-06','1341100322111',1,NULL,'2025-11-13 12:40:16','3340400619255'),(618,'2025-11-06','1349900935743',1,NULL,'2025-11-13 12:40:16','3340400619255'),(619,'2025-11-06','1342200093751',1,NULL,'2025-11-13 12:40:16','3340400619255'),(620,'2025-11-06','1341500268904',1,NULL,'2025-11-13 12:40:16','3340400619255'),(621,'2025-11-05','3340400619255',1,NULL,'2025-11-13 12:40:30','3340400619255'),(622,'2025-11-05','1349900730998',1,NULL,'2025-11-13 12:40:30','3340400619255'),(623,'2025-11-05','1341500274041',1,NULL,'2025-11-13 12:40:30','3340400619255'),(624,'2025-11-05','1341500291230',1,NULL,'2025-11-13 12:40:30','3340400619255'),(625,'2025-11-05','1341100322111',1,NULL,'2025-11-13 12:40:30','3340400619255'),(626,'2025-11-05','1349900935743',1,NULL,'2025-11-13 12:40:30','3340400619255'),(627,'2025-11-05','1342200093751',1,NULL,'2025-11-13 12:40:30','3340400619255'),(628,'2025-11-05','1341500268904',1,NULL,'2025-11-13 12:40:30','3340400619255'),(629,'2025-11-04','3340400619255',1,NULL,'2025-11-13 12:40:40','3340400619255'),(630,'2025-11-04','1349900730998',1,NULL,'2025-11-13 12:40:40','3340400619255'),(631,'2025-11-04','1341500274041',1,NULL,'2025-11-13 12:40:40','3340400619255'),(632,'2025-11-04','1341500291230',1,NULL,'2025-11-13 12:40:40','3340400619255'),(633,'2025-11-04','1341100322111',1,NULL,'2025-11-13 12:40:40','3340400619255'),(634,'2025-11-04','1349900935743',1,NULL,'2025-11-13 12:40:40','3340400619255'),(635,'2025-11-04','1342200093751',1,NULL,'2025-11-13 12:40:40','3340400619255'),(636,'2025-11-04','1341500268904',1,NULL,'2025-11-13 12:40:40','3340400619255'),(637,'2025-11-03','3340400619255',1,NULL,'2025-11-13 12:40:49','3340400619255'),(638,'2025-11-03','1349900730998',1,NULL,'2025-11-13 12:40:49','3340400619255'),(639,'2025-11-03','1341500274041',1,NULL,'2025-11-13 12:40:49','3340400619255'),(640,'2025-11-03','1341500291230',1,NULL,'2025-11-13 12:40:49','3340400619255'),(641,'2025-11-03','1341100322111',1,NULL,'2025-11-13 12:40:49','3340400619255'),(642,'2025-11-03','1349900935743',1,NULL,'2025-11-13 12:40:49','3340400619255'),(643,'2025-11-03','1342200093751',1,NULL,'2025-11-13 12:40:49','3340400619255'),(644,'2025-11-03','1341500268904',1,NULL,'2025-11-13 12:40:49','3340400619255'),(645,'2025-11-17','3340400619255',1,NULL,'2025-11-17 09:16:04','3340400619255'),(646,'2025-11-17','1349900730998',1,NULL,'2025-11-17 09:16:04','3340400619255'),(647,'2025-11-17','1341500274041',1,NULL,'2025-11-17 09:16:04','3340400619255'),(648,'2025-11-17','1341500291230',1,NULL,'2025-11-17 09:16:04','3340400619255'),(649,'2025-11-17','1341100322111',1,NULL,'2025-11-17 09:16:04','3340400619255'),(650,'2025-11-17','1349900935743',1,NULL,'2025-11-17 09:16:04','3340400619255'),(651,'2025-11-17','1342200093751',1,NULL,'2025-11-17 09:16:04','3340400619255'),(652,'2025-11-17','1341500268904',1,NULL,'2025-11-17 09:16:04','3340400619255'),(653,'2025-11-14','3340400619255',1,NULL,'2025-11-17 09:16:22','3340400619255'),(654,'2025-11-14','1349900730998',1,NULL,'2025-11-17 09:16:22','3340400619255'),(655,'2025-11-14','1341500274041',1,NULL,'2025-11-17 09:16:22','3340400619255'),(656,'2025-11-14','1341500291230',1,NULL,'2025-11-17 09:16:22','3340400619255'),(657,'2025-11-14','1341100322111',1,NULL,'2025-11-17 09:16:22','3340400619255'),(658,'2025-11-14','1349900935743',1,NULL,'2025-11-17 09:16:22','3340400619255'),(659,'2025-11-14','1342200093751',1,NULL,'2025-11-17 09:16:22','3340400619255'),(660,'2025-11-14','1341500268904',1,NULL,'2025-11-17 09:16:22','3340400619255'),(661,'2025-11-24','3340400619255',1,NULL,'2025-11-24 10:22:20','3340400619255'),(662,'2025-11-24','1349900730998',1,NULL,'2025-11-24 10:22:20','3340400619255'),(663,'2025-11-24','1341500274041',1,NULL,'2025-11-24 10:22:20','3340400619255'),(664,'2025-11-24','1341500291230',1,NULL,'2025-11-24 10:22:20','3340400619255'),(665,'2025-11-24','1341100322111',1,NULL,'2025-11-24 10:22:20','3340400619255'),(666,'2025-11-24','1349900935743',3,NULL,'2025-11-24 10:22:20','3340400619255'),(667,'2025-11-24','1342200093751',1,NULL,'2025-11-24 10:22:20','3340400619255'),(668,'2025-11-24','1341500268904',1,NULL,'2025-11-24 10:22:20','3340400619255'),(669,'2025-11-21','3340400619255',1,NULL,'2025-11-24 10:21:29','3340400619255'),(670,'2025-11-21','1349900730998',1,NULL,'2025-11-24 10:21:29','3340400619255'),(671,'2025-11-21','1341500274041',1,NULL,'2025-11-24 10:21:29','3340400619255'),(672,'2025-11-21','1341500291230',1,NULL,'2025-11-24 10:21:29','3340400619255'),(673,'2025-11-21','1341100322111',1,NULL,'2025-11-24 10:21:29','3340400619255'),(674,'2025-11-21','1342200093751',1,NULL,'2025-11-24 10:21:29','3340400619255'),(675,'2025-11-21','1341500268904',1,NULL,'2025-11-24 10:21:29','3340400619255'),(676,'2025-11-20','3340400619255',1,NULL,'2025-11-24 10:21:39','3340400619255'),(677,'2025-11-20','1349900730998',1,NULL,'2025-11-24 10:21:39','3340400619255'),(678,'2025-11-20','1341500274041',1,NULL,'2025-11-24 10:21:39','3340400619255'),(679,'2025-11-20','1341500291230',1,NULL,'2025-11-24 10:21:39','3340400619255'),(680,'2025-11-20','1341100322111',1,NULL,'2025-11-24 10:21:39','3340400619255'),(681,'2025-11-20','1349900935743',1,NULL,'2025-11-24 10:21:39','3340400619255'),(682,'2025-11-20','1342200093751',1,NULL,'2025-11-24 10:21:39','3340400619255'),(683,'2025-11-20','1341500268904',1,NULL,'2025-11-24 10:21:39','3340400619255'),(684,'2025-11-19','3340400619255',1,NULL,'2025-11-24 10:21:48','3340400619255'),(685,'2025-11-19','1349900730998',1,NULL,'2025-11-24 10:21:48','3340400619255'),(686,'2025-11-19','1341500274041',1,NULL,'2025-11-24 10:21:48','3340400619255'),(687,'2025-11-19','1341500291230',1,NULL,'2025-11-24 10:21:48','3340400619255'),(688,'2025-11-19','1341100322111',1,NULL,'2025-11-24 10:21:48','3340400619255'),(689,'2025-11-19','1349900935743',1,NULL,'2025-11-24 10:21:48','3340400619255'),(690,'2025-11-19','1342200093751',1,NULL,'2025-11-24 10:21:48','3340400619255'),(691,'2025-11-19','1341500268904',1,NULL,'2025-11-24 10:21:48','3340400619255'),(692,'2025-11-18','3340400619255',1,NULL,'2025-11-24 10:21:59','3340400619255'),(693,'2025-11-18','1349900730998',1,NULL,'2025-11-24 10:21:59','3340400619255'),(694,'2025-11-18','1341500274041',1,NULL,'2025-11-24 10:21:59','3340400619255'),(695,'2025-11-18','1341500291230',1,NULL,'2025-11-24 10:21:59','3340400619255'),(696,'2025-11-18','1341100322111',1,NULL,'2025-11-24 10:21:59','3340400619255'),(697,'2025-11-18','1349900935743',1,NULL,'2025-11-24 10:21:59','3340400619255'),(698,'2025-11-18','1342200093751',1,NULL,'2025-11-24 10:21:59','3340400619255'),(699,'2025-11-18','1341500268904',1,NULL,'2025-11-24 10:21:59','3340400619255'),(700,'2025-11-25','3340400619255',1,NULL,'2025-11-25 11:12:34','3340400619255'),(701,'2025-11-25','1349900730998',1,NULL,'2025-11-25 11:12:34','3340400619255'),(702,'2025-11-25','1341500274041',1,NULL,'2025-11-25 11:12:34','3340400619255'),(703,'2025-11-25','1341500291230',1,NULL,'2025-11-25 11:12:34','3340400619255'),(704,'2025-11-25','1341100322111',1,NULL,'2025-11-25 11:12:34','3340400619255'),(705,'2025-11-25','1349900935743',1,NULL,'2025-11-25 11:12:34','3340400619255'),(706,'2025-11-25','1342200093751',1,NULL,'2025-11-25 11:12:34','3340400619255'),(707,'2025-11-25','1341500268904',1,NULL,'2025-11-25 11:12:34','3340400619255');

--
-- Table structure for table `work_permission`
--

CREATE TABLE `work_permission` (
  `id` int(11) NOT NULL AUTO_INCREMENT,
  `person_id` varchar(13) NOT NULL,
  `p1` tinyint(4) NOT NULL,
  `officer` varchar(13) NOT NULL,
  `rec_date` date NOT NULL,
  PRIMARY KEY (`id`)
) ENGINE=MyISAM AUTO_INCREMENT=8 DEFAULT CHARSET=utf8 COLLATE=utf8_general_ci;

--
-- Dumping data for table `work_permission`
--

INSERT INTO `work_permission` VALUES (3,'3340400619255',1,'3340400619255','2025-05-26');


