-- Table structure for table `bookregister_receive_filebook`
--

CREATE TABLE `bookregister_receive_filebook` (
  `id` int(11) NOT NULL AUTO_INCREMENT,
  `ref_id` varchar(50) NOT NULL,
  `file_name` varchar(100) NOT NULL,
  `file_des` varchar(100) NOT NULL,
  PRIMARY KEY (`id`)
) ENGINE=MyISAM DEFAULT CHARSET=utf8 COLLATE=utf8_general_ci;

--
-- Dumping data for table `bookregister_receive_filebook`
--


--
-- Table structure for table `bookregister_send`
--

CREATE TABLE `bookregister_send` (
  `ms_id` int(11) NOT NULL AUTO_INCREMENT,
  `year` int(11) NOT NULL,
  `register_number` int(11) NOT NULL,
  `book_no` varchar(50) NOT NULL,
  `signdate` date NOT NULL,
  `book_from` varchar(200) NOT NULL,
  `book_to` varchar(200) NOT NULL,
  `subject` varchar(150) NOT NULL,
  `operation` varchar(150) DEFAULT NULL,
  `workgroup` tinyint(4) NOT NULL DEFAULT 0,
  `comment` varchar(100) DEFAULT NULL,
  `register_date` date NOT NULL,
  `ref_id` varchar(50) NOT NULL,
  `officer` varchar(13) DEFAULT NULL,
  `secret` tinyint(4) NOT NULL DEFAULT 0,
  `office_type` tinyint(4) NOT NULL DEFAULT 1,
  PRIMARY KEY (`ms_id`)
) ENGINE=MyISAM AUTO_INCREMENT=3 DEFAULT CHARSET=utf8 COLLATE=utf8_general_ci;

--
-- Dumping data for table `bookregister_send`
--

INSERT INTO `bookregister_send` VALUES (1,2557,100,'ที่ ศธ1234/100','2014-07-06','โรงเรียนบ้านคำขวาง','สพป.อบ.4','เชิญเผาศพ','',3,'','2014-07-06','1404632865x9624','3341500594972',0,1),(2,2567,231,'ที่ ศธ 04186.017/231','2024-11-21','โรงเรียนบ้านคำขวาง','ผอ.สพป.อบ.๔','ส่งผลการประเมินอย่างเข้มครูผู้ช่วย ครั้งที่ ๑','กมลชนก',3,'','2024-11-21','1732165300x1249725750','3341100389352',0,1);

--
-- Table structure for table `bookregister_send_filebook`
--

CREATE TABLE `bookregister_send_filebook` (
  `id` int(11) NOT NULL AUTO_INCREMENT,
  `ref_id` varchar(50) NOT NULL,
  `file_name` varchar(100) NOT NULL,
  `file_des` varchar(100) NOT NULL,
  PRIMARY KEY (`id`)
) ENGINE=MyISAM DEFAULT CHARSET=utf8 COLLATE=utf8_general_ci;

--
-- Dumping data for table `bookregister_send_filebook`
--


--
-- Table structure for table `bookregister_year`
--

CREATE TABLE `bookregister_year` (
  `id` int(11) NOT NULL AUTO_INCREMENT,
  `year` int(11) NOT NULL,
  `year_active` tinyint(4) NOT NULL DEFAULT 0,
  `start_receive_num` int(11) NOT NULL DEFAULT 1,
  `start_send_num` int(11) NOT NULL DEFAULT 1,
  `start_command_num` int(11) NOT NULL DEFAULT 1,
  `start_cer_num` int(11) NOT NULL DEFAULT 1,
  `school_code` varchar(15) DEFAULT NULL,
  `officer` varchar(13) DEFAULT NULL,
  `rec_date` date DEFAULT NULL,
  PRIMARY KEY (`id`)
) ENGINE=MyISAM AUTO_INCREMENT=9 DEFAULT CHARSET=utf8 COLLATE=utf8_general_ci;

--
-- Dumping data for table `bookregister_year`
--

INSERT INTO `bookregister_year` VALUES (7,2567,0,1,231,217,1,NULL,NULL,NULL),(4,2560,0,1,1,1,1,NULL,NULL,NULL),(8,2568,1,1,1,1,1,NULL,NULL,NULL);

--
-- Table structure for table `budget_bud`
--

CREATE TABLE `budget_bud` (
  `id` int(11) NOT NULL AUTO_INCREMENT,
  `budget_year` int(11) NOT NULL,
  `doc` varchar(50) NOT NULL,
  `refer_wd_id` int(11) NOT NULL,
  `status` tinyint(11) DEFAULT NULL,
  `bud_type_id` int(11) DEFAULT NULL,
  `item` varchar(150) DEFAULT NULL,
  `receive_amount` double DEFAULT NULL,
  `pay_amount` double DEFAULT NULL,
  `payed_person` varchar(50) NOT NULL,
  `pay_group` int(4) DEFAULT NULL,
  `rec_date` date NOT NULL,
  `officer` varchar(13) NOT NULL,
  PRIMARY KEY (`id`)
) ENGINE=MyISAM DEFAULT CHARSET=utf8 COLLATE=utf8_general_ci;

--
-- Dumping data for table `budget_bud`
--


--
-- Table structure for table `budget_category`
--

CREATE TABLE `budget_category` (
  `id` int(11) NOT NULL AUTO_INCREMENT,
  `category_id` int(11) NOT NULL,
  `category_name` varchar(30) NOT NULL,
  PRIMARY KEY (`id`),
  UNIQUE KEY `category_id` (`category_id`)
) ENGINE=MyISAM AUTO_INCREMENT=7 DEFAULT CHARSET=utf8 COLLATE=utf8_general_ci;

--
-- Dumping data for table `budget_category`
--

INSERT INTO `budget_category` VALUES (1,1,'เงินนอกงบประมาณ'),(2,2,'เงินงบประมาณ'),(3,3,'เงินรายได้แผ่นดิน'),(6,4,'วงเงินงบประมาณที่ได้รับจัดสรร');

--
-- Table structure for table `budget_deega`
--

CREATE TABLE `budget_deega` (
  `id` int(11) NOT NULL AUTO_INCREMENT,
  `budget_year` int(11) NOT NULL,
  `deega_num` float NOT NULL DEFAULT 0,
  `doc` varchar(20) NOT NULL,
  `receive_num` char(3) NOT NULL DEFAULT '',
  `plan` char(2) NOT NULL DEFAULT '',
  `project` varchar(20) NOT NULL,
  `activity` varchar(20) NOT NULL,
  `pay_group` char(3) NOT NULL DEFAULT '',
  `item` varchar(50) NOT NULL DEFAULT '',
  `withdraw` double NOT NULL DEFAULT 0,
  `tax` double NOT NULL DEFAULT 0,
  `pay` double NOT NULL DEFAULT 0,
  `officer` varchar(13) NOT NULL,
  `rec_date` date NOT NULL,
  PRIMARY KEY (`id`)
) ENGINE=MyISAM DEFAULT CHARSET=utf8 COLLATE=utf8_general_ci;

--
-- Dumping data for table `budget_deega`
--


--
-- Table structure for table `budget_document`
--

CREATE TABLE `budget_document` (
  `id` int(11) NOT NULL AUTO_INCREMENT,
  `subject` varchar(150) NOT NULL,
  `file_name` varchar(150) NOT NULL,
  `rec_date` date NOT NULL,
  `officer` varchar(13) NOT NULL,
  PRIMARY KEY (`id`)
) ENGINE=MyISAM DEFAULT CHARSET=utf8 COLLATE=utf8_general_ci;

--
-- Dumping data for table `budget_document`
--


--
-- Table structure for table `budget_main`
--

CREATE TABLE `budget_main` (
  `id` int(11) NOT NULL AUTO_INCREMENT,
  `budget_year` int(11) NOT NULL,
  `doc` varchar(30) NOT NULL,
  `refer_wd_id` int(11) DEFAULT NULL,
  `type_id` int(11) NOT NULL,
  `item` varchar(100) NOT NULL,
  `receive_amount` double DEFAULT NULL,
  `pay_amount` double DEFAULT NULL,
  `payed_person` varchar(50) NOT NULL,
  `change_amount` double DEFAULT NULL,
  `pay_group` int(4) DEFAULT NULL,
  `status` tinyint(4) NOT NULL,
  `rec_date` date NOT NULL,
  `officer` varchar(13) DEFAULT NULL,
  PRIMARY KEY (`id`)
) ENGINE=MyISAM AUTO_INCREMENT=205 DEFAULT CHARSET=utf8 COLLATE=utf8_general_ci;

--
-- Dumping data for table `budget_main`
--

INSERT INTO `budget_main` VALUES (1,2557,'1',NULL,118,'เงินยอดยกมา',588000,NULL,'',NULL,NULL,2,'2014-07-14','3349800148126'),(2,2557,'2',NULL,120,'อาหารเสริม(นม)',176400,NULL,'',NULL,NULL,2,'2014-07-14','3349800148126'),(3,2557,'3',NULL,108,'ยอดยกมา',20000,NULL,'',NULL,NULL,2,'2014-07-14','3349800148126'),(4,2557,'4',NULL,109,'ยอดยกมา',300000,NULL,'',NULL,NULL,2,'2014-07-14','3349800148126'),(5,2557,'5',NULL,110,'ยอดยกมา',320000,NULL,'',NULL,NULL,2,'2014-07-14','3349800148126'),(6,2557,'6',NULL,112,'ยอดยกมา',58500,NULL,'',NULL,NULL,2,'2014-07-14','3349800148126'),(7,2557,'7',NULL,114,'ยอดยกมา',271000,NULL,'',NULL,NULL,2,'2014-07-14','3349800148126'),(8,2557,'8',NULL,115,'ยอดยกมา',44000,NULL,'',NULL,NULL,2,'2014-07-14','3349800148126'),(9,2557,'9',NULL,116,'ยอดยกมา',50000,NULL,'',NULL,NULL,2,'2014-07-14','3349800148126'),(10,2557,'10',NULL,117,'ยอดยกมา',34000,NULL,'',NULL,NULL,2,'2014-07-14','3349800148126'),(11,2557,'11',NULL,119,'ยอดยกมา',7000,NULL,'',NULL,NULL,2,'2014-07-14','3349800148126'),(12,2557,'12',NULL,101,'ยอดยกมา',28000,NULL,'',NULL,NULL,2,'2014-07-14','3349800148126'),(13,2557,'13',NULL,103,'ยอดยกมา',300,NULL,'',NULL,NULL,2,'2014-07-14','3349800148126'),(14,2557,'1',0,109,'ซื้อวัสดุประจำห้องเรียน',NULL,22000,'บริาัทอุบลวัสดุจำกัด',NULL,203,4,'2014-07-14','3349800148126'),(15,2557,'2',0,108,'ค่าเครื่องนอน',NULL,6000,'ร้านแดงสปอตร์',NULL,203,3,'2014-07-14','3349800148126'),(16,2557,'1',NULL,108,'ค่าเครื่องนอน',NULL,NULL,'',6000,NULL,7,'2014-07-14','3349800148126'),(17,2559,'-',NULL,108,'เงินรายหัว',15512.07,NULL,'',NULL,NULL,2,'2015-10-01','3349800148126'),(18,2559,'-',NULL,109,'เงินรายหัว',23065.21,NULL,'',NULL,NULL,2,'2015-10-01','3349800148126'),(19,2559,'บร10ก 30357/4',NULL,109,'เงินค่าสาธารณูปโภค',25000,NULL,'',NULL,NULL,2,'2015-10-29','3349800148126'),(20,2559,'-',NULL,110,'เงินรายหัว',12810.61,NULL,'',NULL,NULL,2,'2015-10-01','3349800148126'),(21,2559,'บร10ก 30357/4',NULL,110,'เงินค่าสาธารณูปโภค',25000,NULL,'',NULL,NULL,2,'2015-10-29','3349800148126'),(22,2559,'-',NULL,112,'ขาดแคลนประถม',95662,NULL,'',NULL,NULL,2,'2015-10-01','3349800148126'),(23,2559,'-',NULL,113,'อุดหนุนขาดแคลนมัธยม',272251,NULL,'',NULL,NULL,2,'2015-10-01','3349800148126'),(24,2559,'-',NULL,114,'อุดหนุเรียนฟรีค่าหนังสือเรียน',122659.6,NULL,'',NULL,NULL,2,'2015-10-01','3349800148126'),(25,2559,'-',NULL,115,'อุดหนุนเรียนฟรี15  ปึอุปกรณ์การเรียน',2025,NULL,'',NULL,NULL,2,'2015-10-01','3349800148126'),(26,2559,'-',NULL,117,'อุดหนุนเรียนฟรี15  ปึค่ากิจกรรมพัฒนาผู้เรียน',271411,NULL,'',NULL,NULL,2,'2015-10-01','3349800148126'),(27,2559,'บร10ก 30357/5',NULL,115,'อุดหนุนเรียนฟรี15  ปึอุปกรณ์การเรียน',33310,NULL,'',NULL,NULL,2,'2015-10-29','3349800148126'),(28,2559,'บร10ก 30357/5',NULL,112,'อุดหนุนเรียนฟรี15  ปึค่ากิจกรรมพัฒนาผู้เรียน',55465,NULL,'',NULL,NULL,2,'2015-10-29','3349800148126'),(29,2559,'บร10ก 30357/5',NULL,108,'เงินรายหัว',15470,NULL,'',NULL,NULL,2,'2015-10-29','3349800148126'),(30,2559,'บร10ก 30357/5',NULL,109,'อุดหนุน',83805,NULL,'',NULL,NULL,2,'2015-10-29','3349800148126'),(31,2559,'บร10ก 30357/5',NULL,110,'เงินรายหัว',152775,NULL,'',NULL,NULL,2,'2015-10-29','3349800148126'),(32,2559,'บค1/2559',0,112,'ค่าจ้างเหมารถรับส่งนักเรียน',NULL,5920,'นายสนอง  จันทร์ส่อง',NULL,202,4,'2015-10-09','3349800148126'),(33,2559,'บค2/2559',0,113,'ค่าจ้างเหมารถรับส่งนักเรียน',NULL,2880,'นายสนอง  จันทร์ส่อง',NULL,202,4,'2015-10-09','3349800148126'),(34,2559,'บค3/2559',0,109,'เงินยืมเพื่อใช้ตามโครงการพัฒนาองค์กรสู่ความเป็นเลิศ',NULL,16000,'นายวุฒิศักดิ์  วงศาสุข',NULL,202,4,'2015-10-09','3349800148126'),(35,2559,'บค4/2559',0,109,'ค่าซ่อแซมระบบจ่ายน้ำสวนเกษตร',NULL,4000,'นายตอน  รอดสวัสดิ์',NULL,202,4,'2015-10-09','3349800148126'),(36,2559,'บรDRCPV05UBN52/1510/0866-0868',0,109,'ค่าอินเตอร์เน็ต',NULL,1893.9,'บริษัททริปเปิ้ลทีอินเทอร์เน็ต',NULL,204,4,'2015-10-09','3349800148126'),(37,2559,'บรA4737258110400166',0,110,'ค่าไฟฟ้า',NULL,7867.53,'การไฟฟ้าส่วนภูมิภาค',NULL,204,4,'2015-11-03','3349800148126'),(38,2559,'บรB00020023446',0,109,'ค่าโทรศัพท์',NULL,611.5,'บริษัททีโอทีจำกัด',NULL,204,4,'2015-11-03','3349800148126'),(39,2559,'บค5/2559',0,109,'ค่าใช้จ่ายในการเดินทางไปราชการ',NULL,700,'นางพิรุณรัตน์  ศรีคำ',NULL,202,4,'2015-11-03','3349800148126'),(40,2559,'บรDRCPV05UBN52/1511/0228-0230',0,109,'ค่าอินเตอร์เน็ต',NULL,1893.9,'บริษัททริปเปิ้ลทีอินเทอร์เน็ต',NULL,204,4,'2015-11-03','3349800148126'),(41,2559,'บร1400546430',0,110,'ค่าวัสดุการศึกษา',NULL,9392,'บริษัทอุบลวัสดุจำกัด',NULL,203,4,'2015-11-03','3349800148126'),(42,2559,'บร3/48',0,109,'ค่าน้ำประปา',NULL,3110,'การประปาหมู่บ้านแต้',NULL,204,4,'2015-11-03','3349800148126'),(43,2559,'บร92/19',0,109,'ค่าจ้างซ่อมเครื่องคอมพิวเตอร์',NULL,350,'ร้านไดโนคอมพ์',NULL,202,4,'2015-11-03','3349800148126'),(44,2559,'บร10ก 30357/5',NULL,117,'เงินเรียนฟรี15ปีกิจกรรมพัฒนาผู้เรียน',55465,NULL,'',NULL,NULL,2,'2015-10-29','3349800148126'),(45,2559,'บร10ก 30357/3',NULL,118,'เงินอาหารกลางวัน',23380,NULL,'',NULL,NULL,2,'2015-10-15','3349800148126'),(46,2559,'-',NULL,118,'อาหารกลางวัน',61547.49,NULL,'',NULL,NULL,2,'2015-10-01','3349800148126'),(47,2559,'บค1/2559',0,118,'วัสดุประกอบอาหาร',NULL,16700,'นางขนิษฐศรี  จันทะเวช',NULL,203,4,'2015-10-05','3349800148126'),(48,2559,'บค2/2559',0,118,'วัสดุประกอบอาหาร',NULL,3340,'นางขนิษฐศรี  จันทะเวช',NULL,203,4,'2015-10-31','3349800148126'),(49,2559,'บค3/2559',0,118,'วัสดุประกอบอาหาร',NULL,16700,'นางขนิษฐศรี  จันทะเวช',NULL,203,4,'2015-11-02','3349800148126'),(50,2559,'บค4/2559',0,118,'วัสดุประกอบอาหาร',NULL,16700,'นางขนิษฐศรี  จันทะเวช',NULL,203,4,'2015-11-09','3349800148126'),(51,2559,'บค5/2559',0,118,'วัสดุประกอบอาหาร',NULL,16700,'นางขนิษฐศรี  จันทะเวช',NULL,203,4,'2015-11-16','3349800148126'),(52,2559,'บร 15/20-21',0,114,'ค่าหนังสือเรียน',NULL,111259,'ร้านเทียนขวัญ',NULL,203,4,'2015-11-09','3349800148126'),(54,2559,'บค6/2559',0,118,'วัสดุประกอบอาหาร',NULL,16700,'นางขนิษฐศรี  จันทะเวช',NULL,203,4,'2015-11-23','3349800148126'),(55,2559,'บค6/2559',0,118,'วัสดุประกอบอาหาร',NULL,16700,'นางขนิษฐศรี  จันทะเวช',NULL,203,4,'2015-11-23','3349800148126'),(56,2559,'บค6/2559',0,118,'วัสดุประกอบอาหาร',NULL,16700,'นางขนิษฐศรี  จันทะเวช',NULL,203,4,'2015-11-23','3349800148126'),(57,2559,'บค9/2559',0,115,'อุปกรณ์การเรียน',NULL,2700,'นางอรุณี สื่อยรรยงศิริ',NULL,203,4,'2015-11-10','3349800148126'),(58,2559,'บค10/2559',0,115,'อุปกรณ์การเรียน',NULL,1900,'นางนงคราญ ลำดวน',NULL,203,4,'2015-11-10','3349800148126'),(59,2559,'บค11/2559',0,115,'ุอุปกรณ์การเารียน',NULL,3705,'นางจันทร์เพ็ญ  แก่นแก้ว',NULL,203,4,'2015-11-10','3349800148126'),(60,2559,'บค12/2559',0,115,'อุปกรณ์การเรียน',NULL,3705,'นางสุพิศ  เสาร์ทอง',NULL,203,4,'2015-11-10','3349800148126'),(61,2559,'บค13/2559',0,115,'อุปกรณ์การเรียน',NULL,3900,'นางหนูจร  บางนารักษ์',NULL,203,4,'2015-11-10','3349800148126'),(62,2559,'บค14/2559',0,115,'อุปกรณ์การเรียน',NULL,3705,'นางนิตยา  นามเสถียร',NULL,203,4,'2015-11-10','3349800148126'),(63,2559,'บค15/2559',0,116,'อุปกรณ์การเรียน',NULL,4290,'นางอัมพร วิชานวน',NULL,203,4,'2015-11-10','3349800148126'),(64,2559,'บค16/2559',0,115,'อุปกรณ์การเรียน',NULL,4095,'นางจริยาพร  กมลฤกษ์',NULL,203,4,'2015-11-10','3349800148126'),(65,2559,'บค17/2559',0,115,'อุปกรณ์การเรียน',NULL,8190,'นางดวงจันทร์  อภิรัตน์มนตรี',NULL,203,4,'2015-11-10','3349800148126'),(66,2559,'บค18/2559',0,115,'อุปกรณ์การเรียน',NULL,5880,'นางรชควรรณ บุญเต็ม',NULL,203,4,'2015-11-10','3349800148126'),(67,2559,'บค19/2559',0,115,'อุปกรณ์การเรียน',NULL,5460,'นางวาสนา ศรมณี',NULL,203,4,'2015-11-10','3349800148126'),(68,2559,'บรA473725811180100',0,110,'ค่าไฟฟ้า',NULL,7040.48,'การไฟฟ้าส่วนภูมิภาค',NULL,204,4,'2015-11-18','3349800148126'),(69,2559,'บร1400569268',0,110,'ค่าวัสดุการศึกษา',NULL,28997,'บริษัทอุบลวัสดุจำกัด',NULL,203,4,'2015-11-18','3349800148126'),(70,2559,'บรIV-10-004',0,101,'ค่าสันไทย',NULL,20000,'บริษัทสตาร์เทคสตีสอุบลราชธานีจำกัด',NULL,203,4,'2015-11-10','3349800148126'),(71,2559,'บรBC15110096',0,109,'flashdrive',NULL,2277,'บริษัทแอดไวช์ โฮลดิงส์กรุ๊ปจำกัด',NULL,203,4,'2015-11-18','3349800148126'),(72,2559,'บร8/9',0,109,'ค่าจ้างพิมพ์ป้ายไวนิล',NULL,2500,'มารวยพริ้นติ้งแอนด์ดีไซน์',NULL,202,4,'2015-11-18','3349800148126'),(73,2559,'บร53/33',0,109,'ค่าจ้างทำตรายาง',NULL,1250,'โรงพิมพ์โชคสมทรัพย์',NULL,202,4,'2015-11-18','3349800148126'),(74,2559,'บร7/16',0,108,'ค่าจ้างทำป้ายไวนิล',NULL,600,'มารวยพริ้นติ้งแอนด์ดีไซน์',NULL,202,4,'2015-11-18','3349800148126'),(75,2559,'บร10ก 30357/7',NULL,118,'เงินอาหารกลางวัน',70140,NULL,'',NULL,NULL,2,'2015-11-06','3349800148126'),(76,2559,'บร10ก 30357/1',NULL,101,'เงินบริจาค',500,NULL,'',NULL,NULL,2,'2015-10-06','3349800148126'),(77,2559,'บร10ก 30357/2',NULL,101,'เงืนบริจาค',3000,NULL,'',NULL,NULL,2,'2015-10-09','3349800148126'),(78,2560,'บค1/2560',0,113,'ค่าจ้างเหมารถรับส่งนักเรียน',NULL,26000,'นายสนอง  จันทร์ส่อง',NULL,202,4,'2016-10-03','5349990002051'),(79,2560,'บค2/2560',0,101,'ค่าจ้างเหมาปรับปรุงห้องน้ำโรงเรียน',NULL,10000,'นายสมพงศ์  แสวงพันธ์',NULL,202,4,'2016-10-03','5349990002051'),(80,2560,'บร1/23',0,109,'ค่าซ่อมเครื่องคอมพิวเตอร์',NULL,1850,'ร้านสไมส์คอม',NULL,202,4,'2016-10-03','5349990002051'),(81,2560,'บรDRCPV05UBN/1610/0214,0215,02',0,109,'ค่าอินเตอร์เน็ต',NULL,1893.9,'บริษัททริปเปิ้ลทีอินเทอร์เน็ต',NULL,204,4,'2016-10-03','5349990002051'),(82,2560,'บร1/2',0,114,'ค่าหนังสือเรียน',NULL,100000,'ร้านอังสนาบุ๊ค',NULL,203,4,'2016-10-10','5349990002051'),(83,2560,'บร1400570047',0,117,'ค่าวัสดุการศึกษา',NULL,66352.5,'บริษัโฮมจำกัด',NULL,202,4,'2016-10-20','5349990002051'),(84,2560,'บร1/12',0,121,'เครื่องกรองน้ำ',NULL,60000,'ร้านJ&D FILTER',NULL,301,4,'2016-10-21','5349990002051'),(85,2560,'บต3/60',0,112,'เงินทุนการศึกษา',NULL,18000,'นางวาสนา ศรมณี',NULL,202,4,'2016-11-02','5349990002051'),(86,2560,'บร2/45',0,109,'ค่าน้ำประปา',NULL,2765,'การประปาหมู่บ้านแต้',NULL,204,4,'2016-11-03','5349990002051'),(87,2560,'-',NULL,110,'ยอดเงินคงเหลือยกมา',16073.58,NULL,'',NULL,NULL,2,'2016-10-01','5349990002051'),(88,2560,'บร10ก99421/7',NULL,110,'เงินรายหัว',126000,NULL,'',NULL,NULL,2,'2016-11-02','5349990002051'),(89,2560,'-',NULL,108,'ยอดเงินคงเหลือยกมา',951.79,NULL,'',NULL,NULL,2,'2016-10-01','5349990002051'),(90,2560,'-',NULL,109,'ยอดเงินคงเหลือยกมา',10000.21,NULL,'',NULL,NULL,2,'2016-10-01','5349990002051'),(91,2560,'-',NULL,112,'ยอดเงินคงเหลือยกมา',35402,NULL,'',NULL,NULL,2,'2016-10-01','5349990002051'),(92,2560,'-',NULL,113,'ยอดเงินคงเหลือยกมา',176291,NULL,'',NULL,NULL,2,'2016-10-01','5349990002051'),(93,2560,'-',NULL,101,'ยอดเงินคงเหลือยกมา',32736.5,NULL,'',NULL,NULL,2,'2016-10-01','5349990002051'),(94,2560,'บร10ก99421/7',NULL,108,'เงินรายหัว',39950,NULL,'',NULL,NULL,2,'2016-11-02','5349990002051'),(95,2560,'บร10ก99421/7',NULL,109,'อุดหนุนรายหัว',99750,NULL,'',NULL,NULL,2,'2016-11-02','5349990002051'),(96,2560,'บค4/60',0,115,'ค่าอุปกรณ์การเรียน',NULL,3500,'นางอรุณี สื่อยรรยงศิริ',NULL,203,4,'2016-11-03','5349990002051'),(97,2560,'บค5/60',0,115,'ค่าอุปกรณ์การเรียน',NULL,3600,'นางสุพิศ  เสาร์ทอง',NULL,203,4,'2016-11-03','5349990002051'),(98,2560,'บค6/60',0,115,'ค่าอุปกรณ์การเรียน',NULL,6825,'นางจันทร์เพ็ญ  แก่นแก้ว',NULL,203,4,'2016-11-03','5349990002051'),(99,2560,'บค7/60',0,115,'ค่าอุปกรณ์การเรียน',NULL,5655,'นางกมลวรรณ  เทพสุริยานนท์',NULL,203,4,'2016-11-03','5349990002051'),(100,2560,'บค8/60',0,115,'ค่าอุปกรณ์การเรียน',NULL,4185,'นางหนูจร  บางนารักษ์',NULL,203,4,'2016-11-03','5349990002051'),(101,2560,'บค9/60',0,115,'ค่าอุปกรณ์การเรียน',NULL,4875,'นางนิตยา  นามเสถียร',NULL,203,4,'2016-11-03','5349990002051'),(102,2560,'บค10/60',0,115,'ค่าอุปกรณ์การเรียน',NULL,7020,'นางอัมพร วิชานวน',NULL,203,4,'2016-11-03','5349990002051'),(103,2560,'บค11/60',0,115,'ค่าอุปกรณ์การเรียน',NULL,4095,'นางจริยาพร  กมลฤกษ์',NULL,203,4,'2016-11-03','5349990002051'),(104,2560,'บค12/60',0,115,'ค่าอุปกรณ์การเรียน',NULL,6510,'นางวาสนา ศรมณี',NULL,203,4,'2016-11-03','5349990002051'),(105,2560,'บค13/60',0,115,'ค่าอุปกรณ์การเรียน',NULL,8820,'นางดวงจันทร์  อภิรัตน์มนตรี',NULL,203,4,'2016-11-03','5349990002051'),(106,2560,'บค14/60',0,115,'ค่าอุปกรณ์การเรียน',NULL,6510,'นางรชควรรณ บุญเต็ม',NULL,203,4,'2016-11-03','5349990002051'),(107,2560,'บร2/27',0,109,'ค่าพิมพ์แผ่นป้ายไวนิล',NULL,15850,'ร้านมารวยพริ้นติ้งแอนด์ดีไซด์',NULL,202,4,'2016-11-08','5349990002051'),(108,2560,'บค15/60',0,113,'ค่าจ้างเหมารถรับส่งนักเรียน',NULL,7800,'นายสนอง  จันทร์ส่อง',NULL,202,4,'2016-11-08','5349990002051'),(109,2560,'บรUBKC-591026-0006',0,110,'วัสดุการศึกษา',NULL,477,'บริษัทดูโฮมจำกัด',NULL,203,4,'2016-11-08','5349990002051'),(110,2560,'บค16/60',0,110,'ค่าใช้จ่ายในการเดินทางไปราชการ',NULL,1200,'นายวุฒิศักดิ์  วงศาสุข',NULL,202,4,'2016-11-08','5349990002051'),(111,2560,'บค17/60',0,110,'ค่าใช้จ่ายในการเดินทางไปราชการ',NULL,400,'นางพิรุณรัตน์  ศรีคำ',NULL,202,4,'2016-11-08','5349990002051'),(112,2560,'บค18/60',0,110,'ค่าใช้จ่ายในการเดินทางไปราชการ',NULL,400,'นางสาวเมทัสวดี เถาว์โท',NULL,202,4,'2016-11-08','5349990002051'),(113,2560,'บค19/60',0,110,'ค่าใช้จ่ายในการเดินทางไปราชการ',NULL,700,'นางยุภาวดี  ช่วงชัยชนะ',NULL,202,4,'2016-11-08','5349990002051'),(114,2560,'บรA52163591140',0,110,'ค่าไฟฟ้า',NULL,19272.18,'การไฟฟ้าส่วนภูมิภาค',NULL,204,4,'2016-11-11','5349990002051'),(115,2560,'แบบ4235',0,103,'ค่าภาษี1%',NULL,620.18,'กรมสรรพกร',NULL,202,4,'2016-11-14','5349990002051'),(116,2560,'บร1400632763',0,110,'ค่าวัสดุการศึกษา',NULL,25566.14,'บริษัทดูโฮมจำกัด',NULL,203,4,'2016-11-24','5349990002051'),(117,2560,'บร155/13,14',0,101,'ค่าผ้าสีขาว ค่าผ้าสีดำ',NULL,12200,'ห้างใหม่เอี่ยม',NULL,203,4,'2016-11-24','5349990002051'),(118,2560,'บร2/20',0,117,'ค่าวัสดุการศึกษา',NULL,4980,'หจก.วารินนพรัตน์',NULL,203,4,'2016-11-24','5349990002051'),(119,2560,'บร77/49',0,109,'ค่าตลับหมึกเครื่องพิมพ์',NULL,1190,'ร้านไดโนคอมพ์',NULL,203,4,'2016-11-24','5349990002051'),(120,2560,'บค20/60',0,113,'ค่าจ้างเหมารถรับส่งนักเรียน',NULL,36960,'นายสนอง  จันทร์ส่อง',NULL,202,4,'2016-12-01','5349990002051'),(121,2560,'บร155/12',0,101,'ค่าผ้าสีขาว ค่าผ้าสีดำ',NULL,1050,'ห้างใหม่เอี่ยม',NULL,203,4,'2016-12-01','5349990002051'),(122,2560,'บร21/25',0,117,'ค่าถ่ายเอกสารข้อสอบ',NULL,4326,'ร้านYUCOPY',NULL,202,4,'2016-12-01','5349990002051'),(123,2560,'บร2/45',0,109,'ค่าน้ำประปา',NULL,1155,'การประปาหมู่บ้านแต้',NULL,204,4,'2016-12-01','5349990002051'),(124,2560,'บร10ก99421/10',NULL,122,'ค่าครุภัณฑ์',1000000,NULL,'',NULL,NULL,2,'2016-11-04','5349990002051'),(125,2560,'บร10ก99421/10',NULL,122,'ค่าวัสดุ(ห้องสมุด/ICT)',1000000,NULL,'',NULL,NULL,2,'2016-11-04','5349990002051'),(126,2560,'บร10ก99421/10',NULL,122,'ปรับปรุงสภาพ/ภูมิทัศน์',1350000,NULL,'',NULL,NULL,2,'2016-11-04','5349990002051'),(127,2560,'-',NULL,114,'ยอดเงินคงเหลือยกมา',101387.36,NULL,'',NULL,NULL,2,'2016-10-01','3349800148126'),(128,2560,'-',NULL,115,'ยอดเงินคงเหลือยกมา',3685,NULL,'',NULL,NULL,2,'2016-10-01','3349800148126'),(129,2560,'-',NULL,117,'ยอดเงินคงเหลือยกมา',124315,NULL,'',NULL,NULL,2,'2016-10-01','3349800148126'),(130,2560,'10ก99421/7',NULL,115,'เงินรายหัว',40295,NULL,'',NULL,NULL,2,'2016-11-02','3349800148126'),(131,2560,'บร10ก99421/7',NULL,117,'เงินรายหัว',66985,NULL,'',NULL,NULL,2,'2016-11-02','3349800148126'),(132,2560,'แบบ4235',NULL,103,'ภาษี 1%',620.18,NULL,'',NULL,NULL,2,'2016-10-20','3349800148126'),(133,2560,'บร10ก99421/11',NULL,107,'เงินประกันสัญญาก่อสร้างบ้านพักครู203/27',34950,NULL,'',NULL,NULL,2,'2016-11-30','3349800148126'),(134,2560,'บร10ก99421/3',NULL,101,'เงินบริจาค',10000,NULL,'',NULL,NULL,2,'2016-10-17','3349800148126'),(135,2560,'บร10ก99421/5',NULL,101,'เงินบริจาค',1000,NULL,'',NULL,NULL,2,'2016-10-19','3349800148126'),(136,2560,'บร10ก99421/9',NULL,101,'เงินบริจาค',1000,NULL,'',NULL,NULL,2,'2016-11-03','3349800148126'),(137,2560,'บร10ก99421/13',NULL,101,'เงินบริจาค',12200,NULL,'',NULL,NULL,2,'2016-11-24','3349800148126'),(138,2560,'บร10ก99421/14',NULL,119,'เงินบริจาคสนับสนุนการศึกษาเด็กพิเศษ',3000,NULL,'',NULL,NULL,2,'2016-12-05','3349800148126'),(139,2560,'บร10ก99421/15',NULL,107,'เงินประกันสัญญาก่อสร้างห้องสมุดICT',43000,NULL,'',NULL,NULL,2,'2016-12-13','3349800148126'),(140,2560,'บค27/60',0,122,'ค่าปรับปรุงห้องอาบน้ำ/ห้องส้วมชาย-หญิง',NULL,35000,'นายณรงค์ พิณพงษ์',NULL,202,4,'2016-12-09','3349800148126'),(141,2560,'บรA437615912190295',0,110,'ค่าไฟฟ้า',NULL,8811.4,'การไฟฟ้าส่วนภูมิภาค',NULL,204,4,'2016-12-19','3349800148126'),(142,2560,'บรA437615912190296',0,110,'ค่าไฟฟ้า',NULL,6820.77,'การไฟฟ้าส่วนภูมิภาค',NULL,204,4,'2016-12-19','3349800148126'),(143,2560,'บรA437615912190297',0,110,'ค่าไฟฟ้า',NULL,10333.89,'การไฟฟ้าส่วนภูมิภาค',NULL,204,4,'2016-12-19','3349800148126'),(144,2560,'บค28/60',0,122,'ค่าจ้างเหมาทำรั้วข้างโรงเรียนด้านหลังโรงเรียน',NULL,77000,'นายสมพงศ์  แสวงพันธ์',NULL,202,4,'2016-12-19','3349800148126'),(145,2564,'บท1/2564',NULL,118,'ยอดเงินคงเหลือยกมา',56549.92,NULL,'',NULL,NULL,2,'2020-10-01','3349800148126'),(146,2564,'บท1/2564',NULL,108,'ยอดเงินคงเหลือยกมา',28523.37,NULL,'',NULL,NULL,2,'2020-10-01','3349800148126'),(147,2564,'บท1/2564',NULL,109,'ยอดเงินคงเหลือยกมา',191966.9,NULL,'',NULL,NULL,2,'2020-10-01','3349800148126'),(148,2564,'บท1/2564',NULL,110,'ยอดเงินคงเหลือยกมา',137425.83,NULL,'',NULL,NULL,2,'2020-10-01','3349800148126'),(149,2564,'บท1/2564',NULL,111,'ยอดเงินคงเหลือยกมา',127188.62,NULL,'',NULL,NULL,2,'2020-10-01','3349800148126'),(150,2564,'บท1/2564',NULL,112,'ยอดเงินคงเหลือยกมา',82842,NULL,'',NULL,NULL,2,'2020-10-01','3349800148126'),(151,2564,'บท1/2564',NULL,113,'ยอดเงินคงเหลือยกมา',192124,NULL,'',NULL,NULL,2,'2020-10-01','3349800148126'),(152,2564,'บท1/2564',NULL,117,'ยอดเงินคงเหลือยกมา',144824,NULL,'',NULL,NULL,2,'2020-10-01','3349800148126'),(153,2564,'บท1/2564',NULL,119,'ยอดเงินคงเหลือยกมา',24551,NULL,'',NULL,NULL,2,'2020-10-01','3349800148126'),(154,2564,'บท1/2564',NULL,101,'ยอดเงินคงเหลือยกมา',76041.74,NULL,'',NULL,NULL,2,'2020-10-01','3349800148126'),(155,2564,'บท1/2564',NULL,103,'ยอดเงินคงเหลือยกมา',1156,NULL,'',NULL,NULL,1,'2020-10-01','3349800148126'),(156,2564,'บร14/0675',0,113,'เสื้อกีฬา',NULL,22456,'ร้านสปอร์ทวาริน',NULL,203,3,'2020-10-07','3349800148126'),(157,2564,'บร1400053847',0,110,'ค่าวัสดุอุปกรณ์งานอาคารสถานที่',NULL,21380.3,'บริษัทดูโฮมจำกัด',NULL,203,4,'2020-10-07','3349800148126'),(158,2564,'บร14/0675',NULL,113,'เสื้อกีฬา',NULL,NULL,'',22456,NULL,7,'2020-10-07','3349800148126'),(159,2564,'บร1400053847',NULL,110,'ค่าวัสดุอุปกรณ์งานอาคารสถานที่',NULL,NULL,'',21380.3,NULL,7,'2020-10-07','3349800148126'),(160,2564,'บค1/2564',NULL,118,'ค่าอาหารกลางวัน',NULL,NULL,'',26000,NULL,7,'2020-10-07','3349800148126'),(161,2564,'บค1/2564',0,118,'ค่าอาหารกลางวัน',NULL,26000,'นางจิณห์วรา วันทา',NULL,202,3,'2020-10-02','3349800148126'),(162,2564,'บค2/2564',0,111,'จ่ายเงินสดให้นร.',NULL,126500,'นางดวงจันทร์  อภิรัตน์มนตรี',NULL,202,3,'2020-10-08','3349800148126'),(163,2564,'บค2/2564',NULL,111,'จ่ายเงินสดให้นร.',NULL,NULL,'',126500,NULL,7,'2020-10-08','3349800148126'),(164,2564,'บร21ก60178/1',NULL,118,'เงินอุดหนุนอาหารกลางวัน',103200,NULL,'',NULL,NULL,2,'2020-10-12','3349800148126'),(165,2564,'บช9530259980',NULL,111,'เงินอุดหนุน',76000,NULL,'',NULL,NULL,1,'2020-10-12','3349800148126'),(166,2564,'บร202010126',0,103,'ภาษี 1%',NULL,1156,'กรมสรรพกร',NULL,202,3,'2020-10-12','3349800148126'),(167,2564,'บร202010126',NULL,103,'ภาษี 1%',NULL,NULL,'',1156,NULL,7,'2020-10-12','3349800148126'),(168,2564,'บค3/2564',NULL,118,'ค่าอาหารกลางวัน',NULL,NULL,'',25800,NULL,7,'2020-10-09','3349800148126'),(169,2564,'บค3/2564',0,118,'ค่าอาหารกลางวัน',NULL,25800,'นางจิณห์วรา วันทา',NULL,202,3,'2020-10-09','3349800148126'),(170,2564,'บค4/2564',0,118,'ค่าอาหารกลางวัน',NULL,25800,'นางจิณห์วรา วันทา',NULL,202,3,'2020-10-16','3349800148126'),(171,2564,'บค4/2564',NULL,118,'ค่าอาหารกลางวัน',NULL,NULL,'',25800,NULL,7,'2020-10-16','3349800148126'),(172,2564,'บค5/2564',0,118,'ค่าอาหารกลางวัน',NULL,25800,'นางจิณห์วรา วันทา',NULL,202,3,'2020-10-23','3349800148126'),(173,2564,'บค5/2564',NULL,118,'ค่าอาหารกลางวัน',NULL,NULL,'',25800,NULL,7,'2020-10-23','3349800148126'),(174,2564,'บร20100014',NULL,108,'ค่าแผ่นป้ายปฐมวัย',NULL,NULL,'',4300,NULL,7,'2020-10-26','3349800148126'),(181,2564,'บร20100033',NULL,109,'ค่าแผ่นป้ายโรงเรียน',NULL,NULL,'',5500,NULL,7,'2020-10-26','3349800148126'),(176,2564,'บร67/12',NULL,109,'ค่าเปลี่ยนตลับหมีกเครื่องปริ้นเตอร์',NULL,NULL,'',800,NULL,7,'2020-10-26','3349800148126'),(177,2564,'บร64/2',NULL,109,'ค่าซ่อมเครื่องปริ้นเคอร์',NULL,NULL,'',800,NULL,7,'2020-10-26','3349800148126'),(178,2564,'บร202010126',NULL,103,'ภาษี 1%',NULL,NULL,'',235.63,NULL,7,'2020-10-26','3349800148126'),(179,2564,'บร20100014',0,109,'ค่าแผ่นป้ายปฐมวัย',NULL,4300,'นายพิศิษฎ์ แก้วมุกดา',NULL,202,3,'2020-10-26','3349800148126'),(180,2564,'บร2/50',NULL,110,'ค่าน้ำประปา',NULL,NULL,'',2445,NULL,7,'2020-10-26','3349800148126'),(182,2564,'บร20100033',0,109,'ค่าแผ่นป้ายโรงเรียน',NULL,5500,'นายพิศิษฎ์ แก้วมุกดา',NULL,202,3,'2020-10-26','3349800148126'),(183,2564,'บร2/50',0,110,'ค่าน้ำประปา',NULL,2446,'การประปาหมู่บ้านแต้',NULL,202,3,'2020-10-26','3349800148126'),(184,2564,'บร67/12',0,109,'ค่าเปลี่ยนตลับหมีกเครื่องปริ้นเตอร์',NULL,800,'เอเจคอมแอนด์ปริ้นเตอร์',NULL,203,3,'2020-10-26','3349800148126'),(185,2564,'บร64/2',0,109,'ค่าซ่อมเครื่องปริ้นเคอร์',NULL,890,'เอเจคอมแอนด์ปริ้นเตอร์',NULL,201,3,'2020-10-26','3349800148126'),(186,2564,'บร202010126',0,103,'ภาษี 1%',NULL,235.63,'กรมสรรพกร',NULL,203,3,'2020-10-26','3349800148126'),(187,2564,'บร21ก60178/2',NULL,102,'เงินสนับสนุนการศึกษา',1000,NULL,'',NULL,NULL,1,'2020-10-28','3349800148126'),(188,2564,'บร21ก60178/3',NULL,118,'ค่าอาหารกลางวัน',52000,NULL,'',NULL,NULL,2,'2020-10-30','3349800148126'),(189,2564,'บค6/2564',NULL,118,'ค่าอาหารกลางวัน',NULL,NULL,'',26000,NULL,7,'2020-10-30','3349800148126'),(190,2564,'บค7/2564',NULL,111,'จ่ายเงินสดให้นร.',NULL,NULL,'',76000,NULL,7,'2020-10-30','3349800148126'),(191,2564,'บค6/2564',0,118,'ค่าอาหารกลางวัน',NULL,26000,'นางจิณห์วรา วันทา',NULL,202,3,'2020-10-30','3349800148126'),(192,2564,'บค7/2564',0,111,'จ่ายเงินสดให้นร.',NULL,76000,'นางดวงจันทร์  อภิรัตน์มนตรี',NULL,202,3,'2020-10-30','3349800148126'),(193,2568,'ทะเบียนคุมงบกิจกรรมพัฒนาผู้เรี',NULL,117,'ยอดยกมา',23058.61,NULL,'',NULL,NULL,2,'2024-11-01','3341100389352'),(194,2568,'ทะเบียนคุมงบเครื่องแบบนักเรียน',NULL,116,'ยอดยกมา',32750,NULL,'',NULL,NULL,2,'2024-11-01','3341100389352'),(195,2568,'ทะเบียนคุมงบค่าอุปกรณ์การเรียน',NULL,115,'ยอดยกมา',1585,NULL,'',NULL,NULL,2,'2024-11-01','3341100389352'),(196,2568,'ทะเบียนคุมงบค่าหนังสือเรียน',NULL,114,'ยอดยกมา',5955,NULL,'',NULL,NULL,2,'2024-11-01','3341100389352'),(197,2568,'ทะเบียนคุมเงินอุดหนุนมัธยม',NULL,110,'ยอดยกมา',26873.77,NULL,'',NULL,NULL,2,'2024-11-08','3341100389352'),(198,2568,'ทะเบียนคุมเงินอุดหนุนประถม',NULL,109,'ยอดยกมา',15914.64,NULL,'',NULL,NULL,2,'2024-11-08','3341100389352'),(199,2568,'ทะเบียนคุมเงินอุดหนุนปฐมวัย',NULL,108,'ยอดยกมา',1283.21,NULL,'',NULL,NULL,2,'2024-11-01','3341100389352'),(200,2568,'ทะเบียนคุมเงินอุดหนุนอาหารกลาง',NULL,118,'ยอดยกมา',45980,NULL,'',NULL,NULL,2,'2024-11-15','3341100389352'),(201,2568,'ทะเบียนคุมเงินอุดหนุนนักเรียนย',NULL,111,'ยอดยกมา',1120.35,NULL,'',NULL,NULL,2,'2024-11-01','3341100389352'),(202,2568,'ทะเบียนคุมเงินอุดหนุนปัจจัยพื้',NULL,112,'ยอดยกมา',0,NULL,'',NULL,NULL,2,'2024-11-01','3341100389352'),(203,2568,'ทะเบียนคุมเงินอุดหนุนปัจจัยพื้',NULL,113,'ยอดยกมา',0,NULL,'',NULL,NULL,2,'2024-11-01','3341100389352'),(204,2568,'ทะเบียนคุมเงินรายได้สถานศึกษา',NULL,101,'ยอดยกมา',73878.57,NULL,'',NULL,NULL,2,'2024-11-12','3341100389352');

--
-- Table structure for table `budget_money_return`
--

CREATE TABLE `budget_money_return` (
  `id` int(11) NOT NULL AUTO_INCREMENT,
  `budget_year` int(11) DEFAULT NULL,
  `document` varchar(30) NOT NULL DEFAULT '',
  `item` varchar(100) NOT NULL DEFAULT '',
  `pj_activity` varchar(20) NOT NULL DEFAULT '',
  `money` double NOT NULL DEFAULT 0,
  `pay_type` varchar(10) NOT NULL,
  `p_request` varchar(13) NOT NULL DEFAULT '',
  `officer` varchar(13) NOT NULL DEFAULT '',
  `rec_date` date NOT NULL,
  PRIMARY KEY (`id`)
) ENGINE=MyISAM DEFAULT CHARSET=utf8 COLLATE=utf8_general_ci;

--
-- Dumping data for table `budget_money_return`
--


--
-- Table structure for table `budget_pay_type`
--

CREATE TABLE `budget_pay_type` (
  `id` int(11) NOT NULL AUTO_INCREMENT,
  `pay_type_id` int(11) NOT NULL,
  `pay_group_id` tinyint(4) NOT NULL,
  `pay_type_name` varchar(30) NOT NULL,
  PRIMARY KEY (`id`),
  UNIQUE KEY `pay_type_id` (`pay_type_id`)
) ENGINE=MyISAM AUTO_INCREMENT=16 DEFAULT CHARSET=utf8 COLLATE=utf8_general_ci;

--
-- Dumping data for table `budget_pay_type`
--

INSERT INTO `budget_pay_type` VALUES (1,101,1,'เงินเดือน'),(15,102,1,'ค่าจ้างประจำ'),(3,103,1,'ค่าจ้างชั่วคราว'),(4,104,1,'ค่าตอบแทนพนักงานราชการ'),(5,201,2,'ค่าตอบแทน'),(6,202,2,'ค่าใช้สอย'),(7,203,2,'ค่าวัสดุ'),(8,204,2,'ค่าสาธารณูปโภค'),(9,301,3,'ค่าครุภัณฑ์'),(10,302,3,'ค่าที่ดินและสิ่งก่อสร้าง');

--
-- Table structure for table `budget_permission`
--

CREATE TABLE `budget_permission` (
  `id` int(11) NOT NULL AUTO_INCREMENT,
  `person_id` varchar(13) NOT NULL,
  `p1` tinyint(4) NOT NULL,
  `p2` tinyint(4) NOT NULL,
  `p3` tinyint(4) NOT NULL,
  `p4` tinyint(4) NOT NULL,
  `officer` varchar(13) NOT NULL,
  `rec_date` date NOT NULL,
  PRIMARY KEY (`id`)
) ENGINE=MyISAM AUTO_INCREMENT=11 DEFAULT CHARSET=utf8 COLLATE=utf8_general_ci;

--
-- Dumping data for table `budget_permission`
--

INSERT INTO `budget_permission` VALUES (9,'3341100389352',1,1,1,1,'3341100389352','2024-11-18'),(10,'1330900186840',1,1,1,1,'3341100389352','2024-11-19');

--
-- Table structure for table `budget_project`
--

CREATE TABLE `budget_project` (
  `id` int(11) NOT NULL AUTO_INCREMENT,
  `budget_year` int(11) NOT NULL,
  `code` varchar(16) NOT NULL DEFAULT '',
  `name` varchar(80) NOT NULL DEFAULT '',
  PRIMARY KEY (`id`)
) ENGINE=MyISAM DEFAULT CHARSET=utf8 COLLATE=utf8_general_ci;

--
-- Dumping data for table `budget_project`
--


--
-- Table structure for table `budget_receive`
--

CREATE TABLE `budget_receive` (
  `id` int(11) NOT NULL AUTO_INCREMENT,
  `budget_year` int(11) NOT NULL,
  `num` float NOT NULL DEFAULT 0,
  `book_number` varchar(30) NOT NULL DEFAULT '',
  `out_date` varchar(50) NOT NULL DEFAULT '',
  `book_ref` varchar(30) NOT NULL DEFAULT '',
  `plan` char(1) NOT NULL DEFAULT '',
  `project` varchar(16) NOT NULL DEFAULT '',
  `activity` varchar(50) NOT NULL DEFAULT '',
  `activity2` varchar(200) NOT NULL DEFAULT '',
  `m_source` varchar(7) NOT NULL DEFAULT '',
  `account` varchar(30) NOT NULL DEFAULT '',
  `m_pay` char(3) NOT NULL DEFAULT '',
  `item` varchar(250) NOT NULL DEFAULT '',
  `detail` varchar(250) NOT NULL DEFAULT '',
  `money` double NOT NULL DEFAULT 0,
  `rec_date` date DEFAULT NULL,
  `officer` varchar(13) NOT NULL DEFAULT '',
  PRIMARY KEY (`id`),
  UNIQUE KEY `num` (`num`)
) ENGINE=MyISAM DEFAULT CHARSET=utf8 COLLATE=utf8_general_ci;

--
-- Dumping data for table `budget_receive`
--


--
-- Table structure for table `budget_type`
--

CREATE TABLE `budget_type` (
  `id` int(11) NOT NULL AUTO_INCREMENT,
  `type_id` int(11) NOT NULL,
  `category_id` int(11) NOT NULL,
  `type_name` varchar(70) NOT NULL,
  PRIMARY KEY (`id`),
  UNIQUE KEY `type_id` (`type_id`)
) ENGINE=MyISAM AUTO_INCREMENT=51 DEFAULT CHARSET=utf8 COLLATE=utf8_general_ci;

--
-- Dumping data for table `budget_type`
--

INSERT INTO `budget_type` VALUES (1,101,1,'เงินรายได้สถานศึกษา'),(2,102,1,'เงินบริจาค'),(33,103,1,'เงินภาษีหัก ณ ที่จ่าย'),(4,104,1,'เงินลูกเสือ'),(34,105,1,'เงินเนตรนารี'),(6,106,1,'เงินยุวกาชาด'),(7,107,1,'เงินประกันสัญญา'),(8,108,1,'เงินอุดหนุนทั่วไป(ค่าใช้จ่ายรายหัวก่อนประถมศึกษา)'),(47,119,1,'เงินบริจาคมีวัตถุประสงค์'),(38,304,3,'รายได้เบ็ดเตล็ดอื่น'),(14,301,3,'ค่าขายของเบ็ดเตล็ด'),(36,302,3,'ค่าธรรมเนียมเบ็ดเตล็ด'),(37,303,3,'เงินเหลือจ่ายปีเก่าส่งคืน'),(29,109,1,'เงินอุดหนุนทั่วไป(ค่าใช้จ่ายรายหัวประถมศึกษา)'),(23,112,1,'เงินอุดหนุนทั่วไป(ปัจจัยพื้นฐานนักเรียนยากจนประถมศึกษา)'),(24,113,1,'เงินอุดหนุนทั่วไป(ปัจจัยพื้นฐานนักเรียนยากจนมัธยมต้น)'),(25,114,1,'เรียนฟรี15ปี(ค่าหนังสือเรียน)'),(26,115,1,'เรียนฟรี15ปี(ค่าอุปกรณ์การเรียน)'),(27,116,1,'เรียนฟรี15ปี(ค่าเครื่องแบบนักเรียน)'),(28,117,1,'เรียนฟรี15ปี(ค่ากิจกรรมพัฒนาผู้เรียน)'),(30,110,1,'เงินอุดหนุนทั่วไป(ค่าใช้จ่ายรายหัวมัธยมศึกษาตอนต้น)'),(31,111,1,'เงินอุดหนุนทั่วไป(ปัจจัยพื้นฐานนักเรียนยากจนพิเศษ)'),(35,118,1,'เงินอาหารกลางวัน'),(48,120,1,'เงินอุดหนุนที่ได้รับจากอบต./เทศบาล'),(49,121,1,'กองทุนดอกเบี้ยอาหารกลางวัน'),(50,122,1,'เงินอุดหนุนโรงเรียนดีใกล้บ้าน(แม่เหล็ก)');

--
-- Table structure for table `budget_withdraw`
--

CREATE TABLE `budget_withdraw` (
  `id` int(11) NOT NULL AUTO_INCREMENT,
  `budget_year` int(11) DEFAULT NULL,
  `document` varchar(30) NOT NULL DEFAULT '',
  `item` varchar(100) NOT NULL DEFAULT '',
  `pj_activity` varchar(20) NOT NULL DEFAULT '',
  `money` double NOT NULL DEFAULT 0,
  `money_type` varchar(3) NOT NULL,
  `pay_type` varchar(10) NOT NULL,
  `p_request` varchar(50) NOT NULL,
  `status` tinyint(4) DEFAULT 0,
  `officer` varchar(13) NOT NULL DEFAULT '',
  `rec_date` date NOT NULL,
  `borrowed_rec_date` date NOT NULL,
  `withdraw_rec_date` date NOT NULL,
  PRIMARY KEY (`id`)
) ENGINE=MyISAM DEFAULT CHARSET=utf8 COLLATE=utf8_general_ci;

--
-- Dumping data for table `budget_withdraw`
--


--
-- Table structure for table `budget_year`
--

CREATE TABLE `budget_year` (
  `id` int(11) NOT NULL AUTO_INCREMENT,
  `budget_year` int(11) NOT NULL,
  `year_active` tinyint(1) NOT NULL,
  PRIMARY KEY (`id`),
  UNIQUE KEY `budget_year` (`budget_year`)
) ENGINE=MyISAM AUTO_INCREMENT=12 DEFAULT CHARSET=utf8 COLLATE=utf8_general_ci;

--
-- Dumping data for table `budget_year`
--

INSERT INTO `budget_year` VALUES (1,2557,0),(2,2559,0),(3,2558,0),(4,2560,0),(5,2562,0),(6,2561,0),(7,2563,0),(8,2564,0),(10,2568,0),(11,2569,1);

--
-- Table structure for table `cabinet_cabinet`
--

CREATE TABLE `cabinet_cabinet` (
  `id` int(11) NOT NULL AUTO_INCREMENT,
  `cabinet_id` int(11) NOT NULL,
  `cabinet_type` tinyint(4) NOT NULL,
  `cabinet_name` varchar(100) NOT NULL,
  `cabinet_size` double NOT NULL,
  `tray_size` double NOT NULL,
  `cabinet_person` varchar(13) NOT NULL,
  PRIMARY KEY (`id`),
  UNIQUE KEY `cabinet_id` (`cabinet_id`)
) ENGINE=MyISAM DEFAULT CHARSET=utf8 COLLATE=utf8_general_ci;

--
-- Dumping data for table `cabinet_cabinet`
--


--
-- Table structure for table `cabinet_file`
--

CREATE TABLE `cabinet_file` (
  `id` int(11) NOT NULL AUTO_INCREMENT,
  `file_id` int(11) NOT NULL,
  `tray_id` bigint(11) NOT NULL,
  `cabinet_id` int(11) NOT NULL,
  `file_name` varchar(100) NOT NULL,
  PRIMARY KEY (`id`)
) ENGINE=MyISAM DEFAULT CHARSET=utf8 COLLATE=utf8_general_ci;

--
-- Dumping data for table `cabinet_file`
--


--
-- Table structure for table `cabinet_main`
--

CREATE TABLE `cabinet_main` (
  `id` int(11) NOT NULL AUTO_INCREMENT,
  `file_id` int(11) NOT NULL,
  `tray_id` bigint(11) NOT NULL,
  `cabinet_id` int(11) NOT NULL,
  `cabinet_type` tinyint(4) NOT NULL,
  `doc_subject` varchar(150) NOT NULL,
  `doc_size` double NOT NULL,
  `doc_name` varchar(100) NOT NULL,
  `doc_type` varchar(10) NOT NULL,
  `status` tinyint(4) NOT NULL DEFAULT 0,
  `person_id` varchar(13) NOT NULL,
  `rec_date` datetime NOT NULL,
  PRIMARY KEY (`id`)
) ENGINE=MyISAM DEFAULT CHARSET=utf8 COLLATE=utf8_general_ci;

--
-- Dumping data for table `cabinet_main`
--


--
-- Table structure for table `cabinet_permission`
--

CREATE TABLE `cabinet_permission` (
  `id` int(11) NOT NULL AUTO_INCREMENT,
  `person_id` varchar(13) NOT NULL,
  `p1` tinyint(4) DEFAULT NULL,
  `officer` varchar(13) NOT NULL,
  `rec_date` date NOT NULL,
  PRIMARY KEY (`id`),
  UNIQUE KEY `person_id` (`person_id`)
) ENGINE=MyISAM AUTO_INCREMENT=3 DEFAULT CHARSET=utf8 COLLATE=utf8_general_ci;

--
-- Dumping data for table `cabinet_permission`
--

INSERT INTO `cabinet_permission` VALUES (1,'3349800192222',1,'3341500594972','2014-07-06'),(2,'1379900038261',1,'3340200038909','2022-09-13');

--
-- Table structure for table `cabinet_tray`
--

CREATE TABLE `cabinet_tray` (
  `id` int(11) NOT NULL AUTO_INCREMENT,
  `tray_id` bigint(20) NOT NULL,
  `cabinet_id` int(11) NOT NULL,
  `tray_name` varchar(100) NOT NULL,
  PRIMARY KEY (`id`)
) ENGINE=MyISAM DEFAULT CHARSET=utf8 COLLATE=utf8_general_ci;

--
-- Dumping data for table `cabinet_tray`
--


--
-- Table structure for table `delegate_main`
--

CREATE TABLE `delegate_main` (
  `id` int(11) NOT NULL AUTO_INCREMENT,
  `person_id` varchar(13) NOT NULL,
  `start` date NOT NULL,
  `finish` date NOT NULL,
  `remark` varchar(250) NOT NULL,
  `officer` varchar(13) NOT NULL,
  `rec_date` date NOT NULL,
  PRIMARY KEY (`id`)
) ENGINE=MyISAM DEFAULT CHARSET=utf8 COLLATE=utf8_general_ci;

--
-- Dumping data for table `delegate_main`
--


--
-- Table structure for table `delegate_permission`
--

CREATE TABLE `delegate_permission` (
  `id` int(11) NOT NULL AUTO_INCREMENT,
  `person_id` varchar(13) NOT NULL,
  `p1` tinyint(4) NOT NULL,
  `officer` varchar(13) NOT NULL,
  `rec_date` date NOT NULL,
  PRIMARY KEY (`id`)
) ENGINE=MyISAM AUTO_INCREMENT=3 DEFAULT CHARSET=utf8 COLLATE=utf8_general_ci;

--
-- Dumping data for table `delegate_permission`
--

INSERT INTO `delegate_permission` VALUES (1,'1340900184243',1,'3340200038909','2023-03-02'),(2,'3349800157478',1,'3340200038909','2023-03-02');

--
-- Table structure for table `health_age_height`
--

CREATE TABLE `health_age_height` (
  `id` int(11) NOT NULL AUTO_INCREMENT,
  `type` tinyint(4) NOT NULL DEFAULT 1,
  `sex` tinyint(4) NOT NULL DEFAULT 2,
  `age` double NOT NULL,
  `height_1` double NOT NULL,
  `height_2` double NOT NULL,
  `height_3` double NOT NULL,
  `height_4` double NOT NULL,
  PRIMARY KEY (`id`)
) ENGINE=MyISAM AUTO_INCREMENT=63 DEFAULT CHARSET=utf8 COLLATE=utf8_general_ci;

--
-- Dumping data for table `health_age_height`
--

INSERT INTO `health_age_height` VALUES (1,0,1,1,70,71.5,80,81),(2,0,1,1.25,72.5,73.5,83.5,85),(3,0,1,1.5,75,77,86.5,88),(4,0,1,1.75,77.5,79.5,89.5,91),(5,0,1,2,80,81.5,92,93.5),(6,0,1,2.25,82,84,94,96),(7,0,1,2.5,83.5,84.5,96.5,98),(8,0,1,2.75,85.5,87.5,98.5,100),(9,0,1,3,87,89.5,100.5,102),(10,0,1,3.25,89,91,102.5,104),(11,0,1,3.5,90.5,93,104.5,106),(12,0,1,3.75,92,94.5,106.5,108),(13,0,1,4,93.5,96,108,110),(14,0,1,4.25,95,96.5,110,112),(15,0,1,4.5,97,99,112,113.5),(16,0,1,4.75,98.5,100.5,113.5,115),(17,0,1,5,100,102,115,117.7),(18,0,2,1,67,69,79,80.5),(19,0,2,1.25,70,72,82.5,84.5),(20,0,2,1.5,73,74.5,85,87.5),(21,0,2,1.75,75.5,77,88,89.5),(22,0,2,2,78,79.5,90.5,92),(23,0,2,2.25,80,82,92.5,94.5),(24,0,2,2.5,82,84,95,96.5),(25,0,2,2.75,84,86,97,98.5),(26,0,2,3,85.5,88,99,100.5),(27,0,2,3.25,87.5,89.5,100.5,102.5),(28,0,2,3.5,89,91.5,102.5,104.5),(29,0,2,3.75,90.5,93,104.5,106),(30,0,2,4,92.5,94.5,106.5,108.5),(31,0,2,4.25,94,96,108.5,110.5),(32,0,2,4.5,95.5,98,110.5,112.5),(33,0,2,4.75,97.5,99.5,112.5,114),(34,0,2,5,99,101,114,116),(35,1,1,5,100,102,115,117.5),(36,1,1,6,105.5,107.5,121.5,123.5),(37,1,1,7,110.5,113,127.5,130),(38,1,1,8,114.5,117.5,133.5,136),(39,1,1,9,119,122,138,141),(40,1,1,10,123.5,126.5,143.5,145.5),(41,1,1,11,127.5,130.5,149.5,153),(42,1,1,12,131.5,135,157,161),(43,1,1,13,135,139,162,166),(44,1,1,14,143,147.5,170,173),(45,1,1,15,149.5,153.5,173,176.5),(46,1,1,16,155,158.5,176,178.5),(47,1,1,17,157.5,160.5,177,179.5),(48,1,1,18,158.5,161.5,177.5,180),(49,1,2,5,99,101,114,116),(50,1,2,6,105,107.5,120.5,123),(51,1,2,7,109.5,112.5,126.5,129),(52,1,2,8,114.5,117,132.5,135),(53,1,2,9,119,122,139,142),(54,1,2,10,124,127,146,149.5),(55,1,2,11,129.5,133,152.5,155.5),(56,1,2,12,135.5,138.5,157,159.5),(57,1,2,13,140.5,143.5,160,162.5),(58,1,2,14,144.5,147,162,164.5),(59,1,2,15,146,148,163.5,166),(60,1,2,16,146.5,149,164,166.5),(61,1,2,17,147,149,164,166.5),(62,1,2,18,147,149.5,164,166.5);

--
-- Table structure for table `health_age_weight`
--

CREATE TABLE `health_age_weight` (
  `id` int(11) NOT NULL AUTO_INCREMENT,
  `type` tinyint(4) NOT NULL DEFAULT 1,
  `sex` tinyint(4) NOT NULL DEFAULT 2,
  `age` double NOT NULL,
  `weight_1` double NOT NULL,
  `weight_2` double NOT NULL,
  `weight_3` double NOT NULL,
  `weight_4` double NOT NULL,
  PRIMARY KEY (`id`)
) ENGINE=MyISAM AUTO_INCREMENT=63 DEFAULT CHARSET=utf8 COLLATE=utf8_general_ci;

--
-- Dumping data for table `health_age_weight`
--

INSERT INTO `health_age_weight` VALUES (1,0,1,1,7.8,8.3,11.5,11.5),(2,0,1,1.25,8.5,9,12,12.5),(3,0,1,1.5,8.9,9.4,12.9,13.5),(4,0,1,1.75,9.4,10,13.7,14.4),(5,0,1,2,9.8,10.5,14.5,15.2),(6,0,1,2.25,10.2,11,15,15.8),(7,0,1,2.5,10.6,11.4,15.8,16.7),(8,0,1,2.75,11,11.8,16.6,17.4),(9,0,1,3,11.4,12.2,17.3,18.2),(10,0,1,3.25,11.7,12.6,18,19),(11,0,1,3.5,12,12.8,18.7,19.8),(12,0,1,3.75,12.4,13.3,19.3,20.6),(13,0,1,4,12.7,13.6,20,21.3),(14,0,1,4.25,13.2,13.9,20.7,22),(15,0,1,4.5,13.4,14.3,21.3,22.7),(16,0,1,4.75,13.8,14.6,21.9,23.7),(17,0,1,5,14,15,23,24),(18,0,2,1,7.3,7.7,10.5,11),(19,0,2,1.25,7.8,8.3,11.3,11.9),(20,0,2,1.5,8.3,8.8,12,12.8),(21,0,2,1.75,8.8,9.3,12.9,13.6),(22,0,2,2,9,9.8,13.6,14.4),(23,0,2,2.25,9.5,10.2,14.4,15.2),(24,0,2,2.5,9.8,10.7,15.2,15.9),(25,0,2,2.75,10.3,11.2,15.9,16.9),(26,0,2,3,10.7,11.5,16.6,17.4),(27,0,2,3.25,11.2,11.9,17.3,18.2),(28,0,2,3.5,11.5,12.3,17.9,18.9),(29,0,2,3.75,11.8,12.7,18.5,19.7),(30,0,2,4,12.2,13,19.3,20.5),(31,0,2,4.25,12.4,13.4,19.7,21),(32,0,2,4.5,12.8,13.7,20.3,21.7),(33,0,2,4.75,13,13.9,20.9,22.3),(34,0,2,5,13.5,14,22,23.5),(35,1,1,5,14,15,23,24),(36,1,1,6,15.5,16.5,25.5,27),(37,1,1,7,17,18.5,28.5,31),(38,1,1,8,18.5,20,32,35),(39,1,1,9,20,21.5,36,39.5),(40,1,1,10,21.5,23.5,40.5,44.5),(41,1,1,11,23,25.5,45,49.5),(42,1,1,12,25.5,28,50,54.5),(43,1,1,13,28,31.5,54.5,58.5),(44,1,1,14,32,35.5,58.5,63.5),(45,1,1,15,36.5,40,62,65.5),(46,1,1,16,40.5,44,64,67.5),(47,1,1,17,43,46,66,69),(48,1,1,18,45,48,67,70),(49,1,2,5,13.5,14,22,23.5),(50,1,2,6,15,16,24.5,26.5),(51,1,2,7,16.5,17.5,28.5,31),(52,1,2,8,17.5,19,32.5,35.5),(53,1,2,9,19.5,21,37.5,41),(54,1,2,10,21.5,23.5,42,46),(55,1,2,11,23.5,26,46.5,50.5),(56,1,2,12,26.5,29,50,54),(57,1,2,13,29.5,33,53,55.5),(58,1,2,14,33.5,36.5,55,58.5),(59,1,2,15,36.5,38.5,56.5,59.5),(60,1,2,16,37.5,40,57,60),(61,1,2,17,38,41,57.5,60.5),(62,1,2,18,38.5,41,57.5,60.5);

--
-- Table structure for table `health_base`
--

CREATE TABLE `health_base` (
  `base_id` int(5) NOT NULL AUTO_INCREMENT,
  `study_year` int(5) NOT NULL,
  `term` int(3) NOT NULL,
  `status` int(2) NOT NULL,
  PRIMARY KEY (`base_id`)
) ENGINE=MyISAM AUTO_INCREMENT=18 DEFAULT CHARSET=utf8 COLLATE=utf8_general_ci;

--
-- Dumping data for table `health_base`
--

INSERT INTO `health_base` VALUES (6,2562,1,0),(7,2562,2,0),(4,2559,2,0),(5,2560,1,0),(10,2563,1,0),(9,2563,1,0),(11,2564,1,0),(12,2564,1,0),(13,2566,1,0),(14,2566,1,0),(15,2567,1,0),(16,2567,2,0),(17,2568,1,1);

--
-- Table structure for table `health_checking`
--

CREATE TABLE `health_checking` (
  `check_id` int(11) NOT NULL AUTO_INCREMENT,
  `student_id` int(11) NOT NULL,
  `student_number` varchar(13) NOT NULL,
  `year_std` varchar(5) NOT NULL,
  `term_std` varchar(3) NOT NULL,
  `class_now` tinyint(4) NOT NULL,
  `room` tinyint(4) NOT NULL,
  `number_check` int(5) NOT NULL,
  `gum` varchar(100) NOT NULL,
  `iodine` varchar(100) NOT NULL,
  `tooth` varchar(100) NOT NULL,
  `weight` varchar(10) NOT NULL,
  `tall` varchar(10) NOT NULL,
  `comment` text NOT NULL,
  `day` datetime NOT NULL,
  `usenull` text DEFAULT NULL,
  `life` varchar(10) NOT NULL,
  `push` varchar(10) NOT NULL,
  `sit` varchar(10) NOT NULL,
  `roll` varchar(10) NOT NULL,
  `run` varchar(10) NOT NULL,
  `person_check` varchar(255) NOT NULL,
  PRIMARY KEY (`check_id`)
) ENGINE=MyISAM AUTO_INCREMENT=952 DEFAULT CHARSET=utf8 COLLATE=utf8_general_ci;

--
-- Dumping data for table `health_checking`
--

INSERT INTO `health_checking` VALUES (1,6015,'1','2557','1',6,1,1,'ไม่มี','ปกติ','ไม่ผุ','26','130','','2557-07-09 04:26:20','','','','','','','3340100726463'),(2,6061,'2','2557','1',6,1,1,'ไม่มี','ปกติ','ไม่ผุ','22','122','','2557-07-09 04:26:39','','','','','','','3340100726463'),(3,6132,'3','2557','1',6,1,1,'ไม่มี','ปกติ','ไม่ผุ','30','130','','2557-07-09 04:40:54','','','','','','','3340100726463'),(4,6059,'4','2557','1',6,1,1,'ไม่มี','ปกติ','ไม่ผุ','24','125','','2557-07-09 04:41:08','','','','','','','3340100726463'),(5,6016,'5','2557','1',6,1,1,'ไม่มี','ปกติ','ไม่ผุ','25','125','','2557-07-09 04:41:25','','','','','','','3340100726463'),(6,6017,'6','2557','1',6,1,1,'ไม่มี','ปกติ','ไม่ผุ','21','121','','2557-07-09 04:41:41','','','','','','','3340100726463'),(7,6020,'7','2557','1',6,1,1,'ไม่มี','ปกติ','ไม่ผุ','22','117','','2557-07-09 04:41:58','','','','','','','3340100726463'),(8,6021,'8','2557','1',6,1,1,'ไม่มี','ปกติ','ไม่ผุ','23','127','','2557-07-09 04:42:14','','','','','','','3340100726463'),(9,6129,'9','2557','1',6,1,1,'ไม่มี','ปกติ','ไม่ผุ','29','138','','2557-07-09 04:42:34','','','','','','','3340100726463'),(10,6131,'10','2557','1',6,1,1,'ไม่มี','ปกติ','ไม่ผุ','26','126','','2557-07-09 04:42:49','','','','','','','3340100726463'),(11,6143,'11','2557','1',6,1,1,'ไม่มี','ปกติ','ไม่ผุ','24','124.5','','2557-07-09 04:43:12','','','','','','','3340100726463'),(12,6171,'12','2557','1',6,1,1,'ไม่มี','ปกติ','ไม่ผุ','20','121','','2557-07-09 04:43:29','','','','','','','3340100726463'),(13,6141,'13','2557','1',6,1,1,'ไม่มี','ปกติ','ไม่ผุ','30','132.5','','2557-07-09 04:43:47','','','','','','','3340100726463'),(14,6144,'14','2557','1',6,1,1,'ไม่มี','ปกติ','ไม่ผุ','52','161.5','','2557-07-09 04:44:09','','','','','','','3340100726463'),(15,5676,'1','2557','1',12,1,1,'ไม่มี','ปกติ','ไม่ผุ','47','149','','2557-07-14 12:14:47','','80','15','32','10','25','1341500594972'),(16,5678,'2','2557','1',12,1,1,'ไม่มี','ปกติ','ไม่ผุ','45','152','','2557-07-14 12:15:51','','85','30','40','12','20','1341500594972'),(17,5679,'3','2557','1',12,1,1,'ไม่มี','ปกติ','ไม่ผุ','47','162','','2557-07-14 12:16:59','','85','28','38','10','18','1341500594972'),(18,5681,'4','2557','1',12,1,1,'ไม่มี','ปกติ','ไม่ผุ','45','150','','2557-07-17 10:39:38','','82','25','35','10','15','1341500594972'),(19,5688,'5','2557','1',12,1,1,'ไม่มี','ปกติ','ไม่ผุ','55','152','','2557-07-14 12:19:13','','75','20','34','12','30','1341500594972'),(20,5695,'6','2557','1',12,1,1,'ไม่มี','ปกติ','ไม่ผุ','45','150','','2557-07-14 12:20:33','','80','20','35','14','35','1341500594972'),(21,5744,'7','2557','1',12,1,1,'ไม่มี','ปกติ','ไม่ผุ','38','145','','2557-07-14 12:21:24','','84','20','30','12','25','1341500594972'),(22,5744,'7','2557','1',12,1,1,'ไม่มี','ปกติ','ไม่ผุ','38','145','','2557-07-14 12:21:28','','84','20','30','12','25','1341500594972'),(23,6085,'8','2557','1',12,1,1,'ไม่มี','ปกติ','ไม่ผุ','34','150','','2557-07-17 10:34:41','','','','','','','1341500594972'),(24,6087,'9','2557','1',12,1,1,'ไม่มี','ปกติ','ไม่ผุ','51','161','','2557-07-17 10:35:22','','','','','','','1341500594972'),(25,6162,'10','2557','1',12,1,1,'ไม่มี','ปกติ','ไม่ผุ','55','173','','2557-07-17 10:50:24','','','','','','','1341500594972'),(26,5755,'1','2557','1',11,1,1,'ไม่มี','ปกติ','ไม่ผุ','42','152','','2557-08-28 06:40:44','','','','','','','3349800022648'),(27,6384,'2','2562','2',4,1,2,'ไม่มี','ปกติ','ไม่ผุ','21','122','','2563-01-17 10:09:36','','0','0','0','0','0','5340790011601'),(28,6385,'3','2562','2',4,1,2,'ไม่มี','ปกติ','ไม่ผุ','30','127','','2563-01-17 10:09:58','','0','0','0','0','0','5340790011601'),(29,6387,'5','2562','2',4,1,2,'ไม่มี','ปกติ','ไม่ผุ','21','122','','2563-01-17 10:10:38','','0','0','0','0','0','5340790011601'),(30,6391,'7','2562','2',4,1,2,'ไม่มี','ปกติ','ไม่ผุ','19','126','','2563-01-17 10:11:31','','0','0','0','0','0','5340790011601'),(31,6394,'9','2562','2',4,1,2,'ไม่มี','ปกติ','ไม่ผุ','28','131','','2563-01-17 10:12:08','','0','0','0','0','0','5340790011601'),(32,6395,'10','2562','2',4,1,2,'ไม่มี','ปกติ','ไม่ผุ','30','124','','2563-01-17 10:12:39','','0','0','0','0','0','5340790011601'),(33,6397,'11','2562','2',4,1,2,'ไม่มี','ปกติ','ไม่ผุ','24','125','','2563-01-17 10:13:13','','0','0','0','0','0','5340790011601'),(34,6398,'12','2562','2',4,1,2,'ไม่มี','ปกติ','ไม่ผุ','20','122','','2563-01-17 10:13:35','','0','0','0','0','0','5340790011601'),(35,6400,'14','2562','2',4,1,2,'ไม่มี','ปกติ','ไม่ผุ','21','123','','2563-01-17 10:14:16','','0','0','0','0','0','5340790011601'),(36,6402,'15','2562','2',4,1,2,'ไม่มี','ปกติ','ไม่ผุ','28','125','','2563-01-17 10:14:30','','0','0','0','0','0','5340790011601'),(37,6403,'16','2562','2',4,1,2,'ไม่มี','ปกติ','ไม่ผุ','17','115','','2562-11-01 10:46:37','','0','0','0','0','0','5340790011601'),(38,6406,'17','2562','2',4,1,2,'ไม่มี','ปกติ','ไม่ผุ','28','126','','2563-01-17 10:14:49','','0','0','0','0','0','5340790011601'),(39,6407,'18','2562','2',4,1,2,'ไม่มี','ปกติ','ไม่ผุ','20','116','','2563-01-17 10:15:38','','0','0','0','0','0','5340790011601'),(40,6408,'19','2562','2',4,1,2,'ไม่มี','ปกติ','ไม่ผุ','22','120','','2563-01-17 10:16:32','','0','0','0','0','0','5340790011601'),(41,6409,'20','2562','2',4,1,2,'ไม่มี','ปกติ','ไม่ผุ','15','112','','2563-01-17 10:16:03','','0','0','0','0','0','5340790011601'),(42,6567,'24','2562','2',4,1,2,'ไม่มี','ปกติ','ไม่ผุ','21','124','','2563-01-17 10:17:24','','0','0','0','0','0','5340790011601'),(43,6044,'1','2562','2',11,1,1,'ไม่มี','ปกติ','ไม่ผุ','40','156','','2562-11-01 11:27:49','','','','','','','3349800022548'),(44,6046,'2','2562','2',11,1,1,'ไม่มี','ปกติ','ไม่ผุ','59','146','','2562-11-01 11:28:16','','','','','','','3349800022548'),(45,6047,'3','2562','2',11,1,1,'ไม่มี','ปกติ','ไม่ผุ','33','147','','2562-11-01 11:28:27','','','','','','','3349800022548'),(46,6048,'4','2562','2',11,1,1,'ไม่มี','ปกติ','ไม่ผุ','29','145','','2562-11-01 11:28:38','','','','','','','3349800022548'),(47,6049,'5','2562','2',11,1,1,'ไม่มี','ปกติ','ไม่ผุ','45','170','','2562-11-01 11:28:54','','','','','','','3349800022548'),(48,6051,'6','2562','2',11,1,1,'ไม่มี','ปกติ','ไม่ผุ','56','151','','2562-11-01 11:29:05','','','','','','','3349800022548'),(49,6053,'7','2562','2',11,1,1,'ไม่มี','ปกติ','ไม่ผุ','44','149','','2562-11-01 11:29:17','','','','','','','3349800022548'),(50,6225,'8','2562','2',11,1,1,'ไม่มี','ปกติ','ไม่ผุ','30','143','','2562-11-01 11:29:29','','','','','','','3349800022548'),(51,6227,'8','2562','2',11,1,1,'ไม่มี','ปกติ','ไม่ผุ','30','146','','2562-11-01 11:29:39','','','','','','','3349800022548'),(52,6228,'10','2562','2',11,1,1,'ไม่มี','ปกติ','ไม่ผุ','38','155','','2562-11-01 11:29:48','','','','','','','3349800022548'),(53,6253,'11','2562','2',11,1,1,'ไม่มี','ปกติ','ไม่ผุ','48','156','','2562-11-01 11:29:59','','','','','','','3349800022548'),(54,6255,'12','2562','2',11,1,1,'ไม่มี','ปกติ','ไม่ผุ','38','147','','2562-11-01 11:30:08','','','','','','','3349800022548'),(55,6328,'13','2562','2',11,1,1,'ไม่มี','ปกติ','ไม่ผุ','32','146','','2562-11-01 11:30:17','','','','','','','3349800022548'),(56,6365,'14','2562','2',11,1,1,'ไม่มี','ปกติ','ไม่ผุ','45','163','','2562-11-01 11:30:31','','','','','','','3349800022548'),(57,6367,'15','2562','2',11,1,1,'ไม่มี','ปกติ','ไม่ผุ','36','157','','2562-11-01 11:30:42','','','','','','','3349800022548'),(58,6368,'16','2562','2',11,1,1,'ไม่มี','ปกติ','ไม่ผุ','56','165','','2562-11-01 11:30:50','','','','','','','3349800022548'),(59,6610,'17','2562','2',11,1,1,'ไม่มี','ปกติ','ไม่ผุ','39','149','','2562-11-01 11:31:01','','','','','','','3349800022548'),(60,6612,'19','2562','2',11,1,1,'ไม่มี','ปกติ','ไม่ผุ','31','142','','2562-11-01 11:31:11','','','','','','','3349800022548'),(61,6613,'20','2562','2',11,1,1,'ไม่มี','ปกติ','ไม่ผุ','76','172','','2562-11-01 11:31:23','','','','','','','3349800022548'),(62,6614,'21','2562','2',11,1,1,'ไม่มี','ปกติ','ไม่ผุ','35','152','','2562-11-01 11:31:33','','','','','','','3349800022548'),(63,6615,'22','2562','2',11,1,1,'ไม่มี','ปกติ','ไม่ผุ','30','144','','2562-11-01 11:31:46','','','','','','','3349800022548'),(64,6616,'23','2562','2',11,1,1,'ไม่มี','ปกติ','ไม่ผุ','31','149','','2562-11-01 11:31:56','','','','','','','3349800022548'),(65,6626,'24','2562','2',11,1,1,'ไม่มี','ปกติ','ไม่ผุ','50','165','','2562-11-01 11:32:07','','','','','','','3349800022548'),(66,6622,'25','2562','2',11,1,1,'ไม่มี','ปกติ','ไม่ผุ','44','162','','2562-11-01 11:32:18','','','','','','','3349800022548'),(67,6178,'1','2562','2',7,1,1,'ไม่มี','ปกติ','ไม่ผุ','25.5','131','','2562-11-01 01:07:45','','','','','','','3340100726463'),(68,6179,'2','2562','2',7,1,1,'ไม่มี','ปกติ','ไม่ผุ','24.3','123','','2562-11-01 01:08:03','','','','','','','3340100726463'),(69,6182,'3','2562','2',7,1,1,'ไม่มี','ปกติ','ไม่ผุ','24.4','130','','2562-11-01 01:08:21','','','','','','','3340100726463'),(70,6184,'4','2562','2',7,1,1,'ไม่มี','ปกติ','ไม่ผุ','30','125','','2562-11-01 01:08:35','','','','','','','3340100726463'),(71,6185,'5','2562','2',7,1,1,'ไม่มี','ปกติ','ไม่ผุ','27.6','129','','2562-11-01 01:08:52','','','','','','','3340100726463'),(72,6186,'6','2562','2',7,1,1,'ไม่มี','ปกติ','ไม่ผุ','30.2','123','','2562-11-01 01:09:07','','','','','','','3340100726463'),(73,6189,'8','2562','2',7,1,1,'ไม่มี','ปกติ','ไม่ผุ','29','135','','2562-11-01 01:09:30','','','','','','','3340100726463'),(74,6257,'2','2562','2',5,1,1,'ไม่มี','ปกติ','ไม่ผุ','24','131','','2562-11-01 01:09:43','','0','0','0','0','0','5340790011601'),(75,6190,'9','2562','2',7,1,1,'ไม่มี','ปกติ','ไม่ผุ','41.6','129','','2562-11-01 01:09:48','','','','','','','3340100726463'),(76,6193,'11','2562','2',7,1,1,'ไม่มี','ปกติ','ไม่ผุ','34','133','','2562-11-01 01:10:08','','','','','','','3340100726463'),(77,6261,'5','2562','2',5,1,1,'ไม่มี','ปกติ','ไม่ผุ','36','138','','2562-11-01 01:10:20','','0','0','0','0','0','5340790011601'),(78,6196,'14','2562','2',7,1,1,'ไม่มี','ปกติ','ไม่ผุ','41.','134','','2562-11-01 01:10:34','','','','','','','3340100726463'),(79,6262,'6','2562','2',5,1,1,'ไม่มี','ปกติ','ไม่ผุ','22','127','','2562-11-01 01:10:49','','0','0','0','0','0','5340790011601'),(80,6197,'15','2562','2',7,1,1,'ไม่มี','ปกติ','ไม่ผุ','25','127','','2562-11-01 01:10:58','','','','','','','3340100726463'),(81,6268,'7','2562','2',5,1,1,'ไม่มี','ปกติ','ไม่ผุ','20','123','','2562-11-01 01:11:06','','0','0','0','0','0','5340790011601'),(82,6273,'8','2562','2',5,1,1,'ไม่มี','ปกติ','ไม่ผุ','20','128','','2562-11-01 01:11:25','','0','0','0','0','0','5340790011601'),(83,6274,'9','2562','2',5,1,1,'ไม่มี','ปกติ','ไม่ผุ','23','127','','2562-11-01 01:11:51','','0','0','0','0','0','5340790011601'),(84,6200,'17','2562','2',7,1,1,'ไม่มี','ปกติ','ไม่ผุ','24','128','','2562-11-01 01:11:51','','','','','','','3340100726463'),(85,6201,'18','2562','2',7,1,1,'ไม่มี','ปกติ','ไม่ผุ','26','121','','2562-11-01 01:12:06','','','','','','','3340100726463'),(86,6275,'10','2562','2',5,1,1,'ไม่มี','ปกติ','ไม่ผุ','20','130','','2562-11-01 01:12:11','','0','0','0','0','0','5340790011601'),(87,6203,'19','2562','2',7,1,1,'ไม่มี','ปกติ','ไม่ผุ','28.2','129','','2562-11-01 01:12:21','','','','','','','3340100726463'),(88,6276,'11','2562','2',5,1,1,'ไม่มี','ปกติ','ไม่ผุ','31','138','','2562-11-01 01:12:29','','0','0','0','0','0','5340790011601'),(89,6251,'20','2562','2',7,1,1,'ไม่มี','ปกติ','ไม่ผุ','26.1','129','','2562-11-01 01:12:40','','','','','','','3340100726463'),(90,6278,'12','2562','2',5,1,1,'ไม่มี','ปกติ','ไม่ผุ','20','124','','2562-11-01 01:12:58','','0','0','0','0','0','5340790011601'),(91,6313,'21','2562','2',7,1,1,'ไม่มี','ปกติ','ไม่ผุ','47.3','138','','2562-11-01 01:12:59','','','','','','','3340100726463'),(92,6280,'13','2562','2',5,1,1,'ไม่มี','ปกติ','ไม่ผุ','20','124','','2562-11-01 01:13:26','','0','0','0','0','0','5340790011601'),(93,6314,'22','2562','2',7,1,1,'ไม่มี','ปกติ','ไม่ผุ','35.2','133','','2562-11-01 01:13:28','','','','','','','3340100726463'),(94,6316,'24','2562','2',7,1,1,'ไม่มี','ปกติ','ไม่ผุ','21.8','122','','2562-11-01 01:13:45','','','','','','','3340100726463'),(95,6284,'14','2562','2',5,1,1,'ไม่มี','ปกติ','ไม่ผุ','28','137','','2562-11-01 01:13:56','','0','0','0','0','0','5340790011601'),(96,6320,'25','2562','2',7,1,1,'ไม่มี','ปกติ','ไม่ผุ','31.7','131','','2562-11-01 01:14:02','','','','','','','3340100726463'),(97,6354,'26','2562','2',7,1,1,'ไม่มี','ปกติ','ไม่ผุ','29.6','132','','2562-11-01 01:14:19','','','','','','','3340100726463'),(98,6350,'15','2562','2',5,1,1,'ไม่มี','ปกติ','ไม่ผุ','20','123','','2562-11-01 01:14:27','','0','0','0','0','0','5340790011601'),(99,6355,'27','2562','2',7,1,1,'ไม่มี','ปกติ','ไม่ผุ','36.3','129','','2562-11-01 01:14:43','','','','','','','3340100726463'),(100,6352,'17','2562','2',5,1,1,'ไม่มี','ปกติ','ไม่ผุ','18','115','','2562-11-01 01:14:59','','0','0','0','0','0','5340790011601'),(101,6460,'29','2562','2',7,1,1,'ไม่มี','ปกติ','ไม่ผุ','22.8','123','','2562-11-01 01:15:04','','','','','','','3340100726463'),(102,6468,'30','2562','2',7,1,1,'ไม่มี','ปกติ','ไม่ผุ','51.2','141','','2562-11-01 01:15:22','','','','','','','3340100726463'),(103,6419,'33','2562','2',7,1,1,'ไม่มี','ปกติ','ไม่ผุ','24','126','','2562-11-01 01:15:47','','','','','','','3340100726463'),(104,6620,'37','2562','2',7,1,1,'ไม่มี','ปกติ','ไม่ผุ','37','131','','2562-11-01 01:16:08','','','','','','','3340100726463'),(105,6635,'40','2562','2',7,1,1,'ไม่มี','ปกติ','ไม่ผุ','23','120','','2562-11-01 01:16:24','','','','','','','3340100726463'),(106,6071,'1','2562','2',10,1,1,'ไม่มี','ปกติ','ไม่ผุ','40.3','140','','2562-11-01 01:46:24','','','','','','','3340101212340'),(107,6072,'2','2562','2',10,1,1,'ไม่มี','ปกติ','ไม่ผุ','38.2','149','','2562-11-01 01:46:43','','','','','','','3340101212340'),(108,6073,'3','2562','2',10,1,1,'ไม่มี','ปกติ','ไม่ผุ','41.8','149','','2562-11-01 01:46:49','','','','','','','3340101212340'),(109,6074,'4','2562','2',10,1,1,'ไม่มี','ปกติ','ไม่ผุ','36.3','145','','2562-11-01 01:46:59','','','','','','','3340101212340'),(110,6075,'5','2562','2',10,1,1,'ไม่มี','ปกติ','ไม่ผุ','39.5','159','','2562-11-01 01:47:06','','','','','','','3340101212340'),(111,6077,'6','2562','2',10,1,1,'ไม่มี','ปกติ','ไม่ผุ','52','161','','2562-11-01 01:47:13','','','','','','','3340101212340'),(112,6078,'7','2562','2',10,1,1,'ไม่มี','ปกติ','ไม่ผุ','34','146','','2562-11-01 01:47:18','','','','','','','3340101212340'),(113,6079,'8','2562','2',10,1,1,'ไม่มี','ปกติ','ไม่ผุ','28.6','131','','2562-11-01 01:47:26','','','','','','','3340101212340'),(114,6080,'9','2562','2',10,1,1,'ไม่มี','ปกติ','ไม่ผุ','47.7','163','','2562-11-01 01:47:33','','','','','','','3340101212340'),(115,6081,'10','2562','2',10,1,1,'ไม่มี','ปกติ','ไม่ผุ','48','149','','2562-11-01 01:47:41','','','','','','','3340101212340'),(116,6082,'11','2562','2',10,1,1,'ไม่มี','ปกติ','ไม่ผุ','28','132','','2562-11-01 01:47:48','','','','','','','3340101212340'),(117,6083,'12','2562','2',10,1,1,'ไม่มี','ปกติ','ไม่ผุ','41.3','150','','2562-11-01 01:47:55','','','','','','','3340101212340'),(118,6084,'13','2562','2',10,1,1,'ไม่มี','ปกติ','ไม่ผุ','64','159','','2562-11-01 01:48:01','','','','','','','3340101212340'),(119,6133,'14','2562','2',10,1,1,'ไม่มี','ปกติ','ไม่ผุ','28','135','','2562-11-01 01:48:08','','','','','','','3340101212340'),(120,6167,'15','2562','2',10,1,1,'ไม่มี','ปกติ','ไม่ผุ','48.5','152','','2562-11-01 01:48:15','','','','','','','3340101212340'),(121,6170,'16','2562','2',10,1,1,'ไม่มี','ปกติ','ไม่ผุ','36.5','146','','2562-11-01 01:48:21','','','','','','','3340101212340'),(122,6223,'17','2562','2',10,1,1,'ไม่มี','ปกติ','ไม่ผุ','64','160','','2562-11-01 01:48:28','','','','','','','3340101212340'),(123,6291,'18','2562','2',10,1,1,'ไม่มี','ปกติ','ไม่ผุ','36','145','','2562-11-01 01:48:46','','','','','','','3340101212340'),(124,6326,'19','2562','2',10,1,1,'ไม่มี','ปกติ','ไม่ผุ','37','147','','2562-11-01 01:48:53','','','','','','','3340101212340'),(125,6343,'20','2562','2',10,1,1,'ไม่มี','ปกติ','ไม่ผุ','60','156','','2562-11-01 01:49:00','','','','','','','3340101212340'),(126,6344,'21','2562','2',10,1,1,'ไม่มี','ปกติ','ไม่ผุ','38','150','','2562-11-01 01:49:07','','','','','','','3340101212340'),(127,6364,'22','2562','2',10,1,1,'ไม่มี','ปกติ','ไม่ผุ','29.5','143','','2562-11-01 01:49:16','','','','','','','3340101212340'),(128,6379,'23','2562','2',10,1,1,'ไม่มี','ปกติ','ไม่ผุ','30','147','','2562-11-01 01:49:24','','','','','','','3340101212340'),(129,6381,'24','2562','2',10,1,1,'ไม่มี','ปกติ','ไม่ผุ','43','159','','2562-11-01 01:49:31','','','','','','','3340101212340'),(130,6437,'25','2562','2',10,1,1,'ไม่มี','ปกติ','ไม่ผุ','46.7','157','','2562-11-01 01:49:37','','','','','','','3340101212340'),(131,6474,'26','2562','2',10,1,1,'ไม่มี','ปกติ','ไม่ผุ','60','160','','2562-11-01 01:49:44','','','','','','','3340101212340'),(132,6485,'27','2562','2',10,1,1,'ไม่มี','ปกติ','ไม่ผุ','63.5','153','','2562-11-01 01:49:55','','','','','','','3340101212340'),(133,6552,'28','2562','2',10,1,1,'ไม่มี','ปกติ','ไม่ผุ','37.6','150','','2562-11-01 01:50:01','','','','','','','3340101212340'),(134,6634,'29','2562','2',10,1,1,'ไม่มี','ปกติ','ไม่ผุ','36','145','','2562-11-01 01:50:07','','','','','','','3340101212340'),(135,6141,'5','2562','2',12,1,1,'ไม่มี','ปกติ','ไม่ผุ','54','158','','2562-11-01 03:55:16','','','','','','','1341500594972'),(136,6537,'19','2562','2',12,1,1,'ไม่มี','ปกติ','ไม่ผุ','43.2','158','','2562-11-01 03:55:38','','','','','','','1341500594972'),(137,6016,'1','2562','2',12,1,1,'ไม่มี','ปกติ','ไม่ผุ','46.4','158','','2562-11-01 03:56:47','','','','','','','1341500594972'),(138,6017,'2','2562','2',12,1,1,'ไม่มี','ปกติ','ไม่ผุ','47.3','158','','2562-11-01 03:57:19','','','','','','','1341500594972'),(139,6020,'3','2562','2',12,1,1,'ไม่มี','ปกติ','ไม่ผุ','47.3','156','','2562-11-01 03:57:37','','','','','','','1341500594972'),(140,6131,'4','2562','2',12,1,1,'ไม่มี','ปกติ','ไม่ผุ','45','157','','2562-11-01 03:57:57','','','','','','','1341500594972'),(141,6229,'6','2562','2',12,1,1,'ไม่มี','ปกติ','ไม่ผุ','45.5','158','','2562-11-01 03:58:22','','','','','','','1341500594972'),(142,6230,'7','2562','2',12,1,1,'ไม่มี','ปกติ','ไม่ผุ','45.5','157','','2562-11-01 03:58:38','','','','','','','1341500594972'),(143,6230,'7','2562','2',12,1,1,'ไม่มี','ปกติ','ไม่ผุ','45.5','157','','2562-11-01 03:58:38','','','','','','','1341500594972'),(144,6331,'8','2562','2',12,1,1,'ไม่มี','ปกติ','ไม่ผุ','47.3','159','','2562-11-01 03:59:05','','','','','','','1341500594972'),(145,6235,'9','2562','2',12,1,1,'ไม่มี','ปกติ','ไม่ผุ','45','159','','2562-11-01 03:59:24','','','','','','','1341500594972'),(146,6332,'10','2562','2',12,1,1,'ไม่มี','ปกติ','ไม่ผุ','47.3','157','','2562-11-01 03:59:46','','','','','','','1341500594972'),(147,6633,'36','2562','2',14,1,1,'ไม่มี','ปกติ','ไม่ผุ','46','155','','2562-11-02 03:01:03','','','','','','','3349800157478'),(148,5948,'1','2562','2',14,1,1,'ไม่มี','ปกติ','ไม่ผุ','46','160','','2562-11-02 03:02:12','','','','','','','3349800157478'),(149,5980,'2','2562','2',14,1,1,'ไม่มี','ปกติ','ไม่ผุ','49','163','','2562-11-02 03:02:46','','','','','','','3349800157478'),(150,5981,'3','2562','2',14,1,1,'ไม่มี','ปกติ','ไม่ผุ','59','169','','2562-11-02 03:03:11','','','','','','','3349800157478'),(151,5984,'4','2562','2',14,1,1,'ไม่มี','ปกติ','ไม่ผุ','60','170','','2562-11-02 03:03:31','','','','','','','3349800157478'),(152,5985,'5','2562','2',14,1,1,'ไม่มี','ปกติ','ไม่ผุ','65','166','','2562-11-02 03:03:44','','','','','','','3349800157478'),(153,5986,'6','2562','2',14,1,1,'ไม่มี','ปกติ','ไม่ผุ','54','166','','2562-11-02 03:03:58','','','','','','','3349800157478'),(154,5988,'8','2562','2',14,1,1,'ไม่มี','ปกติ','ไม่ผุ','38','152','','2562-11-02 03:04:26','','','','','','','3349800157478'),(155,5990,'10','2562','2',14,1,1,'ไม่มี','ปกติ','ไม่ผุ','42','162','','2562-11-02 03:04:44','','','','','','','3349800157478'),(156,5991,'11','2562','2',14,1,1,'ไม่มี','ปกติ','ไม่ผุ','51','162','','2562-11-02 03:04:59','','','','','','','3349800157478'),(157,5992,'12','2562','2',14,1,1,'ไม่มี','ปกติ','ไม่ผุ','46','162','','2562-11-02 03:05:15','','','','','','','3349800157478'),(158,5995,'13','2562','2',14,1,1,'ไม่มี','ปกติ','ไม่ผุ','47','167','','2562-11-02 03:05:28','','','','','','','3349800157478'),(159,5996,'14','2562','2',14,1,1,'ไม่มี','ปกติ','ไม่ผุ','40','155','','2562-11-02 03:05:42','','','','','','','3349800157478'),(160,6038,'15','2562','2',14,1,1,'ไม่มี','ปกติ','ไม่ผุ','56','157','','2562-11-02 03:05:59','','','','','','','3349800157478'),(161,6056,'16','2562','2',14,1,1,'ไม่มี','ปกติ','ไม่ผุ','80','178','','2562-11-02 03:06:16','','','','','','','3349800157478'),(162,6248,'17','2562','2',14,1,1,'ไม่มี','ปกติ','ไม่ผุ','53','167','','2562-11-02 03:06:39','','','','','','','3349800157478'),(163,6334,'18','2562','2',14,1,1,'ไม่มี','ปกติ','ไม่ผุ','47','152','','2562-11-02 03:06:57','','','','','','','3349800157478'),(164,6423,'19','2562','2',14,1,1,'ไม่มี','ปกติ','ไม่ผุ','52','164','','2562-11-02 03:07:13','','','','','','','3349800157478'),(165,6424,'20','2562','2',14,1,1,'ไม่มี','ปกติ','ไม่ผุ','52','167','','2562-11-02 03:07:31','','','','','','','3349800157478'),(166,6425,'21','2562','2',14,1,1,'ไม่มี','ปกติ','ไม่ผุ','45','165','','2562-11-02 03:07:50','','','','','','','3349800157478'),(167,6428,'22','2562','2',14,1,1,'ไม่มี','ปกติ','ไม่ผุ','65','169','','2562-11-02 03:08:48','','','','','','','3349800157478'),(168,6429,'23','2562','2',14,1,1,'ไม่มี','ปกติ','ไม่ผุ','42','163','','2562-11-02 03:09:05','','','','','','','3349800157478'),(169,6430,'24','2562','2',14,1,1,'ไม่มี','ปกติ','ไม่ผุ','44','152','','2562-11-02 03:09:20','','','','','','','3349800157478'),(170,6431,'25','2562','2',14,1,1,'ไม่มี','ปกติ','ไม่ผุ','45','157','','2562-11-02 03:09:35','','','','','','','3349800157478'),(171,6432,'26','2562','2',14,1,1,'ไม่มี','ปกติ','ไม่ผุ','45','162','','2562-11-02 03:09:52','','','','','','','3349800157478'),(172,6433,'27','2562','2',14,1,1,'ไม่มี','ปกติ','ไม่ผุ','52','160','','2562-11-02 03:10:07','','','','','','','3349800157478'),(173,6434,'28','2562','2',14,1,1,'ไม่มี','ปกติ','ไม่ผุ','54','156','','2562-11-02 03:10:21','','','','','','','3349800157478'),(174,6446,'29','2562','2',14,1,1,'ไม่มี','ปกติ','ไม่ผุ','53','168','','2562-11-02 03:10:41','','','','','','','3349800157478'),(175,6447,'30','2562','2',14,1,1,'ไม่มี','ปกติ','ไม่ผุ','48','154','','2562-11-02 03:11:01','','','','','','','3349800157478'),(176,6452,'31','2562','2',14,1,1,'ไม่มี','ปกติ','ไม่ผุ','42','152','','2562-11-02 03:11:21','','','','','','','3349800157478'),(177,6453,'32','2562','2',14,1,1,'ไม่มี','ปกติ','ไม่ผุ','42','155','','2562-11-02 03:11:42','','','','','','','3349800157478'),(178,6461,'33','2562','2',14,1,1,'ไม่มี','ปกติ','ไม่ผุ','46','152','','2562-11-02 03:12:00','','','','','','','3349800157478'),(179,6484,'34','2562','2',14,1,1,'ไม่มี','ปกติ','ไม่ผุ','56','176','','2562-11-02 03:12:34','','','','','','','3349800157478'),(180,6540,'35','2562','2',14,1,1,'ไม่มี','ปกติ','ไม่ผุ','46','160','','2562-11-02 03:12:52','','','','','','','3349800157478'),(181,6059,'1','2562','2',13,2,1,'ไม่มี','ปกติ','ไม่ผุ','42','155','','2562-11-02 03:15:17','','','','','','','3349800039904'),(182,6144,'2','2562','2',13,2,1,'ไม่มี','ปกติ','ไม่ผุ','72','172','','2562-11-02 03:15:36','','','','','','','3349800039904'),(183,6171,'3','2562','2',13,2,1,'ไม่มี','ปกติ','ไม่ผุ','35','148','','2562-11-02 03:16:02','','','','','','','3349800039904'),(184,6231,'4','2562','2',13,2,1,'ไม่มี','ปกติ','ไม่ผุ','42','158','','2562-11-02 03:16:27','','','','','','','3349800039904'),(185,6233,'5','2562','2',13,2,1,'ไม่มี','ปกติ','ไม่ผุ','56','152','','2562-11-02 03:16:47','','','','','','','3349800039904'),(186,6239,'6','2562','2',13,2,1,'ไม่มี','ปกติ','ไม่ผุ','37','150','','2562-11-02 03:17:16','','','','','','','3349800039904'),(187,6329,'7','2562','2',13,2,1,'ไม่มี','ปกติ','ไม่ผุ','48','150','','2562-11-02 03:17:41','','','','','','','3349800039904'),(188,6330,'8','2562','2',13,2,1,'ไม่มี','ปกติ','ไม่ผุ','32','136','','2562-11-02 03:18:09','','','','','','','3349800039904'),(189,6369,'9','2562','2',13,2,1,'ไม่มี','ปกติ','ไม่ผุ','46','162','','2562-11-02 03:18:26','','','','','','','3349800039904'),(190,6372,'10','2562','2',13,2,1,'ไม่มี','ปกติ','ไม่ผุ','38','145','','2562-11-02 03:18:49','','','','','','','3349800039904'),(191,6376,'12','2562','2',13,2,1,'ไม่มี','ปกติ','ไม่ผุ','50','158','','2562-11-02 03:19:15','','','','','','','3349800039904'),(192,6439,'13','2562','2',13,2,1,'ไม่มี','ปกติ','ไม่ผุ','38','145','','2562-11-02 03:19:39','','','','','','','3349800039904'),(193,6440,'14','2562','2',13,2,1,'ไม่มี','ปกติ','ไม่ผุ','56','155','','2562-11-02 03:21:39','','','','','','','3349800039904'),(194,6445,'15','2562','2',13,2,1,'ไม่มี','ปกติ','ไม่ผุ','44','155','','2562-11-02 03:22:01','','','','','','','3349800039904'),(195,6529,'16','2562','2',13,2,1,'ไม่มี','ปกติ','ไม่ผุ','30','142','','2562-11-02 03:22:18','','','','','','','3349800039904'),(196,6535,'17','2562','2',13,2,1,'ไม่มี','ปกติ','ไม่ผุ','58','156','','2562-11-02 03:22:36','','','','','','','3349800039904'),(197,6551,'18','2562','2',13,2,1,'ไม่มี','ปกติ','ไม่ผุ','48','162','','2562-11-02 03:22:58','','','','','','','3349800039904'),(198,6557,'19','2562','2',13,2,1,'ไม่มี','ปกติ','ไม่ผุ','55','156','','2562-11-02 03:23:13','','','','','','','3349800039904'),(199,6146,'1','2562','2',8,1,1,'ไม่มี','ปกติ','ไม่ผุ','40','136','','2562-11-02 03:57:37','','','','','','','3349900276045'),(200,6147,'2','2562','2',8,1,1,'ไม่มี','ปกติ','ไม่ผุ','27.4','136','','2562-11-02 03:58:21','','','','','','','3349900276045'),(201,6148,'3','2562','2',8,1,1,'ไม่มี','ปกติ','ไม่ผุ','66','154','','2562-11-02 03:58:45','','','','','','','3349900276045'),(202,6149,'4','2562','2',8,1,1,'ไม่มี','ปกติ','ไม่ผุ','38','134','','2562-11-02 03:58:56','','','','','','','3349900276045'),(203,6151,'6','2562','2',8,1,1,'ไม่มี','ปกติ','ไม่ผุ','22','120','','2562-11-02 03:59:13','','','','','','','3349900276045'),(204,6152,'7','2562','2',8,1,1,'ไม่มี','ปกติ','ไม่ผุ','24','121','','2562-11-02 03:59:22','','','','','','','3349900276045'),(205,6153,'8','2562','2',8,1,1,'ไม่มี','ปกติ','ไม่ผุ','26','131','','2562-11-02 03:59:33','','','','','','','3349900276045'),(206,6156,'10','2562','2',8,1,1,'ไม่มี','ปกติ','ไม่ผุ','25','134','','2562-11-02 03:59:44','','','','','','','3349900276045'),(207,6157,'11','2562','2',8,1,1,'ไม่มี','ปกติ','ไม่ผุ','24','135','','2562-11-02 03:59:57','','','','','','','3349900276045'),(208,6168,'12','2562','2',8,1,1,'ไม่มี','ปกติ','ไม่ผุ','25','136.5','','2562-11-02 04:00:13','','','','','','','3349900276045'),(209,6175,'13','2562','2',8,1,1,'ไม่มี','ปกติ','ไม่ผุ','25.5','136','','2562-11-02 04:00:26','','','','','','','3349900276045'),(210,6220,'14','2562','2',8,1,1,'ไม่มี','ปกติ','ไม่ผุ','41.6','149','','2562-11-02 04:00:47','','','','','','','3349900276045'),(211,6221,'15','2562','2',8,1,1,'ไม่มี','ปกติ','ไม่ผุ','44','146','','2562-11-02 04:00:57','','','','','','','3349900276045'),(212,6254,'17','2562','2',8,1,1,'ไม่มี','ปกติ','ไม่ผุ','19.5','120','','2562-11-02 04:01:24','','','','','','','3349900276045'),(213,6286,'19','2562','2',8,1,1,'ไม่มี','ปกติ','ไม่ผุ','28.6','132','','2562-11-02 04:01:43','','','','','','','3349900276045'),(214,6287,'20','2562','2',8,1,1,'ไม่มี','ปกติ','ไม่ผุ','32','135','','2562-11-02 04:01:54','','','','','','','3349900276045'),(215,6288,'21','2562','2',8,1,1,'ไม่มี','ปกติ','ไม่ผุ','43.5','134','','2562-11-02 04:02:10','','','','','','','3349900276045'),(216,6292,'24','2562','2',8,1,1,'ไม่มี','ปกติ','ไม่ผุ','97','165','','2562-11-02 04:02:26','','','','','','','3349900276045'),(217,6296,'25','2562','2',8,1,1,'ไม่มี','ปกติ','ไม่ผุ','24.6','131','','2562-11-02 04:02:46','','','','','','','3349900276045'),(218,6297,'26','2562','2',8,1,1,'ไม่มี','ปกติ','ไม่ผุ','36','135','','2562-11-02 04:02:59','','','','','','','3349900276045'),(219,6455,'28','2562','2',8,1,1,'ไม่มี','ปกติ','ไม่ผุ','23.7','129','','2562-11-02 04:03:20','','','','','','','3349900276045'),(220,6572,'31','2562','2',8,1,1,'ไม่มี','ปกติ','ไม่ผุ','27.7','136','','2562-11-02 04:03:38','','','','','','','3349900276045'),(221,6621,'32','2562','2',8,1,1,'ไม่มี','ปกติ','ไม่ผุ','28.4','133','','2562-11-02 04:03:51','','','','','','','3349900276045'),(222,6342,'11','2562','2',12,1,1,'ไม่มี','ปกติ','ไม่ผุ','47.3','159','','2562-11-02 06:51:19','','','','','','','1341500594972'),(223,6370,'12','2562','2',12,1,1,'ไม่มี','ปกติ','ไม่ผุ','47.3','159','','2562-11-02 06:53:28','','','','','','','1341500594972'),(224,6371,'13','2562','2',12,1,1,'ไม่มี','ปกติ','ไม่ผุ','46.4','159','','2562-11-02 06:53:48','','','','','','','1341500594972'),(225,6373,'14','2562','2',12,1,1,'ไม่มี','ปกติ','ไม่ผุ','47.3','159','','2562-11-02 06:54:05','','','','','','','1341500594972'),(226,6375,'15','2562','2',12,1,1,'ไม่มี','ปกติ','ไม่ผุ','47.3','158','','2562-11-02 06:54:24','','','','','','','1341500594972'),(227,6533,'16','2562','2',12,1,1,'ไม่มี','ปกติ','ไม่ผุ','46.4','159','','2562-11-02 06:54:38','','','','','','','1341500594972'),(228,6534,'17','2562','2',12,1,1,'ไม่มี','ปกติ','ไม่ผุ','46.4','159','','2562-11-02 06:54:49','','','','','','','1341500594972'),(229,6536,'18','2562','2',12,1,1,'ไม่มี','ปกติ','ไม่ผุ','54','159','','2562-11-02 06:55:14','','','','','','','1341500594972'),(230,6549,'21','2562','2',12,1,1,'ไม่มี','ปกติ','ไม่ผุ','45.5','157','','2562-11-02 06:55:28','','','','','','','1341500594972'),(231,6630,'22','2562','2',12,1,1,'ไม่มี','ปกติ','ไม่ผุ','47.3','158','','2562-11-02 06:55:44','','','','','','','1341500594972'),(232,6639,'25','2562','2',12,1,1,'ไม่มี','ปกติ','ไม่ผุ','43.2','157','','2562-11-02 06:55:57','','','','','','','1341500594972'),(233,6545,'20','2562','2',12,1,1,'ไม่มี','ปกติ','ไม่ผุ','54','156','','2562-11-02 06:56:11','','','','','','','1341500594972'),(234,6111,'1','2562','2',9,1,1,'ไม่มี','ปกติ','ไม่ผุ','29','146','','2562-11-03 11:22:26','','','','','','','3349800157478'),(235,6112,'2','2562','2',9,1,1,'ไม่มี','ปกติ','ไม่ผุ','28','141','','2562-11-03 11:22:50','','','','','','','3349800157478'),(236,6114,'3','2562','2',9,1,1,'ไม่มี','ปกติ','ไม่ผุ','34','144','','2562-11-03 11:23:05','','','','','','','3349800157478'),(237,6115,'4','2562','2',9,1,1,'ไม่มี','ปกติ','ไม่ผุ','30','131','','2562-11-03 11:23:27','','','','','','','3349800157478'),(238,6117,'5','2562','2',9,1,1,'ไม่มี','ปกติ','ไม่ผุ','28','134','','2562-11-03 11:23:41','','','','','','','3349800157478'),(239,6119,'6','2562','2',9,1,1,'ไม่มี','ปกติ','ไม่ผุ','31','134','','2562-11-03 11:23:53','','','','','','','3349800157478'),(240,6120,'7','2562','2',9,1,1,'ไม่มี','ปกติ','ไม่ผุ','43','159','','2562-11-03 11:24:12','','','','','','','3349800157478'),(241,6121,'8','2562','2',9,1,1,'ไม่มี','ปกติ','ไม่ผุ','40','146','','2562-11-03 11:24:44','','','','','','','3349800157478'),(242,6123,'9','2562','2',9,1,1,'ไม่มี','ปกติ','ไม่ผุ','41','148','','2562-11-03 11:25:19','','','','','','','3349800157478'),(243,6210,'10','2562','2',9,1,1,'ไม่มี','ปกติ','ไม่ผุ','45','148','','2562-11-03 11:25:49','','','','','','','3349800157478'),(244,6211,'11','2562','2',9,1,1,'ไม่มี','ปกติ','ไม่ผุ','27','129','','2562-11-03 11:26:04','','','','','','','3349800157478'),(245,6216,'12','2562','2',9,1,1,'ไม่มี','ปกติ','ไม่ผุ','38','137','','2562-11-03 11:26:19','','','','','','','3349800157478'),(246,6217,'13','2562','2',9,1,1,'ไม่มี','ปกติ','ไม่ผุ','45','140','','2562-11-03 11:26:32','','','','','','','3349800157478'),(247,6218,'14','2562','2',9,1,1,'ไม่มี','ปกติ','ไม่ผุ','46','151','','2562-11-03 11:27:06','','','','','','','3349800157478'),(248,6247,'15','2562','2',9,1,1,'ไม่มี','ปกติ','ไม่ผุ','45','148','','2562-11-03 11:27:41','','','','','','','3349800157478'),(249,6322,'16','2562','2',9,1,1,'ไม่มี','ปกติ','ไม่ผุ','39','140','','2562-11-03 11:28:06','','','','','','','3349800157478'),(250,6323,'17','2562','2',9,1,1,'ไม่มี','ปกติ','ไม่ผุ','27','129','','2562-11-03 11:28:31','','','','','','','3349800157478'),(251,6339,'18','2562','2',9,1,1,'ไม่มี','ปกติ','ไม่ผุ','36','146','','2562-11-03 11:28:46','','','','','','','3349800157478'),(252,6340,'19','2562','2',9,1,1,'ไม่มี','ปกติ','ไม่ผุ','46','146','','2562-11-03 11:29:07','','','','','','','3349800157478'),(253,6346,'20','2562','2',9,1,1,'ไม่มี','ปกติ','ไม่ผุ','46','144','','2562-11-03 11:29:29','','','','','','','3349800157478'),(254,6358,'21','2562','2',9,1,1,'ไม่มี','ปกติ','ไม่ผุ','28','128','','2562-11-03 11:29:47','','','','','','','3349800157478'),(255,6359,'22','2562','2',9,1,1,'ไม่มี','ปกติ','ไม่ผุ','29','137','','2562-11-03 11:30:07','','','','','','','3349800157478'),(256,6360,'23','2562','2',9,1,1,'ไม่มี','ปกติ','ไม่ผุ','29','133','','2562-11-03 11:30:36','','','','','','','3349800157478'),(257,6362,'24','2562','2',9,1,1,'ไม่มี','ปกติ','ไม่ผุ','28','136','','2562-11-03 11:30:48','','','','','','','3349800157478'),(258,6363,'25','2562','2',9,1,1,'ไม่มี','ปกติ','ไม่ผุ','39','156','','2562-11-03 11:31:07','','','','','','','3349800157478'),(259,6380,'26','2562','2',9,1,1,'ไม่มี','ปกติ','ไม่ผุ','36','140','','2562-11-03 11:31:25','','','','','','','3349800157478'),(260,6436,'27','2562','2',9,1,1,'ไม่มี','ปกติ','ไม่ผุ','32','144','','2562-11-03 11:31:41','','','','','','','3349800157478'),(261,6444,'28','2562','2',9,1,1,'ไม่มี','ปกติ','ไม่ผุ','24','124','','2562-11-03 11:32:42','','','','','','','3349800157478'),(262,6459,'29','2562','2',9,1,1,'ไม่มี','ปกติ','ไม่ผุ','47','146','','2562-11-03 11:32:59','','','','','','','3349800157478'),(263,6478,'30','2562','2',9,1,1,'ไม่มี','ปกติ','ไม่ผุ','29','140','','2562-11-03 11:33:18','','','','','','','3349800157478'),(264,6618,'32','2562','2',9,1,1,'ไม่มี','ปกติ','ไม่ผุ','32','134','','2562-11-03 11:33:35','','','','','','','3349800157478'),(265,6629,'33','2562','2',9,1,1,'ไม่มี','ปกติ','ไม่ผุ','37','136','','2562-11-03 11:33:50','','','','','','','3349800157478'),(266,6640,'34','2562','2',9,1,1,'ไม่มี','ปกติ','ไม่ผุ','37','140','','2562-11-03 11:34:13','','','','','','','3349800157478'),(267,5948,'1','2562','2',13,1,1,'ไม่มี','ปกติ','ไม่ผุ','46','160','','2562-11-04 03:32:21','','','','','','','3349800157478'),(268,5980,'2','2562','2',13,1,1,'ไม่มี','ปกติ','ไม่ผุ','49','164','','2562-11-04 03:32:51','','','','','','','3349800157478'),(269,5981,'3','2562','2',13,1,1,'ไม่มี','ปกติ','ไม่ผุ','60','168','','2562-11-04 03:33:10','','','','','','','3349800157478'),(270,5984,'4','2562','2',13,1,1,'ไม่มี','ปกติ','ไม่ผุ','60','170','','2562-11-04 03:33:25','','','','','','','3349800157478'),(271,5985,'5','2562','2',13,1,1,'ไม่มี','ปกติ','ไม่ผุ','65','169','','2562-11-04 03:33:42','','','','','','','3349800157478'),(272,5986,'6','2562','2',13,1,1,'ไม่มี','ปกติ','ไม่ผุ','54','167','','2562-11-04 03:33:57','','','','','','','3349800157478'),(273,5988,'8','2562','2',13,1,1,'ไม่มี','ปกติ','ไม่ผุ','40','158','','2562-11-04 03:34:37','','','','','','','3349800157478'),(274,5990,'10','2562','2',13,1,1,'ไม่มี','ปกติ','ไม่ผุ','43','164','','2562-11-04 03:35:18','','','','','','','3349800157478'),(275,5991,'11','2562','2',13,1,1,'ไม่มี','ปกติ','ไม่ผุ','52','161','','2562-11-04 03:35:47','','','','','','','3349800157478'),(276,5992,'12','2562','2',13,1,1,'ไม่มี','ปกติ','ไม่ผุ','46','162','','2562-11-04 03:36:04','','','','','','','3349800157478'),(277,5995,'13','2562','2',13,1,1,'ไม่มี','ปกติ','ไม่ผุ','46','168','','2562-11-04 03:36:23','','','','','','','3349800157478'),(278,5996,'14','2562','2',13,1,1,'ไม่มี','ปกติ','ไม่ผุ','42','155','','2562-11-04 03:36:39','','','','','','','3349800157478'),(279,6038,'15','2562','2',13,1,1,'ไม่มี','ปกติ','ไม่ผุ','56','155','','2562-11-04 03:37:06','','','','','','','3349800157478'),(280,6056,'16','2562','2',13,1,1,'ไม่มี','ปกติ','ไม่ผุ','80','178','','2562-11-04 03:37:27','','','','','','','3349800157478'),(281,6248,'17','2562','2',13,1,1,'ไม่มี','ปกติ','ไม่ผุ','54','168','','2562-11-04 03:37:50','','','','','','','3349800157478'),(282,6334,'18','2562','2',13,1,1,'ไม่มี','ปกติ','ไม่ผุ','46','152','','2562-11-04 03:38:11','','','','','','','3349800157478'),(283,6423,'19','2562','2',13,1,1,'ไม่มี','ปกติ','ไม่ผุ','54','162','','2562-11-04 03:38:30','','','','','','','3349800157478'),(284,6424,'20','2562','2',13,1,1,'ไม่มี','ปกติ','ไม่ผุ','52','167','','2562-11-04 03:38:51','','','','','','','3349800157478'),(285,6425,'21','2562','2',13,1,1,'ไม่มี','ปกติ','ไม่ผุ','45','166','','2562-11-04 03:39:15','','','','','','','3349800157478'),(286,6428,'22','2562','2',13,1,1,'ไม่มี','ปกติ','ไม่ผุ','46','168','','2562-11-04 03:39:35','','','','','','','3349800157478'),(287,6429,'23','2562','2',13,1,1,'ไม่มี','ปกติ','ไม่ผุ','45','162','','2562-11-04 03:39:51','','','','','','','3349800157478'),(288,6430,'24','2562','2',13,1,1,'ไม่มี','ปกติ','ไม่ผุ','45','152','','2562-11-04 03:41:09','','','','','','','3349800157478'),(289,6431,'25','2562','2',13,1,1,'ไม่มี','ปกติ','ไม่ผุ','45','157','','2562-11-04 03:41:35','','','','','','','3349800157478'),(290,6432,'26','2562','2',13,1,1,'ไม่มี','ปกติ','ไม่ผุ','50','162','','2562-11-04 03:43:15','','','','','','','3349800157478'),(291,6433,'27','2562','2',13,1,1,'ไม่มี','ปกติ','ไม่ผุ','52','160','','2562-11-04 03:43:46','','','','','','','3349800157478'),(292,6434,'28','2562','2',13,1,1,'ไม่มี','ปกติ','ไม่ผุ','54','156','','2562-11-04 03:44:11','','','','','','','3349800157478'),(293,6446,'29','2562','2',13,1,1,'ไม่มี','ปกติ','ไม่ผุ','54','168','','2562-11-04 03:44:35','','','','','','','3349800157478'),(294,6447,'30','2562','2',13,1,1,'ไม่มี','ปกติ','ไม่ผุ','50','152','','2562-11-04 03:46:05','','','','','','','3349800157478'),(295,6452,'31','2562','2',13,1,1,'ไม่มี','ปกติ','ไม่ผุ','42','152','','2562-11-04 03:46:21','','','','','','','3349800157478'),(296,6453,'32','2562','2',13,1,1,'ไม่มี','ปกติ','ไม่ผุ','42','155','','2562-11-04 03:48:21','','','','','','','3349800157478'),(297,6461,'33','2562','2',13,1,1,'ไม่มี','ปกติ','ไม่ผุ','46','152','','2562-11-04 03:48:49','','','','','','','3349800157478'),(298,6484,'34','2562','2',13,1,1,'ไม่มี','ปกติ','ไม่ผุ','56','176','','2562-11-04 03:49:13','','','','','','','3349800157478'),(299,6540,'35','2562','2',13,1,1,'ไม่มี','ปกติ','ไม่ผุ','46','160','','2562-11-04 03:49:32','','','','','','','3349800157478'),(300,5987,'35','2562','2',13,1,1,'ไม่มี','ปกติ','ไม่ผุ','40','158','','2562-11-04 03:49:57','','','','','','','3349800157478'),(301,6633,'36','2562','2',13,1,1,'ไม่มี','ปกติ','ไม่ผุ','47','157','','2562-11-04 03:50:40','','','','','','','3349800157478'),(302,6016,'1','2562','2',11,1,1,'ไม่มี','ปกติ','ไม่ผุ','46','156','','2562-11-04 03:53:40','','','','','','','1341500594972'),(303,6017,'2','2562','2',11,1,1,'ไม่มี','ปกติ','ไม่ผุ','42','154','','2562-11-04 03:53:51','','','','','','','1341500594972'),(304,6020,'3','2562','2',11,1,1,'ไม่มี','ปกติ','ไม่ผุ','40','147','','2562-11-04 03:54:05','','','','','','','1341500594972'),(305,6131,'4','2562','2',11,1,1,'ไม่มี','ปกติ','ไม่ผุ','56','160','','2562-11-04 03:54:19','','','','','','','1341500594972'),(306,6141,'5','2562','2',11,1,1,'ไม่มี','ปกติ','ไม่ผุ','54','167','','2562-11-04 03:54:33','','','','','','','1341500594972'),(307,6229,'6','2562','2',11,1,1,'ไม่มี','ปกติ','ไม่ผุ','42','156','','2562-11-04 03:54:46','','','','','','','1341500594972'),(308,6230,'7','2562','2',11,1,1,'ไม่มี','ปกติ','ไม่ผุ','36','150','','2562-11-04 03:55:00','','','','','','','1341500594972'),(309,6331,'8','2562','2',11,1,1,'ไม่มี','ปกติ','ไม่ผุ','50','172','','2562-11-04 03:55:15','','','','','','','1341500594972'),(310,6235,'9','2562','2',11,1,1,'ไม่มี','ปกติ','ไม่ผุ','44','156','','2562-11-04 03:56:02','','','','','','','1341500594972'),(311,6332,'10','2562','2',11,1,1,'ไม่มี','ปกติ','ไม่ผุ','50','155','','2562-11-04 03:56:15','','','','','','','1341500594972'),(312,6342,'11','2562','2',11,1,1,'ไม่มี','ปกติ','ไม่ผุ','43','160','','2562-11-04 03:57:00','','','','','','','1341500594972'),(313,6370,'12','2562','2',11,1,1,'ไม่มี','ปกติ','ไม่ผุ','45','161','','2562-11-04 03:57:22','','','','','','','1341500594972'),(314,6371,'13','2562','2',11,1,1,'ไม่มี','ปกติ','ไม่ผุ','35','150','','2562-11-04 03:57:51','','','','','','','1341500594972'),(315,6373,'14','2562','2',11,1,1,'ไม่มี','ปกติ','ไม่ผุ','37','160','','2562-11-04 03:58:09','','','','','','','1341500594972'),(316,6375,'15','2562','2',11,1,1,'ไม่มี','ปกติ','ไม่ผุ','50','156','','2562-11-04 03:58:28','','','','','','','1341500594972'),(317,6533,'16','2562','2',11,1,1,'ไม่มี','ปกติ','ไม่ผุ','50','155','','2562-11-04 03:58:42','','','','','','','1341500594972'),(318,6534,'17','2562','2',11,1,1,'ไม่มี','ปกติ','ไม่ผุ','46','158','','2562-11-04 03:59:05','','','','','','','1341500594972'),(319,6536,'18','2562','2',11,1,1,'ไม่มี','ปกติ','ไม่ผุ','82','158','','2562-11-04 03:59:19','','','','','','','1341500594972'),(320,6537,'19','2562','2',11,1,1,'ไม่มี','ปกติ','ไม่ผุ','44','157','','2562-11-04 03:59:37','','','','','','','1341500594972'),(321,6549,'21','2562','2',11,1,1,'ไม่มี','ปกติ','ไม่ผุ','40','154','','2562-11-04 04:00:06','','','','','','','1341500594972'),(322,6630,'22','2562','2',11,1,1,'ไม่มี','ปกติ','ไม่ผุ','46','157','','2562-11-04 04:00:20','','','','','','','1341500594972'),(323,6641,'23','2562','2',11,1,1,'ไม่มี','ปกติ','ไม่ผุ','86','162','','2562-11-04 04:00:53','','','','','','','1341500594972'),(324,6643,'23','2562','2',11,1,1,'ไม่มี','ปกติ','ไม่ผุ','46','155','','2562-11-04 04:01:13','','','','','','','1341500594972'),(325,6639,'25','2562','2',11,1,1,'ไม่มี','ปกติ','ไม่ผุ','50','160','','2562-11-04 04:01:30','','','','','','','1341500594972'),(326,6059,'1','2562','2',12,2,1,'ไม่มี','ปกติ','ไม่ผุ','42','170','','2562-11-04 04:03:27','','','','','','','3349800039904'),(327,6144,'2','2562','2',12,2,1,'ไม่มี','ปกติ','ไม่ผุ','72','172','','2562-11-04 04:03:50','','','','','','','3349800039904'),(328,6171,'3','2562','2',12,2,1,'ไม่มี','ปกติ','ไม่ผุ','34','147','','2562-11-04 04:04:14','','','','','','','3349800039904'),(329,6231,'4','2562','2',12,2,1,'ไม่มี','ปกติ','ไม่ผุ','45','156','','2562-11-04 04:04:31','','','','','','','3349800039904'),(330,6233,'5','2562','2',12,2,1,'ไม่มี','ปกติ','ไม่ผุ','56','152','','2562-11-04 04:04:46','','','','','','','3349800039904'),(331,6239,'6','2562','2',12,2,1,'ไม่มี','ปกติ','ไม่ผุ','42','150','','2562-11-04 04:05:07','','','','','','','3349800039904'),(332,6329,'7','2562','2',12,2,1,'ไม่มี','ปกติ','ไม่ผุ','50','150','','2562-11-04 04:05:28','','','','','','','3349800039904'),(333,6330,'8','2562','2',12,2,1,'ไม่มี','ปกติ','ไม่ผุ','32','138','','2562-11-04 04:06:04','','','','','','','3349800039904'),(334,6369,'9','2562','2',12,2,1,'ไม่มี','ปกติ','ไม่ผุ','46','162','','2562-11-04 04:06:22','','','','','','','3349800039904'),(335,6372,'10','2562','2',12,2,1,'ไม่มี','ปกติ','ไม่ผุ','40','142','','2562-11-04 04:06:43','','','','','','','3349800039904'),(336,6376,'12','2562','2',12,2,1,'ไม่มี','ปกติ','ไม่ผุ','50','158','','2562-11-04 04:07:30','','','','','','','3349800039904'),(337,6439,'13','2562','2',12,2,1,'ไม่มี','ปกติ','ไม่ผุ','42','142','','2562-11-04 04:07:55','','','','','','','3349800039904'),(338,6440,'14','2562','2',12,2,1,'ไม่มี','ปกติ','ไม่ผุ','56','155','','2562-11-04 04:08:13','','','','','','','3349800039904'),(339,6445,'15','2562','2',12,2,1,'ไม่มี','ปกติ','ไม่ผุ','45','155','','2562-11-04 04:09:02','','','','','','','3349800039904'),(340,6529,'16','2562','2',12,2,1,'ไม่มี','ปกติ','ไม่ผุ','30','140','','2562-11-04 04:09:30','','','','','','','3349800039904'),(341,6535,'17','2562','2',12,2,1,'ไม่มี','ปกติ','ไม่ผุ','54','155','','2562-11-04 04:09:59','','','','','','','3349800039904'),(342,6551,'18','2562','2',12,2,1,'ไม่มี','ปกติ','ไม่ผุ','46','162','','2562-11-04 04:10:13','','','','','','','3349800039904'),(343,6557,'19','2562','2',12,2,1,'ไม่มี','ปกติ','ไม่ผุ','54','156','','2562-11-04 04:10:29','','','','','','','3349800039904'),(344,6256,'1','2562','2',5,1,1,'ไม่มี','ปกติ','ไม่ผุ','24','125','','2562-11-04 04:10:36','','0','0','0','0','0','5340790011601'),(345,6259,'3','2562','2',5,1,1,'ไม่มี','ปกติ','ไม่ผุ','23','125','','2562-11-04 04:11:13','','0','0','0','0','0','5340790011601'),(346,6258,'3','2562','2',5,1,1,'ไม่มี','ปกติ','ไม่ผุ','24','129','','2562-11-04 04:11:41','','0','0','0','0','0','5340790011601'),(347,6266,'3','2562','2',5,1,1,'ไม่มี','ปกติ','ไม่ผุ','24','122','','2562-11-04 04:12:06','','0','0','0','0','0','5340790011601'),(348,6267,'4','2562','2',5,1,1,'ไม่มี','ปกติ','ไม่ผุ','49','133','','2562-11-04 04:12:36','','0','0','0','0','0','5340790011601'),(349,6269,'5','2562','2',5,1,1,'ไม่มี','ปกติ','ไม่ผุ','35','130','','2562-11-04 04:14:10','','0','0','0','0','0','5340790011601'),(350,6260,'4','2562','2',5,1,1,'ไม่มี','ปกติ','ไม่ผุ','38','130','','2562-11-04 04:14:43','','0','0','0','0','0','5340790011601'),(351,6271,'6','2562','2',5,1,1,'ไม่มี','ปกติ','ไม่ผุ','23','121','','2562-11-04 04:15:02','','0','0','0','0','0','5340790011601'),(352,6265,'8','2562','2',5,1,1,'ไม่มี','ปกติ','ไม่ผุ','39','130','','2562-11-04 04:15:45','','0','0','0','0','0','5340790011601'),(353,6272,'7','2562','2',5,1,1,'ไม่มี','ปกติ','ไม่ผุ','25','124','','2562-11-04 04:16:10','','0','0','0','0','0','5340790011601'),(354,6279,'8','2562','2',5,1,1,'ไม่มี','ปกติ','ไม่ผุ','19','115','','2562-11-04 04:17:07','','0','0','0','0','0','5340790011601'),(355,6282,'10','2562','2',5,1,1,'ไม่มี','ปกติ','ไม่ผุ','22','124','','2562-11-04 04:17:45','','0','0','0','0','0','5340790011601'),(356,6281,'9','2562','2',5,1,1,'ไม่มี','ปกติ','ไม่ผุ','31','124','','2562-11-04 04:18:10','','0','0','0','0','0','5340790011601'),(357,6317,'11','2562','2',5,1,1,'ไม่มี','ปกติ','ไม่ผุ','25','125','','2562-11-04 04:18:48','','0','0','0','0','0','5340790011601'),(358,6353,'12','2562','2',5,1,1,'ไม่มี','ปกติ','ไม่ผุ','24','123','','2562-11-04 04:19:06','','0','0','0','0','0','5340790011601'),(359,6563,'14','2562','2',5,1,1,'ไม่มี','ปกติ','ไม่ผุ','20','117','','2562-11-04 04:19:47','','0','0','0','0','0','5340790011601'),(360,6451,'13','2562','2',5,1,1,'ไม่มี','ปกติ','ไม่ผุ','23','120','','2562-11-04 04:20:10','','0','0','0','0','0','5340790011601'),(361,6573,'15','2562','2',5,1,1,'ไม่มี','ปกติ','ไม่ผุ','26','121','','2562-11-04 04:20:34','','0','0','0','0','0','5340790011601'),(362,6483,'18','2562','2',5,1,1,'ไม่มี','ปกติ','ไม่ผุ','27','131','','2562-11-04 04:21:06','','0','0','0','0','0','5340790011601'),(363,6494,'19','2562','2',5,1,1,'ไม่มี','ปกติ','ไม่ผุ','22','118','','2562-11-04 04:21:22','','','','','','','5340790011601'),(364,6527,'20','2562','2',5,1,1,'ไม่มี','ปกติ','ไม่ผุ','33','125','','2562-11-04 04:21:37','','','','','','','5340790011601'),(365,6550,'21','2562','2',5,1,1,'ไม่มี','ปกติ','ไม่ผุ','27','131','','2562-11-04 04:21:51','','','','','','','5340790011601'),(366,6561,'22','2562','2',5,1,1,'ไม่มี','ปกติ','ไม่ผุ','62','154','','2562-11-04 04:22:10','','','','','','','5340790011601'),(367,6570,'23','2562','2',5,1,1,'ไม่มี','ปกติ','ไม่ผุ','25','122','','2562-11-04 04:22:28','','','','','','','5340790011601'),(368,6574,'24','2562','2',5,1,1,'ไม่มี','ปกติ','ไม่ผุ','48','138','','2562-11-04 04:22:46','','','','','','','5340790011601'),(369,6111,'1','2562','2',8,1,1,'ไม่มี','ปกติ','ไม่ผุ','30.2','148','','2562-11-06 01:25:44','','','','','','','1349900359335'),(370,6112,'2','2562','2',8,1,1,'ไม่มี','ปกติ','ไม่ผุ','39.8','145','','2562-11-06 01:25:54','','','','','','','1349900359335'),(371,6114,'3','2562','2',8,1,1,'ไม่มี','ปกติ','ไม่ผุ','33','145','','2562-11-06 01:26:03','','','','','','','1349900359335'),(372,6115,'4','2562','2',8,1,1,'ไม่มี','ปกติ','ไม่ผุ','30.3','130','','2562-11-06 01:26:14','','','','','','','1349900359335'),(373,6117,'5','2562','2',8,1,1,'ไม่มี','ปกติ','ไม่ผุ','29.5','132','','2562-11-06 01:26:24','','','','','','','1349900359335'),(374,6119,'6','2562','2',8,1,1,'ไม่มี','ปกติ','ไม่ผุ','31','137','','2562-11-06 01:26:37','','','','','','','1349900359335'),(375,6120,'7','2562','2',8,1,1,'ไม่มี','ปกติ','ไม่ผุ','41','157','','2562-11-04 04:25:02','','','','','','','1349900359335'),(376,6121,'8','2562','2',8,1,1,'ไม่มี','ปกติ','ไม่ผุ','40.7','147','','2562-11-06 01:27:12','','','','','','','1349900359335'),(377,6123,'9','2562','2',8,1,1,'ไม่มี','ปกติ','ไม่ผุ','33','148','','2562-11-06 01:27:42','','','','','','','1349900359335'),(378,6210,'10','2562','2',8,1,1,'ไม่มี','ปกติ','ไม่ผุ','48','139','','2562-11-06 01:28:22','','','','','','','1349900359335'),(379,6211,'11','2562','2',8,1,1,'ไม่มี','ปกติ','ไม่ผุ','26.5','131','','2562-11-06 01:28:40','','','','','','','1349900359335'),(380,6216,'12','2562','2',8,1,1,'ไม่มี','ปกติ','ไม่ผุ','35','140','','2562-11-06 01:28:53','','','','','','','1349900359335'),(381,6217,'13','2562','2',8,1,1,'ไม่มี','ปกติ','ไม่ผุ','47','138','','2562-11-06 01:29:05','','','','','','','1349900359335'),(382,6218,'14','2562','2',8,1,1,'ไม่มี','ปกติ','ไม่ผุ','47','154','','2562-11-06 01:29:24','','','','','','','1349900359335'),(383,6247,'15','2562','2',8,1,1,'ไม่มี','ปกติ','ไม่ผุ','47','149','','2562-11-06 01:29:47','','','','','','','1349900359335'),(384,6322,'16','2562','2',8,1,1,'ไม่มี','ปกติ','ไม่ผุ','38','141','','2562-11-06 01:30:03','','','','','','','1349900359335'),(385,6323,'17','2562','2',8,1,1,'ไม่มี','ปกติ','ไม่ผุ','25.8','131','','2562-11-06 01:30:19','','','','','','','1349900359335'),(386,6339,'18','2562','2',8,1,1,'ไม่มี','ปกติ','ไม่ผุ','34','144','','2562-11-04 04:26:05','','','','','','','1349900359335'),(387,6340,'19','2562','2',8,1,1,'ไม่มี','ปกติ','ไม่ผุ','47','148','','2562-11-06 01:30:45','','','','','','','1349900359335'),(388,6346,'20','2562','2',8,1,1,'ไม่มี','ปกติ','ไม่ผุ','44','146','','2562-11-06 01:30:58','','','','','','','1349900359335'),(389,6358,'21','2562','2',8,1,1,'ไม่มี','ปกติ','ไม่ผุ','25.6','130','','2562-11-06 01:31:18','','','','','','','1349900359335'),(390,6359,'22','2562','2',8,1,1,'ไม่มี','ปกติ','ไม่ผุ','27','135','','2562-11-04 04:26:31','','','','','','','1349900359335'),(391,6360,'23','2562','2',8,1,1,'ไม่มี','ปกติ','ไม่ผุ','31','134','','2562-11-06 01:31:37','','','','','','','1349900359335'),(392,6362,'24','2562','2',8,1,1,'ไม่มี','ปกติ','ไม่ผุ','28.8','134','','2562-11-06 01:31:55','','','','','','','1349900359335'),(393,6363,'25','2562','2',8,1,1,'ไม่มี','ปกติ','ไม่ผุ','42.3','160','','2562-11-06 01:32:16','','','','','','','1349900359335'),(394,6380,'26','2562','2',8,1,1,'ไม่มี','ปกติ','ไม่ผุ','37','145','','2562-11-06 01:32:29','','','','','','','1349900359335'),(395,6436,'27','2562','2',8,1,1,'ไม่มี','ปกติ','ไม่ผุ','33.7','146','','2562-11-06 01:32:46','','','','','','','1349900359335'),(396,6444,'28','2562','2',8,1,1,'ไม่มี','ปกติ','ไม่ผุ','24.6','126','','2562-11-06 01:33:01','','','','','','','1349900359335'),(397,6459,'29','2562','2',8,1,1,'ไม่มี','ปกติ','ไม่ผุ','52.3','148','','2562-11-06 01:33:16','','','','','','','1349900359335'),(398,6478,'30','2562','2',8,1,1,'ไม่มี','ปกติ','ไม่ผุ','29.8','142','','2562-11-06 01:33:29','','','','','','','1349900359335'),(399,6618,'32','2562','2',8,1,1,'ไม่มี','ปกติ','ไม่ผุ','34','145','','2562-11-06 01:33:47','','','','','','','1349900359335'),(400,6629,'33','2562','2',8,1,1,'ไม่มี','ปกติ','ไม่ผุ','38.7','138','','2562-11-06 01:34:01','','','','','','','1349900359335'),(401,6640,'34','2562','2',8,1,1,'ไม่มี','ปกติ','ไม่ผุ','37.8','149','','2562-11-06 01:34:13','','','','','','','1349900359335'),(402,6576,'1','2562','2',1,1,1,'ไม่มี','ปกติ','ไม่ผุ','17','100','','2562-11-05 04:26:20','','','','','','','3341500265723'),(403,6577,'2','2562','2',1,1,1,'ไม่มี','ปกติ','ไม่ผุ','16','104','','2562-11-05 04:26:37','','','','','','','3341500265723'),(404,6636,'4','2562','2',1,1,1,'ไม่มี','ปกติ','ไม่ผุ','27','116','','2562-11-05 04:27:28','','','','','','','3341500265723'),(405,6631,'3','2562','2',1,1,1,'ไม่มี','ปกติ','ไม่ผุ','15','101','','2562-11-05 04:27:53','','','','','','','3341500265723'),(406,6495,'1','2562','2',2,1,1,'ไม่มี','ปกติ','ไม่ผุ','17','106','','2562-11-05 04:28:42','','','','','','','3341500265723'),(407,6559,'2','2562','2',2,1,1,'ไม่มี','ปกติ','ไม่ผุ','20','115','','2562-11-05 04:28:57','','','','','','','3341500265723'),(408,6562,'3','2562','2',2,1,1,'ไม่มี','ปกติ','ไม่ผุ','17','109','','2562-11-05 04:30:06','','','','','','','3341500265723'),(409,6578,'4','2562','2',2,1,1,'ไม่มี','ปกติ','ไม่ผุ','19','107','','2562-11-05 04:30:35','','','','','','','3341500265723'),(410,6579,'5','2562','2',2,1,1,'ไม่มี','ปกติ','ไม่ผุ','17','108','','2562-11-05 04:52:03','','','','','','','3341500265723'),(411,6580,'6','2562','2',2,1,1,'ไม่มี','ปกติ','ไม่ผุ','17','108','','2562-11-05 04:52:30','','','','','','','3341500265723'),(412,6581,'7','2562','2',2,1,1,'ไม่มี','ปกติ','ไม่ผุ','15','102','','2562-11-05 04:52:49','','','','','','','3341500265723'),(413,6582,'8','2562','2',2,1,1,'ไม่มี','ปกติ','ไม่ผุ','15','103','','2562-11-05 04:53:05','','','','','','','3341500265723'),(414,6583,'9','2562','2',2,1,1,'ไม่มี','ปกติ','ไม่ผุ','14','101','','2562-11-05 04:53:28','','','','','','','3341500265723'),(415,6584,'10','2562','2',2,1,1,'ไม่มี','ปกติ','ไม่ผุ','15','99','','2562-11-05 04:53:44','','','','','','','3341500265723'),(416,6585,'11','2562','2',2,1,1,'ไม่มี','ปกติ','ไม่ผุ','15','101','','2562-11-05 04:54:03','','','','','','','3341500265723'),(417,6587,'12','2562','2',2,1,1,'ไม่มี','ปกติ','ไม่ผุ','16','96','','2562-11-05 04:54:18','','','','','','','3341500265723'),(418,6588,'13','2562','2',2,1,1,'ไม่มี','ปกติ','ไม่ผุ','18','108','','2562-11-05 04:54:37','','','','','','','3341500265723'),(419,6589,'14','2562','2',2,1,1,'ไม่มี','ปกติ','ไม่ผุ','16','104','','2562-11-05 04:54:51','','','','','','','3341500265723'),(420,6590,'15','2562','2',2,1,1,'ไม่มี','ปกติ','ไม่ผุ','14','101','','2562-11-05 04:55:18','','','','','','','3341500265723'),(421,6591,'16','2562','2',2,1,1,'ไม่มี','ปกติ','ไม่ผุ','16','102','','2562-11-05 04:55:36','','','','','','','3341500265723'),(422,6592,'17','2562','2',2,1,1,'ไม่มี','ปกติ','ไม่ผุ','14','104','','2562-11-05 04:55:54','','','','','','','3341500265723'),(423,6593,'18','2562','2',2,1,1,'ไม่มี','ปกติ','ไม่ผุ','16','108','','2562-11-05 04:56:05','','','','','','','3341500265723'),(424,6594,'19','2562','2',2,1,1,'ไม่มี','ปกติ','ไม่ผุ','13','104','','2562-11-05 04:56:17','','','','','','','3341500265723'),(425,6595,'20','2562','2',2,1,1,'ไม่มี','ปกติ','ไม่ผุ','23','114','','2562-11-05 04:56:34','','','','','','','3341500265723'),(426,6596,'21','2562','2',2,1,1,'ไม่มี','ปกติ','ไม่ผุ','17','112','','2562-11-05 04:56:46','','','','','','','3341500265723'),(427,6597,'22','2562','2',2,1,1,'ไม่มี','ปกติ','ไม่ผุ','13','103','','2562-11-05 04:57:04','','','','','','','3341500265723'),(428,6598,'23','2562','2',2,1,1,'ไม่มี','ปกติ','ไม่ผุ','16','100','','2562-11-05 04:57:22','','','','','','','3341500265723'),(429,6599,'24','2562','2',2,1,1,'ไม่มี','ปกติ','ไม่ผุ','22','109','','2562-11-05 04:57:39','','','','','','','3341500265723'),(430,6600,'25','2562','2',2,1,1,'ไม่มี','ปกติ','ไม่ผุ','16','105','','2562-11-05 04:58:34','','','','','','','3341500265723'),(431,6601,'26','2562','2',2,1,1,'ไม่มี','ปกติ','ไม่ผุ','13','102','','2562-11-05 05:00:49','','','','','','','3341500265723'),(432,6602,'27','2562','2',2,1,1,'ไม่มี','ปกติ','ไม่ผุ','15','105','','2562-11-05 05:01:55','','','','','','','3341500265723'),(433,6603,'28','2562','2',2,1,1,'ไม่มี','ปกติ','ไม่ผุ','15','100','','2562-11-05 05:02:22','','','','','','','3341500265723'),(434,6604,'29','2562','2',2,1,1,'ไม่มี','ปกติ','ไม่ผุ','14','99','','2562-11-05 05:02:39','','','','','','','3341500265723'),(435,6605,'30','2562','2',2,1,1,'ไม่มี','ปกติ','ไม่ผุ','16','103','','2562-11-05 05:03:02','','','','','','','3341500265723'),(436,6606,'31','2562','2',2,1,1,'ไม่มี','ปกติ','ไม่ผุ','17','108','','2562-11-05 05:03:18','','','','','','','3341500265723'),(437,6607,'32','2562','2',2,1,1,'ไม่มี','ปกติ','ไม่ผุ','16','106','','2562-11-05 05:03:39','','','','','','','3341500265723'),(438,6623,'33','2562','2',2,1,1,'ไม่มี','ปกติ','ไม่ผุ','18','113','','2562-11-05 05:04:00','','','','','','','3341500265723'),(439,6624,'34','2562','2',2,1,1,'ไม่มี','ปกติ','ไม่ผุ','16','107','','2562-11-05 05:04:18','','','','','','','3341500265723'),(440,6625,'35','2562','2',2,1,1,'ไม่มี','ปกติ','ไม่ผุ','15','106','','2562-11-05 05:04:40','','','','','','','3341500265723'),(441,6628,'37','2562','2',2,1,1,'ไม่มี','ปกติ','ไม่ผุ','16','108','','2562-11-05 05:05:21','','','','','','','3341500265723'),(442,6627,'36','2562','2',2,1,1,'ไม่มี','ปกติ','ไม่ผุ','20','107','','2562-11-05 05:05:47','','','','','','','3341500265723'),(443,6644,'38','2562','2',2,1,1,'ไม่มี','ปกติ','ไม่ผุ','30','115','','2562-11-05 05:06:00','','','','','','','3341500265723'),(444,6383,'1','2562','2',4,1,1,'ไม่มี','ปกติ','ไม่ผุ','20','114','','2562-11-06 10:41:11','','','','','','','5340790011601'),(445,6384,'2','2562','2',4,1,1,'ไม่มี','ปกติ','ไม่ผุ','21','120','','2562-11-06 10:41:24','','','','','','','5340790011601'),(446,6385,'3','2562','2',4,1,1,'ไม่มี','ปกติ','ไม่ผุ','29','126','','2562-11-06 10:41:41','','','','','','','5340790011601'),(447,6386,'4','2562','2',4,1,1,'ไม่มี','ปกติ','ไม่ผุ','17','115','','2562-11-06 10:42:03','','','','','','','5340790011601'),(448,6387,'5','2562','2',4,1,1,'ไม่มี','ปกติ','ไม่ผุ','18','117','','2562-11-06 10:43:07','','','','','','','5340790011601'),(449,6390,'6','2562','2',4,1,1,'ไม่มี','ปกติ','ไม่ผุ','18','116','','2562-11-06 10:43:54','','','','','','','5340790011601'),(450,6391,'7','2562','2',4,1,1,'ไม่มี','ปกติ','ไม่ผุ','20','125','','2562-11-05 09:53:43','','','','','','','5340790011601'),(451,6392,'8','2562','2',4,1,1,'ไม่มี','ปกติ','ไม่ผุ','44','112','','2562-11-06 10:46:04','','','','','','','5340790011601'),(452,6394,'9','2562','2',4,1,1,'ไม่มี','ปกติ','ไม่ผุ','25','130','','2562-11-06 10:46:29','','','','','','','5340790011601'),(453,6395,'10','2562','2',4,1,1,'ไม่มี','ปกติ','ไม่ผุ','29','124','','2562-11-06 10:46:49','','','','','','','5340790011601'),(454,6397,'11','2562','2',4,1,1,'ไม่มี','ปกติ','ไม่ผุ','24','125','','2562-11-06 10:47:04','','','','','','','5340790011601'),(455,6398,'12','2562','2',4,1,1,'ไม่มี','ปกติ','ไม่ผุ','20','120','','2562-11-06 10:47:25','','','','','','','5340790011601'),(456,6399,'13','2562','2',4,1,1,'ไม่มี','ปกติ','ไม่ผุ','24','124','','2562-11-05 09:55:15','','','','','','','5340790011601'),(457,6400,'14','2562','2',4,1,1,'ไม่มี','ปกติ','ไม่ผุ','19','121','','2562-11-06 10:47:55','','','','','','','5340790011601'),(458,6402,'15','2562','2',4,1,1,'ไม่มี','ปกติ','ไม่ผุ','26','126','','2562-11-06 10:48:16','','','','','','','5340790011601'),(459,6403,'16','2562','2',4,1,1,'ไม่มี','ปกติ','ไม่ผุ','17','116','','2562-11-06 10:48:45','','','','','','','5340790011601'),(460,6406,'17','2562','2',4,1,1,'ไม่มี','ปกติ','ไม่ผุ','27','125','','2562-11-05 09:56:18','','','','','','','5340790011601'),(461,6407,'18','2562','2',4,1,1,'ไม่มี','ปกติ','ไม่ผุ','20','115','','2562-11-06 10:49:04','','','','','','','5340790011601'),(462,6408,'19','2562','2',4,1,1,'ไม่มี','ปกติ','ไม่ผุ','21','118','','2562-11-06 10:49:25','','','','','','','5340790011601'),(463,6409,'20','2562','2',4,1,1,'ไม่มี','ปกติ','ไม่ผุ','16','110','','2562-11-06 10:49:46','','','','','','','5340790011601'),(464,6410,'21','2562','2',4,1,1,'ไม่มี','ปกติ','ไม่ผุ','21','118','','2562-11-06 10:50:40','','','','','','','5340790011601'),(465,6412,'22','2562','2',4,1,1,'ไม่มี','ปกติ','ไม่ผุ','22','124','','2562-11-06 10:51:24','','','','','','','5340790011601'),(466,6413,'23','2562','2',4,1,1,'ไม่มี','ปกติ','ไม่ผุ','21','119','','2562-11-06 10:52:02','','','','','','','5340790011601'),(467,6567,'24','2562','2',4,1,1,'ไม่มี','ปกติ','ไม่ผุ','21','124','','2562-11-06 10:52:17','','','','','','','5340790011601'),(468,6642,'25','2562','2',4,1,1,'ไม่มี','ปกติ','ไม่ผุ','40','121','','2562-11-06 10:52:33','','','','','','','5340790011601'),(469,6071,'1','2562','2',9,1,1,'ไม่มี','ปกติ','ไม่ผุ','40.3','141','','2562-11-06 11:20:55','','','','','','','3340101212340'),(470,6072,'2','2562','2',9,1,1,'ไม่มี','ปกติ','ไม่ผุ','38.2','149','','2562-11-06 11:21:07','','','','','','','3340101212340'),(471,6073,'3','2562','2',9,1,1,'ไม่มี','ปกติ','ไม่ผุ','41.8','149','','2562-11-06 11:21:16','','','','','','','3340101212340'),(472,6074,'4','2562','2',9,1,1,'ไม่มี','ปกติ','ไม่ผุ','36.3','145','','2562-11-06 11:21:27','','','','','','','3340101212340'),(473,6075,'5','2562','2',9,1,1,'ไม่มี','ปกติ','ไม่ผุ','39.5','159','','2562-11-06 11:21:35','','','','','','','3340101212340'),(474,6077,'6','2562','2',9,1,1,'ไม่มี','ปกติ','ไม่ผุ','53','157','','2562-11-06 11:21:42','','','','','','','3340101212340'),(475,6178,'1','2562','2',6,1,1,'ไม่มี','ปกติ','ไม่ผุ','25.2','131','','2562-11-06 12:58:08','','','','','','','3340100726463'),(476,6179,'2','2562','2',6,1,1,'ไม่มี','ปกติ','ไม่ผุ','24.3','123','','2562-11-06 12:58:21','','','','','','','3340100726463'),(477,6182,'3','2562','2',6,1,1,'ไม่มี','ปกติ','ไม่ผุ','24.4','130','','2562-11-06 12:58:35','','','','','','','3340100726463'),(478,6184,'4','2562','2',6,1,1,'ไม่มี','ปกติ','ไม่ผุ','30','125','','2562-11-06 12:58:50','','','','','','','3340100726463'),(479,6185,'5','2562','2',6,1,1,'ไม่มี','ปกติ','ไม่ผุ','27.6','129','','2562-11-06 12:59:06','','','','','','','3340100726463'),(480,6186,'6','2562','2',6,1,1,'ไม่มี','ปกติ','ไม่ผุ','30.2','123','','2562-11-06 12:59:39','','','','','','','3340100726463'),(481,6187,'7','2562','2',6,1,1,'ไม่มี','ปกติ','ไม่ผุ','36','130','','2562-11-06 12:59:53','','','','','','','3340100726463'),(482,6189,'8','2562','2',6,1,1,'ไม่มี','ปกติ','ไม่ผุ','29','135','','2562-11-06 01:00:09','','','','','','','3340100726463'),(483,6190,'9','2562','2',6,1,1,'ไม่มี','ปกติ','ไม่ผุ','41.6','129','','2562-11-06 01:00:25','','','','','','','3340100726463'),(484,6192,'10','2562','2',6,1,1,'ไม่มี','ปกติ','ไม่ผุ','20','119','','2562-11-06 01:00:37','','','','','','','3340100726463'),(485,6193,'11','2562','2',6,1,1,'ไม่มี','ปกติ','ไม่ผุ','34','133','','2562-11-06 01:00:49','','','','','','','3340100726463'),(486,6194,'12','2562','2',6,1,1,'ไม่มี','ปกติ','ไม่ผุ','21','122','','2562-11-06 01:01:02','','','','','','','3340100726463'),(487,6195,'13','2562','2',6,1,1,'ไม่มี','ปกติ','ไม่ผุ','19','127','','2562-11-06 01:01:17','','','','','','','3340100726463'),(488,6196,'14','2562','2',6,1,1,'ไม่มี','ปกติ','ไม่ผุ','41.2','134','','2562-11-06 01:01:31','','','','','','','3340100726463'),(489,6197,'15','2562','2',6,1,1,'ไม่มี','ปกติ','ไม่ผุ','25','127','','2562-11-06 01:01:44','','','','','','','3340100726463'),(490,6198,'16','2562','2',6,1,1,'ไม่มี','ปกติ','ไม่ผุ','27','137','','2562-11-06 01:02:02','','','','','','','3340100726463'),(491,6200,'17','2562','2',6,1,1,'ไม่มี','ปกติ','ไม่ผุ','24','128','','2562-11-06 01:02:14','','','','','','','3340100726463'),(492,6201,'18','2562','2',6,1,1,'ไม่มี','ปกติ','ไม่ผุ','26','121','','2562-11-06 01:02:26','','','','','','','3340100726463'),(493,6203,'19','2562','2',6,1,1,'ไม่มี','ปกติ','ไม่ผุ','28.2','129','','2562-11-06 01:03:49','','','','','','','3340100726463'),(494,6251,'20','2562','2',6,1,1,'ไม่มี','ปกติ','ไม่ผุ','26.1','129','','2562-11-06 01:04:05','','','','','','','3340100726463'),(495,6313,'21','2562','2',6,1,1,'ไม่มี','ปกติ','ไม่ผุ','47.3','138','','2562-11-06 01:04:28','','','','','','','3340100726463'),(496,6314,'22','2562','2',6,1,1,'ไม่มี','ปกติ','ไม่ผุ','35.2','133','','2562-11-06 01:04:46','','','','','','','3340100726463'),(497,6315,'23','2562','2',6,1,1,'ไม่มี','ปกติ','ไม่ผุ','34','133','','2562-11-06 01:04:58','','','','','','','3340100726463'),(498,6316,'24','2562','2',6,1,1,'ไม่มี','ปกติ','ไม่ผุ','21.8','122','','2562-11-06 01:05:19','','','','','','','3340100726463'),(499,6320,'25','2562','2',6,1,1,'ไม่มี','ปกติ','ไม่ผุ','31.7','131','','2562-11-06 01:05:35','','','','','','','3340100726463'),(500,6354,'26','2562','2',6,1,1,'ไม่มี','ปกติ','ไม่ผุ','29.6','132','','2562-11-06 01:05:51','','','','','','','3340100726463'),(501,6355,'27','2562','2',6,1,1,'ไม่มี','ปกติ','ไม่ผุ','36.3','129','','2562-11-06 01:06:06','','','','','','','3340100726463'),(502,6414,'28','2562','2',6,1,1,'ไม่มี','ปกติ','ไม่ผุ','35','141','','2562-11-06 01:06:19','','','','','','','3340100726463'),(503,6460,'29','2562','2',6,1,1,'ไม่มี','ปกติ','ไม่ผุ','22.8','123','','2562-11-06 01:06:41','','','','','','','3340100726463'),(504,6468,'30','2562','2',6,1,1,'ไม่มี','ปกติ','ไม่ผุ','52.2','141','','2562-11-06 01:06:58','','','','','','','3340100726463'),(505,6471,'32','2562','2',6,1,1,'ไม่มี','ปกติ','ไม่ผุ','56','139','','2562-11-06 01:07:27','','','','','','','3340100726463'),(506,6419,'33','2562','2',6,1,1,'ไม่มี','ปกติ','ไม่ผุ','24','126','','2562-11-06 01:07:41','','','','','','','3340100726463'),(507,6493,'34','2562','2',6,1,1,'ไม่มี','ปกติ','ไม่ผุ','22','127','','2562-11-06 01:07:59','','','','','','','3340100726463'),(508,6617,'35','2562','2',6,1,1,'ไม่มี','ปกติ','ไม่ผุ','20','121','','2562-11-06 01:08:11','','','','','','','3340100726463'),(509,6620,'37','2562','2',6,1,1,'ไม่มี','ปกติ','ไม่ผุ','37','131','','2562-11-06 01:08:25','','','','','','','3340100726463'),(510,6632,'38','2562','2',6,1,1,'ไม่มี','ปกติ','ไม่ผุ','23','132','','2562-11-06 01:08:39','','','','','','','3340100726463'),(511,6417,'39','2562','2',6,1,1,'ไม่มี','ปกติ','ไม่ผุ','35','139','','2562-11-06 01:09:04','','','','','','','3340100726463'),(512,6635,'40','2562','2',6,1,1,'ไม่มี','ปกติ','ไม่ผุ','23','120','','2562-11-06 01:09:18','','','','','','','3340100726463'),(513,6470,'1','2562','2',3,1,1,'ไม่มี','ปกติ','ไม่ผุ','16','121','','2562-11-06 01:12:24','','','','','','','3341500265723'),(514,6490,'2','2562','2',3,1,1,'ไม่มี','ปกติ','ไม่ผุ','17','116','','2562-11-06 01:12:39','','','','','','','3341500265723'),(515,6491,'3','2562','2',3,1,1,'ไม่มี','ปกติ','ไม่ผุ','22','114','','2562-11-06 01:12:55','','','','','','','3341500265723'),(516,6498,'4','2562','2',3,1,1,'ไม่มี','ปกติ','ไม่ผุ','23','118','','2562-11-06 01:14:52','','','','','','','3341500265723'),(517,6499,'5','2562','2',3,1,1,'ไม่มี','ปกติ','ไม่ผุ','18','107','','2562-11-06 01:15:15','','','','','','','3341500265723'),(518,6500,'6','2562','2',3,1,1,'ไม่มี','ปกติ','ไม่ผุ','19','114','','2562-11-06 01:15:48','','','','','','','3341500265723'),(519,6469,'31','2562','2',6,1,1,'ไม่มี','ปกติ','ไม่ผุ','4','135','','2562-11-06 01:16:06','','','','','','','3340100726463'),(520,6501,'7','2562','2',3,1,1,'ไม่มี','ปกติ','ไม่ผุ','23','117','','2562-11-06 01:16:08','','','','','','','3341500265723'),(521,6502,'8','2562','2',3,1,1,'ไม่มี','ปกติ','ไม่ผุ','22','113','','2562-11-06 01:16:21','','','','','','','3341500265723'),(522,6504,'9','2562','2',3,1,1,'ไม่มี','ปกติ','ไม่ผุ','18','103','','2562-11-06 01:16:47','','','','','','','3341500265723'),(523,6506,'10','2562','2',3,1,1,'ไม่มี','ปกติ','ไม่ผุ','22','118','','2562-11-06 01:17:02','','','','','','','3341500265723'),(524,6508,'11','2562','2',3,1,1,'ไม่มี','ปกติ','ไม่ผุ','22','113','','2562-11-06 01:17:22','','','','','','','3341500265723'),(525,6078,'7','2562','2',9,1,1,'ไม่มี','ปกติ','ไม่ผุ','34','146','','2562-11-06 01:19:27','','','','','','','3340101212340'),(526,6079,'8','2562','2',9,1,1,'ไม่มี','ปกติ','ไม่ผุ','26.6','131','','2562-11-06 01:19:40','','','','','','','3340101212340'),(527,6509,'12','2562','2',3,1,1,'ไม่มี','ปกติ','ไม่ผุ','19','118','','2562-11-06 01:19:45','','','','','','','3341500265723'),(528,6080,'9','2562','2',9,1,1,'ไม่มี','ปกติ','ไม่ผุ','47.7','163','','2562-11-06 01:19:50','','','','','','','3340101212340'),(529,6081,'10','2562','2',9,1,1,'ไม่มี','ปกติ','ไม่ผุ','47','149','','2562-11-06 01:20:01','','','','','','','3340101212340'),(530,6511,'13','2562','2',3,1,1,'ไม่มี','ปกติ','ไม่ผุ','18','106','','2562-11-06 01:20:01','','','','','','','3341500265723'),(531,6082,'11','2562','2',9,1,1,'ไม่มี','ปกติ','ไม่ผุ','25','136','','2562-11-06 01:20:09','','','','','','','3340101212340'),(532,6083,'12','2562','2',9,1,1,'ไม่มี','ปกติ','ไม่ผุ','41.3','150','','2562-11-06 01:20:17','','','','','','','3340101212340'),(533,6512,'14','2562','2',3,1,1,'ไม่มี','ปกติ','ไม่ผุ','16','107','','2562-11-06 01:20:18','','','','','','','3341500265723'),(534,6084,'13','2562','2',9,1,1,'ไม่มี','ปกติ','ไม่ผุ','64','159','','2562-11-06 01:20:27','','','','','','','3340101212340'),(535,6133,'14','2562','2',9,1,1,'ไม่มี','ปกติ','ไม่ผุ','28','137','','2562-11-06 01:20:37','','','','','','','3340101212340'),(536,6513,'15','2562','2',3,1,1,'ไม่มี','ปกติ','ไม่ผุ','22','121','','2562-11-06 01:20:37','','','','','','','3341500265723'),(537,6167,'15','2562','2',9,1,1,'ไม่มี','ปกติ','ไม่ผุ','48.5','152','','2562-11-06 01:20:49','','','','','','','3340101212340'),(538,6514,'16','2562','2',3,1,1,'ไม่มี','ปกติ','ไม่ผุ','17','106','','2562-11-06 01:20:55','','','','','','','3341500265723'),(539,6170,'16','2562','2',9,1,1,'ไม่มี','ปกติ','ไม่ผุ','36','146','','2562-11-06 01:21:04','','','','','','','3340101212340'),(540,6516,'17','2562','2',3,1,1,'ไม่มี','ปกติ','ไม่ผุ','35','117','','2562-11-06 01:21:13','','','','','','','3341500265723'),(541,6223,'17','2562','2',9,1,1,'ไม่มี','ปกติ','ไม่ผุ','62','159','','2562-11-06 01:21:13','','','','','','','3340101212340'),(542,6291,'18','2562','2',9,1,1,'ไม่มี','ปกติ','ไม่ผุ','30','146','','2562-11-06 01:21:24','','','','','','','3340101212340'),(543,6517,'18','2562','2',3,1,1,'ไม่มี','ปกติ','ไม่ผุ','16','108','','2562-11-06 01:21:31','','','','','','','3341500265723'),(544,6326,'19','2562','2',9,1,1,'ไม่มี','ปกติ','ไม่ผุ','37','145','','2562-11-06 01:21:33','','','','','','','3340101212340'),(545,6518,'19','2562','2',3,1,1,'ไม่มี','ปกติ','ไม่ผุ','14','105','','2562-11-06 01:21:47','','','','','','','3341500265723'),(546,6343,'20','2562','2',9,1,1,'ไม่มี','ปกติ','ไม่ผุ','62','159','','2562-11-06 01:21:47','','','','','','','3340101212340'),(547,6344,'21','2562','2',9,1,1,'ไม่มี','ปกติ','ไม่ผุ','30','140','','2562-11-06 01:22:02','','','','','','','3340101212340'),(548,6519,'20','2562','2',3,1,1,'ไม่มี','ปกติ','ไม่ผุ','18','118','','2562-11-06 01:22:07','','','','','','','3341500265723'),(549,6364,'22','2562','2',9,1,1,'ไม่มี','ปกติ','ไม่ผุ','29','143','','2562-11-06 01:22:15','','','','','','','3340101212340'),(550,6520,'21','2562','2',3,1,1,'ไม่มี','ปกติ','ไม่ผุ','24','118','','2562-11-06 01:22:22','','','','','','','3341500265723'),(551,6379,'23','2562','2',9,1,1,'ไม่มี','ปกติ','ไม่ผุ','30.5','145','','2562-11-06 01:22:28','','','','','','','3340101212340'),(552,6381,'24','2562','2',9,1,1,'ไม่มี','ปกติ','ไม่ผุ','43','159','','2562-11-06 01:22:37','','','','','','','3340101212340'),(553,6521,'22','2562','2',3,1,1,'ไม่มี','ปกติ','ไม่ผุ','24','122','','2562-11-06 01:22:37','','','','','','','3341500265723'),(554,6437,'25','2562','2',9,1,1,'ไม่มี','ปกติ','ไม่ผุ','46','156','','2562-11-06 01:22:46','','','','','','','3340101212340'),(555,6474,'26','2562','2',9,1,1,'ไม่มี','ปกติ','ไม่ผุ','66','162','','2562-11-06 01:22:57','','','','','','','3340101212340'),(556,6522,'23','2562','2',3,1,1,'ไม่มี','ปกติ','ไม่ผุ','20','114','','2562-11-06 01:22:59','','','','','','','3341500265723'),(557,6485,'27','2562','2',9,1,1,'ไม่มี','ปกติ','ไม่ผุ','63.5','158','','2562-11-06 01:23:07','','','','','','','3340101212340'),(558,6523,'24','2562','2',3,1,1,'ไม่มี','ปกติ','ไม่ผุ','36','123','','2562-11-06 01:23:16','','','','','','','3341500265723'),(559,6552,'28','2562','2',9,1,1,'ไม่มี','ปกติ','ไม่ผุ','37.6','149','','2562-11-06 01:23:20','','','','','','','3340101212340'),(560,6634,'29','2562','2',9,1,1,'ไม่มี','ปกติ','ไม่ผุ','36','145','','2562-11-06 01:23:27','','','','','','','3340101212340'),(561,6524,'25','2562','2',3,1,1,'ไม่มี','ปกติ','ไม่ผุ','15','93','','2562-11-06 01:23:38','','','','','','','3341500265723'),(562,6525,'25','2562','2',3,1,1,'ไม่มี','ปกติ','ไม่ผุ','20','107','','2562-11-06 01:23:53','','','','','','','3341500265723'),(563,6526,'27','2562','2',3,1,1,'ไม่มี','ปกติ','ไม่ผุ','17','115','','2562-11-06 01:24:27','','','','','','','3341500265723'),(564,6543,'28','2562','2',3,1,1,'ไม่มี','ปกติ','ไม่ผุ','29','114','','2562-11-06 01:24:46','','','','','','','3341500265723'),(565,6544,'29','2562','2',3,1,1,'ไม่มี','ปกติ','ไม่ผุ','17','106','','2562-11-06 01:25:06','','','','','','','3341500265723'),(566,6564,'30','2562','2',3,1,1,'ไม่มี','ปกติ','ไม่ผุ','25','121','','2562-11-06 01:25:20','','','','','','','3341500265723'),(567,6503,'31','2562','2',3,1,1,'ไม่มี','ปกติ','ไม่ผุ','23','115','','2562-11-06 01:26:05','','','','','','','3341500265723'),(568,6608,'32','2562','2',3,1,1,'ไม่มี','ปกติ','ไม่ผุ','15','109','','2562-11-06 01:26:31','','','','','','','3341500265723'),(569,6150,'5','2562','2',7,1,1,'ไม่มี','ปกติ','ไม่ผุ','22','125','','2562-11-07 01:58:26','','','','','','','3349900276045'),(570,6154,'9','2562','2',7,1,1,'ไม่มี','ปกติ','ไม่ผุ','39','146','','2562-11-07 01:58:46','','','','','','','3349900276045'),(571,6252,'16','2562','2',7,1,1,'ไม่มี','ปกติ','ไม่ผุ','25','129','','2562-11-07 01:59:34','','','','','','','3349900276045'),(572,6289,'22','2562','2',7,1,1,'ไม่มี','ปกติ','ไม่ผุ','40','146','','2562-11-07 02:00:21','','','','','','','3349900276045'),(573,6357,'27','2562','2',7,1,1,'ไม่มี','ปกติ','ไม่ผุ','24','128','','2562-11-07 02:00:35','','','','','','','3349900276045'),(574,6472,'29','2562','2',7,1,1,'ไม่มี','ปกติ','ไม่ผุ','48','152','','2562-11-07 02:00:50','','','','','','','3349900276045'),(575,6547,'30','2562','2',7,1,1,'ไม่มี','ปกติ','ไม่ผุ','49','150','','2562-11-07 02:01:02','','','','','','','3349900276045'),(576,6044,'1','2562','2',10,1,1,'ไม่มี','ปกติ','ไม่ผุ','40','156','','2562-11-10 05:26:53','','','','','','','3349800022548'),(577,6046,'2','2562','2',10,1,1,'ไม่มี','ปกติ','ไม่ผุ','59','145','','2562-11-10 05:27:16','','','','','','','3349800022548'),(578,6047,'3','2562','2',10,1,1,'ไม่มี','ปกติ','ไม่ผุ','33','147','','2562-11-10 05:27:32','','','','','','','3349800022548'),(579,6048,'4','2562','2',10,1,1,'ไม่มี','ปกติ','ไม่ผุ','29','145','','2562-11-10 05:28:23','','','','','','','3349800022548'),(580,6049,'5','2562','2',10,1,1,'ไม่มี','ปกติ','ไม่ผุ','45','170','','2562-11-10 05:28:43','','','','','','','3349800022548'),(581,6051,'6','2562','2',10,1,1,'ไม่มี','ปกติ','ไม่ผุ','56','151','','2562-11-10 05:28:56','','','','','','','3349800022548'),(582,6053,'7','2562','2',10,1,1,'ไม่มี','ปกติ','ไม่ผุ','44','149','','2562-11-10 05:29:11','','','','','','','3349800022548'),(583,6225,'8','2562','2',10,1,1,'ไม่มี','ปกติ','ไม่ผุ','30','143','','2562-11-10 05:29:28','','','','','','','3349800022548'),(584,6227,'9','2562','2',10,1,1,'ไม่มี','ปกติ','ไม่ผุ','30','146','','2562-11-10 05:29:49','','','','','','','3349800022548'),(585,6228,'10','2562','2',10,1,1,'ไม่มี','ปกติ','ไม่ผุ','38','155','','2562-11-10 05:29:59','','','','','','','3349800022548'),(586,6253,'11','2562','2',10,1,1,'ไม่มี','ปกติ','ไม่ผุ','48','156','','2562-11-10 05:30:21','','','','','','','3349800022548'),(587,6255,'12','2562','2',10,1,1,'ไม่มี','ปกติ','ไม่ผุ','38','147','','2562-11-10 05:30:32','','','','','','','3349800022548'),(588,6328,'13','2562','2',10,1,1,'ไม่มี','ปกติ','ไม่ผุ','32','146','','2562-11-10 05:30:43','','','','','','','3349800022548'),(589,6365,'14','2562','2',10,1,1,'ไม่มี','ปกติ','ไม่ผุ','45','163','','2562-11-10 05:30:57','','','','','','','3349800022548'),(590,6367,'15','2562','2',10,1,1,'ไม่มี','ปกติ','ไม่ผุ','36','157','','2562-11-10 05:31:10','','','','','','','3349800022548'),(591,6368,'16','2562','2',10,1,1,'ไม่มี','ปกติ','ไม่ผุ','56','165','','2562-11-10 05:31:20','','','','','','','3349800022548'),(592,6610,'17','2562','2',10,1,1,'ไม่มี','ปกติ','ไม่ผุ','39','149','','2562-11-10 05:31:31','','','','','','','3349800022548'),(593,6612,'18','2562','2',10,1,1,'ไม่มี','ปกติ','ไม่ผุ','31','142','','2562-11-10 05:31:47','','','','','','','3349800022548'),(594,6613,'19','2562','2',10,1,1,'ไม่มี','ปกติ','ไม่ผุ','76','172','','2562-11-10 05:32:02','','','','','','','3349800022548'),(595,6614,'20','2562','2',10,1,1,'ไม่มี','ปกติ','ไม่ผุ','35','152','','2562-11-10 05:32:38','','','','','','','3349800022548'),(596,6615,'21','2562','2',10,1,1,'ไม่มี','ปกติ','ไม่ผุ','30','144','','2562-11-10 05:32:48','','','','','','','3349800022548'),(597,6616,'22','2562','2',10,1,1,'ไม่มี','ปกติ','ไม่ผุ','31','149','','2562-11-10 05:33:02','','','','','','','3349800022548'),(598,6622,'23','2562','2',10,1,1,'ไม่มี','ปกติ','ไม่ผุ','44','162','','2562-11-10 05:33:36','','','','','','','3349800022548'),(599,6626,'24','2562','2',10,1,1,'ไม่มี','ปกติ','ไม่ผุ','50','165','','2562-11-10 05:33:47','','','','','','','3349800022548'),(600,6638,'25','2562','2',10,1,1,'ไม่มี','ปกติ','ไม่ผุ','40','152','','2562-11-10 05:34:01','','','','','','','3349800022548'),(601,6044,'1','2562','1',10,1,1,'ไม่มี','ปกติ','ไม่ผุ','36','150','','2562-11-10 05:40:01','','','','','','','3349800022548'),(602,6046,'2','2562','1',10,1,1,'ไม่มี','ปกติ','ไม่ผุ','59','141','','2562-11-10 05:40:10','','','','','','','3349800022548'),(603,6047,'3','2562','1',10,1,1,'ไม่มี','ปกติ','ไม่ผุ','34','116','','2562-11-10 05:40:20','','','','','','','3349800022548'),(604,6048,'4','2562','1',10,1,1,'ไม่มี','ปกติ','ไม่ผุ','27','142','','2562-11-10 05:40:30','','','','','','','3349800022548'),(605,6049,'5','2562','1',10,1,1,'ไม่มี','ปกติ','ไม่ผุ','41','162','','2562-11-10 05:41:32','','','','','','','3349800022548'),(606,6051,'6','2562','1',10,1,1,'ไม่มี','ปกติ','ไม่ผุ','54','152','','2562-11-10 05:41:42','','','','','','','3349800022548'),(607,6053,'7','2562','1',10,1,1,'ไม่มี','ปกติ','ไม่ผุ','45','150','','2562-11-10 05:41:55','','','','','','','3349800022548'),(608,6225,'8','2562','1',10,1,1,'ไม่มี','ปกติ','ไม่ผุ','30','140','','2562-11-10 05:42:07','','','','','','','3349800022548'),(609,6227,'9','2562','1',10,1,1,'ไม่มี','ปกติ','ไม่ผุ','27','142','','2562-11-10 05:42:19','','','','','','','3349800022548'),(610,6228,'10','2562','1',10,1,1,'ไม่มี','ปกติ','ไม่ผุ','35','157','','2562-11-10 05:42:32','','','','','','','3349800022548'),(611,6253,'11','2562','1',10,1,1,'ไม่มี','ปกติ','ไม่ผุ','44','155','','2562-11-10 05:42:44','','','','','','','3349800022548'),(612,6255,'12','2562','1',10,1,1,'ไม่มี','ปกติ','ไม่ผุ','38','146','','2562-11-10 05:42:55','','','','','','','3349800022548'),(613,6328,'13','2562','1',10,1,1,'ไม่มี','ปกติ','ไม่ผุ','32','144','','2562-11-10 05:43:10','','','','','','','3349800022548'),(614,6365,'14','2562','1',10,1,1,'ไม่มี','ปกติ','ไม่ผุ','39','159','','2562-11-10 05:43:19','','','','','','','3349800022548'),(615,6367,'15','2562','1',10,1,1,'ไม่มี','ปกติ','ไม่ผุ','35','153','','2562-11-10 05:43:29','','','','','','','3349800022548'),(616,6368,'16','2562','1',10,1,1,'ไม่มี','ปกติ','ไม่ผุ','54','159','','2562-11-10 05:43:39','','','','','','','3349800022548'),(617,6610,'17','2562','1',10,1,1,'ไม่มี','ปกติ','ไม่ผุ','35','143','','2562-11-10 05:43:49','','','','','','','3349800022548'),(618,6612,'18','2562','1',10,1,1,'ไม่มี','ปกติ','ไม่ผุ','28','143','','2562-11-10 05:44:04','','','','','','','3349800022548'),(619,6613,'19','2562','1',10,1,1,'ไม่มี','ปกติ','ไม่ผุ','76','170','','2562-11-10 05:44:19','','','','','','','3349800022548'),(620,6614,'20','2562','1',10,1,1,'ไม่มี','ปกติ','ไม่ผุ','33','159','','2562-11-10 05:44:31','','','','','','','3349800022548'),(621,6615,'21','2562','1',10,1,1,'ไม่มี','ปกติ','ไม่ผุ','25','146','','2562-11-10 05:44:42','','','','','','','3349800022548'),(622,6616,'22','2562','1',10,1,1,'ไม่มี','ปกติ','ไม่ผุ','31','147','','2562-11-10 05:44:53','','','','','','','3349800022548'),(623,6622,'23','2562','1',10,1,1,'ไม่มี','ปกติ','ไม่ผุ','41','159','','2562-11-10 05:45:03','','','','','','','3349800022548'),(624,6626,'24','2562','1',10,1,1,'ไม่มี','ปกติ','ไม่ผุ','50','163','','2562-11-10 05:45:13','','','','','','','3349800022548'),(625,6638,'25','2562','1',10,1,1,'ไม่มี','ปกติ','ไม่ผุ','38','151','','2562-11-10 05:45:44','','','','','','','3349800022548'),(626,6044,'1','2562','1',10,1,2,'ไม่มี','ปกติ','ไม่ผุ','36','150','','2562-11-10 05:46:33','','','','','','','3349800022548'),(627,6046,'2','2562','1',10,1,2,'ไม่มี','ปกติ','ไม่ผุ','59','141','','2562-11-10 05:46:43','','','','','','','3349800022548'),(628,6047,'3','2562','1',10,1,2,'ไม่มี','ปกติ','ไม่ผุ','34','116','','2562-11-10 05:46:52','','','','','','','3349800022548'),(629,6048,'4','2562','1',10,1,2,'ไม่มี','ปกติ','ไม่ผุ','27','142','','2562-11-10 05:47:01','','','','','','','3349800022548'),(630,6049,'5','2562','1',10,1,2,'ไม่มี','ปกติ','ไม่ผุ','41','162','','2562-11-10 05:47:12','','','','','','','3349800022548'),(631,6051,'6','2562','1',10,1,2,'ไม่มี','ปกติ','ไม่ผุ','54','152','','2562-11-10 05:47:23','','','','','','','3349800022548'),(632,6053,'7','2562','1',10,1,2,'ไม่มี','ปกติ','ไม่ผุ','45','150','','2562-11-10 05:47:33','','','','','','','3349800022548'),(633,6225,'8','2562','1',10,1,2,'ไม่มี','ปกติ','ไม่ผุ','30','140','','2562-11-10 05:47:43','','','','','','','3349800022548'),(634,6227,'9','2562','1',10,1,2,'ไม่มี','ปกติ','ไม่ผุ','27','142','','2562-11-10 05:47:52','','','','','','','3349800022548'),(635,6228,'10','2562','1',10,1,2,'ไม่มี','ปกติ','ไม่ผุ','35','157','','2562-11-10 05:48:04','','','','','','','3349800022548'),(636,6253,'11','2562','1',10,1,2,'ไม่มี','ปกติ','ไม่ผุ','44','155','','2562-11-10 05:48:14','','','','','','','3349800022548'),(637,6255,'12','2562','1',10,1,2,'ไม่มี','ปกติ','ไม่ผุ','38','146','','2562-11-10 05:48:23','','','','','','','3349800022548'),(638,6328,'13','2562','1',10,1,2,'ไม่มี','ปกติ','ไม่ผุ','32','144','','2562-11-10 05:48:34','','','','','','','3349800022548'),(639,6365,'14','2562','1',10,1,2,'ไม่มี','ปกติ','ไม่ผุ','39','159','','2562-11-10 05:48:43','','','','','','','3349800022548'),(640,6367,'15','2562','1',10,1,2,'ไม่มี','ปกติ','ไม่ผุ','35','153','','2562-11-10 05:48:53','','','','','','','3349800022548'),(641,6368,'16','2562','1',10,1,2,'ไม่มี','ปกติ','ไม่ผุ','54','159','','2562-11-10 05:49:04','','','','','','','3349800022548'),(642,6610,'17','2562','1',10,1,2,'ไม่มี','ปกติ','ไม่ผุ','35','143','','2562-11-10 05:49:19','','','','','','','3349800022548'),(643,6612,'18','2562','1',10,1,2,'ไม่มี','ปกติ','ไม่ผุ','28','143','','2562-11-10 05:49:33','','','','','','','3349800022548'),(644,6613,'19','2562','1',10,1,2,'ไม่มี','ปกติ','ไม่ผุ','77','170','','2562-11-10 05:49:45','','','','','','','3349800022548'),(645,6614,'20','2562','1',10,1,2,'ไม่มี','ปกติ','ไม่ผุ','33','159','','2562-11-10 05:49:55','','','','','','','3349800022548'),(646,6615,'21','2562','1',10,1,2,'ไม่มี','ปกติ','ไม่ผุ','25','146','','2562-11-10 05:50:06','','','','','','','3349800022548'),(647,6616,'22','2562','1',10,1,2,'ไม่มี','ปกติ','ไม่ผุ','31','147','','2562-11-10 05:50:18','','','','','','','3349800022548'),(648,6622,'23','2562','1',10,1,2,'ไม่มี','ปกติ','ไม่ผุ','41','159','','2562-11-10 05:50:29','','','','','','','3349800022548'),(649,6626,'24','2562','1',10,1,2,'ไม่มี','ปกติ','ไม่ผุ','50','163','','2562-11-10 05:50:39','','','','','','','3349800022548'),(650,6638,'25','2562','1',10,1,2,'ไม่มี','ปกติ','ไม่ผุ','39','151','','2562-11-10 05:51:03','','','','','','','3349800022548'),(651,6383,'1','2562','2',4,1,2,'ไม่มี','ปกติ','ไม่ผุ','20','116','','2563-01-17 10:09:10','','0','','','','','5340790011601'),(652,6386,'4','2562','2',4,1,2,'ไม่มี','ปกติ','ไม่ผุ','15','116','','2563-01-17 10:10:22','','','','','','','5340790011601'),(653,6390,'6','2562','2',4,1,2,'ไม่มี','ปกติ','ไม่ผุ','19','119','','2563-01-17 10:10:48','','','','','','','5340790011601'),(654,6392,'8','2562','2',4,1,2,'ไม่มี','ปกติ','ไม่ผุ','45','122','','2563-01-17 10:11:48','','','','','','','5340790011601'),(655,6413,'23','2562','2',4,1,2,'ไม่มี','ปกติ','ไม่ผุ','21','121','','2563-01-17 10:17:01','','','','','','','5340790011601'),(656,6642,'25','2562','2',4,1,2,'ไม่มี','ปกติ','ไม่ผุ','44','121','','2563-01-17 10:18:07','','','','','','','5340790011601'),(657,6410,'21','2562','2',4,1,2,'ไม่มี','ปกติ','ไม่ผุ','23','120','','2563-01-17 10:18:42','','','','','','','5340790011601'),(658,6399,'13','2562','2',4,1,2,'ไม่มี','ปกติ','ไม่ผุ','24','124','','2563-01-17 10:19:13','','','','','','','5340790011601'),(659,5948,'1','2562','2',13,1,2,'ไม่มี','ปกติ','ไม่ผุ','48','160','','2563-03-12 01:42:51','','','','','','','3349800157478'),(660,5980,'2','2562','2',13,1,2,'ไม่มี','ปกติ','ไม่ผุ','48','164','','2563-03-12 01:43:08','','','','','','','3349800157478'),(661,5981,'3','2562','2',13,1,2,'ไม่มี','ปกติ','ไม่ผุ','60','172','','2563-03-12 01:43:40','','','','','','','3349800157478'),(662,5984,'4','2562','2',13,1,2,'ไม่มี','ปกติ','ไม่ผุ','60','170','','2563-03-12 01:43:55','','','','','','','3349800157478'),(663,5985,'5','2562','2',13,1,2,'ไม่มี','ปกติ','ไม่ผุ','68','166','','2563-03-12 01:49:31','','','','','','','3349800157478'),(664,5986,'6','2562','2',13,1,2,'ไม่มี','ปกติ','ไม่ผุ','53','168','','2563-03-12 01:49:51','','','','','','','3349800157478'),(665,5988,'8','2562','2',13,1,2,'ไม่มี','ปกติ','ไม่ผุ','39','156','','2563-03-12 01:50:24','','','','','','','3349800157478'),(666,5990,'10','2562','2',13,1,2,'ไม่มี','ปกติ','ไม่ผุ','49','164','','2563-03-12 01:53:20','','','','','','','3349800157478'),(667,5991,'11','2562','2',13,1,2,'ไม่มี','ปกติ','ไม่ผุ','48','159','','2563-03-12 01:53:44','','','','','','','3349800157478'),(668,5992,'12','2562','2',13,1,2,'ไม่มี','ปกติ','ไม่ผุ','44','162','','2563-03-12 01:54:20','','','','','','','3349800157478'),(669,5995,'13','2562','2',13,1,2,'ไม่มี','ปกติ','ไม่ผุ','49','169','','2563-03-12 02:02:51','','','','','','','3349800157478'),(670,5996,'14','2562','2',13,1,2,'ไม่มี','ปกติ','ไม่ผุ','38','154','','2563-03-12 02:02:24','','','','','','','3349800157478'),(671,6038,'15','2562','2',13,1,2,'ไม่มี','ปกติ','ไม่ผุ','59','155','','2563-03-12 02:03:26','','','','','','','3349800157478'),(672,6056,'16','2562','2',13,1,2,'ไม่มี','ปกติ','ไม่ผุ','82','178','','2563-03-12 02:03:55','','','','','','','3349800157478'),(673,6248,'17','2562','2',13,1,2,'ไม่มี','ปกติ','ไม่ผุ','52','168','','2563-03-12 02:04:36','','','','','','','3349800157478'),(674,6334,'18','2562','2',13,1,2,'ไม่มี','ปกติ','ไม่ผุ','44','153','','2563-03-12 02:05:47','','','','','','','3349800157478'),(675,6423,'19','2562','2',13,1,2,'ไม่มี','ปกติ','ไม่ผุ','49','163','','2563-03-12 02:06:20','','','','','','','3349800157478'),(676,6424,'20','2562','2',13,1,2,'ไม่มี','ปกติ','ไม่ผุ','49','169','','2563-03-12 02:06:47','','','','','','','3349800157478'),(677,6425,'21','2562','2',13,1,2,'ไม่มี','ปกติ','ไม่ผุ','43','162','','2563-03-12 02:07:16','','','','','','','3349800157478'),(678,6428,'22','2562','2',13,1,2,'ไม่มี','ปกติ','ไม่ผุ','58','170','','2563-03-12 02:07:51','','','','','','','3349800157478'),(679,6429,'23','2562','2',13,1,2,'ไม่มี','ปกติ','ไม่ผุ','42','168','','2563-03-12 02:08:12','','','','','','','3349800157478'),(680,6430,'24','2562','2',13,1,2,'ไม่มี','ปกติ','ไม่ผุ','42','149','','2563-03-12 02:08:32','','','','','','','3349800157478'),(681,6431,'25','2562','2',13,1,2,'ไม่มี','ปกติ','ไม่ผุ','42','156','','2563-03-12 02:08:55','','','','','','','3349800157478'),(682,6432,'26','2562','2',13,1,2,'ไม่มี','ปกติ','ไม่ผุ','48','162','','2563-03-12 02:09:17','','','','','','','3349800157478'),(683,6433,'27','2562','2',13,1,2,'ไม่มี','ปกติ','ไม่ผุ','55','160','','2563-03-12 02:09:33','','','','','','','3349800157478'),(684,6434,'28','2562','2',13,1,2,'ไม่มี','ปกติ','ไม่ผุ','50','157','','2563-03-12 02:09:59','','','','','','','3349800157478'),(685,6446,'29','2562','2',13,1,2,'ไม่มี','ปกติ','ไม่ผุ','56','169','','2563-03-12 02:10:27','','','','','','','3349800157478'),(686,6447,'30','2562','2',13,1,2,'ไม่มี','ปกติ','ไม่ผุ','48','151','','2563-03-12 02:11:01','','','','','','','3349800157478'),(687,6452,'31','2562','2',13,1,2,'ไม่มี','ปกติ','ไม่ผุ','43','153','','2563-03-12 02:11:16','','','','','','','3349800157478'),(688,6453,'32','2562','2',13,1,2,'ไม่มี','ปกติ','ไม่ผุ','39','156','','2563-03-12 02:11:30','','','','','','','3349800157478'),(689,6461,'33','2562','2',13,1,2,'ไม่มี','ปกติ','ไม่ผุ','48','155','','2563-03-12 02:11:46','','','','','','','3349800157478'),(690,6484,'34','2562','2',13,1,2,'ไม่มี','ปกติ','ไม่ผุ','58','179','','2563-03-12 02:12:16','','','','','','','3349800157478'),(691,6540,'35','2562','2',13,1,2,'ไม่มี','ปกติ','ไม่ผุ','45','161','','2563-03-12 02:12:39','','','','','','','3349800157478'),(692,5987,'35','2562','2',13,1,2,'ไม่มี','ปกติ','ไม่ผุ','44','163','','2563-03-12 02:13:01','','','','','','','3349800157478'),(693,6633,'36','2562','2',13,1,2,'ไม่มี','ปกติ','ไม่ผุ','45','156','','2563-03-12 02:13:17','','','','','','','3349800157478'),(694,6059,'1','2562','2',12,2,2,'ไม่มี','ปกติ','ไม่ผุ','40','155','','2563-03-12 03:15:28','','','','','','','3349800039904'),(695,6144,'2','2562','2',12,2,2,'ไม่มี','ปกติ','ไม่ผุ','71','171','','2563-03-12 03:15:38','','','','','','','3349800039904'),(696,6171,'3','2562','2',12,2,2,'ไม่มี','ปกติ','ไม่ผุ','31','146','','2563-03-12 03:15:46','','','','','','','3349800039904'),(697,6231,'4','2562','2',12,2,2,'ไม่มี','ปกติ','ไม่ผุ','40','156','','2563-03-12 03:15:57','','','','','','','3349800039904'),(698,6233,'5','2562','2',12,2,2,'ไม่มี','ปกติ','ไม่ผุ','55','151','','2563-03-12 03:16:05','','','','','','','3349800039904'),(699,6239,'6','2562','2',12,2,2,'ไม่มี','ปกติ','ไม่ผุ','35','148','','2563-03-12 03:16:16','','','','','','','3349800039904'),(700,6329,'7','2562','2',12,2,2,'ไม่มี','ปกติ','ไม่ผุ','47','148','','2563-03-12 03:16:24','','','','','','','3349800039904'),(701,6330,'8','2562','2',12,2,2,'ไม่มี','ปกติ','ไม่ผุ','28','135','','2563-03-12 03:16:36','','','','','','','3349800039904'),(702,6369,'9','2562','2',12,2,2,'ไม่มี','ปกติ','ไม่ผุ','45','161','','2563-03-12 03:17:01','','','','','','','3349800039904'),(703,6372,'10','2562','2',12,2,2,'ไม่มี','ปกติ','ไม่ผุ','36','140','','2563-03-12 03:17:12','','','','','','','3349800039904'),(704,6376,'12','2562','2',12,2,2,'ไม่มี','ปกติ','ไม่ผุ','48','157','','2563-03-12 03:17:24','','','','','','','3349800039904'),(705,6439,'13','2562','2',12,2,2,'ไม่มี','ปกติ','ไม่ผุ','36','140','','2563-03-12 03:17:36','','','','','','','3349800039904'),(706,6440,'14','2562','2',12,2,2,'ไม่มี','ปกติ','ไม่ผุ','55','153','','2563-03-12 03:17:47','','','','','','','3349800039904'),(707,6445,'15','2562','2',12,2,2,'ไม่มี','ปกติ','ไม่ผุ','42','152','','2563-03-12 03:18:06','','','','','','','3349800039904'),(708,6529,'16','2562','2',12,2,2,'ไม่มี','ปกติ','ไม่ผุ','23','139','','2563-03-12 03:18:21','','','','','','','3349800039904'),(709,6535,'17','2562','2',12,2,2,'ไม่มี','ปกติ','ไม่ผุ','54','154','','2563-03-12 03:18:33','','','','','','','3349800039904'),(710,6551,'18','2562','2',12,2,2,'ไม่มี','ปกติ','ไม่ผุ','45','161','','2563-03-12 03:18:45','','','','','','','3349800039904'),(711,6557,'19','2562','2',12,2,2,'ไม่มี','ปกติ','ไม่ผุ','54','155','','2563-03-12 03:18:55','','','','','','','3349800039904'),(712,6016,'1','2562','2',11,1,2,'ไม่มี','ปกติ','ไม่ผุ','46','155','','2563-03-12 03:25:41','','','','','','','1341500594972'),(713,6017,'2','2562','2',11,1,2,'ไม่มี','ปกติ','ไม่ผุ','40','153','','2563-03-12 03:25:51','','','','','','','1341500594972'),(714,6020,'3','2562','2',11,1,2,'ไม่มี','ปกติ','ไม่ผุ','40','146','','2563-03-12 03:25:59','','','','','','','1341500594972'),(715,6131,'4','2562','2',11,1,2,'ไม่มี','ปกติ','ไม่ผุ','56','159','','2563-03-12 03:26:09','','','','','','','1341500594972'),(716,6141,'5','2562','2',11,1,2,'ไม่มี','ปกติ','ไม่ผุ','53','166','','2563-03-12 03:26:17','','','','','','','1341500594972'),(717,6229,'6','2562','2',11,1,2,'ไม่มี','ปกติ','ไม่ผุ','40','155','','2563-03-12 03:26:27','','','','','','','1341500594972'),(718,6230,'7','2562','2',11,1,2,'ไม่มี','ปกติ','ไม่ผุ','34','150','','2563-03-12 03:26:39','','','','','','','1341500594972'),(719,6235,'9','2562','2',11,1,2,'ไม่มี','ปกติ','ไม่ผุ','42','155','','2563-03-12 03:26:52','','','','','','','1341500594972'),(720,6332,'10','2562','2',11,1,2,'ไม่มี','ปกติ','ไม่ผุ','49','154','','2563-03-12 03:27:03','','','','','','','1341500594972'),(721,6342,'11','2562','2',11,1,2,'ไม่มี','ปกติ','ไม่ผุ','41','158','','2563-03-12 03:27:15','','','','','','','1341500594972'),(722,6370,'12','2562','2',11,1,2,'ไม่มี','ปกติ','ไม่ผุ','42','161','','2563-03-12 03:27:26','','','','','','','1341500594972'),(723,6371,'13','2562','2',11,1,2,'ไม่มี','ปกติ','ไม่ผุ','33','149','','2563-03-12 03:27:37','','','','','','','1341500594972'),(724,6373,'14','2562','2',11,1,2,'ไม่มี','ปกติ','ไม่ผุ','35','160','','2563-03-12 03:27:48','','','','','','','1341500594972'),(725,6375,'15','2562','2',11,1,2,'ไม่มี','ปกติ','ไม่ผุ','50','155','','2563-03-12 03:27:59','','','','','','','1341500594972'),(726,6533,'16','2562','2',11,1,2,'ไม่มี','ปกติ','ไม่ผุ','49','155','','2563-03-12 03:28:11','','','','','','','1341500594972'),(727,6534,'17','2562','2',11,1,2,'ไม่มี','ปกติ','ไม่ผุ','44','158','','2563-03-12 03:28:21','','','','','','','1341500594972'),(728,6537,'19','2562','2',11,1,2,'ไม่มี','ปกติ','ไม่ผุ','43','157','','2563-03-12 03:29:39','','','','','','','1341500594972'),(729,6549,'21','2562','2',11,1,2,'ไม่มี','ปกติ','ไม่ผุ','38','152','','2563-03-12 03:29:51','','','','','','','1341500594972'),(730,6536,'18','2562','2',11,1,2,'ไม่มี','ปกติ','ไม่ผุ','82','157','','2563-03-12 03:32:39','','','','','','','1341500594972'),(731,6641,'23','2562','2',11,1,2,'ไม่มี','ปกติ','ไม่ผุ','78','170','','2563-03-12 03:35:22','','','','','','','1341500594972'),(732,6643,'23','2562','2',11,1,2,'ไม่มี','ปกติ','ไม่ผุ','40','157','','2563-03-12 03:35:40','','','','','','','1341500594972'),(733,6639,'25','2562','2',11,1,2,'ไม่มี','ปกติ','ไม่ผุ','54','158','','2563-03-12 03:35:53','','','','','','','1341500594972'),(734,6071,'1','2564','1',11,1,1,'ไม่มี','ปกติ','ไม่ผุ','48','153','','2564-07-03 03:09:16','','','','','','','3349800157478'),(735,6072,'2','2564','1',11,1,1,'ไม่มี','ปกติ','ไม่ผุ','45','164','','2564-07-03 03:09:30','','','','','','','3349800157478'),(736,6073,'3','2564','1',11,1,1,'ไม่มี','ปกติ','ไม่ผุ','45','160','','2564-07-03 03:09:41','','','','','','','3349800157478'),(737,6074,'4','2564','1',11,1,1,'ไม่มี','ปกติ','ไม่ผุ','50','163','','2564-07-03 03:09:54','','','','','','','3349800157478'),(738,6075,'5','2564','1',11,1,1,'ไม่มี','ปกติ','ไม่ผุ','48','165','','2564-07-03 03:10:09','','','','','','','3349800157478'),(739,6077,'6','2564','1',11,1,1,'ไม่มี','ปกติ','ไม่ผุ','60','162','','2564-07-03 03:10:36','','','','','','','3349800157478'),(740,6078,'7','2564','1',11,1,1,'ไม่มี','ปกติ','ไม่ผุ','40','153','','2564-07-03 03:10:48','','','','','','','3349800157478'),(741,6079,'8','2564','1',11,1,1,'ไม่มี','ปกติ','ไม่ผุ','32','142','','2564-07-03 03:11:03','','','','','','','3349800157478'),(742,6082,'9','2564','1',11,1,1,'ไม่มี','ปกติ','ไม่ผุ','35','147','','2564-07-03 03:11:19','','','','','','','3349800157478'),(743,6133,'10','2564','1',11,1,1,'ไม่มี','ปกติ','ไม่ผุ','39','137','','2564-07-03 03:11:31','','','','','','','3349800157478'),(744,6167,'11','2564','1',11,1,1,'ไม่มี','ปกติ','ไม่ผุ','45','156','','2564-07-03 03:11:44','','','','','','','3349800157478'),(745,6170,'12','2564','1',11,1,1,'ไม่มี','ปกติ','ไม่ผุ','49','157','','2564-07-03 03:11:56','','','','','','','3349800157478'),(746,6223,'13','2564','1',11,1,1,'ไม่มี','ปกติ','ไม่ผุ','45','153','','2564-07-03 03:12:10','','','','','','','3349800157478'),(747,6291,'14','2564','1',11,1,1,'ไม่มี','ปกติ','ไม่ผุ','42','159','','2564-07-03 03:12:28','','','','','','','3349800157478'),(748,6326,'15','2564','1',11,1,1,'ไม่มี','ปกติ','ไม่ผุ','46','151','','2564-07-03 03:12:43','','','','','','','3349800157478'),(749,6364,'16','2564','1',11,1,1,'ไม่มี','ปกติ','ไม่ผุ','40','159','','2564-07-03 03:12:55','','','','','','','3349800157478'),(750,6379,'17','2564','1',11,1,1,'ไม่มี','ปกติ','ไม่ผุ','40','161','','2564-07-03 03:13:13','','','','','','','3349800157478'),(751,6381,'18','2564','1',11,1,1,'ไม่มี','ปกติ','ไม่ผุ','53','171','','2564-07-03 03:13:30','','','','','','','3349800157478'),(752,6437,'19','2564','1',11,1,1,'ไม่มี','ปกติ','ไม่ผุ','48','162','','2564-07-03 03:13:50','','','','','','','3349800157478'),(753,6474,'20','2564','1',11,1,1,'ไม่มี','ปกติ','ไม่ผุ','62','162','','2564-07-03 03:14:05','','','','','','','3349800157478'),(754,6485,'21','2564','1',11,1,1,'ไม่มี','ปกติ','ไม่ผุ','70','163','','2564-07-03 03:14:20','','','','','','','3349800157478'),(755,6552,'22','2564','1',11,1,1,'ไม่มี','ปกติ','ไม่ผุ','48','153','','2564-07-03 03:14:40','','','','','','','3349800157478'),(756,6672,'23','2564','1',11,1,1,'ไม่มี','ปกติ','ไม่ผุ','50','149','','2564-07-03 03:14:55','','','','','','','3349800157478'),(757,6674,'24','2564','1',11,1,1,'ไม่มี','ปกติ','ไม่ผุ','85','165','','2564-07-03 03:15:08','','','','','','','3349800157478'),(758,6676,'25','2564','1',11,1,1,'ไม่มี','ปกติ','ไม่ผุ','62','164','','2564-07-03 03:15:23','','','','','','','3349800157478'),(759,6726,'26','2564','1',11,1,1,'ไม่มี','ปกติ','ไม่ผุ','42','163','','2564-07-03 03:15:38','','','','','','','3349800157478'),(760,6612,'27','2564','1',11,1,1,'ไม่มี','ปกติ','ไม่ผุ','40','158','','2564-07-03 03:16:03','','','','','','','3349800157478'),(761,6044,'1','2564','1',12,1,1,'ไม่มี','ปกติ','ไม่ผุ','49','167','','2564-07-06 10:34:39','','','','','','','3349800022548'),(762,6046,'2','2564','1',12,1,1,'ไม่มี','ปกติ','ไม่ผุ','66','157','','2564-07-06 10:35:00','','','','','','','3349800022548'),(763,6047,'3','2564','1',12,1,1,'ไม่มี','ปกติ','ไม่ผุ','42','162','','2564-07-06 10:35:10','','','','','','','3349800022548'),(764,6048,'4','2564','1',12,1,1,'ไม่มี','ปกติ','ไม่ผุ','36','162','','2564-07-06 10:35:23','','','','','','','3349800022548'),(765,6049,'5','2564','1',12,1,1,'ไม่มี','ปกติ','ไม่ผุ','49','174','','2564-07-06 10:35:33','','','','','','','3349800022548'),(766,6051,'6','2564','1',12,1,1,'ไม่มี','ปกติ','ไม่ผุ','61','154','','2564-07-06 10:35:43','','','','','','','3349800022548'),(767,6053,'7','2564','1',12,1,1,'ไม่มี','ปกติ','ไม่ผุ','49','153','','2564-07-06 10:36:16','','','','','','','3349800022548'),(768,6227,'8','2564','1',12,1,1,'ไม่มี','ปกติ','ไม่ผุ','33','155','','2564-07-06 10:36:28','','','','','','','3349800022548'),(769,6253,'9','2564','1',12,1,1,'ไม่มี','ปกติ','ไม่ผุ','51','159','','2564-07-06 10:37:04','','','','','','','3349800022548'),(770,6255,'10','2564','1',12,1,1,'ไม่มี','ปกติ','ไม่ผุ','52','165','','2564-07-06 10:37:20','','','','','','','3349800022548'),(771,6328,'11','2564','1',12,1,1,'ไม่มี','ปกติ','ไม่ผุ','47','167','','2564-07-06 10:37:36','','','','','','','3349800022548'),(772,6365,'12','2564','1',12,1,1,'ไม่มี','ปกติ','ไม่ผุ','44','168','','2564-07-06 10:37:51','','','','','','','3349800022548'),(773,6368,'13','2564','1',12,1,1,'ไม่มี','ปกติ','ไม่ผุ','58','163','','2564-07-06 10:38:03','','','','','','','3349800022548'),(774,6610,'14','2564','1',12,1,1,'ไม่มี','ปกติ','ไม่ผุ','43','160','','2564-07-06 10:38:14','','','','','','','3349800022548'),(775,6613,'15','2564','1',12,1,1,'ไม่มี','ปกติ','ไม่ผุ','99','186','','2564-07-06 10:38:25','','','','','','','3349800022548'),(776,6615,'16','2564','1',12,1,1,'ไม่มี','ปกติ','ไม่ผุ','34','156','','2564-07-06 10:38:35','','','','','','','3349800022548'),(777,6638,'17','2564','1',12,1,1,'ไม่มี','ปกติ','ไม่ผุ','49','156','','2564-07-06 10:38:45','','','','','','','3349800022548'),(778,6390,'5','2564','1',6,1,1,'ไม่มี','ปกติ','ไม่ผุ','25','124','','2564-07-06 02:34:37','','','','','','','3340100726463'),(779,6383,'1','2564','1',6,1,1,'ไม่มี','ปกติ','ไม่ผุ','24','117','','2564-07-06 02:35:07','','','','','','','3340100726463'),(780,6384,'2','2564','1',6,1,1,'ไม่มี','ปกติ','ไม่ผุ','25','123','','2564-07-06 02:35:24','','','','','','','3340100726463'),(781,6385,'3','2564','1',6,1,1,'ไม่มี','ปกติ','ไม่ผุ','38','129','','2564-07-06 02:35:39','','','','','','','3340100726463'),(782,6387,'4','2564','1',6,1,1,'ไม่มี','ปกติ','ไม่ผุ','27','121','','2564-07-06 02:35:49','','','','','','','3340100726463'),(783,6391,'6','2564','1',6,1,1,'ไม่มี','ปกติ','ไม่ผุ','29','130','','2564-07-06 02:36:07','','','','','','','3340100726463'),(784,6392,'7','2564','1',6,1,1,'ไม่มี','ปกติ','ไม่ผุ','50','124','','2564-07-06 02:36:19','','','','','','','3340100726463'),(785,6394,'8','2564','1',6,1,1,'ไม่มี','ปกติ','ไม่ผุ','21','134','','2564-07-06 02:36:31','','','','','','','3340100726463'),(786,6395,'9','2564','1',6,1,1,'ไม่มี','ปกติ','ไม่ผุ','38','127','','2564-07-06 02:36:43','','','','','','','3340100726463'),(787,6398,'10','2564','1',6,1,1,'ไม่มี','ปกติ','ไม่ผุ','23','125','','2564-07-06 02:36:58','','','','','','','3340100726463'),(788,6399,'11','2564','1',6,1,1,'ไม่มี','ปกติ','ไม่ผุ','27','128','','2564-07-06 02:37:09','','','','','','','3340100726463'),(789,6400,'12','2564','1',6,1,1,'ไม่มี','ปกติ','ไม่ผุ','20','126','','2564-07-06 02:37:20','','','','','','','3340100726463'),(790,6402,'13','2564','1',6,1,1,'ไม่มี','ปกติ','ไม่ผุ','35','133','','2564-07-06 02:37:33','','','','','','','3340100726463'),(791,6403,'14','2564','1',6,1,1,'ไม่มี','ปกติ','ไม่ผุ','20','119','','2564-07-06 02:37:44','','','','','','','3340100726463'),(792,6406,'15','2564','1',6,1,1,'ไม่มี','ปกติ','ไม่ผุ','33','134','','2564-07-06 02:38:16','','','','','','','3340100726463'),(793,6407,'16','2564','1',6,1,1,'ไม่มี','ปกติ','ไม่ผุ','23','120','','2564-07-06 02:38:29','','','','','','','3340100726463'),(794,6408,'17','2564','1',6,1,1,'ไม่มี','ปกติ','ไม่ผุ','30','125','','2564-07-06 02:38:41','','','','','','','3340100726463'),(795,6409,'18','2564','1',6,1,1,'ไม่มี','ปกติ','ไม่ผุ','18','114','','2564-07-06 02:38:54','','','','','','','3340100726463'),(796,6410,'19','2564','1',6,1,1,'ไม่มี','ปกติ','ไม่ผุ','25','123','','2564-07-06 02:39:12','','','','','','','3340100726463'),(797,6413,'20','2564','1',6,1,1,'ไม่มี','ปกติ','ไม่ผุ','20','123','','2564-07-06 02:42:33','','','','','','','3340100726463'),(798,6567,'21','2564','1',6,1,1,'ไม่มี','ปกติ','ไม่ผุ','25','127','','2564-07-06 02:42:47','','','','','','','3340100726463'),(799,6642,'22','2564','1',6,1,1,'ไม่มี','ปกติ','ไม่ผุ','52','125','','2564-07-06 02:43:01','','','','','','','3340100726463'),(800,6646,'23','2564','1',6,1,1,'ไม่มี','ปกติ','ไม่ผุ','27','125','','2564-07-06 02:43:17','','','','','','','3340100726463'),(801,6649,'24','2564','1',6,1,1,'ไม่มี','ปกติ','ไม่ผุ','23','127','','2564-07-06 02:43:34','','','','','','','3340100726463'),(802,6682,'25','2564','1',6,1,1,'ไม่มี','ปกติ','ไม่ผุ','30','127','','2564-07-06 02:43:48','','','','','','','3340100726463'),(803,6727,'26','2564','1',6,1,1,'ไม่มี','ปกติ','ไม่ผุ','52','137','','2564-07-06 02:44:05','','','','','','','3340100726463'),(804,6562,'1','2564','1',4,1,1,'ไม่มี','ปกติ','ไม่ผุ','18','120','','2564-07-07 10:30:43','','','','','','','5340790011601'),(805,6579,'3','2564','1',4,1,1,'ไม่มี','ปกติ','ไม่ผุ','20','130','','2564-07-07 10:27:23','','','','','','','5340790011601'),(806,6578,'2','2564','1',4,1,1,'ไม่มี','ปกติ','ไม่ผุ','19','120','','2564-07-07 10:30:51','','','','','','','5340790011601'),(807,6580,'4','2564','1',4,1,1,'ไม่มี','ปกติ','ไม่ผุ','24','130','','2564-07-07 10:28:14','','','','','','','5340790011601'),(808,6581,'5','2564','1',4,1,1,'ไม่มี','ปกติ','ไม่ผุ','18','120','','2564-07-07 10:28:23','','','','','','','5340790011601'),(809,6582,'6','2564','1',4,1,1,'ไม่มี','ปกติ','ไม่ผุ','19','121','','2564-07-07 10:28:43','','','','','','','5340790011601'),(810,6584,'7','2564','1',4,1,1,'ไม่มี','ปกติ','ไม่ผุ','18','119','','2564-07-07 10:29:06','','','','','','','5340790011601'),(811,6585,'8','2564','1',4,1,1,'ไม่มี','ปกติ','ไม่ผุ','19','122','','2564-07-07 10:29:29','','','','','','','5340790011601'),(812,6587,'9','2564','1',4,1,1,'ไม่มี','ปกติ','ไม่ผุ','19','125','','2564-07-07 10:29:49','','','','','','','5340790011601'),(813,6590,'10','2564','1',4,1,1,'ไม่มี','ปกติ','ไม่ผุ','17','123','','2564-07-07 10:30:18','','','','','','','5340790011601'),(814,6591,'11','2564','1',4,1,1,'ไม่มี','ปกติ','ไม่ผุ','20','123','','2564-07-07 10:31:13','','','','','','','5340790011601'),(815,6594,'12','2564','1',4,1,1,'ไม่มี','ปกติ','ไม่ผุ','22','128','','2564-07-07 10:31:31','','','','','','','5340790011601'),(816,6595,'13','2564','1',4,1,1,'ไม่มี','ปกติ','ไม่ผุ','33','138','','2564-07-07 10:31:51','','','','','','','5340790011601'),(817,6596,'14','2564','1',4,1,1,'ไม่มี','ปกติ','ไม่ผุ','20','135','','2564-07-07 10:32:27','','','','','','','5340790011601'),(818,6598,'15','2564','1',4,1,1,'ไม่มี','ปกติ','ไม่ผุ','18','118','','2564-07-07 10:32:56','','','','','','','5340790011601'),(819,6599,'16','2564','1',4,1,1,'ไม่มี','ปกติ','ไม่ผุ','32','130','','2564-07-07 10:33:29','','','','','','','5340790011601'),(820,6600,'17','2564','1',4,1,1,'ไม่มี','ปกติ','ไม่ผุ','25','126','','2564-07-07 10:34:06','','','','','','','5340790011601'),(821,6601,'18','2564','1',4,1,1,'ไม่มี','ปกติ','ไม่ผุ','19','118','','2564-07-07 10:34:27','','','','','','','5340790011601'),(822,6602,'19','2564','1',4,1,1,'ไม่มี','ปกติ','ไม่ผุ','19','128','','2564-07-07 10:34:41','','','','','','','5340790011601'),(823,6603,'20','2564','1',4,1,1,'ไม่มี','ปกติ','ไม่ผุ','18','118','','2564-07-07 10:34:52','','','','','','','5340790011601'),(824,6604,'21','2564','1',4,1,1,'ไม่มี','ปกติ','ไม่ผุ','18','118','','2564-07-07 10:35:02','','','','','','','5340790011601'),(825,6605,'22','2564','1',4,1,1,'ไม่มี','ปกติ','ไม่ผุ','18','121','','2564-07-07 10:35:32','','','','','','','5340790011601'),(826,6607,'23','2564','1',4,1,1,'ไม่มี','ปกติ','ไม่ผุ','21','128','','2564-07-07 10:35:54','','','','','','','5340790011601'),(827,6623,'24','2564','1',4,1,1,'ไม่มี','ปกติ','ไม่ผุ','35','135','','2564-07-07 10:36:16','','','','','','','5340790011601'),(828,6627,'26','2564','1',4,1,1,'ไม่มี','ปกติ','ไม่ผุ','30','131','','2564-07-07 10:36:39','','','','','','','5340790011601'),(829,6628,'27','2564','1',4,1,1,'ไม่มี','ปกติ','ไม่ผุ','21','123','','2564-07-07 10:38:12','','','','','','','5340790011601'),(830,6644,'28','2564','1',4,1,1,'ไม่มี','ปกติ','ไม่ผุ','40','136','','2564-07-07 10:38:28','','','','','','','5340790011601'),(831,6681,'30','2564','1',4,1,1,'ไม่มี','ปกติ','ไม่ผุ','30','131','','2564-07-07 10:39:31','','','','','','','5340790011601'),(832,6687,'31','2564','1',4,1,1,'ไม่มี','ปกติ','ไม่ผุ','18','118','','2564-07-07 10:39:44','','','','','','','5340790011601'),(833,6715,'32','2564','1',4,1,1,'ไม่มี','ปกติ','ไม่ผุ','19','119','','2564-07-07 10:39:57','','','','','','','5340790011601'),(834,6736,'33','2564','1',4,1,1,'ไม่มี','ปกติ','ไม่ผุ','24','125','','2564-07-07 10:40:18','','','','','','','5340790011601'),(835,6738,'34','2564','1',4,1,1,'ไม่มี','ปกติ','ไม่ผุ','22','132','','2564-07-07 10:40:51','','','','','','','5340790011601'),(836,6624,'25','2564','1',4,1,1,'ไม่มี','ปกติ','ไม่ผุ','20','129','','2564-07-07 10:41:22','','','','','','','5340790011601'),(837,6670,'29','2564','1',4,1,1,'ไม่มี','ปกติ','ไม่ผุ','20','135','','2564-07-07 10:41:40','','','','','','','5340790011601'),(838,6750,'1','2568','1',5,1,1,'ไม่มี','ปกติ','ไม่ผุ','21','119','','2568-06-04 04:08:00','','','','','','','3349900276045'),(839,6752,'2','2568','1',5,1,1,'ไม่มี','ปกติ','ไม่ผุ','21','116','','2568-06-04 04:03:33','','','','','','','3349900276045'),(840,6753,'3','2568','1',5,1,1,'ไม่มี','ปกติ','ไม่ผุ','23','125','','2568-06-04 04:03:42','','','','','','','3349900276045'),(841,6756,'4','2568','1',5,1,1,'ไม่มี','ปกติ','ไม่ผุ','21','120','','2568-06-04 04:03:53','','','','','','','3349900276045'),(842,6757,'5','2568','1',5,1,1,'ไม่มี','ปกติ','ไม่ผุ','25','122','','2568-06-04 04:04:02','','','','','','','3349900276045'),(843,6758,'6','2568','1',5,1,1,'ไม่มี','ปกติ','ไม่ผุ','21','120','','2568-06-04 04:04:22','','','','','','','3349900276045'),(844,6761,'7','2568','1',5,1,1,'ไม่มี','ปกติ','ไม่ผุ','24','126','','2568-06-04 04:04:30','','','','','','','3349900276045'),(845,6762,'8','2568','1',5,1,1,'ไม่มี','ปกติ','ไม่ผุ','22','125','','2568-06-04 04:04:41','','','','','','','3349900276045'),(846,6763,'9','2568','1',5,1,1,'ไม่มี','ปกติ','ไม่ผุ','19','118','','2568-06-04 04:04:51','','','','','','','3349900276045'),(847,6765,'10','2568','1',5,1,1,'ไม่มี','ปกติ','ไม่ผุ','27','128','','2568-06-04 04:05:01','','','','','','','3349900276045'),(848,6766,'11','2568','1',5,1,1,'ไม่มี','ปกติ','ไม่ผุ','18','116','','2568-06-04 04:05:13','','','','','','','3349900276045'),(849,6767,'12','2568','1',5,1,1,'ไม่มี','ปกติ','ไม่ผุ','19','116','','2568-06-04 04:05:25','','','','','','','3349900276045'),(850,6769,'13','2568','1',5,1,1,'ไม่มี','ปกติ','ไม่ผุ','28','126','','2568-06-04 04:05:38','','','','','','','3349900276045'),(851,6795,'14','2568','1',5,1,1,'ไม่มี','ปกติ','ไม่ผุ','19','116','','2568-06-04 04:05:48','','','','','','','3349900276045'),(852,6798,'15','2568','1',5,1,1,'ไม่มี','ปกติ','ไม่ผุ','22','120','','2568-06-04 04:06:01','','','','','','','3349900276045'),(853,6810,'16','2568','1',5,1,1,'ไม่มี','ปกติ','ไม่ผุ','23','125','','2568-06-04 04:06:11','','','','','','','3349900276045'),(854,6836,'17','2568','1',5,1,1,'ไม่มี','ปกติ','ไม่ผุ','38','129','','2568-06-04 04:06:21','','','','','','','3349900276045'),(855,6837,'18','2568','1',5,1,1,'ไม่มี','ปกติ','ไม่ผุ','25','125','','2568-06-04 04:06:31','','','','','','','3349900276045'),(856,6841,'19','2568','1',5,1,1,'ไม่มี','ปกติ','ไม่ผุ','28','125','','2568-06-04 04:06:47','','','','','','','3349900276045'),(857,6849,'20','2568','1',5,1,1,'ไม่มี','ปกติ','ไม่ผุ','19','116','','2568-06-04 04:06:58','','','','','','','3349900276045'),(858,6903,'21','2568','1',5,1,1,'ไม่มี','ปกติ','ไม่ผุ','20','116','','2568-06-04 04:07:07','','','','','','','3349900276045'),(859,6954,'22','2568','1',5,1,1,'ไม่มี','ปกติ','ไม่ผุ','23','122','','2568-06-04 04:07:19','','','','','','','3349900276045'),(860,6959,'23','2568','1',5,1,1,'ไม่มี','ปกติ','ไม่ผุ','22','121','','2568-06-04 04:07:29','','','','','','','3349900276045'),(861,6178,'1','2568','1',12,1,1,'ไม่มี','ปกติ','ไม่ผุ','44','170','','2568-06-05 06:34:44','','','','','','','1330400353739'),(862,6182,'2','2568','1',12,1,1,'ไม่มี','ปกติ','ไม่ผุ','41','165','','2568-06-05 06:35:14','','','','','','','1330400353739'),(863,6184,'3','2568','1',12,1,1,'ไม่มี','ปกติ','ไม่ผุ','56','164','','2568-06-05 06:35:26','','','','','','','1330400353739'),(864,6186,'4','2568','1',12,1,1,'ไม่มี','ปกติ','ไม่ผุ','44','155','','2568-06-05 06:35:36','','','','','','','1330400353739'),(865,6187,'5','2568','1',12,1,1,'ไม่มี','ปกติ','ไม่ผุ','62','162','','2568-06-05 06:35:48','','','','','','','1330400353739'),(866,6190,'6','2568','1',12,1,1,'ไม่มี','ปกติ','ไม่ผุ','88','170','','2568-06-05 06:35:57','','','','','','','1330400353739'),(867,6194,'7','2568','1',12,1,1,'ไม่มี','ปกติ','ไม่ผุ','41','161','','2568-06-05 06:36:15','','','','','','','1330400353739'),(868,6201,'8','2568','1',12,1,1,'ไม่มี','ปกติ','ไม่ผุ','50','153','','2568-06-05 06:36:25','','','','','','','1330400353739'),(869,6313,'9','2568','1',12,1,1,'ไม่มี','ปกติ','ไม่ผุ','75','172','','2568-06-05 06:36:37','','','','','','','1330400353739'),(870,6314,'10','2568','1',12,1,1,'ไม่มี','ปกติ','ไม่ผุ','72','174','','2568-06-05 06:36:49','','','','','','','1330400353739'),(871,6315,'11','2568','1',12,1,1,'ไม่มี','ปกติ','ไม่ผุ','75','171','','2568-06-05 06:37:00','','','','','','','1330400353739'),(872,6316,'12','2568','1',12,1,1,'ไม่มี','ปกติ','ไม่ผุ','30','143','','2568-06-05 06:37:09','','','','','','','1330400353739'),(873,6320,'13','2568','1',12,1,1,'ไม่มี','ปกติ','ไม่ผุ','69','157','','2568-06-05 06:37:20','','','','','','','1330400353739'),(874,6354,'14','2568','1',12,1,1,'ไม่มี','ปกติ','ไม่ผุ','50','160','','2568-06-05 06:37:31','','','','','','','1330400353739'),(875,6414,'15','2568','1',12,1,1,'ไม่มี','ปกติ','ไม่ผุ','46','171','','2568-06-05 06:37:42','','','','','','','1330400353739'),(876,6469,'16','2568','1',12,1,1,'ไม่มี','ปกติ','ไม่ผุ','59','168','','2568-06-05 06:37:54','','','','','','','1330400353739'),(877,6471,'17','2568','1',12,1,1,'ไม่มี','ปกติ','ไม่ผุ','78','167','','2568-06-05 06:38:07','','','','','','','1330400353739'),(878,6493,'18','2568','1',12,1,1,'ไม่มี','ปกติ','ไม่ผุ','48','165','','2568-06-05 06:38:18','','','','','','','1330400353739'),(879,6730,'19','2568','1',12,1,1,'ไม่มี','ปกติ','ไม่ผุ','40','155','','2568-06-05 06:38:30','','','','','','','1330400353739'),(880,6809,'20','2568','1',12,1,1,'ไม่มี','ปกติ','ไม่ผุ','64','167','','2568-06-05 06:38:44','','','','','','','1330400353739'),(881,6862,'21','2568','1',12,1,1,'ไม่มี','ปกติ','ไม่ผุ','33','147','','2568-06-05 06:38:53','','','','','','','1330400353739'),(882,6863,'22','2568','1',12,1,1,'ไม่มี','ปกติ','ไม่ผุ','61','165','','2568-06-05 06:39:06','','','','','','','1330400353739'),(883,6881,'23','2568','1',12,1,1,'ไม่มี','ปกติ','ไม่ผุ','44','159','','2568-06-05 06:39:16','','','','','','','1330400353739'),(884,6789,'24','2568','1',12,1,1,'ไม่มี','ปกติ','ไม่ผุ','69','168','','2568-06-05 06:39:34','','','','','','','1330400353739'),(885,6149,'25','2568','1',12,1,1,'ไม่มี','ปกติ','ไม่ผุ','60','171','','2568-06-05 06:39:51','','','','','','','1330400353739'),(886,6920,'26','2568','1',12,1,1,'ไม่มี','ปกติ','ไม่ผุ','47','164','','2568-06-05 06:39:59','','','','','','','1330400353739'),(887,6956,'27','2568','1',12,1,1,'ไม่มี','ปกติ','ไม่ผุ','47','160','','2568-06-05 06:40:08','','','','','','','1330400353739'),(888,6576,'1','2568','1',7,1,1,'ไม่มี','ปกติ','ไม่ผุ','30','131','','2568-06-06 04:34:30','','','','','','','534210002844 '),(889,6577,'2','2568','1',7,1,1,'ไม่มี','ปกติ','ไม่ผุ','35','150','','2568-06-06 04:34:44','','','','','','','534210002844 '),(890,6631,'3','2568','1',7,1,1,'ไม่มี','ปกติ','ไม่ผุ','28','134','','2568-06-06 04:34:59','','','','','','','534210002844 '),(891,6645,'4','2568','1',7,1,1,'ไม่มี','ปกติ','ไม่ผุ','25','130','','2568-06-06 04:35:10','','','','','','','534210002844 '),(892,6650,'5','2568','1',7,1,1,'ไม่มี','ปกติ','ไม่ผุ','24','127','','2568-06-06 04:35:25','','','','','','','534210002844 '),(893,6651,'6','2568','1',7,1,1,'ไม่มี','ปกติ','ไม่ผุ','56','145','','2568-06-06 04:35:39','','','','','','','534210002844 '),(894,6652,'7','2568','1',7,1,1,'ไม่มี','ปกติ','ไม่ผุ','27','138','','2568-06-06 04:35:55','','','','','','','534210002844 '),(895,6653,'8','2568','1',7,1,1,'ไม่มี','ปกติ','ไม่ผุ','30','136','','2568-06-06 04:36:10','','','','','','','534210002844 '),(896,6655,'9','2568','1',7,1,1,'ไม่มี','ปกติ','ไม่ผุ','25','133','','2568-06-06 04:36:24','','','','','','','534210002844 '),(897,6656,'10','2568','1',7,1,1,'ไม่มี','ปกติ','ไม่ผุ','20','126','','2568-06-06 04:37:05','','','','','','','534210002844 '),(898,6657,'11','2568','1',7,1,1,'ไม่มี','ปกติ','ไม่ผุ','36','132','','2568-06-06 04:37:18','','','','','','','534210002844 '),(899,6658,'12','2568','1',7,1,1,'ไม่มี','ปกติ','ไม่ผุ','20','125','','2568-06-06 04:37:35','','','','','','','534210002844 '),(900,6659,'13','2568','1',7,1,1,'ไม่มี','ปกติ','ไม่ผุ','20','125','','2568-06-06 04:37:42','','','','','','','534210002844 '),(901,6660,'14','2568','1',7,1,1,'ไม่มี','ปกติ','ไม่ผุ','43','134','','2568-06-06 04:37:53','','','','','','','534210002844 '),(902,6661,'31','2568','1',7,1,1,'ไม่มี','ปกติ','ไม่ผุ','24','133','','2568-06-06 04:38:15','','','','','','','534210002844 '),(903,6662,'15','2568','1',7,1,1,'ไม่มี','ปกติ','ไม่ผุ','72','144','','2568-06-06 04:38:27','','','','','','','534210002844 '),(904,6663,'16','2568','1',7,1,1,'ไม่มี','ปกติ','ไม่ผุ','50','138','','2568-06-06 04:38:40','','','','','','','534210002844 '),(905,6664,'17','2568','1',7,1,1,'ไม่มี','ปกติ','ไม่ผุ','24','134','','2568-06-06 04:38:53','','','','','','','534210002844 '),(906,6665,'18','2568','1',7,1,1,'ไม่มี','ปกติ','ไม่ผุ','26','135','','2568-06-06 04:39:05','','','','','','','534210002844 '),(907,6666,'19','2568','1',7,1,1,'ไม่มี','ปกติ','ไม่ผุ','27','138','','2568-06-06 04:39:18','','','','','','','534210002844 '),(908,6667,'20','2568','1',7,1,1,'ไม่มี','ปกติ','ไม่ผุ','44','150','','2568-06-06 04:39:31','','','','','','','534210002844 '),(909,6669,'21','2568','1',7,1,1,'ไม่มี','ปกติ','ไม่ผุ','25','143','','2568-06-06 04:39:46','','','','','','','534210002844 '),(910,6693,'22','2568','1',7,1,1,'ไม่มี','ปกติ','ไม่ผุ','29','134','','2568-06-06 04:39:58','','','','','','','534210002844 '),(911,6774,'23','2568','1',7,1,1,'ไม่มี','ปกติ','ไม่ผุ','42','141','','2568-06-06 04:40:10','','','','','','','534210002844 '),(912,6714,'24','2568','1',7,1,1,'ไม่มี','ปกติ','ไม่ผุ','50','145','','2568-06-06 04:40:22','','','','','','','534210002844 '),(913,6776,'25','2568','1',7,1,1,'ไม่มี','ปกติ','ไม่ผุ','26','123','','2568-06-06 04:40:38','','','','','','','534210002844 '),(914,6777,'26','2568','1',7,1,1,'ไม่มี','ปกติ','ไม่ผุ','44','141','','2568-06-06 04:40:53','','','','','','','534210002844 '),(915,6815,'27','2568','1',7,1,1,'ไม่มี','ปกติ','ไม่ผุ','25','126','','2568-06-06 04:41:07','','','','','','','534210002844 '),(916,6878,'28','2568','1',7,1,1,'ไม่มี','ปกติ','ไม่ผุ','69','150','','2568-06-06 04:41:19','','','','','','','534210002844 '),(917,6879,'29','2568','1',7,1,1,'ไม่มี','ปกติ','ไม่ผุ','25','134','','2568-06-06 04:41:31','','','','','','','534210002844 '),(918,6922,'30','2568','1',7,1,1,'ไม่มี','ปกติ','ไม่ผุ','40','145','','2568-06-06 04:41:45','','','','','','','534210002844 '),(919,6955,'32','2568','1',7,1,1,'ไม่มี','ปกติ','ไม่ผุ','25','127','','2568-06-06 04:41:57','','','','','','','534210002844 '),(920,6654,'33','2568','1',7,1,1,'ไม่มี','ปกติ','ไม่ผุ','39','135','','2568-06-06 04:42:10','','','','','','','534210002844 '),(921,6961,'34','2568','1',7,1,1,'ไม่มี','ปกติ','ไม่ผุ','25','122','','2568-06-06 04:42:23','','','','','','','534210002844 '),(922,6491,'1','2568','1',9,1,1,'ไม่มี','ปกติ','ไม่ผุ','41','140','','2568-06-10 11:40:01','','','','','','','3349900496959'),(923,6383,'1','2568','1',10,1,1,'ไม่มี','ปกติ','ไม่ผุ','32','140','','2568-06-16 01:21:37','','','','','','','3349800157478'),(924,6384,'2','2568','1',10,1,1,'ไม่มี','ปกติ','ไม่ผุ','40','152','','2568-06-16 01:21:57','','','','','','','3349800157478'),(925,6385,'3','2568','1',10,1,1,'ไม่มี','ปกติ','ไม่ผุ','55','156','','2568-06-16 01:22:16','','','','','','','3349800157478'),(926,6387,'4','2568','1',10,1,1,'ไม่มี','ปกติ','ไม่ผุ','36','149','','2568-06-16 01:22:29','','','','','','','3349800157478'),(927,6390,'5','2568','1',10,1,1,'ไม่มี','ปกติ','ไม่ผุ','37','149','','2568-06-16 01:22:51','','','','','','','3349800157478'),(928,6391,'6','2568','1',10,1,1,'ไม่มี','ปกติ','ไม่ผุ','43','157','','2568-06-16 01:23:07','','','','','','','3349800157478'),(929,6392,'7','2568','1',10,1,1,'ไม่มี','ปกติ','ไม่ผุ','97','157','','2568-06-16 01:23:22','','','','','','','3349800157478'),(930,6394,'8','2568','1',10,1,1,'ไม่มี','ปกติ','ไม่ผุ','55','169','','2568-06-16 01:23:37','','','','','','','3349800157478'),(931,6395,'9','2568','1',10,1,1,'ไม่มี','ปกติ','ไม่ผุ','45','150','','2568-06-16 01:23:53','','','','','','','3349800157478'),(932,6399,'10','2568','1',10,1,1,'ไม่มี','ปกติ','ไม่ผุ','57','160','','2568-06-16 01:24:12','','','','','','','3349800157478'),(933,6400,'11','2568','1',10,1,1,'ไม่มี','ปกติ','ไม่ผุ','39','155','','2568-06-16 01:24:33','','','','','','','3349800157478'),(934,6402,'12','2568','1',10,1,1,'ไม่มี','ปกติ','ไม่ผุ','54','158','','2568-06-16 01:24:49','','','','','','','3349800157478'),(935,6407,'13','2568','1',10,1,1,'ไม่มี','ปกติ','ไม่ผุ','44','151','','2568-06-16 01:25:05','','','','','','','3349800157478'),(936,6408,'14','2568','1',10,1,1,'ไม่มี','ปกติ','ไม่ผุ','45','153','','2568-06-16 01:25:24','','','','','','','3349800157478'),(937,6409,'15','2568','1',10,1,1,'ไม่มี','ปกติ','ไม่ผุ','25','139','','2568-06-16 01:25:46','','','','','','','3349800157478'),(938,6413,'16','2568','1',10,1,1,'ไม่มี','ปกติ','ไม่ผุ','39','150','','2568-06-16 01:26:05','','','','','','','3349800157478'),(939,6649,'17','2568','1',10,1,1,'ไม่มี','ปกติ','ไม่ผุ','39','152','','2568-06-16 01:26:35','','','','','','','3349800157478'),(940,6727,'18','2568','1',10,1,1,'ไม่มี','ปกติ','ไม่ผุ','110','165','','2568-06-16 01:26:56','','','','','','','3349800157478'),(941,6741,'19','2568','1',10,1,1,'ไม่มี','ปกติ','ไม่ผุ','50','151','','2568-06-16 01:27:22','','','','','','','3349800157478'),(942,6783,'20','2568','1',10,1,1,'ไม่มี','ปกติ','ไม่ผุ','70','160','','2568-06-16 01:27:52','','','','','','','3349800157478'),(943,6805,'21','2568','1',10,1,1,'ไม่มี','ปกติ','ไม่ผุ','48','156','','2568-06-16 01:28:13','','','','','','','3349800157478'),(944,6909,'22','2568','1',10,1,1,'ไม่มี','ปกติ','ไม่ผุ','71','159','','2568-06-16 01:28:31','','','','','','','3349800157478'),(945,6946,'23','2568','1',10,1,1,'ไม่มี','ปกติ','ไม่ผุ','30','140','','2568-06-16 01:28:49','','','','','','','3349800157478'),(946,6947,'24','2568','1',10,1,1,'ไม่มี','ปกติ','ไม่ผุ','37','149','','2568-06-16 01:29:16','','','','','','','3349800157478'),(947,6948,'25','2568','1',10,1,1,'ไม่มี','ปกติ','ไม่ผุ','33','148','','2568-06-16 01:29:55','','','','','','','3349800157478'),(948,6950,'26','2568','1',10,1,1,'ไม่มี','ปกติ','ไม่ผุ','50','153','','2568-06-16 01:30:20','','','','','','','3349800157478'),(949,6951,'27','2568','1',10,1,1,'ไม่มี','ปกติ','ไม่ผุ','52','160','','2568-06-16 01:31:39','','','','','','','3349800157478'),(950,6959,'28','2568','1',10,1,1,'ไม่มี','ปกติ','ไม่ผุ','68','169','','2568-06-16 01:31:56','','','','','','','3349800157478'),(951,6957,'29','2568','1',10,1,1,'ไม่มี','ปกติ','ไม่ผุ','51','175','','2568-06-16 01:32:27','','','','','','','3349800157478');

--
-- Table structure for table `health_personal`
--

CREATE TABLE `health_personal` (
  `per_id` int(11) NOT NULL AUTO_INCREMENT,
  `personal_code` varchar(13) NOT NULL,
  `per_position` int(3) NOT NULL,
  `per_status` int(3) NOT NULL,
  `person_room` int(3) NOT NULL,
  PRIMARY KEY (`per_id`)
) ENGINE=MyISAM AUTO_INCREMENT=81 DEFAULT CHARSET=utf8 COLLATE=utf8_general_ci;

--
-- Dumping data for table `health_personal`
--

INSERT INTO `health_personal` VALUES (60,'3349900276045',5,1,1),(65,'1349900166901',11,1,1),(28,'1349900391620',2,1,1),(62,'534210002844 ',7,1,1),(59,'4340600001288',4,1,1),(61,'3340101212340',8,1,1),(66,'1342200053300',11,1,1),(63,'1450600004541',8,1,1),(64,'3349900496959',9,1,1),(70,'3349800157478',11,1,1),(67,'1330400353739',12,1,1),(69,'3349800148126',12,1,1),(68,'3349800157478',12,1,1),(80,'1349990080557',6,1,1),(58,'3340300021064',3,1,1),(71,'3349800157478',10,1,1);

--
-- Table structure for table `health_weight_height`
--

CREATE TABLE `health_weight_height` (
  `id` int(11) NOT NULL AUTO_INCREMENT,
  `type` tinyint(4) NOT NULL DEFAULT 0,
  `sex` tinyint(4) NOT NULL DEFAULT 1,
  `height` int(11) NOT NULL,
  `weight_1` double NOT NULL,
  `weight_2` double NOT NULL,
  `weight_3` double NOT NULL,
  `weight_4` double NOT NULL,
  `weight_5` double NOT NULL,
  PRIMARY KEY (`id`)
) ENGINE=MyISAM AUTO_INCREMENT=75 DEFAULT CHARSET=utf8 COLLATE=utf8_general_ci;

--
-- Dumping data for table `health_weight_height`
--

INSERT INTO `health_weight_height` VALUES (1,0,1,50,2.5,3,3.8,4,4.5),(2,0,1,55,3.5,4,4.8,5,6),(3,0,1,60,4.5,5,6.3,6.5,7.5),(4,0,1,65,5.5,6,7.8,8,9),(5,0,1,70,7,7.5,9.3,9.5,10.5),(6,0,1,75,8,8.5,10.8,11,12),(7,0,1,80,9,9.5,12,12.5,13.5),(8,0,1,85,10,10.5,13.5,14,15.5),(9,0,1,90,11,11.5,15,15.5,17),(10,0,1,95,12,12.5,16.5,17,19),(11,0,1,100,13,14,18.5,19,21),(12,0,1,105,14,15,20,21,22.5),(13,0,1,110,15.5,16.5,22,23,25),(14,0,1,115,17,18,24,25,28),(15,0,1,120,18.5,19.5,26.5,28,31),(16,0,1,125,20.5,21.5,29.5,31,35),(17,0,1,130,22,23.5,33,35,39.5),(18,0,1,135,24,25.5,37,39,45),(19,0,1,140,26.5,28,41,44,50),(20,0,2,50,3,3.1,3.8,4,4.5),(21,0,2,55,3.5,4,4.8,5,6),(22,0,2,60,4.5,5,6.3,6.5,7),(23,0,2,65,5.5,6,7.8,8,8.5),(24,0,2,70,6.5,7.5,8.8,9,10),(25,0,2,75,7.5,8.5,10.8,10.5,11.5),(26,0,2,80,8.5,9,11.5,12.5,13),(27,0,2,85,9.5,10,13,13.5,14.5),(28,0,2,90,10.5,11.5,14.5,15.5,16.5),(29,0,2,95,11.5,13,16.5,17,18.5),(30,0,2,100,13,13.5,18,18.5,20.5),(31,0,2,110,15.5,16,22,23,25),(32,0,2,115,16.5,17.5,24,25,28),(33,0,2,120,18,19,27,28.5,31.5),(34,0,2,125,19.5,21.5,30,31.5,35.5),(35,0,2,130,21.5,23,34,36,41),(36,0,2,135,23.5,25,38,40.5,46),(37,0,2,140,25.5,27.5,42.5,45.5,55.5),(38,0,2,105,14,15,19.5,20.5,22.5),(39,1,1,90,11,11.5,15,16,17),(40,1,1,95,12,12.5,17,17.5,19),(41,1,1,100,13,14,18,19,21),(42,1,1,105,14.5,15,19.5,20.5,22.5),(43,1,1,110,16,16.6,21.5,22.5,24.5),(44,1,1,115,17,18,24,25,27.5),(45,1,1,120,19,19.5,26.5,28,30.5),(46,1,1,125,20,21,29,31,34),(47,1,1,130,22,23,33,35,39),(48,1,1,135,24.5,25.5,37,39.5,45),(49,1,1,140,26.5,28.5,41,44,50),(50,1,1,145,29,31,45,48,54.5),(51,1,1,150,32,34,49,52.5,58.5),(52,1,1,155,35,37,53,56.5,62.5),(53,1,1,160,38.5,41,57,60.5,66.5),(54,1,1,165,42.5,45,61.5,64.5,70),(55,1,1,170,46,48.5,65,68,74.5),(56,1,1,175,49.5,52.5,69,72,77),(57,1,1,180,53,56,72,75,80),(58,1,2,90,11,11.5,15,16,17),(59,1,2,95,12,12.5,16,17,18.5),(60,1,2,100,13,13.5,18,19,20.5),(61,1,2,105,14,15,19.5,20.5,22.5),(62,1,2,110,15.5,16,21.5,22.5,25),(63,1,2,115,17,17.5,24,25,27.5),(64,1,2,120,18.5,19,26.5,28,31),(65,1,2,125,20,21,30,32,36),(66,1,2,130,21.5,22.5,33.5,36,41),(67,1,2,135,23.5,25,38,41,46),(68,1,2,140,26,27.5,42.5,45.5,51.5),(69,1,2,145,29,31,47,50,56.5),(70,1,2,150,32.5,34.5,51.5,54.5,61),(71,1,2,155,36,38.5,55.5,58.5,65),(72,1,2,160,39.5,42,59,62,68),(73,1,2,165,43,45.5,62,65,70.5),(74,1,2,170,47,48.5,65.5,67.5,72.5);

--
-- Table structure for table `idplan_education`
--

CREATE TABLE `idplan_education` (
  `id` int(11) NOT NULL AUTO_INCREMENT,
  `person_id` varchar(15) DEFAULT NULL,
  `class` varchar(30) DEFAULT NULL,
  `initials` varchar(30) DEFAULT NULL,
  `subject_1` varchar(150) DEFAULT NULL,
  `subject` varchar(150) DEFAULT NULL,
  `institute` varchar(200) DEFAULT NULL,
  `province` varchar(50) DEFAULT NULL,
  `finish_year` varchar(10) DEFAULT NULL,
  PRIMARY KEY (`id`)
) ENGINE=MyISAM AUTO_INCREMENT=14 DEFAULT CHARSET=utf8 COLLATE=utf8_general_ci;

--
-- Dumping data for table `idplan_education`
--

INSERT INTO `idplan_education` VALUES (9,'3340200038909','ปริญาตรี','ศษ.บ','-','บริหารการศึกษา','มหาวิทยาลัยสุโขทัยธรรมาธิราช','นนทบุรี','2535'),(10,'3340200038909','ปริญาโท','กศ.ม.','-','หลักสูตรและการสอน','มหาวิทยาลัยมหาสารคาม','มหาสารคาม','2545'),(11,'3340200038909','ปริญาเอก','ค.ด.','-','บริหารการศึกษา','มหาวิทยาลัยราชภัฏอุบลราชธานี','อุบลราชธานี','2557'),(12,'5340790011601','ปริญญาโท','ค.ม.','','สาขาพัฒนาหลักสูตรและการเรียนการสอน','มหาวิทยาลัยราชภัฏอุบลราชธานี','อุบลราชธานี','2558'),(13,'3331300279992','ปริญญาโท','การบริหารการศึกษา','','','มหาวิทยาลัยราชธานี','อุบลราชธานี','');

--
-- Table structure for table `idplan_list_setting`
--

CREATE TABLE `idplan_list_setting` (
  `id` int(11) NOT NULL AUTO_INCREMENT,
  `rating` int(5) DEFAULT NULL,
  `item_list` char(50) DEFAULT NULL,
  `permission` int(2) DEFAULT NULL,
  PRIMARY KEY (`id`)
) ENGINE=MyISAM AUTO_INCREMENT=12 DEFAULT CHARSET=utf8 COLLATE=utf8_general_ci;

--
-- Dumping data for table `idplan_list_setting`
--


--
-- Table structure for table `idplan_lookbook_1`
--

CREATE TABLE `idplan_lookbook_1` (
  `id` int(11) NOT NULL AUTO_INCREMENT,
  `person_id` varchar(15) DEFAULT NULL,
  `study_year` varchar(5) DEFAULT NULL,
  `term` varchar(2) DEFAULT NULL,
  `office` varchar(200) DEFAULT NULL,
  `school_name` varchar(250) DEFAULT NULL,
  `class` varchar(5) DEFAULT NULL,
  `subject_1` varchar(3) DEFAULT NULL,
  `subject_2` varchar(150) DEFAULT NULL,
  `house` int(3) DEFAULT NULL,
  PRIMARY KEY (`id`)
) ENGINE=MyISAM AUTO_INCREMENT=20 DEFAULT CHARSET=utf8 COLLATE=utf8_general_ci;

--
-- Dumping data for table `idplan_lookbook_1`
--

INSERT INTO `idplan_lookbook_1` VALUES (19,'5340790011601','2562','1','','โรงเรียนบ้านคำขวาง','4','','ป.1ภาษาไทย  คณิตศาสตร์ สังคมฯ ประวัตศาสตร์ สุขศึกษาและพลศึกษา ศิลปะ การงานอาชีพ หน้าที่พลเมือง ต้านทุจริตศึกษา และภาษาไทยชั้น ป.6',30);

--
-- Table structure for table `idplan_lookbook_2`
--

CREATE TABLE `idplan_lookbook_2` (
  `id` int(11) NOT NULL AUTO_INCREMENT,
  `person_id` varchar(15) DEFAULT NULL,
  `year` varchar(5) DEFAULT NULL,
  `term` varchar(1) DEFAULT NULL,
  `week` varchar(3) DEFAULT NULL,
  `start_date` date DEFAULT NULL,
  `end_date` date DEFAULT NULL,
  `group_vicha_id` varchar(2) DEFAULT NULL,
  `vicha_name` varchar(200) DEFAULT NULL,
  `vicha_code` varchar(10) DEFAULT NULL,
  `vitaya` varchar(2) DEFAULT NULL,
  `hour_term` varchar(5) DEFAULT NULL,
  `time` varchar(5) DEFAULT NULL,
  `time_unit` varchar(25) DEFAULT NULL,
  `learn_type` varchar(2) DEFAULT NULL,
  `garantee` varchar(2) DEFAULT NULL,
  PRIMARY KEY (`id`)
) ENGINE=MyISAM AUTO_INCREMENT=20 DEFAULT CHARSET=utf8 COLLATE=utf8_general_ci;

--
-- Dumping data for table `idplan_lookbook_2`
--


--
-- Table structure for table `idplan_lookbook_3`
--

CREATE TABLE `idplan_lookbook_3` (
  `id` int(11) NOT NULL AUTO_INCREMENT,
  `person_id` varchar(15) DEFAULT NULL,
  `year` varchar(5) DEFAULT NULL,
  `term` varchar(1) DEFAULT NULL,
  `week` varchar(3) DEFAULT NULL,
  `start_date` date DEFAULT NULL,
  `end_date` date DEFAULT NULL,
  `vicha_support` varchar(200) DEFAULT NULL,
  `hour_week` varchar(5) DEFAULT NULL,
  `garantee` varchar(2) DEFAULT NULL,
  PRIMARY KEY (`id`)
) ENGINE=MyISAM AUTO_INCREMENT=22 DEFAULT CHARSET=utf8 COLLATE=utf8_general_ci;

--
-- Dumping data for table `idplan_lookbook_3`
--


--
-- Table structure for table `idplan_lookbook_4`
--

CREATE TABLE `idplan_lookbook_4` (
  `id` int(11) NOT NULL AUTO_INCREMENT,
  `person_id` varchar(15) DEFAULT NULL,
  `year` varchar(5) DEFAULT NULL,
  `term` varchar(1) DEFAULT NULL,
  `week` varchar(3) DEFAULT NULL,
  `start_date` date DEFAULT NULL,
  `end_date` date DEFAULT NULL,
  `policy` varchar(255) DEFAULT NULL,
  `hour_week` varchar(5) DEFAULT NULL,
  `garantee` varchar(2) DEFAULT NULL,
  PRIMARY KEY (`id`)
) ENGINE=MyISAM AUTO_INCREMENT=24 DEFAULT CHARSET=utf8 COLLATE=utf8_general_ci;

--
-- Dumping data for table `idplan_lookbook_4`
--


--
-- Table structure for table `idplan_lookbook_5`
--

CREATE TABLE `idplan_lookbook_5` (
  `id` int(11) NOT NULL AUTO_INCREMENT,
  `person_id` varchar(15) DEFAULT NULL,
  `rec_date` date DEFAULT NULL,
  `develop_name` varchar(255) DEFAULT NULL,
  `develop_code` varchar(15) DEFAULT NULL,
  `knowledge` varchar(10) DEFAULT NULL,
  `skill` varchar(10) DEFAULT NULL,
  `teacher` varchar(10) DEFAULT NULL,
  `develop_hour` varchar(5) DEFAULT NULL,
  `develop_start_date` date DEFAULT NULL,
  `num_date` int(5) DEFAULT NULL,
  `development` varchar(10) DEFAULT NULL,
  `garantee` varchar(2) DEFAULT NULL,
  PRIMARY KEY (`id`)
) ENGINE=MyISAM AUTO_INCREMENT=4 DEFAULT CHARSET=utf8 COLLATE=utf8_general_ci;

--
-- Dumping data for table `idplan_lookbook_5`
--


--
-- Table structure for table `idplan_lookbook_6`
--

CREATE TABLE `idplan_lookbook_6` (
  `id` int(11) NOT NULL AUTO_INCREMENT,
  `person_id` varchar(15) DEFAULT NULL,
  `group_activities` varchar(255) DEFAULT NULL,
  `num_member` int(5) DEFAULT NULL,
  `activities_name` varchar(255) DEFAULT NULL,
  `round` varchar(3) DEFAULT NULL,
  `date_activities` date DEFAULT NULL,
  `term` varchar(2) DEFAULT NULL,
  `year` varchar(5) DEFAULT NULL,
  `num_hour` varchar(5) DEFAULT NULL,
  `r_character` varchar(3) DEFAULT NULL,
  `income_activities` varchar(5) DEFAULT NULL,
  `issues` varchar(255) DEFAULT NULL,
  `cause` varchar(255) DEFAULT NULL,
  `knowledge` varchar(255) DEFAULT NULL,
  `activities` varchar(255) DEFAULT NULL,
  `r_activities` varchar(255) DEFAULT NULL,
  `reapply` varchar(255) DEFAULT NULL,
  `other` varchar(255) DEFAULT NULL,
  `garantee` varchar(2) DEFAULT NULL,
  PRIMARY KEY (`id`)
) ENGINE=MyISAM AUTO_INCREMENT=6 DEFAULT CHARSET=utf8 COLLATE=utf8_general_ci;

--
-- Dumping data for table `idplan_lookbook_6`
--


--
-- Table structure for table `idplan_lookbook_group_subject`
--

CREATE TABLE `idplan_lookbook_group_subject` (
  `id` int(11) NOT NULL AUTO_INCREMENT,
  `g_subject` varchar(255) DEFAULT NULL,
  PRIMARY KEY (`id`)
) ENGINE=MyISAM AUTO_INCREMENT=21 DEFAULT CHARSET=utf8 COLLATE=utf8_general_ci;

--
-- Dumping data for table `idplan_lookbook_group_subject`
--


--
-- Table structure for table `idplan_management_crown`
--

CREATE TABLE `idplan_management_crown` (
  `id` int(11) NOT NULL AUTO_INCREMENT,
  `crown_name_th` char(100) DEFAULT NULL,
  `crown_shot_name` char(10) DEFAULT NULL,
  `crown_name_en` char(150) DEFAULT NULL,
  PRIMARY KEY (`id`)
) ENGINE=MyISAM AUTO_INCREMENT=37 DEFAULT CHARSET=utf8 COLLATE=utf8_general_ci;

--
-- Dumping data for table `idplan_management_crown`
--


--
-- Table structure for table `idplan_management_crown_year`
--

CREATE TABLE `idplan_management_crown_year` (
  `id` int(11) NOT NULL AUTO_INCREMENT,
  `person_id` varchar(15) DEFAULT NULL,
  `crown_id` varchar(3) DEFAULT NULL,
  `crown_year` varchar(7) DEFAULT NULL,
  PRIMARY KEY (`id`)
) ENGINE=MyISAM AUTO_INCREMENT=4 DEFAULT CHARSET=utf8 COLLATE=utf8_general_ci;

--
-- Dumping data for table `idplan_management_crown_year`
--


--
-- Table structure for table `idplan_management_family`
--

CREATE TABLE `idplan_management_family` (
  `id` int(11) NOT NULL AUTO_INCREMENT,
  `person_id` varchar(15) DEFAULT NULL,
  `family_prename` varchar(20) DEFAULT NULL,
  `family_name` varchar(100) DEFAULT NULL,
  `family_surname` varchar(150) DEFAULT NULL,
  `birth_date` date DEFAULT NULL,
  `family_type` varchar(5) DEFAULT NULL,
  PRIMARY KEY (`id`)
) ENGINE=MyISAM AUTO_INCREMENT=17 DEFAULT CHARSET=utf8 COLLATE=utf8_general_ci;

--
-- Dumping data for table `idplan_management_family`
--

INSERT INTO `idplan_management_family` VALUES (9,'3340200038909','นาย','น่วม','วงศาสุข','0000-00-00','1'),(10,'3340200038909','นาง','มณี','วงศาสุข','0000-00-00','2'),(11,'3340200038909','นาย','ธเนศ','วงศาสุข','1992-06-02','3'),(12,'5340790011601','นาย','คาน','เกลี้ยงเกลา','0000-00-00','1'),(13,'5340790011601','นาง','เคน','เกลี้ยงเกลา','0000-00-00','2'),(14,'5340790011601','นางสาว','กิ่งกาญจน์','แก่นแก้ว','2528-03-06','4'),(15,'5340790011601','นางสาว','กรณ์กัลย์','แก่นแก้ว','2534-06-25','4'),(16,'3331300279992','นาย','สุข','บุญสร้อย','1954-01-01','1');

--
-- Table structure for table `idplan_management_marry`
--

CREATE TABLE `idplan_management_marry` (
  `person_id` varchar(15) NOT NULL,
  `m_type` varchar(5) DEFAULT NULL,
  `m_prename` varchar(10) DEFAULT NULL,
  `m_name` varchar(50) DEFAULT NULL,
  `m_surname` varchar(150) DEFAULT NULL,
  PRIMARY KEY (`person_id`)
) ENGINE=MyISAM DEFAULT CHARSET=utf8 COLLATE=utf8_general_ci;

--
-- Dumping data for table `idplan_management_marry`
--

INSERT INTO `idplan_management_marry` VALUES ('3340200038909','2','นาย','วุฒิศักดิ์','วงศาสุข'),('5340790011601','2','นาง','จันทร์เพ็ญ','แก่นแก้ว'),('3340100726463','2','','ด.ต.นิกร','บางนารักษ์'),('3331300279992','2','นาย','กรกฎ','ณ อุบล'),('1349900359335','2','นาย','พีรัช','วันทา'),('1330400353739','2','นาย','วีระพล','โทบุดดี'),('1349900166901','2','','',''),('534210002844 ','2','นางสาว','นิตยา ','จันทะชารี');

--
-- Table structure for table `idplan_management_member`
--

CREATE TABLE `idplan_management_member` (
  `id` int(11) NOT NULL AUTO_INCREMENT,
  `person_id` varchar(15) DEFAULT NULL,
  `member_name` varchar(255) DEFAULT NULL,
  `member_number` varchar(30) DEFAULT NULL,
  PRIMARY KEY (`id`)
) ENGINE=MyISAM AUTO_INCREMENT=5 DEFAULT CHARSET=utf8 COLLATE=utf8_general_ci;

--
-- Dumping data for table `idplan_management_member`
--

INSERT INTO `idplan_management_member` VALUES (4,'3340200038909','ชพค.','');

--
-- Table structure for table `idplan_management_portfolio`
--

CREATE TABLE `idplan_management_portfolio` (
  `id` int(11) NOT NULL AUTO_INCREMENT,
  `person_id` varchar(15) DEFAULT NULL,
  `topic` varchar(200) DEFAULT NULL,
  `date` date DEFAULT NULL,
  `address` varchar(255) DEFAULT NULL,
  `pic_upload` varchar(50) DEFAULT NULL,
  PRIMARY KEY (`id`)
) ENGINE=MyISAM AUTO_INCREMENT=18 DEFAULT CHARSET=utf8 COLLATE=utf8_general_ci;

--
-- Dumping data for table `idplan_management_portfolio`
--

INSERT INTO `idplan_management_portfolio` VALUES (16,'3340200038909','','0000-00-00','',''),(17,'5340790011601','','0000-00-00','','');

--
-- Table structure for table `idplan_management_vitaya`
--

CREATE TABLE `idplan_management_vitaya` (
  `id` int(11) NOT NULL AUTO_INCREMENT,
  `person_id` varchar(15) DEFAULT NULL,
  `vitaya_name` varchar(250) DEFAULT NULL,
  `vitaya_shot` varchar(50) DEFAULT NULL,
  `vitaya_date` date DEFAULT NULL,
  PRIMARY KEY (`id`)
) ENGINE=MyISAM AUTO_INCREMENT=9 DEFAULT CHARSET=utf8 COLLATE=utf8_general_ci;

--
-- Dumping data for table `idplan_management_vitaya`
--

INSERT INTO `idplan_management_vitaya` VALUES (8,'5340790011601','ชำนาญการพิเศษ','','0000-00-00');

--
-- Table structure for table `idplan_permission`
--

CREATE TABLE `idplan_permission` (
  `per_id` int(5) NOT NULL AUTO_INCREMENT,
  `person_id` char(15) DEFAULT NULL,
  `p1` int(2) DEFAULT NULL,
  `office` char(15) DEFAULT NULL,
  `rec_dat` date DEFAULT NULL,
  PRIMARY KEY (`per_id`)
) ENGINE=MyISAM AUTO_INCREMENT=36 DEFAULT CHARSET=utf8 COLLATE=utf8_general_ci;

--
-- Dumping data for table `idplan_permission`
--


--
-- Table structure for table `idplan_person_sch_profile`
--

CREATE TABLE `idplan_person_sch_profile` (
  `person_id` varchar(15) NOT NULL,
  `birth_date` date DEFAULT NULL,
  `f_date` date DEFAULT NULL,
  `vittaya` varchar(50) DEFAULT NULL,
  `work_old` int(3) DEFAULT NULL,
  `at_home` varchar(10) DEFAULT NULL,
  `moo` varchar(3) DEFAULT NULL,
  `tambun` varchar(50) DEFAULT NULL,
  `ampher` varchar(50) DEFAULT NULL,
  `province` varchar(70) DEFAULT NULL,
  `postcode` varchar(10) DEFAULT NULL,
  `home_phone` varchar(15) DEFAULT NULL,
  `mobile` varchar(15) DEFAULT NULL,
  `salary` int(10) DEFAULT NULL,
  `emoluments` int(10) DEFAULT NULL,
  `money_of_position` int(10) DEFAULT NULL,
  `m_type` varchar(5) DEFAULT NULL,
  `update_date` date DEFAULT NULL,
  PRIMARY KEY (`person_id`)
) ENGINE=MyISAM DEFAULT CHARSET=utf8 COLLATE=utf8_general_ci;

--
-- Dumping data for table `idplan_person_sch_profile`
--

INSERT INTO `idplan_person_sch_profile` VALUES ('3349900276045',NULL,NULL,NULL,NULL,NULL,NULL,NULL,NULL,NULL,NULL,NULL,NULL,NULL,NULL,NULL,NULL,NULL),('3340200038909','1964-08-31','1985-05-20','ชำนาญการพิเศษ',34,'29/30','20','แสนสุข','วารินชำราบ','อุบลราชธานี','','','081-976-0371',57450,5600,5600,'2','2019-10-31'),('3349800157478',NULL,NULL,NULL,NULL,NULL,NULL,NULL,NULL,NULL,NULL,NULL,NULL,NULL,NULL,NULL,NULL,NULL),('5340790011601','2504-05-30','2525-05-18','ชำนาญการพิเศษ',37,'160','6','คำขวาง','วารินชำราบ','อุบลราชธานี','','','',57,0,11,'2','2019-11-14'),('3349800022548',NULL,NULL,NULL,NULL,NULL,NULL,NULL,NULL,NULL,NULL,NULL,NULL,NULL,NULL,NULL,NULL,NULL),('3340100726463','0000-00-00','0000-00-00','',0,'341','2','โนนผึ้ง','วารินชำราบ','อุบลราชธานี','','','',52,0,0,'2','2019-11-07'),('3331300279992','1979-09-16','2009-09-18','ชำนาญการพิเศษ',10,'39/134','13','แสนสุข','วารินชำราบ','อุบลราชธานี','','','0956094156',32780,0,5600,'2','2020-03-18'),('1450600004541','1984-03-11','2552-05-18','',0,'119/40','3','แสนสุข','วารินชำราบ','อุบลราชธานี','','','0613646694',0,0,0,'1','2020-03-18'),('7777',NULL,NULL,NULL,NULL,NULL,NULL,NULL,NULL,NULL,NULL,NULL,NULL,NULL,NULL,NULL,NULL,NULL),('3349900496959',NULL,NULL,NULL,NULL,NULL,NULL,NULL,NULL,NULL,NULL,NULL,NULL,NULL,NULL,NULL,NULL,NULL),('1349900359335','1990-07-23','2015-06-05','',0,'','','','','','','-','0873777878',0,0,0,'2','2021-08-24'),('3341700102364',NULL,NULL,NULL,NULL,NULL,NULL,NULL,NULL,NULL,NULL,NULL,NULL,NULL,NULL,NULL,NULL,NULL),('1379900038261',NULL,NULL,NULL,NULL,NULL,NULL,NULL,NULL,NULL,NULL,NULL,NULL,NULL,NULL,NULL,NULL,NULL),('3341100389352',NULL,NULL,NULL,NULL,NULL,NULL,NULL,NULL,NULL,NULL,NULL,NULL,NULL,NULL,NULL,NULL,NULL),('1330400353739','1993-02-15','2016-12-01','ชำนาญการ',9,'888/423','1','แสนสุข','วารินชำราบ','อุบลราชธานี','','','0956177404',0,0,3500,'2','2025-05-15'),('1349900166901','1987-01-06','2018-10-29','ชำนาญการ',7,'163','10','แสนสุข','วารินชำราบ','อุบลราชธานี','','-','0849599424',0,0,3500,'2','2025-07-17'),('534210002844 ','0000-00-00','2010-04-19','ครูชำนาญการพิเศษ',15,'','','','','','','','',42180,5600,5600,'2','2025-05-23');

--
-- Table structure for table `la_cancel`
--

CREATE TABLE `la_cancel` (
  `id` int(11) NOT NULL AUTO_INCREMENT,
  `person_id` varchar(13) NOT NULL,
  `la_type` tinyint(4) NOT NULL,
  `write_at` varchar(100) DEFAULT NULL,
  `permission_start` date NOT NULL,
  `permission_finish` date NOT NULL,
  `permission_total` int(11) NOT NULL,
  `because` varchar(200) NOT NULL,
  `cancel_la_start` date NOT NULL,
  `cancel_la_finish` date NOT NULL,
  `cancel_la_total` int(11) NOT NULL,
  `no_comment` int(11) NOT NULL DEFAULT 0,
  `grant_p_selected` varchar(13) DEFAULT NULL,
  `rec_date` datetime NOT NULL,
  `officer_comment` varchar(200) DEFAULT NULL,
  `officer_sign` varchar(13) DEFAULT NULL,
  `officer_date` datetime DEFAULT NULL,
  `group_comment` varchar(100) DEFAULT NULL,
  `group_sign` varchar(13) DEFAULT NULL,
  `group_date` datetime DEFAULT NULL,
  `comment_date` datetime DEFAULT NULL,
  `commander_grant` tinyint(4) DEFAULT NULL,
  `commander_comment` varchar(100) DEFAULT NULL,
  `commander_sign` varchar(13) DEFAULT NULL,
  `grant_date` datetime DEFAULT NULL,
  PRIMARY KEY (`id`)
) ENGINE=MyISAM DEFAULT CHARSET=utf8 COLLATE=utf8_general_ci;

--
-- Dumping data for table `la_cancel`
--


--
-- Table structure for table `la_collect`
--

CREATE TABLE `la_collect` (
  `id` int(11) NOT NULL AUTO_INCREMENT,
  `year` int(11) NOT NULL,
  `person_id` varchar(13) NOT NULL,
  `collect_day` tinyint(4) NOT NULL DEFAULT 0,
  `this_year_day` tinyint(4) NOT NULL DEFAULT 0,
  `officer` varchar(13) DEFAULT NULL,
  `rec_date` date DEFAULT NULL,
  PRIMARY KEY (`id`)
) ENGINE=MyISAM DEFAULT CHARSET=utf8 COLLATE=utf8_general_ci;

--
-- Dumping data for table `la_collect`
--


--
-- Table structure for table `la_main`
--

CREATE TABLE `la_main` (
  `id` int(11) NOT NULL AUTO_INCREMENT,
  `person_id` varchar(13) NOT NULL,
  `la_type` tinyint(4) NOT NULL,
  `write_at` varchar(100) DEFAULT NULL,
  `because` varchar(250) DEFAULT NULL,
  `la_start` date NOT NULL,
  `la_finish` date NOT NULL,
  `la_total` int(11) NOT NULL,
  `last_la_start` date DEFAULT NULL,
  `last_la_finish` date DEFAULT NULL,
  `last_la_total` int(11) DEFAULT NULL,
  `contact` varchar(150) DEFAULT NULL,
  `contact_tel` varchar(20) DEFAULT NULL,
  `document` varchar(100) DEFAULT NULL,
  `no_comment` tinyint(4) NOT NULL DEFAULT 0,
  `grant_p_selected` varchar(13) DEFAULT NULL,
  `sick_ago` int(11) DEFAULT NULL,
  `sick_this` int(11) DEFAULT NULL,
  `sick_total` int(11) DEFAULT NULL,
  `privacy_ago` int(11) DEFAULT NULL,
  `privacy_this` int(11) DEFAULT NULL,
  `privacy_total` int(11) DEFAULT NULL,
  `birth_ago` int(11) DEFAULT NULL,
  `birth_this` int(11) DEFAULT NULL,
  `birth_total` int(11) DEFAULT NULL,
  `relax_ago` int(11) DEFAULT NULL,
  `relax_this` int(11) DEFAULT NULL,
  `relax_total` int(11) DEFAULT NULL,
  `relax_collect` tinyint(4) DEFAULT NULL,
  `relax_this_year` tinyint(4) DEFAULT NULL,
  `job_person` varchar(13) DEFAULT NULL,
  `job_person_sign` tinyint(4) NOT NULL DEFAULT 0,
  `rec_date` datetime NOT NULL,
  `officer_comment` varchar(200) DEFAULT NULL,
  `officer_sign` varchar(13) DEFAULT NULL,
  `officer_date` datetime DEFAULT NULL,
  `group_comment` varchar(100) DEFAULT NULL,
  `group_sign` varchar(13) DEFAULT NULL,
  `group_date` datetime DEFAULT NULL,
  `comment_date` datetime DEFAULT NULL,
  `commander_grant` tinyint(4) DEFAULT NULL,
  `commander_comment` varchar(100) DEFAULT NULL,
  `commander_sign` varchar(13) DEFAULT NULL,
  `grant_date` datetime DEFAULT NULL,
  PRIMARY KEY (`id`)
) ENGINE=MyISAM AUTO_INCREMENT=5 DEFAULT CHARSET=utf8 COLLATE=utf8_general_ci;

--
-- Dumping data for table `la_main`
--

INSERT INTO `la_main` VALUES (1,'3341500594972',1,'โรงเรียนบ้านคำขวาง','ปวดแขน','2014-06-24','2014-06-27',4,'2014-07-06','2014-07-06',0,'15 หมู่ 5  บ้านธาตุ','0885809936','',0,'5320200035221',0,0,0,0,0,0,0,0,0,NULL,NULL,NULL,NULL,NULL,NULL,0,'2014-07-06 15:00:45',NULL,NULL,NULL,NULL,NULL,NULL,NULL,1,'','5320200035221','2014-07-28 16:36:04'),(2,'1341500594972',1,'โรงเรียนบ้านคำขวาง','มีอาการปวดแชน','2014-06-24','2014-06-27',4,'2014-07-15','2014-07-15',0,'15  หมู่ 5  ตำบลแสนสุข อำเภอวารินชำราบ จังหวัดอุบลราชธานี','0885809936','',1,'',0,4,4,0,0,0,0,0,0,NULL,NULL,NULL,NULL,NULL,NULL,0,'2014-07-15 11:24:28',NULL,NULL,NULL,NULL,NULL,NULL,NULL,1,'','3340200038909','2019-11-07 12:42:52'),(3,'5320200035221',1,'โรงเรียนบ้านคำขวาง','ปวดหลังและขา','2014-07-09','2014-07-10',2,'2014-06-19','2014-06-20',2,'482  ม. 17  ต.แสนสุข  อ.วารินชำราบ  จ.อุบลราชธานี','0817256293','',1,'',0,0,0,0,0,0,0,0,0,NULL,NULL,NULL,NULL,NULL,NULL,0,'2014-07-28 16:31:42',NULL,NULL,NULL,NULL,NULL,NULL,NULL,NULL,NULL,NULL,NULL),(4,'3349800022648',2,'โรงเรียนบ้านคำขวาง','ทำธุระส่วนตัว','2014-08-28','2014-08-28',1,'2014-08-21','2014-08-22',2,'บ้านพัก','0943569409','',0,'',0,0,0,0,0,0,0,0,0,NULL,NULL,NULL,NULL,NULL,NULL,0,'2014-08-28 19:18:25',NULL,NULL,NULL,NULL,NULL,NULL,NULL,NULL,NULL,NULL,NULL);

--
-- Table structure for table `la_permission`
--

CREATE TABLE `la_permission` (
  `id` int(11) NOT NULL AUTO_INCREMENT,
  `person_id` varchar(13) NOT NULL,
  `p1` tinyint(4) NOT NULL,
  `officer` varchar(13) NOT NULL,
  `rec_date` date NOT NULL,
  PRIMARY KEY (`id`)
) ENGINE=MyISAM AUTO_INCREMENT=6 DEFAULT CHARSET=utf8 COLLATE=utf8_general_ci;

--
-- Dumping data for table `la_permission`
--

INSERT INTO `la_permission` VALUES (5,'3349800157478',1,'3340200038909','2019-10-31');

--
-- Table structure for table `la_person_set`
--

CREATE TABLE `la_person_set` (
  `id` int(11) NOT NULL AUTO_INCREMENT,
  `person_id` varchar(13) NOT NULL,
  `comment_person` varchar(13) DEFAULT NULL,
  `grant_person` varchar(13) DEFAULT NULL,
  `officer` varchar(13) DEFAULT NULL,
  `rec_date` date DEFAULT NULL,
  PRIMARY KEY (`id`),
  UNIQUE KEY `person_id` (`person_id`)
) ENGINE=MyISAM AUTO_INCREMENT=19 DEFAULT CHARSET=utf8 COLLATE=utf8_general_ci;

--
-- Dumping data for table `la_person_set`
--

INSERT INTO `la_person_set` VALUES (1,'3340200038909','','3340200038909','3340200038909','2019-10-31'),(2,'3160100387458','3160100387458','3340200038909','3340200038909','2019-10-31'),(3,'3340100726463','3160100387458','3340200038909','3340200038909','2019-10-31'),(4,'3340101212340','3160100387458','3340200038909','3340200038909','2019-10-31'),(5,'3341500265723','3160100387458','3340200038909','3340200038909','2019-10-31'),(6,'3319900264594','3160100387458','3340200038909','3340200038909','2019-10-31'),(7,'3349800148126','3160100387458','3340200038909','3340200038909','2019-10-31'),(8,'3349800192222','3160100387458','3340200038909','3340200038909','2019-10-31'),(9,'3349800039904','3160100387458','3340200038909','3340200038909','2019-10-31'),(10,'1341500594972','3160100387458','3340200038909','3340200038909','2019-10-31'),(11,'1349900359335','3160100387458','3340200038909','3340200038909','2019-10-31'),(12,'3349800157478','3160100387458','3340200038909','3340200038909','2019-10-31'),(13,'3349800022548','3160100387458','3340200038909','3340200038909','2019-10-31'),(14,'5340790011601','3160100387458','3340200038909','3340200038909','2019-10-31'),(15,'3349900276045','3160100387458','3340200038909','3340200038909','2019-10-31'),(16,'3300100471490','3160100387458','3340200038909','3340200038909','2019-10-31'),(17,'3341700102364','3160100387458','3340200038909','3340200038909','2019-10-31'),(18,'3101500078308','3160100387458','3340200038909','3340200038909','2019-10-31');

--
-- Table structure for table `la_year`
--

CREATE TABLE `la_year` (
  `id` int(11) NOT NULL AUTO_INCREMENT,
  `budget_year` int(11) NOT NULL,
  `year_active` tinyint(1) NOT NULL,
  PRIMARY KEY (`id`),
  UNIQUE KEY `budget_year` (`budget_year`)
) ENGINE=MyISAM AUTO_INCREMENT=6 DEFAULT CHARSET=utf8 COLLATE=utf8_general_ci;

--
-- Dumping data for table `la_year`
--

INSERT INTO `la_year` VALUES (5,2562,1);

--
-- Table structure for table `mail_filebook`
--

CREATE TABLE `mail_filebook` (
  `id` int(11) NOT NULL AUTO_INCREMENT,
  `ref_id` varchar(50) NOT NULL,
  `file_name` varchar(100) NOT NULL,
  `file_des` varchar(100) NOT NULL,
  PRIMARY KEY (`id`)
) ENGINE=MyISAM AUTO_INCREMENT=19 DEFAULT CHARSET=utf8 COLLATE=utf8_general_ci;

--
-- Dumping data for table `mail_filebook`
--

INSERT INTO `mail_filebook` VALUES (1,'31601003874581404620682','31601003874581404620682_1.jpg','อาหารว่าง'),(2,'31601003874581404620852','31601003874581404620852_1.jpg','แทงจร้าแทง'),(3,'31601003874581404621138','31601003874581404621138_1.jpg','ชิ้นนึง'),(4,'33415005949721404621122','33415005949721404621122_1.jpg','รูปภาพวันครู'),(5,'33498001481261404621506','33498001481261404621506_1.jpg','รูปวานซื่น'),(6,'33498002396361404621380','33498002396361404621380_1.jpg','มอบทุน'),(7,'31601003874581404621360','31601003874581404621360_1.jpg','หิว'),(8,'','_1.jpg','อร่อย'),(9,'31601003874581404621653','31601003874581404621653_1.jpg','อร่อย'),(10,'31601003874581404621653','31601003874581404621653_2.jpg','น่ากิน'),(11,'31601003874581404621653','31601003874581404621653_3.jpg','ช้าหมด'),(12,'33401007264631404624325','33401007264631404624325_1.jpg','ยินดีให้เช่า'),(13,'33401007264631406818915','33401007264631406818915_1.docx','รายงานผลการประเมินการอ่านการเขียนระดับประถม'),(14,'33499002760451420715672','33499002760451420715672_1.doc','ขอจ้าง'),(15,'33499002760451420715672','33499002760451420715672_2.doc','สัญญาจ้าง'),(16,'33499002760451420715672','33499002760451420715672_3.doc','ใบส่ง-ตรวจงาน'),(17,'33499002760451420715672','33499002760451420715672_4.doc','คำสั่ง'),(18,'33499002760451420716464','33499002760451420716464_1.doc','บันทึกควบคุมงาน');

--
-- Table structure for table `mail_group`
--

CREATE TABLE `mail_group` (
  `grp_id` int(11) NOT NULL AUTO_INCREMENT,
  `grp_name` varchar(50) NOT NULL,
  PRIMARY KEY (`grp_id`)
) ENGINE=MyISAM DEFAULT CHARSET=utf8 COLLATE=utf8_general_ci;

--
-- Dumping data for table `mail_group`
--


--
-- Table structure for table `mail_group_member`
--

CREATE TABLE `mail_group_member` (
  `id` int(11) NOT NULL AUTO_INCREMENT,
  `grp_id` int(11) NOT NULL,
  `person_id` varchar(13) NOT NULL,
  PRIMARY KEY (`id`)
) ENGINE=MyISAM DEFAULT CHARSET=utf8 COLLATE=utf8_general_ci;

--
-- Dumping data for table `mail_group_member`
--


--
-- Table structure for table `mail_main`
--

CREATE TABLE `mail_main` (
  `ms_id` int(11) NOT NULL AUTO_INCREMENT,
  `sender` varchar(13) NOT NULL,
  `subject` varchar(150) NOT NULL,
  `detail` text DEFAULT NULL,
  `ref_id` varchar(50) NOT NULL,
  `send_date` datetime NOT NULL,
  PRIMARY KEY (`ms_id`),
  KEY `ref_id` (`ref_id`)
) ENGINE=MyISAM AUTO_INCREMENT=51 DEFAULT CHARSET=utf8 COLLATE=utf8_general_ci;

--
-- Dumping data for table `mail_main`
--

INSERT INTO `mail_main` VALUES (1,'3349800157478','ลาลั๊ลลา','จำเป็นจะต้องไปพบกิ๊กจึงขออนุญาตลาลั๊ลา','33498001574781404620159','2014-07-06 11:18:22'),(2,'5489900003168','เชิญประชุม','ให้ทุกคนเข้าร่วมประชุมเวลา 11.30 น.โดยพร้อมเพียงกัน','54899000031681404620226','2014-07-06 11:19:21'),(37,'5320200035221','รายงานการมาเรียนของนักเรียน','ให้คุณครูทุกท่านรายลงข้อมูลการมาเรียนของนักเรียนด้วยครับเริ่มวันที่ 7 ก.ค.ครับ\r\nขอบคุณครับ','53202000352211405041796','2014-07-11 08:25:12'),(4,'3341500594972','ขอเชิญไปร่วมให้ขวัญกำลังใจ','วันนี้เวลา 15.00 น.เชิญร่วมกำลังใจ','33415005949721404620227','2014-07-06 11:21:22'),(5,'3349800246951','การอบรม','อบรมยาเสพ','33498002469511404620235','2014-07-06 11:22:32'),(6,'3349800239636','เชิญสังสรรค์เย็นนี้6/7/57','6/7/2557','33498002396361404620513','2014-07-06 11:23:55'),(7,'3349800039904','เชิญไปเที่ยวงานแห่เทียน','วันที่10 กค. 2557กรุณาไปชมขบวนแห่เทียนนะคะ','33498000399041404620236','2014-07-06 11:24:00'),(8,'3341500265723','ขอเชิญประชุม','เชิญคณะครูประชุมที่ห้องประชุมโรงเรียน','33415002657231404620224','2014-07-06 11:24:05'),(9,'3341501611196','ขอเชิญประชุม','เรียนคณะครูทุกท่านทราบ\r\n           เนื่องจากวันนี้มีข้อราชการจะแจ้งให้ทราบ จึงขอเรียนเชิญคณะครูทุกท่านเข้าร่วมประชุม ในวันท่ี 9 กกฎาคม 2557','33415016111961404620226','2014-07-06 11:24:28'),(10,'3160100387458','เชิญทานอาหาร  วันนี้เลี้ยง','ฟรี ตัวใครตัวมัน ช้าหมด','31601003874581404620682','2014-07-06 11:26:11'),(11,'3160100387458','ว่างนัก','สักตา','31601003874581404620852','2014-07-06 11:28:36'),(12,'3349800148126','การส่งใชเงินยืม','เรียน หัวหน้าบุคลากร\r\n    ตามที่ท่านได้ยืมเงินเพื่อใช้ในโครงการอบรมคอมพิวเตอร์บุคลากรในโรงเรียนนั้น ท่านจะต้องส่งใช้เงินยืมภายใน 15 วัน\r\n    จึงเรียนมาเพื่อทราบ\r\n                         ยุภาวดี    เจ้าหน้าที่การเงิน\r\n\r\n\r\n','33498001481261404620929','2014-07-06 11:29:05'),(13,'3349800239636','หิว','วันนี้เรืองรองเปิดร้านฟรี','33498002396361404620867','2014-07-06 11:29:48'),(14,'3341500265723','เชิญ.กินผัดกบ','กินด้วยกันนะคะ','33415002657231404620899','2014-07-06 11:30:00'),(15,'3349900276045','เชิญประชุม','เชิญประชุมทุกคน','33499002760451404620292','2014-07-06 11:30:25'),(16,'3160100387458','น่ารัก','น่ากิน','31601003874581404621138','2014-07-06 11:34:11'),(17,'3341500269877','ไปกินสัมตำ','พักเที่ยงไปกินส้มตำที่ปากซอยเด้อ','33415002698771404621124','2014-07-06 11:34:40'),(18,'3341501611196','ชวนกลับบ้าน','   เบื่อแล้วกลับบ้านกันเถอะ  ตกลงไหม','33415016111961404621137','2014-07-06 11:34:53'),(19,'3341500594972','ข้อความลับไปเอากางเกง','ช่างตัดเย็บกางเกงให้ไปเอากางเกงที่ตัดไว้ สวยงามมาก','33415005949721404621122','2014-07-06 11:36:09'),(20,'3349800039904','ขอยืมเงิน','ยืมเงินแน10บาท ขายทีได่แทนทันที','33498000399041404621362','2014-07-06 11:38:18'),(21,'3349800148126','การส่งใชเงินยืม','เรียนหัวหน้าบุคลากร','33498001481261404621506','2014-07-06 11:38:40'),(22,'3340100726463','อบรมคอมพิวเตอร์','ให้ครูทุกคนเข้ารับการอบรมคอมพิวเตอร์ในวันอาทิตย์ที่ 6 ก.ค.2557ที่ห้องประชุม 2สพป.อบ.เขต 4','33401007264631404621362','2014-07-06 11:38:47'),(23,'3349800239636','มอบทุน','พอ.วิชัย','','2014-07-06 11:38:52'),(24,'3349800239636','มอบทุน','พอ.วิชัย','33498002396361404621380','2014-07-06 11:38:57'),(25,'3349900276045','สวัสดีค่ะ','ทำไรค่ะ','33499002760451404621515','2014-07-06 11:38:57'),(26,'3160100387458','เมนูเด็ด','เลือก','31601003874581404621360','2014-07-06 11:39:05'),(27,'3349800246951','คำชม','แม่เฒ่าสวยจัง','33498002469511404621137','2014-07-06 11:39:09'),(28,'3349900276045','้้dldkjldkfld','dkdj;ljl;skj;fldd','33499002760451404621668','2014-07-06 11:42:04'),(29,'3300100471490','จำนวนนักเรียนที่มีความต้องการจำเป็นพิเศษ','จำนวนนักเรียนที่จดทะเบียนแแล้วมีจำนวน  13  คน','33001004714901404621578','2014-07-06 11:42:29'),(30,'3160100387458','มาอีก','วันนี้ อิ่ม ','','2014-07-06 11:42:48'),(31,'3160100387458','มาอีก','วันนี้ อิ่ม ','31601003874581404621653','2014-07-06 11:42:53'),(32,'3300100471490','จำนวนนักเรียนที่มีความต้องการจำเป็นพิเศษ','จำนวนนักเรียนที่จดทะเบียนแแล้วมีจำนวน  13  คน','33001004714901404623864','2014-07-06 12:18:56'),(33,'3340100726463','ส่งภาพ','บ้านเช่าราคาถูกสนใจติดต่อ','33401007264631404624325','2014-07-06 12:25:35'),(34,'3349800239636','ส่งรูป','ส่งรูป','','2014-07-06 13:18:24'),(35,'3349800239636','ส่งรูป','ส่งรูป','','2014-07-06 13:18:24'),(36,'5320200035221','การอบรมเจ้าหน้าที่ ICT เพื่อการบริหารงบประมาณ','ด้วยทางกลุ่มฯมหาธาตุจะจัดอบรมจ้าหน้าที่ ICT เพื่อการบริหารงบประมาณ ในวันที่  14  กรกฎาคม  2557 ที่ ห้องประชุมเขตฯ 4 ตั้งแต่เวลา 08.30 น.จึงให้ท่านทั้งสองเข้ารับการอบรมพร้อมทั้งนำ File แผนงบประมาณปี 2557 ไปด้วย\r\nจึงเรียนมาเพื่อทราบ','53202000352211405041132','2014-07-11 08:18:58'),(38,'5320200035221','ขอขอบคุณทุกท่าน','ด้วยตอนนี้ได้มีการบันทึกการมาเรียนของนักเรียนเกือบ 100 % แล้ว จึงขอขอบคุณทุกท่าน และขอให้บันทึกให้เป็นปัจจุบันด้วยนะครับ','53202000352211405605174','2014-07-17 20:56:36'),(39,'3340100726463','การจัดทำแบบฝึกกลุ่มมหาธาตุ','เรียน ผอ รับแผ่นแบบฝึกกลุ่มมหาธาตุมาแล้วกำลังจัดทำต้นฉบับเพื่อถ่ายเอกสารแต่แผ่นที่รับมาต้องมาปรับใหม่คงต้องใช้เวลาในการจัดทำ\r\n\r\n\r\n                                          จึงเรียนมาเพื่อทราบ','33401007264631406102374','2014-07-23 15:03:29'),(40,'5320200035221','การรายงานการมาเรียน','ขอให้ทุกท่านรายงานการมาเรียนของเด็กให้เป็นปัจจุบันด้วยครับ\r\nขอบคุณครับ','53202000352211406539401','2014-07-28 16:25:06'),(41,'5320200035221','การจัดนิทรรศการเขตฯ','ด้วยสพฐ.จะมาประเมินเขตพื้นที่ ในวันที่ 31 ก.ค. ทางเขตฯจึงได้แต่งตั้งคณะทำงานเพื่อจัดนิทรรศการ ตามคำสั่งของเขตฯ ที่ 212/2557 \r\nฉะนั้นจึงให้ผู้ที่ได้รับการแต่งตั้งได้ดำเนินการตามที่แจ้ง\r\nจึงเรียนมาเพื่อดำเนินการ ','53202000352211406593206','2014-07-29 07:23:46'),(42,'5320200035221','ขอเชิญประชุม','ด้วยทางโรงเรียนมีข้อราชการที่จะเรียนปรึกษาหารือเพื่อดำเนินการ จึงเรียนเชิญท่านเข้าประชุมในวันที่  30  กรกฎาคม  2557  เวลา 08.30 น.บริเวณศาลา 5 หลัง\r\nจึงเรียนมาเพื่อทราบ','53202000352211406630015','2014-07-29 17:36:51'),(43,'3340100726463','รายงานความก้าวหน้าในการจัดทำแบบฝึกกลุ่ม','เรียน  ผู้อำนวยการ\r\n         แบบฝึกกลุ่มบทที่ 1-2 ถ่ายเอกสารและแจกให้กับครูประจำชั้น/ประจำวิชาแล้ว บทที่ 3-4 วันนี้(31 ก.ค. 57)บันทึกเสนอขอถ่ายแล้วกำลังรออนุมัติ\r\n          จึงเรียนมาเพื่อทราบ','33401007264631406817618','2014-07-31 21:44:51'),(44,'3340100726463','ส่งรายงานสรุปผลการประเมินการอ่านการเขียน','เรียน  ผู้อำนวยการ\r\n         ส่งไฟล์ผลการประเมินการอ่านการเขียนให้ค่ะ','33401007264631406818915','2014-07-31 22:05:15'),(45,'3340100726463','แจ้งการเข้าอบรม O-NET','เรียน  รองผู้อำนวยการ\r\n         ตามที่ได้รับมอบหมายให้เข้าอบรม O-NET ในวันอาทิตย์ที่ 3 นั้นผลปรากฎว่าเกิดความผิดพลาดในการออกหนังสือของเขตคือเขต้องการให้ครู ป.6 ที่ไปออกข้อสอบในครั้งแรกนั้นครังนี้ให้เอาข้อสอบที่ออกไปวิพากวิจารณ์ เมื่อเกิดความผิดพลาดก็เลยให้ครูวิชาการที่ไปเป็นคนจัดทำข้อสอบเองโดยเน้นการออกแบบ PISA และให้ส่งข้อสอบในวันที่ 20 ส.ค.ที่เลขาของแต่ละกลุ่ม\r\n         จึงเรียนมาเพื่อทราบ','33401007264631407075953','2014-08-03 21:33:13'),(46,'5320200035221','ผอ.โรงเรียนติดต่อราชการที่เขต','ด้วยในวันนี้เวลา 09.00 น. ผมมีธุระที่จะหารือกับท่านผอ.เขต จึงจะเข้าโรงเรียนหลังจากเสร็จธุระครับ','53202000352211407114811','2014-08-04 08:16:00'),(47,'5320200035221','ข้าราชการไปราชการ','ด้วยวันนี้ข้าพเจ้าและนางพิรุณรัตน์ ไปประชุมการจัดตั้งงบประมาณ ประจำปี 2558 ที่สพป.อบ.4 ตั้งแต่เวลา 08.30 น.\r\nจึงเรียนมาเพื่อทราบ','53202000352211407285306','2014-08-06 07:37:04'),(48,'5320200035221','การทดสอบจุดเน้นที่ 1 การอ่าน การเขียน และการคิดคำนวน ระดับกลุ่มส่งเสริมฯ','ด้วยกลุ่มส่งเสริมประสิทธิภาพการศึกษามหาธาตุ ได้จัดทำโครงการเพื่อสนองนโยบายของผอ.เขต พื้นที่ สพป.อบ.4 ก้าวไปข้างหน้ากับ 9 จุดเน้น โดยเฉพาะจุดเน้นที่ 1ท่ีทางกลุ่มฯได้ร่วมกันดำเนินการ บัดนี้ทางกลุ่มฯได้กำหนดวันออกประเมินเพื่อสรุปผลการดำเนินงาน โดยจะออกทดสอบ ในวันที่  1  ตุลาคม  2557  เวลา  08.30 น. เป็นต้นไป \r\nจึงเรียนมาเพื่อให้คณะครูระดับประถมทุกท่านได้เตรียมการเพื่อรับการประเมินให้เรียบร้อยและเตรียมนักเรียนพร้อมทั้งชี้แจงรายละเอียดในการสอบดังกล่าว และคณะครูระดับประถมพร้อมทั้งครูสกุลยา และครูพิรุณรัตน์ ไปเป็นกรรมการสอบโรงเรียนอื่น\r\nจึงเรียนมาเพื่อทราบและถือปฏิบัติ','53202000352211411818665','2014-09-27 19:01:29'),(49,'3349900276045','สอบราคา','ถ้า เป็นตกลงราคาก็คล้ายๆ กันค่ะ','33499002760451420715672','2015-01-08 18:19:58'),(50,'3349900276045','บันทึกควบคุมงาน','ที่เหลือก็เป็นรูปถ่ายงานก่อสร้างที่แล้วเสร็จค่ะ\r\nกรรมการตรวจรับเซ็นกำกับค่ะ','33499002760451420716464','2015-01-08 18:28:04');

--
-- Table structure for table `mail_permission`
--

CREATE TABLE `mail_permission` (
  `id` int(11) NOT NULL AUTO_INCREMENT,
  `person_id` varchar(13) NOT NULL,
  `p1` tinyint(4) NOT NULL,
  `officer` varchar(13) NOT NULL,
  `rec_date` date NOT NULL,
  PRIMARY KEY (`id`)
) ENGINE=MyISAM AUTO_INCREMENT=4 DEFAULT CHARSET=utf8 COLLATE=utf8_general_ci;

--
-- Dumping data for table `mail_permission`
--

INSERT INTO `mail_permission` VALUES (1,'3349800022548',1,'3349800022548','2015-08-09'),(3,'1341500594972',1,'5349990002051','2016-09-21');

--
-- Table structure for table `mail_sendto_answer`
--

CREATE TABLE `mail_sendto_answer` (
  `id` int(11) NOT NULL AUTO_INCREMENT,
  `ref_id` varchar(50) NOT NULL,
  `send_to` varchar(13) NOT NULL,
  `answer` tinyint(4) NOT NULL DEFAULT 0,
  `answer_time` datetime NOT NULL,
  PRIMARY KEY (`id`),
  KEY `ref_id` (`ref_id`),
  KEY `send_to` (`send_to`)
) ENGINE=MyISAM AUTO_INCREMENT=888 DEFAULT CHARSET=utf8 COLLATE=utf8_general_ci;

--
-- Dumping data for table `mail_sendto_answer`
--

INSERT INTO `mail_sendto_answer` VALUES (1,'33498001574781404620159','3341500265723',1,'2014-07-06 11:24:34'),(2,'33498001574781404620159','3349900276045',1,'2014-08-24 13:00:17'),(3,'33498001574781404620159','3340100726463',1,'2014-09-17 14:35:25'),(4,'33498001574781404620159','5340790011601',0,'0000-00-00 00:00:00'),(5,'33498001574781404620159','3349800022648',1,'2014-08-28 18:35:45'),(6,'33498001574781404620159','3341501611196',0,'0000-00-00 00:00:00'),(7,'33498001574781404620159','3300100471490',1,'2014-07-06 11:44:22'),(8,'33498001574781404620159','3340100406752',0,'0000-00-00 00:00:00'),(9,'33498001574781404620159','5489900003168',1,'2014-07-06 11:23:03'),(10,'33498001574781404620159','3341500594972',0,'0000-00-00 00:00:00'),(11,'33498001574781404620159','3469900101 25',0,'0000-00-00 00:00:00'),(12,'33498001574781404620159','3349800246951',1,'2014-07-06 11:32:02'),(13,'33498001574781404620159','3341500269877',1,'2014-07-06 11:30:54'),(14,'33498001574781404620159','3349800239636',1,'2014-07-06 11:31:37'),(15,'33498001574781404620159','3349800039904',1,'2014-07-06 11:25:46'),(16,'33498001574781404620159','334150149495 ',0,'0000-00-00 00:00:00'),(17,'33498001574781404620159','3349800192222',0,'0000-00-00 00:00:00'),(18,'33498001574781404620159','5320200035221',0,'0000-00-00 00:00:00'),(19,'33498001574781404620159','3160100387458',1,'2014-07-06 11:30:18'),(20,'33498001574781404620159','3349800148126',1,'2014-07-06 11:30:27'),(21,'33498001574781404620159','3319900264594',0,'0000-00-00 00:00:00'),(22,'33498001574781404620159','5349990002051',0,'0000-00-00 00:00:00'),(23,'33498001574781404620159','3101500078308',0,'0000-00-00 00:00:00'),(24,'33498001574781404620159','3340700018537',0,'0000-00-00 00:00:00'),(25,'54899000031681404620226','3341500265723',1,'2014-07-06 11:41:56'),(26,'54899000031681404620226','3349900276045',1,'2014-08-24 13:00:25'),(27,'54899000031681404620226','3340100726463',1,'2014-09-17 14:35:31'),(28,'54899000031681404620226','5340790011601',0,'0000-00-00 00:00:00'),(29,'54899000031681404620226','3349800022648',1,'2014-08-28 18:35:54'),(30,'54899000031681404620226','3341501611196',0,'0000-00-00 00:00:00'),(31,'54899000031681404620226','3300100471490',1,'2014-07-06 11:44:31'),(32,'54899000031681404620226','3349800157478',1,'2014-07-06 11:25:38'),(33,'54899000031681404620226','3340100406752',0,'0000-00-00 00:00:00'),(34,'54899000031681404620226','3341500594972',1,'2014-07-06 11:30:51'),(35,'54899000031681404620226','3469900101 25',0,'0000-00-00 00:00:00'),(36,'54899000031681404620226','3349800246951',1,'2014-07-06 12:57:28'),(37,'54899000031681404620226','3341500269877',1,'2014-07-06 11:31:49'),(38,'54899000031681404620226','3349800239636',1,'2014-07-06 11:31:46'),(39,'54899000031681404620226','3349800039904',0,'0000-00-00 00:00:00'),(40,'54899000031681404620226','334150149495 ',0,'0000-00-00 00:00:00'),(41,'54899000031681404620226','3349800192222',0,'0000-00-00 00:00:00'),(42,'54899000031681404620226','5320200035221',0,'0000-00-00 00:00:00'),(43,'54899000031681404620226','3160100387458',1,'2014-07-06 11:30:23'),(44,'54899000031681404620226','3349800148126',1,'2014-07-06 11:30:42'),(45,'54899000031681404620226','3319900264594',0,'0000-00-00 00:00:00'),(46,'54899000031681404620226','5349990002051',0,'0000-00-00 00:00:00'),(47,'54899000031681404620226','3101500078308',0,'0000-00-00 00:00:00'),(48,'54899000031681404620226','3340700018537',0,'0000-00-00 00:00:00'),(722,'53202000352211405041796','3101500078308',0,'0000-00-00 00:00:00'),(721,'53202000352211405041796','5349990002051',0,'0000-00-00 00:00:00'),(720,'53202000352211405041796','3319900264594',0,'0000-00-00 00:00:00'),(719,'53202000352211405041796','3349800148126',0,'0000-00-00 00:00:00'),(718,'53202000352211405041796','3160100387458',0,'0000-00-00 00:00:00'),(715,'53202000352211405041796','3349800039904',0,'0000-00-00 00:00:00'),(712,'53202000352211405041796','3349800246951',0,'0000-00-00 00:00:00'),(711,'53202000352211405041796','3469900101 25',0,'0000-00-00 00:00:00'),(708,'53202000352211405041796','3340100406752',0,'0000-00-00 00:00:00'),(707,'53202000352211405041796','3349800157478',1,'2018-09-15 10:32:00'),(706,'53202000352211405041796','3300100471490',0,'0000-00-00 00:00:00'),(704,'53202000352211405041796','3349800022648',1,'2014-08-28 18:34:32'),(703,'53202000352211405041796','5340790011601',0,'0000-00-00 00:00:00'),(702,'53202000352211405041796','3340100726463',1,'2014-07-15 09:26:59'),(701,'53202000352211405041796','3349900276045',1,'2014-08-09 21:51:24'),(700,'53202000352211405041796','3341500265723',0,'0000-00-00 00:00:00'),(73,'33415005949721404620227','3341500265723',1,'2014-07-06 12:49:01'),(74,'33415005949721404620227','3349900276045',1,'2014-07-06 11:32:53'),(75,'33415005949721404620227','3340100726463',1,'2014-09-17 14:36:21'),(76,'33415005949721404620227','5340790011601',0,'0000-00-00 00:00:00'),(77,'33415005949721404620227','3349800022648',1,'2014-08-28 18:35:59'),(78,'33415005949721404620227','3341501611196',0,'0000-00-00 00:00:00'),(79,'33415005949721404620227','3300100471490',1,'2014-07-06 11:44:50'),(80,'33415005949721404620227','3349800157478',1,'2014-07-06 11:22:32'),(81,'33415005949721404620227','3340100406752',0,'0000-00-00 00:00:00'),(82,'33415005949721404620227','5489900003168',1,'2014-07-06 11:22:55'),(83,'33415005949721404620227','3469900101 25',0,'0000-00-00 00:00:00'),(84,'33415005949721404620227','3349800246951',1,'2014-07-06 11:31:47'),(85,'33415005949721404620227','3341500269877',0,'0000-00-00 00:00:00'),(86,'33415005949721404620227','3349800239636',1,'2014-07-06 11:31:54'),(87,'33415005949721404620227','3349800039904',0,'0000-00-00 00:00:00'),(88,'33415005949721404620227','334150149495 ',0,'0000-00-00 00:00:00'),(89,'33415005949721404620227','3349800192222',0,'0000-00-00 00:00:00'),(90,'33415005949721404620227','5320200035221',0,'0000-00-00 00:00:00'),(91,'33415005949721404620227','3160100387458',1,'2014-07-06 11:30:38'),(92,'33415005949721404620227','3349800148126',1,'2014-07-06 11:32:20'),(93,'33415005949721404620227','3319900264594',0,'0000-00-00 00:00:00'),(94,'33415005949721404620227','5349990002051',0,'0000-00-00 00:00:00'),(95,'33415005949721404620227','3101500078308',0,'0000-00-00 00:00:00'),(96,'33415005949721404620227','3340700018537',0,'0000-00-00 00:00:00'),(97,'33498002469511404620235','3341500265723',1,'2014-07-06 11:25:00'),(98,'33498002469511404620235','3349900276045',1,'2014-07-06 11:36:08'),(99,'33498002469511404620235','3340100726463',1,'2014-09-17 14:35:34'),(100,'33498002469511404620235','5340790011601',0,'0000-00-00 00:00:00'),(101,'33498002469511404620235','3349800022648',1,'2014-08-28 18:36:04'),(102,'33498002469511404620235','3341501611196',0,'0000-00-00 00:00:00'),(103,'33498002469511404620235','3300100471490',1,'2014-07-06 12:15:55'),(104,'33498002469511404620235','3349800157478',1,'2014-07-06 11:24:23'),(105,'33498002469511404620235','3340100406752',0,'0000-00-00 00:00:00'),(106,'33498002469511404620235','5489900003168',0,'0000-00-00 00:00:00'),(107,'33498002469511404620235','3341500594972',0,'0000-00-00 00:00:00'),(108,'33498002469511404620235','3469900101 25',0,'0000-00-00 00:00:00'),(109,'33498002469511404620235','3341500269877',0,'0000-00-00 00:00:00'),(110,'33498002469511404620235','3349800239636',1,'2014-07-06 14:44:15'),(111,'33498002469511404620235','3349800039904',0,'0000-00-00 00:00:00'),(112,'33498002469511404620235','334150149495 ',0,'0000-00-00 00:00:00'),(113,'33498002469511404620235','3349800192222',0,'0000-00-00 00:00:00'),(114,'33498002469511404620235','5320200035221',0,'0000-00-00 00:00:00'),(115,'33498002469511404620235','3160100387458',1,'2014-07-06 11:31:18'),(116,'33498002469511404620235','3349800148126',0,'0000-00-00 00:00:00'),(117,'33498002469511404620235','3319900264594',0,'0000-00-00 00:00:00'),(118,'33498002469511404620235','5349990002051',0,'0000-00-00 00:00:00'),(119,'33498002469511404620235','3101500078308',0,'0000-00-00 00:00:00'),(120,'33498002469511404620235','3340700018537',0,'0000-00-00 00:00:00'),(714,'53202000352211405041796','3349800239636',0,'0000-00-00 00:00:00'),(121,'33498002396361404620513','3341500265723',1,'2014-07-06 11:41:13'),(122,'33498002396361404620513','3349900276045',1,'2014-09-22 23:44:52'),(123,'33498002396361404620513','3340100726463',1,'2014-09-17 14:36:34'),(124,'33498002396361404620513','5340790011601',0,'0000-00-00 00:00:00'),(125,'33498002396361404620513','3349800022648',1,'2014-08-28 18:36:07'),(126,'33498002396361404620513','3341501611196',0,'0000-00-00 00:00:00'),(127,'33498002396361404620513','3300100471490',1,'2014-07-06 11:45:05'),(128,'33498002396361404620513','3349800157478',1,'2018-09-15 10:15:07'),(129,'33498002396361404620513','3340100406752',0,'0000-00-00 00:00:00'),(130,'33498002396361404620513','5489900003168',0,'0000-00-00 00:00:00'),(131,'33498002396361404620513','3341500594972',0,'0000-00-00 00:00:00'),(132,'33498002396361404620513','3469900101 25',0,'0000-00-00 00:00:00'),(133,'33498002396361404620513','3349800246951',0,'0000-00-00 00:00:00'),(134,'33498002396361404620513','3341500269877',0,'0000-00-00 00:00:00'),(135,'33498002396361404620513','3349800039904',0,'0000-00-00 00:00:00'),(136,'33498002396361404620513','334150149495 ',0,'0000-00-00 00:00:00'),(137,'33498002396361404620513','3349800192222',0,'0000-00-00 00:00:00'),(138,'33498002396361404620513','5320200035221',0,'0000-00-00 00:00:00'),(139,'33498002396361404620513','3160100387458',1,'2014-07-06 11:31:23'),(140,'33498002396361404620513','3349800148126',0,'0000-00-00 00:00:00'),(141,'33498002396361404620513','3319900264594',0,'0000-00-00 00:00:00'),(142,'33498002396361404620513','5349990002051',0,'0000-00-00 00:00:00'),(143,'33498002396361404620513','3101500078308',0,'0000-00-00 00:00:00'),(144,'33498002396361404620513','3340700018537',0,'0000-00-00 00:00:00'),(145,'33498000399041404620236','3341500265723',1,'2014-07-06 11:32:29'),(146,'33498000399041404620236','3349900276045',1,'2014-07-06 11:35:55'),(147,'33498000399041404620236','3340100726463',1,'2014-09-17 14:35:38'),(148,'33498000399041404620236','5340790011601',0,'0000-00-00 00:00:00'),(149,'33498000399041404620236','3349800022648',1,'2014-08-28 18:36:13'),(150,'33498000399041404620236','3341501611196',0,'0000-00-00 00:00:00'),(151,'33498000399041404620236','3300100471490',1,'2014-07-06 12:12:48'),(152,'33498000399041404620236','3349800157478',1,'2014-07-06 11:26:46'),(153,'33498000399041404620236','3340100406752',0,'0000-00-00 00:00:00'),(154,'33498000399041404620236','5489900003168',0,'0000-00-00 00:00:00'),(155,'33498000399041404620236','3341500594972',0,'0000-00-00 00:00:00'),(156,'33498000399041404620236','3469900101 25',0,'0000-00-00 00:00:00'),(157,'33498000399041404620236','3349800246951',0,'0000-00-00 00:00:00'),(158,'33498000399041404620236','3341500269877',0,'0000-00-00 00:00:00'),(159,'33498000399041404620236','3349800239636',0,'0000-00-00 00:00:00'),(160,'33498000399041404620236','334150149495 ',0,'0000-00-00 00:00:00'),(161,'33498000399041404620236','3349800192222',0,'0000-00-00 00:00:00'),(162,'33498000399041404620236','5320200035221',0,'0000-00-00 00:00:00'),(163,'33498000399041404620236','3160100387458',1,'2014-07-06 11:31:26'),(164,'33498000399041404620236','3349800148126',0,'0000-00-00 00:00:00'),(165,'33498000399041404620236','3319900264594',0,'0000-00-00 00:00:00'),(166,'33498000399041404620236','5349990002051',0,'0000-00-00 00:00:00'),(167,'33498000399041404620236','3101500078308',0,'0000-00-00 00:00:00'),(168,'33498000399041404620236','3340700018537',0,'0000-00-00 00:00:00'),(169,'33415002657231404620224','3349900276045',1,'2014-09-22 23:45:02'),(170,'33415002657231404620224','3340100726463',1,'2014-09-17 14:35:41'),(171,'33415002657231404620224','5340790011601',0,'0000-00-00 00:00:00'),(172,'33415002657231404620224','3349800022648',1,'2014-08-28 18:36:18'),(173,'33415002657231404620224','3341501611196',0,'0000-00-00 00:00:00'),(174,'33415002657231404620224','3300100471490',1,'2014-07-06 11:45:14'),(175,'33415002657231404620224','3349800157478',1,'2018-09-15 10:15:22'),(176,'33415002657231404620224','3340100406752',0,'0000-00-00 00:00:00'),(177,'33415002657231404620224','5489900003168',0,'0000-00-00 00:00:00'),(178,'33415002657231404620224','3341500594972',0,'0000-00-00 00:00:00'),(179,'33415002657231404620224','3469900101 25',0,'0000-00-00 00:00:00'),(180,'33415002657231404620224','3349800246951',0,'0000-00-00 00:00:00'),(181,'33415002657231404620224','3341500269877',0,'0000-00-00 00:00:00'),(182,'33415002657231404620224','3349800239636',0,'0000-00-00 00:00:00'),(183,'33415002657231404620224','3349800039904',0,'0000-00-00 00:00:00'),(184,'33415002657231404620224','334150149495 ',0,'0000-00-00 00:00:00'),(185,'33415002657231404620224','3349800192222',0,'0000-00-00 00:00:00'),(186,'33415002657231404620224','5320200035221',0,'0000-00-00 00:00:00'),(187,'33415002657231404620224','3160100387458',0,'0000-00-00 00:00:00'),(188,'33415002657231404620224','3349800148126',0,'0000-00-00 00:00:00'),(189,'33415002657231404620224','3319900264594',0,'0000-00-00 00:00:00'),(190,'33415002657231404620224','5349990002051',0,'0000-00-00 00:00:00'),(191,'33415002657231404620224','3101500078308',0,'0000-00-00 00:00:00'),(192,'33415002657231404620224','3340700018537',0,'0000-00-00 00:00:00'),(193,'33415016111961404620226','3341500265723',0,'0000-00-00 00:00:00'),(194,'33415016111961404620226','3349900276045',1,'2014-10-16 18:57:45'),(195,'33415016111961404620226','3340100726463',1,'2014-09-17 14:36:41'),(196,'33415016111961404620226','5340790011601',0,'0000-00-00 00:00:00'),(197,'33415016111961404620226','3349800022648',1,'2014-08-28 18:36:22'),(198,'33415016111961404620226','3300100471490',1,'2014-07-06 12:13:25'),(199,'33415016111961404620226','3349800157478',1,'2014-07-06 11:26:41'),(200,'33415016111961404620226','3340100406752',0,'0000-00-00 00:00:00'),(201,'33415016111961404620226','5489900003168',0,'0000-00-00 00:00:00'),(202,'33415016111961404620226','3341500594972',0,'0000-00-00 00:00:00'),(203,'33415016111961404620226','3469900101 25',0,'0000-00-00 00:00:00'),(204,'33415016111961404620226','3349800246951',0,'0000-00-00 00:00:00'),(205,'33415016111961404620226','3341500269877',0,'0000-00-00 00:00:00'),(206,'33415016111961404620226','3349800239636',0,'0000-00-00 00:00:00'),(207,'33415016111961404620226','3349800039904',0,'0000-00-00 00:00:00'),(208,'33415016111961404620226','334150149495 ',0,'0000-00-00 00:00:00'),(209,'33415016111961404620226','3349800192222',0,'0000-00-00 00:00:00'),(210,'33415016111961404620226','5320200035221',0,'0000-00-00 00:00:00'),(211,'33415016111961404620226','3160100387458',0,'0000-00-00 00:00:00'),(212,'33415016111961404620226','3349800148126',0,'0000-00-00 00:00:00'),(213,'33415016111961404620226','3319900264594',0,'0000-00-00 00:00:00'),(214,'33415016111961404620226','5349990002051',0,'0000-00-00 00:00:00'),(215,'33415016111961404620226','3101500078308',0,'0000-00-00 00:00:00'),(216,'33415016111961404620226','3340700018537',0,'0000-00-00 00:00:00'),(716,'53202000352211405041796','334150149495 ',0,'0000-00-00 00:00:00'),(217,'31601003874581404620682','3341500265723',1,'2014-07-06 11:41:40'),(218,'31601003874581404620682','3349900276045',1,'2014-07-06 11:32:59'),(219,'31601003874581404620682','3340100726463',1,'2014-09-17 14:35:50'),(220,'31601003874581404620682','5340790011601',0,'0000-00-00 00:00:00'),(221,'31601003874581404620682','3349800022648',0,'0000-00-00 00:00:00'),(222,'31601003874581404620682','3341501611196',1,'2014-07-06 11:31:58'),(223,'31601003874581404620682','3300100471490',1,'2014-07-06 12:13:57'),(224,'31601003874581404620682','3349800157478',1,'2014-07-06 11:26:29'),(225,'31601003874581404620682','3340100406752',0,'0000-00-00 00:00:00'),(226,'31601003874581404620682','5489900003168',0,'0000-00-00 00:00:00'),(227,'31601003874581404620682','3341500594972',0,'0000-00-00 00:00:00'),(228,'31601003874581404620682','3469900101 25',0,'0000-00-00 00:00:00'),(229,'31601003874581404620682','3349800246951',0,'0000-00-00 00:00:00'),(230,'31601003874581404620682','3341500269877',0,'0000-00-00 00:00:00'),(231,'31601003874581404620682','3349800239636',0,'0000-00-00 00:00:00'),(232,'31601003874581404620682','3349800039904',0,'0000-00-00 00:00:00'),(233,'31601003874581404620682','334150149495 ',0,'0000-00-00 00:00:00'),(234,'31601003874581404620682','3349800192222',0,'0000-00-00 00:00:00'),(235,'31601003874581404620682','5320200035221',0,'0000-00-00 00:00:00'),(236,'31601003874581404620682','3349800148126',1,'2014-07-06 11:32:25'),(237,'31601003874581404620682','3319900264594',0,'0000-00-00 00:00:00'),(238,'31601003874581404620682','5349990002051',1,'2014-07-25 11:30:48'),(239,'31601003874581404620682','3101500078308',0,'0000-00-00 00:00:00'),(240,'31601003874581404620682','3340700018537',0,'0000-00-00 00:00:00'),(241,'33498000399041404620764','3341500265723',0,'0000-00-00 00:00:00'),(242,'31601003874581404620852','3341500265723',0,'0000-00-00 00:00:00'),(243,'31601003874581404620852','3349900276045',1,'2014-10-16 18:57:52'),(244,'31601003874581404620852','3340100726463',1,'2014-09-17 14:37:06'),(245,'31601003874581404620852','5340790011601',0,'0000-00-00 00:00:00'),(246,'31601003874581404620852','3349800022648',1,'2014-08-28 18:36:26'),(247,'31601003874581404620852','3341501611196',0,'0000-00-00 00:00:00'),(248,'31601003874581404620852','3300100471490',1,'2014-07-06 12:14:09'),(249,'31601003874581404620852','3349800157478',1,'2018-09-15 10:15:30'),(250,'31601003874581404620852','3340100406752',0,'0000-00-00 00:00:00'),(251,'31601003874581404620852','5489900003168',0,'0000-00-00 00:00:00'),(252,'31601003874581404620852','3341500594972',0,'0000-00-00 00:00:00'),(253,'31601003874581404620852','3469900101 25',0,'0000-00-00 00:00:00'),(254,'31601003874581404620852','3349800246951',0,'0000-00-00 00:00:00'),(255,'31601003874581404620852','3341500269877',0,'0000-00-00 00:00:00'),(256,'31601003874581404620852','3349800239636',1,'2014-07-06 11:33:17'),(257,'31601003874581404620852','3349800039904',0,'0000-00-00 00:00:00'),(258,'31601003874581404620852','334150149495 ',0,'0000-00-00 00:00:00'),(259,'31601003874581404620852','3349800192222',0,'0000-00-00 00:00:00'),(260,'31601003874581404620852','5320200035221',0,'0000-00-00 00:00:00'),(261,'31601003874581404620852','3349800148126',1,'2014-07-06 11:31:03'),(262,'31601003874581404620852','3319900264594',0,'0000-00-00 00:00:00'),(263,'31601003874581404620852','5349990002051',0,'0000-00-00 00:00:00'),(264,'31601003874581404620852','3101500078308',0,'0000-00-00 00:00:00'),(265,'31601003874581404620852','3340700018537',0,'0000-00-00 00:00:00'),(266,'33498001481261404620929','3341500265723',1,'2014-07-06 11:31:27'),(267,'33498001481261404620929','3349900276045',1,'2014-10-16 18:58:06'),(268,'33498001481261404620929','3340100726463',1,'2014-09-17 14:37:10'),(269,'33498001481261404620929','5340790011601',0,'0000-00-00 00:00:00'),(270,'33498001481261404620929','3349800022648',1,'2014-08-28 18:36:34'),(271,'33498001481261404620929','3341501611196',0,'0000-00-00 00:00:00'),(272,'33498001481261404620929','3300100471490',1,'2014-07-06 11:43:47'),(273,'33498001481261404620929','3349800157478',1,'2018-09-15 10:15:35'),(274,'33498001481261404620929','3340100406752',0,'0000-00-00 00:00:00'),(275,'33498001481261404620929','5489900003168',0,'0000-00-00 00:00:00'),(276,'33498001481261404620929','3341500594972',1,'2014-07-06 11:39:28'),(277,'33498001481261404620929','3469900101 25',0,'0000-00-00 00:00:00'),(278,'33498001481261404620929','3349800246951',0,'0000-00-00 00:00:00'),(279,'33498001481261404620929','3341500269877',0,'0000-00-00 00:00:00'),(280,'33498001481261404620929','3349800239636',0,'0000-00-00 00:00:00'),(281,'33498001481261404620929','3349800039904',0,'0000-00-00 00:00:00'),(282,'33498001481261404620929','334150149495 ',0,'0000-00-00 00:00:00'),(283,'33498001481261404620929','3349800192222',0,'0000-00-00 00:00:00'),(284,'33498001481261404620929','5320200035221',0,'0000-00-00 00:00:00'),(285,'33498001481261404620929','3160100387458',1,'2014-07-06 11:31:43'),(286,'33498001481261404620929','3319900264594',0,'0000-00-00 00:00:00'),(287,'33498001481261404620929','5349990002051',0,'0000-00-00 00:00:00'),(288,'33498001481261404620929','3101500078308',0,'0000-00-00 00:00:00'),(289,'33498001481261404620929','3340700018537',0,'0000-00-00 00:00:00'),(290,'33498002396361404620867','3341500265723',0,'0000-00-00 00:00:00'),(291,'33498002396361404620867','3349900276045',1,'2018-10-02 22:26:36'),(292,'33498002396361404620867','3340100726463',1,'2014-09-17 14:37:14'),(293,'33498002396361404620867','5340790011601',0,'0000-00-00 00:00:00'),(294,'33498002396361404620867','3349800022648',1,'2014-08-28 18:36:44'),(295,'33498002396361404620867','3341501611196',0,'0000-00-00 00:00:00'),(296,'33498002396361404620867','3300100471490',0,'0000-00-00 00:00:00'),(297,'33498002396361404620867','3349800157478',1,'2018-09-15 10:15:42'),(298,'33498002396361404620867','3340100406752',0,'0000-00-00 00:00:00'),(299,'33498002396361404620867','5489900003168',0,'0000-00-00 00:00:00'),(300,'33498002396361404620867','3341500594972',1,'2014-07-06 11:37:30'),(301,'33498002396361404620867','3469900101 25',0,'0000-00-00 00:00:00'),(302,'33498002396361404620867','3349800246951',0,'0000-00-00 00:00:00'),(303,'33498002396361404620867','3341500269877',0,'0000-00-00 00:00:00'),(304,'33498002396361404620867','3349800039904',0,'0000-00-00 00:00:00'),(305,'33498002396361404620867','334150149495 ',0,'0000-00-00 00:00:00'),(306,'33498002396361404620867','3349800192222',0,'0000-00-00 00:00:00'),(307,'33498002396361404620867','5320200035221',0,'0000-00-00 00:00:00'),(308,'33498002396361404620867','3160100387458',1,'2014-07-06 11:30:58'),(309,'33498002396361404620867','3349800148126',1,'2014-07-06 11:32:32'),(310,'33498002396361404620867','3319900264594',0,'0000-00-00 00:00:00'),(311,'33498002396361404620867','5349990002051',0,'0000-00-00 00:00:00'),(312,'33498002396361404620867','3101500078308',0,'0000-00-00 00:00:00'),(313,'33498002396361404620867','3340700018537',0,'0000-00-00 00:00:00'),(314,'33415002657231404620899','3349900276045',1,'2014-07-06 11:32:47'),(315,'33415002657231404620899','3340100726463',1,'2014-09-17 14:39:38'),(316,'33415002657231404620899','5340790011601',0,'0000-00-00 00:00:00'),(317,'33415002657231404620899','3349800022648',1,'2014-08-28 18:36:49'),(318,'33415002657231404620899','3341501611196',1,'2014-07-06 11:31:41'),(319,'33415002657231404620899','3300100471490',1,'2014-07-06 12:14:22'),(320,'33415002657231404620899','3349800157478',1,'2018-09-15 10:15:48'),(321,'33415002657231404620899','3340100406752',0,'0000-00-00 00:00:00'),(322,'33415002657231404620899','5489900003168',0,'0000-00-00 00:00:00'),(323,'33415002657231404620899','3341500594972',1,'2014-07-06 11:31:48'),(324,'33415002657231404620899','3469900101 25',0,'0000-00-00 00:00:00'),(325,'33415002657231404620899','3349800246951',1,'2014-07-06 11:31:20'),(326,'33415002657231404620899','3341500269877',0,'0000-00-00 00:00:00'),(327,'33415002657231404620899','3349800239636',1,'2014-07-06 11:31:26'),(328,'33415002657231404620899','3349800039904',0,'0000-00-00 00:00:00'),(329,'33415002657231404620899','334150149495 ',0,'0000-00-00 00:00:00'),(330,'33415002657231404620899','3349800192222',0,'0000-00-00 00:00:00'),(331,'33415002657231404620899','5320200035221',0,'0000-00-00 00:00:00'),(332,'33415002657231404620899','3160100387458',1,'2014-07-06 11:31:03'),(333,'33415002657231404620899','3349800148126',0,'0000-00-00 00:00:00'),(334,'33415002657231404620899','3319900264594',0,'0000-00-00 00:00:00'),(335,'33415002657231404620899','5349990002051',0,'0000-00-00 00:00:00'),(336,'33415002657231404620899','3101500078308',0,'0000-00-00 00:00:00'),(337,'33415002657231404620899','3340700018537',0,'0000-00-00 00:00:00'),(338,'33499002760451404620292','3341500265723',0,'0000-00-00 00:00:00'),(339,'33499002760451404620292','3340100726463',1,'2014-09-17 14:38:02'),(340,'33499002760451404620292','5340790011601',0,'0000-00-00 00:00:00'),(341,'33499002760451404620292','3349800022648',0,'0000-00-00 00:00:00'),(342,'33499002760451404620292','3341501611196',0,'0000-00-00 00:00:00'),(343,'33499002760451404620292','3300100471490',0,'0000-00-00 00:00:00'),(344,'33499002760451404620292','3349800157478',1,'2018-09-15 10:15:52'),(345,'33499002760451404620292','3340100406752',0,'0000-00-00 00:00:00'),(346,'33499002760451404620292','5489900003168',0,'0000-00-00 00:00:00'),(347,'33499002760451404620292','3341500594972',0,'0000-00-00 00:00:00'),(348,'33499002760451404620292','3469900101 25',0,'0000-00-00 00:00:00'),(349,'33499002760451404620292','3349800246951',0,'0000-00-00 00:00:00'),(350,'33499002760451404620292','3341500269877',0,'0000-00-00 00:00:00'),(351,'33499002760451404620292','3349800239636',0,'0000-00-00 00:00:00'),(352,'33499002760451404620292','3349800039904',0,'0000-00-00 00:00:00'),(353,'33499002760451404620292','334150149495 ',0,'0000-00-00 00:00:00'),(354,'33499002760451404620292','3349800192222',0,'0000-00-00 00:00:00'),(355,'33499002760451404620292','5320200035221',0,'0000-00-00 00:00:00'),(356,'33499002760451404620292','3160100387458',1,'2014-07-06 11:31:06'),(357,'33499002760451404620292','3349800148126',0,'0000-00-00 00:00:00'),(358,'33499002760451404620292','3319900264594',0,'0000-00-00 00:00:00'),(359,'33499002760451404620292','5349990002051',0,'0000-00-00 00:00:00'),(360,'33499002760451404620292','3101500078308',0,'0000-00-00 00:00:00'),(361,'33499002760451404620292','3340700018537',0,'0000-00-00 00:00:00'),(713,'53202000352211405041796','3341500269877',0,'0000-00-00 00:00:00'),(705,'53202000352211405041796','3341501611196',0,'0000-00-00 00:00:00'),(710,'53202000352211405041796','3341500594972',0,'0000-00-00 00:00:00'),(362,'33498000399041404621086','3341500265723',0,'0000-00-00 00:00:00'),(363,'33415005949721404621122','3349800148126',1,'2014-07-06 11:41:41'),(364,'31601003874581404621138','3349800148126',0,'0000-00-00 00:00:00'),(365,'33498002469511404621137','3341500265723',1,'2014-07-06 11:42:10'),(366,'33415016111961404621137','3341500265723',0,'0000-00-00 00:00:00'),(367,'33415016111961404621137','3341500269877',0,'0000-00-00 00:00:00'),(368,'33415016111961404621137','334150149495 ',0,'0000-00-00 00:00:00'),(369,'33415002698771404621124','3340100726463',1,'2014-09-17 14:37:19'),(370,'33415002698771404621124','3341501611196',0,'0000-00-00 00:00:00'),(371,'33498002396361404621213','3341500265723',0,'0000-00-00 00:00:00'),(372,'33498002396361404621213','3340700018537',0,'0000-00-00 00:00:00'),(373,'33498000399041404621362','3341500265723',1,'2014-07-06 11:40:43'),(374,'33415002698771404621375','3469900101 25',0,'0000-00-00 00:00:00'),(375,'33415002698771404621375','3340100726463',0,'0000-00-00 00:00:00'),(376,'33498001481261404621506','3341500265723',0,'0000-00-00 00:00:00'),(377,'33498001481261404621506','3349900276045',1,'2014-10-16 18:58:17'),(378,'33498001481261404621506','3340100726463',1,'2014-09-17 14:37:23'),(379,'33498001481261404621506','5340790011601',0,'0000-00-00 00:00:00'),(380,'33498001481261404621506','3349800022648',1,'2014-08-28 18:36:54'),(381,'33498001481261404621506','3341501611196',0,'0000-00-00 00:00:00'),(382,'33498001481261404621506','3300100471490',0,'0000-00-00 00:00:00'),(383,'33498001481261404621506','3349800157478',1,'2018-09-15 10:15:55'),(384,'33498001481261404621506','3340100406752',0,'0000-00-00 00:00:00'),(385,'33498001481261404621506','5489900003168',0,'0000-00-00 00:00:00'),(386,'33498001481261404621506','3341500594972',0,'0000-00-00 00:00:00'),(387,'33498001481261404621506','3469900101 25',0,'0000-00-00 00:00:00'),(388,'33498001481261404621506','3349800246951',0,'0000-00-00 00:00:00'),(389,'33498001481261404621506','3341500269877',0,'0000-00-00 00:00:00'),(390,'33498001481261404621506','3349800239636',0,'0000-00-00 00:00:00'),(391,'33498001481261404621506','3349800039904',0,'0000-00-00 00:00:00'),(392,'33498001481261404621506','334150149495 ',0,'0000-00-00 00:00:00'),(393,'33498001481261404621506','3349800192222',0,'0000-00-00 00:00:00'),(394,'33498001481261404621506','5320200035221',0,'0000-00-00 00:00:00'),(395,'33498001481261404621506','3160100387458',0,'0000-00-00 00:00:00'),(396,'33498001481261404621506','3319900264594',0,'0000-00-00 00:00:00'),(397,'33498001481261404621506','5349990002051',0,'0000-00-00 00:00:00'),(398,'33498001481261404621506','3101500078308',0,'0000-00-00 00:00:00'),(399,'33498001481261404621506','3340700018537',0,'0000-00-00 00:00:00'),(400,'33401007264631404621362','3341500265723',0,'0000-00-00 00:00:00'),(401,'33401007264631404621362','3349900276045',1,'2014-10-16 18:58:21'),(402,'33401007264631404621362','5340790011601',0,'0000-00-00 00:00:00'),(403,'33401007264631404621362','3349800022648',1,'2014-08-28 18:37:00'),(404,'33401007264631404621362','3341501611196',0,'0000-00-00 00:00:00'),(405,'33401007264631404621362','3300100471490',1,'2014-07-06 12:15:01'),(406,'33401007264631404621362','3349800157478',1,'2018-09-15 10:16:15'),(407,'33401007264631404621362','3340100406752',0,'0000-00-00 00:00:00'),(408,'33401007264631404621362','5489900003168',0,'0000-00-00 00:00:00'),(409,'33401007264631404621362','3341500594972',0,'0000-00-00 00:00:00'),(410,'33401007264631404621362','3469900101 25',0,'0000-00-00 00:00:00'),(411,'33401007264631404621362','3349800246951',0,'0000-00-00 00:00:00'),(412,'33401007264631404621362','3341500269877',0,'0000-00-00 00:00:00'),(413,'33401007264631404621362','3349800239636',0,'0000-00-00 00:00:00'),(414,'33401007264631404621362','3349800039904',0,'0000-00-00 00:00:00'),(415,'33401007264631404621362','334150149495 ',0,'0000-00-00 00:00:00'),(416,'33401007264631404621362','3349800192222',0,'0000-00-00 00:00:00'),(417,'33401007264631404621362','5320200035221',0,'0000-00-00 00:00:00'),(418,'33401007264631404621362','3160100387458',0,'0000-00-00 00:00:00'),(419,'33401007264631404621362','3349800148126',0,'0000-00-00 00:00:00'),(420,'33401007264631404621362','3319900264594',0,'0000-00-00 00:00:00'),(421,'33401007264631404621362','5349990002051',0,'0000-00-00 00:00:00'),(422,'33401007264631404621362','3101500078308',0,'0000-00-00 00:00:00'),(423,'33401007264631404621362','3340700018537',0,'0000-00-00 00:00:00'),(424,'','3341500265723',1,'2014-07-06 12:49:46'),(425,'','3349900276045',1,'2014-07-27 18:47:48'),(426,'','3340100726463',1,'2014-07-08 22:10:17'),(427,'','5340790011601',0,'0000-00-00 00:00:00'),(428,'','3349800022648',1,'2014-08-28 18:37:08'),(429,'','3341501611196',0,'0000-00-00 00:00:00'),(430,'','3300100471490',1,'2014-07-06 12:15:11'),(431,'','3349800157478',1,'2018-09-15 10:16:35'),(432,'','3340100406752',0,'0000-00-00 00:00:00'),(433,'','5489900003168',0,'0000-00-00 00:00:00'),(434,'','3341500594972',0,'0000-00-00 00:00:00'),(435,'','3469900101 25',0,'0000-00-00 00:00:00'),(436,'','3349800246951',1,'2014-07-06 12:46:54'),(437,'','3341500269877',0,'0000-00-00 00:00:00'),(438,'','3349800039904',0,'0000-00-00 00:00:00'),(439,'','334150149495 ',0,'0000-00-00 00:00:00'),(440,'','3349800192222',0,'0000-00-00 00:00:00'),(441,'','5320200035221',1,'2014-07-07 11:41:19'),(442,'','3160100387458',0,'0000-00-00 00:00:00'),(443,'','3349800148126',0,'0000-00-00 00:00:00'),(444,'','3319900264594',0,'0000-00-00 00:00:00'),(445,'','5349990002051',0,'0000-00-00 00:00:00'),(446,'','3101500078308',0,'0000-00-00 00:00:00'),(447,'','3340700018537',0,'0000-00-00 00:00:00'),(448,'33498002396361404621380','3341500265723',1,'2014-07-06 11:40:23'),(449,'33498002396361404621380','3349900276045',1,'2018-10-02 22:26:42'),(450,'33498002396361404621380','3340100726463',1,'2014-07-09 16:18:57'),(451,'33498002396361404621380','5340790011601',0,'0000-00-00 00:00:00'),(452,'33498002396361404621380','3349800022648',1,'2015-08-09 10:26:46'),(453,'33498002396361404621380','3341501611196',0,'0000-00-00 00:00:00'),(454,'33498002396361404621380','3300100471490',1,'2014-07-06 12:15:17'),(455,'33498002396361404621380','3349800157478',1,'2018-09-15 10:31:35'),(456,'33498002396361404621380','3340100406752',0,'0000-00-00 00:00:00'),(457,'33498002396361404621380','5489900003168',0,'0000-00-00 00:00:00'),(458,'33498002396361404621380','3341500594972',0,'0000-00-00 00:00:00'),(459,'33498002396361404621380','3469900101 25',0,'0000-00-00 00:00:00'),(460,'33498002396361404621380','3349800246951',0,'0000-00-00 00:00:00'),(461,'33498002396361404621380','3341500269877',0,'0000-00-00 00:00:00'),(462,'33498002396361404621380','3349800039904',0,'0000-00-00 00:00:00'),(463,'33498002396361404621380','334150149495 ',0,'0000-00-00 00:00:00'),(464,'33498002396361404621380','3349800192222',0,'0000-00-00 00:00:00'),(465,'33498002396361404621380','5320200035221',0,'0000-00-00 00:00:00'),(466,'33498002396361404621380','3160100387458',0,'0000-00-00 00:00:00'),(467,'33498002396361404621380','3349800148126',0,'0000-00-00 00:00:00'),(468,'33498002396361404621380','3319900264594',0,'0000-00-00 00:00:00'),(469,'33498002396361404621380','5349990002051',0,'0000-00-00 00:00:00'),(470,'33498002396361404621380','3101500078308',0,'0000-00-00 00:00:00'),(471,'33498002396361404621380','3340700018537',0,'0000-00-00 00:00:00'),(472,'33499002760451404621515','3341500265723',0,'0000-00-00 00:00:00'),(473,'33499002760451404621515','3340100726463',1,'2014-07-06 12:22:06'),(474,'33499002760451404621515','5340790011601',0,'0000-00-00 00:00:00'),(475,'33499002760451404621515','3349800022648',1,'2015-08-09 10:27:09'),(476,'33499002760451404621515','3341501611196',0,'0000-00-00 00:00:00'),(477,'33499002760451404621515','3300100471490',1,'2014-07-06 12:16:52'),(478,'33499002760451404621515','3349800157478',1,'2018-09-15 10:31:39'),(479,'33499002760451404621515','3340100406752',0,'0000-00-00 00:00:00'),(480,'33499002760451404621515','5489900003168',0,'0000-00-00 00:00:00'),(481,'33499002760451404621515','3341500594972',0,'0000-00-00 00:00:00'),(482,'33499002760451404621515','3469900101 25',0,'0000-00-00 00:00:00'),(483,'33499002760451404621515','3349800246951',0,'0000-00-00 00:00:00'),(484,'33499002760451404621515','3341500269877',1,'2014-07-06 11:40:49'),(485,'33499002760451404621515','3349800239636',0,'0000-00-00 00:00:00'),(486,'33499002760451404621515','3349800039904',0,'0000-00-00 00:00:00'),(487,'33499002760451404621515','334150149495 ',0,'0000-00-00 00:00:00'),(488,'33499002760451404621515','3349800192222',0,'0000-00-00 00:00:00'),(489,'33499002760451404621515','5320200035221',0,'0000-00-00 00:00:00'),(490,'33499002760451404621515','3160100387458',1,'2014-07-06 11:39:50'),(491,'33499002760451404621515','3349800148126',0,'0000-00-00 00:00:00'),(492,'33499002760451404621515','3319900264594',0,'0000-00-00 00:00:00'),(493,'33499002760451404621515','5349990002051',0,'0000-00-00 00:00:00'),(494,'33499002760451404621515','3101500078308',0,'0000-00-00 00:00:00'),(495,'33499002760451404621515','3340700018537',0,'0000-00-00 00:00:00'),(496,'31601003874581404621360','3341500265723',0,'0000-00-00 00:00:00'),(497,'31601003874581404621360','3349900276045',1,'2014-08-24 12:59:25'),(498,'31601003874581404621360','3340100726463',1,'2014-07-09 16:19:04'),(499,'31601003874581404621360','5340790011601',0,'0000-00-00 00:00:00'),(500,'31601003874581404621360','3349800022648',1,'2015-08-09 10:27:15'),(501,'31601003874581404621360','3341501611196',0,'0000-00-00 00:00:00'),(502,'31601003874581404621360','3300100471490',1,'2014-07-06 12:16:46'),(503,'31601003874581404621360','3349800157478',1,'2018-09-15 10:31:43'),(504,'31601003874581404621360','3340100406752',0,'0000-00-00 00:00:00'),(505,'31601003874581404621360','5489900003168',0,'0000-00-00 00:00:00'),(506,'31601003874581404621360','3341500594972',1,'2014-07-06 11:40:30'),(507,'31601003874581404621360','3469900101 25',0,'0000-00-00 00:00:00'),(508,'31601003874581404621360','3349800246951',1,'2014-07-06 11:41:17'),(509,'31601003874581404621360','3341500269877',1,'2014-07-06 11:40:54'),(510,'31601003874581404621360','3349800239636',1,'2014-07-06 13:10:03'),(511,'31601003874581404621360','3349800039904',0,'0000-00-00 00:00:00'),(512,'31601003874581404621360','334150149495 ',0,'0000-00-00 00:00:00'),(513,'31601003874581404621360','3349800192222',0,'0000-00-00 00:00:00'),(514,'31601003874581404621360','5320200035221',0,'0000-00-00 00:00:00'),(515,'31601003874581404621360','3349800148126',0,'0000-00-00 00:00:00'),(516,'31601003874581404621360','3319900264594',0,'0000-00-00 00:00:00'),(517,'31601003874581404621360','5349990002051',0,'0000-00-00 00:00:00'),(518,'31601003874581404621360','3101500078308',0,'0000-00-00 00:00:00'),(519,'31601003874581404621360','3340700018537',0,'0000-00-00 00:00:00'),(520,'33499002760451404621668','3340100726463',1,'2014-07-06 12:22:12'),(521,'33499002760451404621668','3349800022648',0,'0000-00-00 00:00:00'),(723,'53202000352211405041796','3340700018537',0,'0000-00-00 00:00:00'),(522,'33001004714901404621578','3341500265723',1,'2014-07-06 12:49:48'),(523,'33001004714901404621578','3349900276045',1,'2014-08-09 21:51:09'),(524,'33001004714901404621578','3340100726463',1,'2014-07-15 09:26:35'),(525,'33001004714901404621578','5340790011601',0,'0000-00-00 00:00:00'),(526,'33001004714901404621578','3349800022648',0,'0000-00-00 00:00:00'),(527,'33001004714901404621578','3341501611196',0,'0000-00-00 00:00:00'),(528,'33001004714901404621578','3349800157478',1,'2018-09-15 10:31:45'),(529,'33001004714901404621578','3340100406752',0,'0000-00-00 00:00:00'),(530,'33001004714901404621578','5489900003168',0,'0000-00-00 00:00:00'),(531,'33001004714901404621578','3341500594972',0,'0000-00-00 00:00:00'),(532,'33001004714901404621578','3469900101 25',0,'0000-00-00 00:00:00'),(533,'33001004714901404621578','3349800246951',1,'2014-07-06 12:49:07'),(534,'33001004714901404621578','3341500269877',0,'0000-00-00 00:00:00'),(535,'33001004714901404621578','3349800239636',0,'0000-00-00 00:00:00'),(536,'33001004714901404621578','3349800039904',0,'0000-00-00 00:00:00'),(537,'33001004714901404621578','334150149495 ',0,'0000-00-00 00:00:00'),(538,'33001004714901404621578','3349800192222',0,'0000-00-00 00:00:00'),(539,'33001004714901404621578','5320200035221',0,'0000-00-00 00:00:00'),(540,'33001004714901404621578','3160100387458',0,'0000-00-00 00:00:00'),(541,'33001004714901404621578','3349800148126',0,'0000-00-00 00:00:00'),(542,'33001004714901404621578','3319900264594',0,'0000-00-00 00:00:00'),(543,'33001004714901404621578','5349990002051',0,'0000-00-00 00:00:00'),(544,'33001004714901404621578','3101500078308',0,'0000-00-00 00:00:00'),(545,'33001004714901404621578','3340700018537',0,'0000-00-00 00:00:00'),(546,'','3341500265723',1,'2014-07-06 12:49:46'),(547,'','3349900276045',1,'2014-07-27 18:47:48'),(548,'','3340100726463',1,'2014-07-08 22:10:17'),(549,'','5340790011601',0,'0000-00-00 00:00:00'),(550,'','3349800022648',1,'2014-08-28 18:37:08'),(551,'','3341501611196',0,'0000-00-00 00:00:00'),(552,'','3300100471490',1,'2014-07-06 12:15:11'),(553,'','3349800157478',1,'2018-09-15 10:16:35'),(554,'','3340100406752',0,'0000-00-00 00:00:00'),(555,'','5489900003168',0,'0000-00-00 00:00:00'),(556,'','3341500594972',0,'0000-00-00 00:00:00'),(557,'','3469900101 25',0,'0000-00-00 00:00:00'),(558,'','3349800246951',1,'2014-07-06 12:46:54'),(559,'','3341500269877',0,'0000-00-00 00:00:00'),(560,'','3349800239636',1,'2014-07-06 12:21:10'),(561,'','3349800039904',0,'0000-00-00 00:00:00'),(562,'','334150149495 ',0,'0000-00-00 00:00:00'),(563,'','3349800192222',0,'0000-00-00 00:00:00'),(564,'','5320200035221',1,'2014-07-07 11:41:19'),(565,'','3349800148126',0,'0000-00-00 00:00:00'),(566,'','3319900264594',0,'0000-00-00 00:00:00'),(567,'','5349990002051',0,'0000-00-00 00:00:00'),(568,'','3101500078308',0,'0000-00-00 00:00:00'),(569,'','3340700018537',0,'0000-00-00 00:00:00'),(570,'31601003874581404621653','3341500265723',0,'0000-00-00 00:00:00'),(571,'31601003874581404621653','3349900276045',1,'2014-08-24 12:59:46'),(572,'31601003874581404621653','3340100726463',1,'2014-07-09 16:19:12'),(573,'31601003874581404621653','5340790011601',0,'0000-00-00 00:00:00'),(574,'31601003874581404621653','3349800022648',1,'2015-08-09 10:28:34'),(575,'31601003874581404621653','3341501611196',0,'0000-00-00 00:00:00'),(576,'31601003874581404621653','3300100471490',1,'2014-07-06 12:16:38'),(577,'31601003874581404621653','3349800157478',1,'2018-09-15 10:31:49'),(578,'31601003874581404621653','3340100406752',0,'0000-00-00 00:00:00'),(579,'31601003874581404621653','5489900003168',0,'0000-00-00 00:00:00'),(580,'31601003874581404621653','3341500594972',0,'0000-00-00 00:00:00'),(581,'31601003874581404621653','3469900101 25',0,'0000-00-00 00:00:00'),(582,'31601003874581404621653','3349800246951',1,'2014-07-06 12:45:49'),(583,'31601003874581404621653','3341500269877',0,'0000-00-00 00:00:00'),(584,'31601003874581404621653','3349800239636',1,'2014-07-06 11:45:17'),(585,'31601003874581404621653','3349800039904',0,'0000-00-00 00:00:00'),(586,'31601003874581404621653','334150149495 ',0,'0000-00-00 00:00:00'),(587,'31601003874581404621653','3349800192222',0,'0000-00-00 00:00:00'),(588,'31601003874581404621653','5320200035221',0,'0000-00-00 00:00:00'),(589,'31601003874581404621653','3349800148126',0,'0000-00-00 00:00:00'),(590,'31601003874581404621653','3319900264594',0,'0000-00-00 00:00:00'),(591,'31601003874581404621653','5349990002051',0,'0000-00-00 00:00:00'),(592,'31601003874581404621653','3101500078308',0,'0000-00-00 00:00:00'),(593,'31601003874581404621653','3340700018537',0,'0000-00-00 00:00:00'),(594,'33498001481261404621506','3341500265723',0,'0000-00-00 00:00:00'),(595,'33498001481261404621506','3349800039904',0,'0000-00-00 00:00:00'),(596,'33498001481261404621506','3341500594972',0,'0000-00-00 00:00:00'),(597,'33498001481261404621506','3341501611196',0,'0000-00-00 00:00:00'),(598,'33498001481261404621506','3349800157478',1,'2018-09-15 10:15:55'),(717,'53202000352211405041796','3349800192222',0,'0000-00-00 00:00:00'),(599,'33001004714901404623864','3341500265723',0,'0000-00-00 00:00:00'),(600,'33001004714901404623864','3349900276045',1,'2014-08-24 12:59:54'),(601,'33001004714901404623864','3340100726463',1,'2014-07-15 09:26:45'),(602,'33001004714901404623864','5340790011601',0,'0000-00-00 00:00:00'),(603,'33001004714901404623864','3349800022648',0,'0000-00-00 00:00:00'),(604,'33001004714901404623864','3341501611196',0,'0000-00-00 00:00:00'),(605,'33001004714901404623864','3349800157478',1,'2018-09-15 10:31:53'),(606,'33001004714901404623864','3340100406752',0,'0000-00-00 00:00:00'),(607,'33001004714901404623864','5489900003168',0,'0000-00-00 00:00:00'),(608,'33001004714901404623864','3341500594972',0,'0000-00-00 00:00:00'),(609,'33001004714901404623864','3469900101 25',0,'0000-00-00 00:00:00'),(610,'33001004714901404623864','3349800246951',1,'2014-07-06 12:45:15'),(611,'33001004714901404623864','3341500269877',0,'0000-00-00 00:00:00'),(612,'33001004714901404623864','3349800239636',1,'2014-07-06 12:27:20'),(613,'33001004714901404623864','3349800039904',0,'0000-00-00 00:00:00'),(614,'33001004714901404623864','334150149495 ',0,'0000-00-00 00:00:00'),(615,'33001004714901404623864','3349800192222',0,'0000-00-00 00:00:00'),(616,'33001004714901404623864','5320200035221',0,'0000-00-00 00:00:00'),(617,'33001004714901404623864','3160100387458',1,'2014-07-06 12:49:12'),(618,'33001004714901404623864','3349800148126',0,'0000-00-00 00:00:00'),(619,'33001004714901404623864','3319900264594',0,'0000-00-00 00:00:00'),(620,'33001004714901404623864','5349990002051',0,'0000-00-00 00:00:00'),(621,'33001004714901404623864','3101500078308',0,'0000-00-00 00:00:00'),(622,'33001004714901404623864','3340700018537',0,'0000-00-00 00:00:00'),(623,'33001004714901404623975','5320200035221',0,'0000-00-00 00:00:00'),(624,'33001004714901404623975','3349800157478',0,'0000-00-00 00:00:00'),(625,'33001004714901404623975','5349990002051',0,'0000-00-00 00:00:00'),(626,'33401007264631404624325','3341500265723',1,'2014-07-06 12:49:32'),(627,'33401007264631404624325','3349900276045',1,'2014-08-24 12:59:57'),(628,'33401007264631404624325','5340790011601',0,'0000-00-00 00:00:00'),(629,'33401007264631404624325','3349800022648',1,'2015-08-09 10:27:29'),(630,'33401007264631404624325','3341501611196',0,'0000-00-00 00:00:00'),(631,'33401007264631404624325','3300100471490',1,'2014-07-06 12:26:37'),(632,'33401007264631404624325','3349800157478',1,'2018-09-15 10:31:58'),(633,'33401007264631404624325','3340100406752',0,'0000-00-00 00:00:00'),(634,'33401007264631404624325','5489900003168',0,'0000-00-00 00:00:00'),(635,'33401007264631404624325','3341500594972',0,'0000-00-00 00:00:00'),(636,'33401007264631404624325','3469900101 25',0,'0000-00-00 00:00:00'),(637,'33401007264631404624325','3349800246951',1,'2014-07-06 12:46:21'),(638,'33401007264631404624325','3341500269877',0,'0000-00-00 00:00:00'),(639,'33401007264631404624325','3349800239636',1,'2014-07-06 12:26:25'),(640,'33401007264631404624325','3349800039904',1,'2014-07-06 12:35:43'),(641,'33401007264631404624325','334150149495 ',0,'0000-00-00 00:00:00'),(642,'33401007264631404624325','3349800192222',0,'0000-00-00 00:00:00'),(643,'33401007264631404624325','5320200035221',0,'0000-00-00 00:00:00'),(644,'33401007264631404624325','3160100387458',1,'2014-07-06 12:49:43'),(645,'33401007264631404624325','3349800148126',1,'2014-07-06 12:44:44'),(646,'33401007264631404624325','3319900264594',0,'0000-00-00 00:00:00'),(647,'33401007264631404624325','5349990002051',0,'0000-00-00 00:00:00'),(648,'33401007264631404624325','3101500078308',0,'0000-00-00 00:00:00'),(649,'33401007264631404624325','3340700018537',0,'0000-00-00 00:00:00'),(650,'','3341500265723',0,'0000-00-00 00:00:00'),(651,'','3349900276045',1,'2014-07-27 18:47:48'),(652,'','3340100726463',1,'2014-07-08 22:10:17'),(653,'','5340790011601',0,'0000-00-00 00:00:00'),(654,'','3349800022648',1,'2014-08-28 18:37:08'),(655,'','3341501611196',0,'0000-00-00 00:00:00'),(656,'','3300100471490',0,'0000-00-00 00:00:00'),(657,'','3349800157478',1,'2018-09-15 10:16:35'),(658,'','3340100406752',0,'0000-00-00 00:00:00'),(659,'','5489900003168',0,'0000-00-00 00:00:00'),(660,'','3341500594972',0,'0000-00-00 00:00:00'),(661,'','3469900101 25',0,'0000-00-00 00:00:00'),(662,'','3349800246951',0,'0000-00-00 00:00:00'),(663,'','3341500269877',0,'0000-00-00 00:00:00'),(664,'','3349800039904',0,'0000-00-00 00:00:00'),(665,'','334150149495 ',0,'0000-00-00 00:00:00'),(666,'','3349800192222',0,'0000-00-00 00:00:00'),(667,'','5320200035221',1,'2014-07-07 11:41:19'),(668,'','3160100387458',0,'0000-00-00 00:00:00'),(669,'','3349800148126',0,'0000-00-00 00:00:00'),(670,'','3319900264594',0,'0000-00-00 00:00:00'),(671,'','5349990002051',0,'0000-00-00 00:00:00'),(672,'','3101500078308',0,'0000-00-00 00:00:00'),(673,'','3340700018537',0,'0000-00-00 00:00:00'),(674,'','3341500265723',0,'0000-00-00 00:00:00'),(675,'','3349900276045',1,'2014-07-27 18:47:48'),(676,'','3340100726463',1,'2014-07-08 22:10:17'),(677,'','5340790011601',0,'0000-00-00 00:00:00'),(678,'','3349800022648',1,'2014-08-28 18:37:08'),(679,'','3341501611196',0,'0000-00-00 00:00:00'),(680,'','3300100471490',0,'0000-00-00 00:00:00'),(681,'','3349800157478',1,'2018-09-15 10:16:35'),(682,'','3340100406752',0,'0000-00-00 00:00:00'),(683,'','5489900003168',0,'0000-00-00 00:00:00'),(684,'','3341500594972',0,'0000-00-00 00:00:00'),(685,'','3469900101 25',0,'0000-00-00 00:00:00'),(686,'','3349800246951',0,'0000-00-00 00:00:00'),(687,'','3341500269877',0,'0000-00-00 00:00:00'),(688,'','3349800039904',0,'0000-00-00 00:00:00'),(689,'','334150149495 ',0,'0000-00-00 00:00:00'),(690,'','3349800192222',0,'0000-00-00 00:00:00'),(691,'','5320200035221',1,'2014-07-07 11:41:19'),(692,'','3160100387458',0,'0000-00-00 00:00:00'),(693,'','3349800148126',0,'0000-00-00 00:00:00'),(694,'','3319900264594',0,'0000-00-00 00:00:00'),(695,'','5349990002051',0,'0000-00-00 00:00:00'),(696,'','3101500078308',0,'0000-00-00 00:00:00'),(697,'','3340700018537',0,'0000-00-00 00:00:00'),(709,'53202000352211405041796','5489900003168',0,'0000-00-00 00:00:00'),(698,'53202000352211405041132','3349800148126',0,'0000-00-00 00:00:00'),(699,'53202000352211405041132','3341500594972',0,'0000-00-00 00:00:00'),(724,'53202000352211405605174','3341500265723',0,'0000-00-00 00:00:00'),(725,'53202000352211405605174','3349900276045',1,'2014-07-27 18:47:23'),(726,'53202000352211405605174','3340100726463',1,'2014-07-21 10:57:43'),(727,'53202000352211405605174','5340790011601',1,'2019-10-31 18:01:09'),(728,'53202000352211405605174','3349800022648',1,'2014-08-28 18:34:48'),(729,'53202000352211405605174','3341501611196',0,'0000-00-00 00:00:00'),(730,'53202000352211405605174','3300100471490',0,'0000-00-00 00:00:00'),(731,'53202000352211405605174','3349800157478',1,'2017-11-04 18:46:47'),(732,'53202000352211405605174','3340100406752',0,'0000-00-00 00:00:00'),(733,'53202000352211405605174','5489900003168',0,'0000-00-00 00:00:00'),(734,'53202000352211405605174','1341500594972',1,'2014-07-22 04:49:47'),(735,'53202000352211405605174','3469900101 25',0,'0000-00-00 00:00:00'),(736,'53202000352211405605174','3349800246951',0,'0000-00-00 00:00:00'),(737,'53202000352211405605174','3341500269877',0,'0000-00-00 00:00:00'),(738,'53202000352211405605174','3349800239636',0,'0000-00-00 00:00:00'),(739,'53202000352211405605174','3349800039904',0,'0000-00-00 00:00:00'),(740,'53202000352211405605174','334150149495 ',0,'0000-00-00 00:00:00'),(741,'53202000352211405605174','3349800192222',0,'0000-00-00 00:00:00'),(742,'53202000352211405605174','3160100387458',0,'0000-00-00 00:00:00'),(743,'53202000352211405605174','3349800148126',0,'0000-00-00 00:00:00'),(744,'53202000352211405605174','3319900264594',0,'0000-00-00 00:00:00'),(745,'53202000352211405605174','5349990002051',1,'2015-12-24 18:23:25'),(746,'53202000352211405605174','3101500078308',0,'0000-00-00 00:00:00'),(747,'53202000352211405605174','3340700018537',0,'0000-00-00 00:00:00'),(748,'33401007264631406102374','5320200035221',0,'0000-00-00 00:00:00'),(749,'53202000352211406286046','3300100471490',0,'0000-00-00 00:00:00'),(750,'53202000352211406539401','3341500265723',0,'0000-00-00 00:00:00'),(751,'53202000352211406539401','3349900276045',1,'2014-08-09 21:49:10'),(752,'53202000352211406539401','3340100726463',1,'2014-07-31 21:17:15'),(753,'53202000352211406539401','5340790011601',1,'2019-06-11 11:16:50'),(754,'53202000352211406539401','3349800022648',1,'2014-08-28 18:34:55'),(755,'53202000352211406539401','3341501611196',0,'0000-00-00 00:00:00'),(756,'53202000352211406539401','3300100471490',0,'0000-00-00 00:00:00'),(757,'53202000352211406539401','3349800157478',1,'2017-11-04 18:46:58'),(758,'53202000352211406539401','3340100406752',0,'0000-00-00 00:00:00'),(759,'53202000352211406539401','5489900003168',0,'0000-00-00 00:00:00'),(760,'53202000352211406539401','1341500594972',1,'2014-07-31 08:24:27'),(761,'53202000352211406539401','3469900101 25',0,'0000-00-00 00:00:00'),(762,'53202000352211406539401','3349800246951',0,'0000-00-00 00:00:00'),(763,'53202000352211406539401','3341500269877',0,'0000-00-00 00:00:00'),(764,'53202000352211406539401','3349800239636',0,'0000-00-00 00:00:00'),(765,'53202000352211406539401','3349800039904',0,'0000-00-00 00:00:00'),(766,'53202000352211406539401','334150149495 ',0,'0000-00-00 00:00:00'),(767,'53202000352211406539401','3349800192222',0,'0000-00-00 00:00:00'),(768,'53202000352211406539401','3160100387458',0,'0000-00-00 00:00:00'),(769,'53202000352211406539401','3349800148126',0,'0000-00-00 00:00:00'),(770,'53202000352211406539401','3319900264594',0,'0000-00-00 00:00:00'),(771,'53202000352211406539401','5349990002051',1,'2015-12-24 18:23:36'),(772,'53202000352211406539401','3101500078308',0,'0000-00-00 00:00:00'),(773,'53202000352211406539401','3340700018537',0,'0000-00-00 00:00:00'),(774,'53202000352211406593206','3341500265723',0,'0000-00-00 00:00:00'),(775,'53202000352211406593206','3349900276045',1,'2014-08-09 21:48:05'),(776,'53202000352211406593206','3340100726463',1,'2014-07-31 21:17:34'),(777,'53202000352211406593206','5340790011601',1,'2019-10-31 18:01:02'),(778,'53202000352211406593206','3349800022648',1,'2014-08-28 18:35:05'),(779,'53202000352211406593206','3341501611196',0,'0000-00-00 00:00:00'),(780,'53202000352211406593206','3300100471490',0,'0000-00-00 00:00:00'),(781,'53202000352211406593206','3349800157478',1,'2017-11-04 18:47:03'),(782,'53202000352211406593206','3340100406752',0,'0000-00-00 00:00:00'),(783,'53202000352211406593206','5489900003168',0,'0000-00-00 00:00:00'),(784,'53202000352211406593206','1341500594972',1,'2014-07-31 08:24:46'),(785,'53202000352211406593206','3469900101 25',0,'0000-00-00 00:00:00'),(786,'53202000352211406593206','3349800246951',0,'0000-00-00 00:00:00'),(787,'53202000352211406593206','3341500269877',0,'0000-00-00 00:00:00'),(788,'53202000352211406593206','3349800239636',0,'0000-00-00 00:00:00'),(789,'53202000352211406593206','3349800039904',0,'0000-00-00 00:00:00'),(790,'53202000352211406593206','334150149495 ',0,'0000-00-00 00:00:00'),(791,'53202000352211406593206','3349800192222',0,'0000-00-00 00:00:00'),(792,'53202000352211406593206','3160100387458',0,'0000-00-00 00:00:00'),(793,'53202000352211406593206','3349800148126',0,'0000-00-00 00:00:00'),(794,'53202000352211406593206','3319900264594',0,'0000-00-00 00:00:00'),(795,'53202000352211406593206','5349990002051',1,'2015-12-24 18:23:40'),(796,'53202000352211406593206','3101500078308',0,'0000-00-00 00:00:00'),(797,'53202000352211406593206','3340700018537',0,'0000-00-00 00:00:00'),(798,'53202000352211406630015','3160100387458',0,'0000-00-00 00:00:00'),(799,'53202000352211406630015','3349800239636',0,'0000-00-00 00:00:00'),(800,'53202000352211406630015','3349800039904',0,'0000-00-00 00:00:00'),(801,'53202000352211406630015','3349800192222',0,'0000-00-00 00:00:00'),(802,'53202000352211406630015','3349800148126',0,'0000-00-00 00:00:00'),(803,'53202000352211406630015','3319900264594',0,'0000-00-00 00:00:00'),(804,'53202000352211406630015','3349800022648',1,'2014-08-28 18:35:16'),(805,'53202000352211406630015','3349800157478',1,'2017-11-04 19:33:23'),(806,'53202000352211406630015','1341500594972',1,'2014-07-31 08:25:06'),(807,'33401007264631406816347','5320200035221',0,'0000-00-00 00:00:00'),(808,'33401007264631406816924','5320200035221',0,'0000-00-00 00:00:00'),(809,'33401007264631406817618','5320200035221',1,'2014-08-06 07:38:12'),(810,'33401007264631406818915','5320200035221',1,'2014-08-06 07:40:01'),(811,'33401007264631407075953','3160100387458',0,'0000-00-00 00:00:00'),(812,'53202000352211407114811','3341500265723',0,'0000-00-00 00:00:00'),(813,'53202000352211407114811','3349900276045',1,'2014-08-09 21:48:20'),(814,'53202000352211407114811','3340100726463',1,'2014-08-06 10:16:49'),(815,'53202000352211407114811','5340790011601',1,'2019-10-31 18:00:56'),(816,'53202000352211407114811','3349800022648',1,'2014-08-28 18:35:23'),(817,'53202000352211407114811','3341501611196',0,'0000-00-00 00:00:00'),(818,'53202000352211407114811','3300100471490',0,'0000-00-00 00:00:00'),(819,'53202000352211407114811','3349800157478',1,'2017-11-04 18:47:14'),(820,'53202000352211407114811','3340100406752',0,'0000-00-00 00:00:00'),(821,'53202000352211407114811','5489900003168',0,'0000-00-00 00:00:00'),(822,'53202000352211407114811','1341500594972',1,'2014-08-05 10:23:27'),(823,'53202000352211407114811','3469900101 25',0,'0000-00-00 00:00:00'),(824,'53202000352211407114811','3349800246951',0,'0000-00-00 00:00:00'),(825,'53202000352211407114811','3341500269877',0,'0000-00-00 00:00:00'),(826,'53202000352211407114811','3349800239636',0,'0000-00-00 00:00:00'),(827,'53202000352211407114811','3349800039904',0,'0000-00-00 00:00:00'),(828,'53202000352211407114811','334150149495 ',0,'0000-00-00 00:00:00'),(829,'53202000352211407114811','3349800192222',0,'0000-00-00 00:00:00'),(830,'53202000352211407114811','3160100387458',0,'0000-00-00 00:00:00'),(831,'53202000352211407114811','3349800148126',0,'0000-00-00 00:00:00'),(832,'53202000352211407114811','3319900264594',0,'0000-00-00 00:00:00'),(833,'53202000352211407114811','5349990002051',1,'2014-11-21 14:27:09'),(834,'53202000352211407114811','3101500078308',0,'0000-00-00 00:00:00'),(835,'53202000352211407114811','3340700018537',0,'0000-00-00 00:00:00'),(836,'53202000352211407285306','3341500265723',0,'0000-00-00 00:00:00'),(837,'53202000352211407285306','3349900276045',1,'2014-08-09 21:48:41'),(838,'53202000352211407285306','3340100726463',1,'2014-08-06 10:16:59'),(839,'53202000352211407285306','5340790011601',1,'2019-10-31 18:00:44'),(840,'53202000352211407285306','3349800022648',1,'2014-08-28 18:35:30'),(841,'53202000352211407285306','3341501611196',0,'0000-00-00 00:00:00'),(842,'53202000352211407285306','3300100471490',0,'0000-00-00 00:00:00'),(843,'53202000352211407285306','3349800157478',1,'2017-11-04 18:47:34'),(844,'53202000352211407285306','3340100406752',0,'0000-00-00 00:00:00'),(845,'53202000352211407285306','5489900003168',0,'0000-00-00 00:00:00'),(846,'53202000352211407285306','1341500594972',1,'2014-08-06 10:38:38'),(847,'53202000352211407285306','3469900101 25',0,'0000-00-00 00:00:00'),(848,'53202000352211407285306','3349800246951',0,'0000-00-00 00:00:00'),(849,'53202000352211407285306','3341500269877',0,'0000-00-00 00:00:00'),(850,'53202000352211407285306','3349800239636',0,'0000-00-00 00:00:00'),(851,'53202000352211407285306','3349800039904',0,'0000-00-00 00:00:00'),(852,'53202000352211407285306','334150149495 ',0,'0000-00-00 00:00:00'),(853,'53202000352211407285306','3349800192222',0,'0000-00-00 00:00:00'),(854,'53202000352211407285306','3160100387458',0,'0000-00-00 00:00:00'),(855,'53202000352211407285306','3349800148126',0,'0000-00-00 00:00:00'),(856,'53202000352211407285306','3319900264594',0,'0000-00-00 00:00:00'),(857,'53202000352211407285306','5349990002051',1,'2014-11-21 14:26:18'),(858,'53202000352211407285306','3101500078308',0,'0000-00-00 00:00:00'),(859,'53202000352211407285306','3340700018537',0,'0000-00-00 00:00:00'),(860,'33401007264631411024581','5320200035221',0,'0000-00-00 00:00:00'),(861,'53202000352211411818665','3341500265723',0,'0000-00-00 00:00:00'),(862,'53202000352211411818665','3349900276045',1,'2014-10-16 18:57:04'),(863,'53202000352211411818665','3340100726463',1,'2015-12-17 14:44:18'),(864,'53202000352211411818665','5340790011601',1,'2019-01-23 12:54:13'),(865,'53202000352211411818665','3349800022648',1,'2015-08-09 10:26:10'),(866,'53202000352211411818665','3341501611196',0,'0000-00-00 00:00:00'),(867,'53202000352211411818665','3300100471490',0,'0000-00-00 00:00:00'),(868,'53202000352211411818665','3349800157478',1,'2018-08-02 21:38:39'),(869,'53202000352211411818665','3340100406752',0,'0000-00-00 00:00:00'),(870,'53202000352211411818665','5489900003168',0,'0000-00-00 00:00:00'),(871,'53202000352211411818665','1341500594972',1,'2014-10-02 18:49:11'),(872,'53202000352211411818665','3469900101 25',0,'0000-00-00 00:00:00'),(873,'53202000352211411818665','3349800246951',0,'0000-00-00 00:00:00'),(874,'53202000352211411818665','3341500269877',0,'0000-00-00 00:00:00'),(875,'53202000352211411818665','3349800239636',0,'0000-00-00 00:00:00'),(876,'53202000352211411818665','3349800039904',0,'0000-00-00 00:00:00'),(877,'53202000352211411818665','334150149495 ',0,'0000-00-00 00:00:00'),(878,'53202000352211411818665','3349800192222',0,'0000-00-00 00:00:00'),(879,'53202000352211411818665','3160100387458',0,'0000-00-00 00:00:00'),(880,'53202000352211411818665','3349800148126',0,'0000-00-00 00:00:00'),(881,'53202000352211411818665','3319900264594',0,'0000-00-00 00:00:00'),(882,'53202000352211411818665','5349990002051',1,'2014-11-21 14:25:45'),(883,'53202000352211411818665','3101500078308',0,'0000-00-00 00:00:00'),(884,'53202000352211411818665','3340700018537',0,'0000-00-00 00:00:00'),(885,'33499002760451420715672','5320200035221',0,'0000-00-00 00:00:00'),(886,'33499002760451420716464','5320200035221',0,'0000-00-00 00:00:00'),(887,'33498001574781572409312','3349800157478',0,'0000-01-01 00:00:00');

--
