-- Table structure for table `bookregister_receive_filebook`
--

CREATE TABLE `bookregister_receive_filebook` (
  `id` int(11) NOT NULL AUTO_INCREMENT,
  `ref_id` varchar(50) NOT NULL,
  `file_name` varchar(100) NOT NULL,
  `file_des` varchar(100) NOT NULL,
  PRIMARY KEY (`id`)
) ENGINE=MyISAM AUTO_INCREMENT=3 DEFAULT CHARSET=utf8 COLLATE=utf8_general_ci;

--
-- Dumping data for table `bookregister_receive_filebook`
--

INSERT INTO `bookregister_receive_filebook` VALUES (1,'1547003357x29933','1547003357x29933_1.pdf','หนังสือราชการ'),(2,'1693277780x9959','1693277780x9959_1.jpg','eee');

--
-- Table structure for table `bookregister_send`
--

CREATE TABLE `bookregister_send` (
  `ms_id` int(11) NOT NULL AUTO_INCREMENT,
  `year` int(11) NOT NULL,
  `register_number` int(11) NOT NULL,
  `book_no` varchar(50) NOT NULL,
  `signdate` date NOT NULL,
  `book_from` varchar(200) NOT NULL,
  `book_to` varchar(200) NOT NULL,
  `subject` varchar(150) NOT NULL,
  `operation` varchar(150) DEFAULT NULL,
  `workgroup` tinyint(4) NOT NULL DEFAULT 0,
  `comment` varchar(100) DEFAULT NULL,
  `register_date` date NOT NULL,
  `ref_id` varchar(50) NOT NULL,
  `officer` varchar(13) DEFAULT NULL,
  `secret` tinyint(4) NOT NULL DEFAULT 0,
  `office_type` tinyint(4) NOT NULL DEFAULT 1,
  PRIMARY KEY (`ms_id`)
) ENGINE=MyISAM AUTO_INCREMENT=51 DEFAULT CHARSET=utf8 COLLATE=utf8_general_ci;

--
-- Dumping data for table `bookregister_send`
--

INSERT INTO `bookregister_send` VALUES (1,2557,143,'ที่ ศธ04186.1571234/143','2014-07-05','โรงเรียนบ้านแฮหนามแท่ง','ผ้อำนวยการสำนักงานเขตพ้นที่การศึกษาประถมศึกษาอุบลราชธานี เขต 4','รายงานการเย่ยมบ้านนักเรียน','นางอาภรณ์  เมืองเหนือ',4,'','2014-07-05','1404540962x1651','3349800120027',0,1),(2,2562,1,'ที่ ศธ04186.1571234/1','2019-01-02','โรงเรียนบ้านแฮหนามแท่ง','สพป.อบ.4','ส่งสำเนาคำสั่งเวรรักษาการณ์ เดือน ม.ค. 2562','',4,'','2019-01-02','1546412394x802','3341501452730',0,1),(3,2562,2,'ที่ ศธ04186.1571234/2','2019-01-02','โรงเรียนบ้านแฮหนามแท่ง','สพป.อบ.4','ขอเบิกงเินงบประมาณ ค่าเช่าบ้าน','นางไสว ท่าโพธิ์',2,'','2019-01-02','1546412438x3840','3341501452730',0,1),(4,2562,3,'ที่ ศธ 04186.157/3','2019-01-07','โรงเรียนบ้านแฮหนามแท่ง','สพป.อบ.4','แผนบูรณาการป้องกันและลดอุบัติเหตุทางถนนช่วงเทศกาลปีใหม่ 2562','',4,'','2019-01-10','1547103498x24432','3341501452730',0,1),(5,2562,4,'ที่ ศธ 04186.157/4','2019-01-08','โรงเรียนบ้านแฮหนามแท่ง','ผู้ปกครอง และแขกผู้มีเกียรติ','ขอเรียนเชิญร่วมเป็นเกียรติในงานวันเด็กแห่งชาติ ประจำปี 2562','',4,'','2019-01-10','1547103605x11173','3341501452730',0,1),(6,2562,5,'ที่ ศธ 04186.157/5','2019-01-08','โรงเรียนบ้านแฮหนามแท่ง','ผู้จัดการ บ.บิ๊กซี ซูเปอร์เซ็นเตอร์ สาขาวารินชำราบ','ขอขอบคุณ','',4,'','2019-01-10','1547103669x2938','3341501452730',0,1),(7,2562,6,'ที่ ศธ 04186.157/6','2019-01-08','โรงเรียนบ้านแฮหนามแท่ง','ผู้ใหญ่บ้าน','ขอความอนุเคราะห์ประชาสัมพันธ์การจัดงานวันเด็กแห่งชาติ','',4,'','2019-01-10','1547103740x29134','3341501452730',0,1),(8,2562,7,'ที่ ศธ 04186.157/7','2019-01-08','โรงเรียนบ้านแฮหนามแท่ง','ผบ.กองพันทหารสื่อสาร จ.ชลบุรี','ขอรับการสนับสนุนการจัดกิจกรรมอยู่ค่ายพักแรม','',4,'','2019-01-10','1547103816x29417','3341501452730',0,1),(9,2562,8,'ที่ ศธ 04186.157/8','2019-01-09','โรงเรียนบ้านแฮหนามแท่ง','ผอ.รพ.สต.คำขวาง','ขอความอนุเคราะห์ข้อมูลเด็กเกิด','',4,'','2019-01-10','1547103863x17389','3341501452730',0,1),(10,2562,9,'ที่ ศธ 04186.157/9','2019-01-10','โรงเรียนบ้านแฮหนามแท่ง','สพป.อบ.4','การรายงานผลการดำเนินงานป้องกันและแก้ไขปัญหายาเสพติด 8 ม.ค. 2562','',4,'','2019-01-10','1547105160x8660','3341501452730',0,1),(11,2562,10,'ที่ ศธ 04186.157/10','2019-01-11','โรงเรียนบ้านแฮหนามแท่ง','สพป.อบ.4','การดำเนินงานสถานศึกษาปลอดบุหรี่','',4,'','2019-01-22','1548124131x11587','3341501452730',0,1),(12,2562,11,'ที่ ศธ 04186.157/11','2019-01-14','โรงเรียนบ้านแฮหนามแท่ง','สพป.อบ.4','รายงานเงินคงเหลือจากโครงการที่ได้รับการสนับสนุนจากเงินดอกผลฯ','',2,'','2019-01-22','1548124337x31806','3341501452730',0,1),(13,2562,12,'ที่ ศธ 04186.157/12','2019-01-15','โรงเรียนบ้านแฮหนามแท่ง','สพป.อบ.4','การจัดสรรงบประมาณค่าเช่าอินเทอร์เน็ต 1','',2,'','2019-01-22','1548124380x1716','3341501452730',0,1),(14,2562,13,'ที่ ศธ 04186.157/13','2019-01-15','โรงเรียนบ้านแฮหนามแท่ง','สพป.อบ.4','การจัดสรรงบประมาณค่าเช่าอินเทอร์เน็ต 2','',2,'','2019-01-22','1548124408x31391','3341501452730',0,1),(15,2562,14,'ที่ ศธ 04186.157/14','2019-01-17','โรงเรียนบ้านแฮหนามแท่ง','สพป.อบ.4','การดำเนินงานสถานศึกษาสีขาว ปลอดยาเสพติดและอบายมุข ปีการศึกษา 2561','',1,'','2019-01-22','1548124517x10635','3341501452730',0,1),(16,2562,15,'ที่ ศธ 04186.157/15','2019-01-18','โรงเรียนบ้านแฮหนามแท่ง','สพป.อบ.4','ส่งเสริม VDO การรณรงค์การจัดการขยะในสถานศึกษา','',1,'','2019-01-22','1548124588x7386','3341501452730',0,1),(17,2562,16,'ที่ ศธ 04186.157/16','2019-01-21','โรงเรียนบ้านแฮหนามแท่ง','สพป.อบ.4','แจังรับเงินอุดหนุนนักเรียนยากจนพิเศษแบบมีเงื่อนไข','',2,'','2019-01-22','1548124641x24512','3341501452730',0,1),(18,2562,17,'ที่ ศธ 04186.157/17','2019-01-22','โรงเรียนบ้านแฮหนามแท่ง','สพป.อบ.4','ของดหัก เอไอเอ','',4,'','2019-01-22','1548139631x22352','3341501452730',0,1),(19,2562,18,'ที่ ศธ 04186.157/18','2019-01-22','โรงเรียนบ้านแฮหนามแท่ง','สพป.อบ.4','นำส่งเงินรายได้แผ่นดิน','',2,'ยกเลิกเลขนี้','2019-02-21','1550740597x31545','3341501452730',0,1),(20,2562,19,'ที่ ศธ 04186.157/19','2019-01-22','โรงเรียนบ้านแฮหนามแท่ง','สพป.อบ.4','การจัดกิจกรรมวันเด็กแห่งชาติ 2562','',4,'','2019-02-21','1550740704x1406','3341501452730',0,1),(21,2562,20,'ที่ ศธ 04186.157/20','2019-01-25','โรงเรียนบ้านแฮหนามแท่ง','นายก ทต.คำขวาง','การรายงานข้อมูลจำนวนนักเรียน ณ วันที่ 25 ม.ค. 2562','',2,'','2019-02-21','1550740903x27359','3341501452730',0,1),(22,2562,21,'ที่ ศธ 04186.157/21','2019-01-25','โรงเรียนบ้านแฮหนามแท่ง','สพป.อบ.4','อ่าน ป.4 ','',1,'','2019-02-21','1550741010x4142','3341501452730',0,1),(23,2562,22,'ที่ ศธ 04186.157/22','2019-01-28','โรงเรียนบ้านแฮหนามแท่ง','ผจก. ธ.กรุงไทย จก. สาขาวารินชำราบ','ขใช้ระบบรับ-นำส่งเงินของส่วนราชการด้วยระบบบัตรอิเล็กทรอนิกส์','',4,'','2019-02-21','1550741103x6095','3341501452730',0,1),(24,2562,23,'ที่ ศธ 04186.157/23','2019-01-28','โรงเรียนบ้านแฮหนามแท่ง','ผอ.รร.บ้านโนนบอน','ส่งนักเรียนขอย้ายมาเข้าเรียน','ด.ช.ไกรศร  หอมจันทร์ ป.4',2,'','2019-02-21','1550741292x21178','3341501452730',0,1),(25,2562,24,'ที่ ศธ 04186.157/24','2019-02-01','โรงเรียนบ้านแฮหนามแท่ง','สพป.อบ.4','รายงานเงินคงเหลือ ณ สิ้น ธ.ค. และ สิ้น ม.ค.','',2,'','2019-02-21','1550741362x11794','3341501452730',0,1),(26,2562,25,'ที่ ศธ 04186.157/25','2019-02-01','โรงเรียนบ้านแฮหนามแท่ง','ผู้ปกครองนักเรียน ป.6','ขออนุญาตนำนักเรียนไปทดสอบ O-Net','',1,'','2019-02-21','1550741471x18915','3341501452730',0,1),(27,2562,26,'ที่ ศธ 04186.157/26','2019-02-01','โรงเรียนบ้านแฮหนามแท่ง','สพป.อบ.4','ขอเบิกค่าเช่าบ้าน','',2,'เอกสารอยู่ที่คุณครูไสว','2019-02-21','1550741593x2895','3341501452730',0,1),(28,2562,27,'ที่ ศธ 04186.157/27','2019-02-04','โรงเรียนบ้านแฮหนามแท่ง','สพป.อบ.4','ส่งสำเนาคำสั่งเวรรักษาการณ์ เดือน ก.พ. 2562','',4,'','2019-02-21','1550741657x4828','3341501452730',0,1),(29,2562,28,'ที่ ศธ 04186.157/28','2019-02-04','โรงเรียนบ้านแฮหนามแท่ง','-','หนังสือรับรอง ด.ญ.ณัฐธิดา  ภูกองสังข์ ป.2','',3,'','2019-02-21','1550741744x10938','3341501452730',0,1),(30,2562,29,'ที่ ศธ 04186.157/29','2019-02-05','โรงเรียนบ้านแฮหนามแท่ง','ผู้ปกครองนักเรียนทุกชั้นเรียน','แจ้งการออกเยี่ยมบ้านนักเรียน','',4,'','2019-02-21','1550741800x20448','3341501452730',0,1),(31,2562,30,'ที่ ศธ 04186.157/30','2019-02-05','โรงเรียนบ้านแฮหนามแท่ง','ผู้ปกครอง','ขออนุญาตนำนักเรียนไปร่วมกิจกรรมเข้าค่ายพักแรมลูกเสือ เนตรนารี 2561','',4,'','2019-02-21','1550741878x3435','3341501452730',0,1),(32,2562,31,'ที่ ศธ 04186.157/31','2019-02-06','โรงเรียนบ้านแฮหนามแท่ง','ผอ.สพป.อบ.4','การจัดสรรงบประมาณค่าเช่าอินเทอร์เน็ต เดือน มกราคม 2562','',2,'ส่งใบเสร็จจริง','2019-02-21','1550741960x200','3341501452730',0,1),(33,2562,32,'ที่ ศธ 04186.157/32','2019-02-06','โรงเรียนบ้านแฮหนามแท่ง','ผอ.สพป.อบ.4','การพานักเรียนไปนอกสถานศึกษา','',4,'กิจกรรมลูกเสือ เนตรนารี','2019-02-21','1550742060x5483','3341501452730',0,1),(34,2562,33,'ที่ ศธ 04186.157/33','2019-02-08','โรงเรียนบ้านแฮหนามแท่ง','ศึกษาธิการจังหวัดอุบลราชธานี','กิจกรรมค่ายเสริมสร้างอัจฉริยภาพด้านคณิตศาสตร์','ป.4-6 จำนวน 16 คน',3,'','2019-02-21','1550742171x30049','3341501452730',0,1),(35,2562,34,'ที่ ศธ 04186.157/34','2019-02-15','โรงเรียนบ้านแฮหนามแท่ง','ผอ.สพป.อบ.4','การดำเนินงานโครงการสถานศึกษาสีขาว','ใบสมัคร+เล่ม',1,'','2019-02-21','1550742267x14470','3341501452730',0,1),(36,2562,35,'ที่ ศธ 04186.157/35','2019-02-18','โรงเรียนบ้านแฮหนามแท่ง','ประธานกลุ่มฯมหาธาตุ','ส่งเอกสารเกี่ยวกับการประเมินความสามารถด้านการอ่านออกของผู้เรียน ป.1 ปีการศึกษา 2561','',1,'','2019-02-21','1550742363x5447','3341501452730',0,1),(37,2562,36,'ที่ ศธ 04186.157/36','2019-02-20','โรงเรียนบ้านแฮหนามแท่ง','-','ขอเชิญร่วมประชุมยกร่างนโยบายสาธารณะ','คุณครูไสว  ท่าโพธิ์',3,'','2019-02-21','1550742450x29337','3341501452730',0,1),(38,2562,37,'ที่ ศธ 04186.157/37','2019-02-20','โรงเรียนบ้านแฮหนามแท่ง','ผู้ปกครอง','ขออนุญาตนำนักเรียนไปทัศนศึกษางานเกษตรอีสานใต้','',4,'','2019-02-21','1550742506x24948','3341501452730',0,1),(39,2562,38,'ที่ ศธ 04186.157/38','2019-02-21','โรงเรียนบ้านแฮหนามแท่ง','ผอ.สพป.อบ.4','รายชื่อคณะกรรมการสถานศึกษาขั้นพื้นฐาน','',3,'','2019-02-21','1550742555x6494','3341501452730',0,1),(40,2562,39,'ที่ ศธ 04186.157/39','2019-02-25','โรงเรียนบ้านแฮหนามแท่ง','สนง.ทต.คำขวาง','รายงานข้อมูลจำนวนนักเรียน ปีการศึกษา 2561 เดือน ก.พ. 2562','',2,'','2019-03-06','1551856504x18103','3341501452730',0,1),(41,2562,40,'ที่ ศธ 04186.157/40','2019-02-25','โรงเรียนบ้านแฮหนามแท่ง','ผอ.สพป.อบ.4','ขออนุญาตนำนักเรียนไปร่วมกิจกรรมค่ายคณิตศาสตร์','',1,'8-10 มี.ค. 62','2019-03-06','1551856580x2683','3341501452730',0,1),(42,2562,41,'ที่ ศธ 04186.157/41','2019-02-27','โรงเรียนบ้านแฮหนามแท่ง','ผอ.สพป.อบ.4','การพานักเรียนไปนอกสถานศึกษา','',1,'','2019-03-06','1551856617x17743','3341501452730',0,1),(43,2562,42,'ที่ ศธ 04186.157/42','2019-02-27','โรงเรียนบ้านแฮหนามแท่ง','ผอ.สพป.อบ.4','การดำเนินงานตามนโยบาย \"เดินหน้าฯ อ่านออกเขียนได้ ชั้นประถมศึกษาปีที่ 4\"','',1,'','2019-03-06','1551856708x12870','3341501452730',0,1),(44,2562,43,'ที่ ศธ 04186.157/43','2019-02-27','โรงเรียนบ้านแฮหนามแท่ง','ผู้ใหญ่บ้าน','ปชส.การรับนักเรียน ปีการศึกษา 2562','',4,'','2019-03-06','1551856770x2664','3341501452730',0,1),(45,2562,44,'ที่ ศธ 04186.157/44','2019-03-01','โรงเรียนบ้านแฮหนามแท่ง','ผอ.สพป.อบ.4','ขอเบิกเงินงบประมาณเกี่ยวกับค่าเช่าบ้าน','',2,'','2019-03-06','1551856804x3620','3341501452730',0,1),(46,2562,45,'ที่ ศธ 04186.157/45','2019-03-01','โรงเรียนบ้านแฮหนามแท่ง','ผอ.สพป.อบ.4','การพานักเรียนไปนอกสถานศึกษา','',1,'','2019-03-06','1551856838x17580','3341501452730',0,1),(47,2562,46,'ที่ ศธ 04186.157/46','2019-03-01','โรงเรียนบ้านแฮหนามแท่ง','ผอ.สพป.อบ.4','ส่งสำเนาคำสั่งเวร มี.ค. 2562','',4,'','2019-03-06','1551856892x20097','3341501452730',0,1),(48,2562,47,'ที่ ศธ 04186.157/47','2019-03-04','โรงเรียนบ้านแฮหนามแท่ง','สนง.ทต.คำขวาง','ขอความอนุเคราะห์ ขอขอบคุณ','',4,'','2019-03-06','1551856939x2754','3341501452730',0,1),(49,2562,48,'ที่ ศธ 04186.157/48','2019-03-04','โรงเรียนบ้านแฮหนามแท่ง','ผอ.สพป.อบ.4','การนับมีตัวข้าราชการครู ณ 1 มี.ค. 2562','',3,'','2019-03-06','1551856997x27430','3341501452730',0,1),(50,2562,49,'ที่ ศธ 04186.157/49','2019-03-04','โรงเรียนบ้านแฮหนามแท่ง','ผอ.สพป.อบ.4','การดำเนินการตามนโยบายการขับเคลื่อนการแก้ไขปัญหายาเสพติดในห้วง 3 เดือน','',4,'','2019-03-06','1551857125x10579','3341501452730',0,1);

--
-- Table structure for table `bookregister_send_filebook`
--

CREATE TABLE `bookregister_send_filebook` (
  `id` int(11) NOT NULL AUTO_INCREMENT,
  `ref_id` varchar(50) NOT NULL,
  `file_name` varchar(100) NOT NULL,
  `file_des` varchar(100) NOT NULL,
  PRIMARY KEY (`id`)
) ENGINE=MyISAM AUTO_INCREMENT=52 DEFAULT CHARSET=utf8 COLLATE=utf8_general_ci;

--
-- Dumping data for table `bookregister_send_filebook`
--

INSERT INTO `bookregister_send_filebook` VALUES (1,'1546412394x802','1546412394x802_1.docx','หนังสือราชการ'),(2,'1547103498x24432','1547103498x24432_1.doc','หนังสือราชการ'),(3,'1547103605x11173','1547103605x11173_1.docx','หนังสือราชการ'),(4,'1547103669x2938','1547103669x2938_1.docx','หนังสือราชการ'),(5,'1547103740x29134','1547103740x29134_1.docx','หนังสือราชการ'),(6,'1547103816x29417','1547103816x29417_1.docx','หนังสือราชการ'),(7,'1547103863x17389','1547103863x17389_1.docx','หนังสือราชการ'),(8,'1547105160x8660','1547105160x8660_1.doc','หนังสือราชการ'),(9,'1548124131x11587','1548124131x11587_1.doc','หนังสือราชการ'),(10,'1548124337x31806','1548124337x31806_1.doc','หนังสือราชการ'),(11,'1548124380x1716','1548124380x1716_1.doc','หนังสือราชการ'),(12,'1548124408x31391','1548124408x31391_1.doc','หนังสือราชการ'),(13,'1548124517x10635','1548124517x10635_1.doc','หนังสือราชการ'),(14,'1548124588x7386','1548124588x7386_1.doc','หนังสือราชการ'),(15,'1548124641x24512','1548124641x24512_1.doc','หนังสือราชการ'),(16,'1550740903x27359','1550740903x27359_1.docx','หนังสือราชการ'),(17,'1550740903x27359','1550740903x27359_2.xlsx','สิ่งที่ส่งมาด้วย'),(18,'1550740704x1406','1550740704x1406_1.doc','หนังสือราชการ'),(19,'1550741010x4142','1550741010x4142_1.doc','หนังสือราชการ'),(20,'1550741103x6095','1550741103x6095_1.doc','หนังสือราชการ'),(21,'1550741292x21178','1550741292x21178_1.doc','หนังสือราชการ'),(22,'1550741362x11794','1550741362x11794_1.doc','หนังสือราชการ'),(23,'1550741471x18915','1550741471x18915_1.docx','หนังสือราชการ'),(24,'1550741657x4828','1550741657x4828_1.docx','หนังสือราชการ'),(25,'1550741744x10938','1550741744x10938_1.docx','หนังสือราชการ'),(26,'1550741800x20448','1550741800x20448_1.docx','หนังสือราชการ'),(27,'1550741878x3435','1550741878x3435_1.docx','หนังสือราชการ'),(28,'1550741960x200','1550741960x200_1.doc','หนังสือราชการ'),(29,'1550742060x5483','1550742060x5483_1.docx','หนังสือราชการ'),(30,'1550742171x30049','1550742171x30049_1.doc','หนังสือราชการ'),(31,'1550742267x14470','1550742267x14470_1.docx','หนังสือราชการ'),(32,'1550742363x5447','1550742363x5447_1.doc','หนังสือราชการ'),(33,'1550742450x29337','1550742450x29337_1.doc','หนังสือราชการ'),(34,'1550742506x24948','1550742506x24948_1.docx','หนังสือราชการ'),(35,'1550742555x6494','1550742555x6494_1.docx','หนังสือราชการ'),(36,'1551856504x18103','1551856504x18103_1.docx','หนังสือราชการ'),(37,'1551856504x18103','1551856504x18103_2.docx','ไฟล์ที่ 1'),(38,'1551856504x18103','1551856504x18103_3.xls','ไฟล์ที่ 2'),(39,'1551856580x2683','1551856580x2683_1.docx','หนังสือราชการ'),(40,'1551856617x17743','1551856617x17743_1.docx','หนังสือราชการ'),(41,'1551856708x12870','1551856708x12870_1.doc','หนังสือราชการ'),(42,'1551856770x2664','1551856770x2664_1.docx','หนังสือราชการ'),(43,'1551856770x2664','1551856770x2664_2.doc','ไฟล์ที่ 1'),(44,'1551856838x17580','1551856838x17580_1.docx','หนังสือราชการ'),(45,'1551856892x20097','1551856892x20097_1.docx','หนังสือราชการ'),(46,'1551856939x2754','1551856939x2754_1.doc','หนังสือราชการ'),(47,'1551856939x2754','1551856939x2754_2.doc','สิ่งที่ส่งมาด้วย'),(48,'1551856997x27430','1551856997x27430_1.docx','หนังสือราชการ'),(49,'1551856997x27430','1551856997x27430_2.xlsx','สิ่งที่ส่งมาด้วย'),(50,'1551857125x10579','1551857125x10579_1.docx','หนังสือราชการ'),(51,'1551857125x10579','1551857125x10579_2.docx','สิ่งที่ส่งมาด้วย');

--
-- Table structure for table `bookregister_year`
--

CREATE TABLE `bookregister_year` (
  `id` int(11) NOT NULL AUTO_INCREMENT,
  `year` int(11) NOT NULL,
  `year_active` tinyint(4) NOT NULL DEFAULT 0,
  `start_receive_num` int(11) NOT NULL DEFAULT 1,
  `start_send_num` int(11) NOT NULL DEFAULT 1,
  `start_command_num` int(11) NOT NULL DEFAULT 1,
  `start_cer_num` int(11) NOT NULL DEFAULT 1,
  `school_code` varchar(15) DEFAULT NULL,
  `officer` varchar(13) DEFAULT NULL,
  `rec_date` date DEFAULT NULL,
  PRIMARY KEY (`id`)
) ENGINE=MyISAM AUTO_INCREMENT=12 DEFAULT CHARSET=utf8 COLLATE=utf8_general_ci;

--
-- Dumping data for table `bookregister_year`
--

INSERT INTO `bookregister_year` VALUES (1,2557,0,1,1,1,1,NULL,NULL,NULL),(2,2557,0,147,143,17,18,NULL,NULL,NULL),(3,2561,0,1,1,1,1,NULL,NULL,NULL),(4,2562,0,1,1,1,1,NULL,NULL,NULL),(5,2563,0,1,1,1,1,NULL,NULL,NULL),(6,2564,0,1,1,1,1,NULL,NULL,NULL),(7,2565,0,40,1,1,1,NULL,NULL,NULL),(8,2566,0,1,1,1,1,NULL,NULL,NULL),(9,2566,0,731,1,1,1,NULL,NULL,NULL),(10,2567,0,1,1,1,1,NULL,NULL,NULL),(11,2568,1,1,1,1,1,NULL,NULL,NULL);

--
-- Table structure for table `budget_bud`
--

CREATE TABLE `budget_bud` (
  `id` int(11) NOT NULL AUTO_INCREMENT,
  `budget_year` int(11) NOT NULL,
  `doc` varchar(50) NOT NULL,
  `refer_wd_id` int(11) NOT NULL,
  `status` tinyint(11) DEFAULT NULL,
  `bud_type_id` int(11) DEFAULT NULL,
  `item` varchar(150) DEFAULT NULL,
  `receive_amount` double DEFAULT NULL,
  `pay_amount` double DEFAULT NULL,
  `payed_person` varchar(50) NOT NULL,
  `pay_group` int(4) DEFAULT NULL,
  `rec_date` date NOT NULL,
  `officer` varchar(13) NOT NULL,
  PRIMARY KEY (`id`)
) ENGINE=MyISAM AUTO_INCREMENT=13 DEFAULT CHARSET=utf8 COLLATE=utf8_general_ci;

--
-- Dumping data for table `budget_bud`
--

INSERT INTO `budget_bud` VALUES (1,2557,'บร001/6 ก 1234',0,1,NULL,'รับเงินอุหนุนรายหัวก่อนประถมฯ ภาคเรียนที่ 1/2558',20000,NULL,'',203,'2015-08-09','3349900649437'),(2,2558,'บร002/6ก1234',0,1,NULL,'รับเงินอาหารกลางวันจาก อบต ภาคเรียนที่1/2558',100000,NULL,'',202,'2015-08-09','3349900649437'),(3,2558,'บร003/6ก1234',0,1,NULL,'รับเงินค่าขายพัสดุชำรุด',123,NULL,'',202,'2015-08-09','3349900649437'),(4,2558,'บร001/6 ก 1234',0,1,NULL,'รับเงินอุหนุนรายหัวก่อนประถมฯ ภาคเรียนที่ 1/2558',20000,NULL,'',202,'2015-08-09','3349900649437'),(5,2565,'พิเศษ/2565',0,1,NULL,'ปัจจัยพื้นฐานักเรียนยากจน ภาคเรียนที่ 1/2565',4000,NULL,'',202,'2022-10-04','1349900542181'),(6,2565,'พิเศษ/2565',0,1,NULL,'งบอุดหนุนภาคเรียนที่ 2 70%',100912,NULL,'',202,'2022-11-07','1349900542181'),(7,2565,'พิเศษ/2565',0,1,NULL,'งบอุดหนุนภาคเรียนที่ 2 30%',36016,NULL,'',202,'2023-01-19','1349900542181'),(8,2565,'พิเศษ/2565',0,1,NULL,'ปัจจัยพื้นฐานักเรียนยากจน ภาคเรียนที่ 2/2565',27000,NULL,'',202,'2023-02-10','1349900542181'),(9,2565,'พิเศษ/2565',0,1,NULL,'งบอุดหนุนภาคเรียนที่ 1 70%',120999,NULL,'',202,'2022-03-30','1349900542181'),(10,2565,'พิเศษ/2565',0,1,NULL,'งบอุดหนุนภาคเรียนที่ 1 30%',87289,NULL,'',202,'2022-08-05','1349900542181'),(11,2566,'พิเศษ/2566',0,1,NULL,'งบอุดหนุนภาคเรียนที่ 2 70%',73844,NULL,'',202,'2022-11-07','1349900542181'),(12,2566,'พิเศษ/2566',0,1,NULL,'งบอุดหนุนภาคเรียนที่ 2 30%',26308,NULL,'',202,'2023-01-01','1349900542181');

--
-- Table structure for table `budget_category`
--

CREATE TABLE `budget_category` (
  `id` int(11) NOT NULL AUTO_INCREMENT,
  `category_id` int(11) NOT NULL,
  `category_name` varchar(30) NOT NULL,
  PRIMARY KEY (`id`),
  UNIQUE KEY `category_id` (`category_id`)
) ENGINE=MyISAM AUTO_INCREMENT=7 DEFAULT CHARSET=utf8 COLLATE=utf8_general_ci;

--
-- Dumping data for table `budget_category`
--

INSERT INTO `budget_category` VALUES (1,1,'เงินนอกงบประมาณ'),(2,2,'เงินงบประมาณ'),(3,3,'เงินรายได้แผ่นดิน'),(6,4,'วงเงินงบประมาณที่ได้รับจัดสรร');

--
-- Table structure for table `budget_deega`
--

CREATE TABLE `budget_deega` (
  `id` int(11) NOT NULL AUTO_INCREMENT,
  `budget_year` int(11) NOT NULL,
  `deega_num` float NOT NULL DEFAULT 0,
  `doc` varchar(20) NOT NULL,
  `receive_num` char(3) NOT NULL DEFAULT '',
  `plan` char(2) NOT NULL DEFAULT '',
  `project` varchar(20) NOT NULL,
  `activity` varchar(20) NOT NULL,
  `pay_group` char(3) NOT NULL DEFAULT '',
  `item` varchar(50) NOT NULL DEFAULT '',
  `withdraw` double NOT NULL DEFAULT 0,
  `tax` double NOT NULL DEFAULT 0,
  `pay` double NOT NULL DEFAULT 0,
  `officer` varchar(13) NOT NULL,
  `rec_date` date NOT NULL,
  PRIMARY KEY (`id`)
) ENGINE=MyISAM DEFAULT CHARSET=utf8 COLLATE=utf8_general_ci;

--
-- Dumping data for table `budget_deega`
--


--
-- Table structure for table `budget_document`
--

CREATE TABLE `budget_document` (
  `id` int(11) NOT NULL AUTO_INCREMENT,
  `subject` varchar(150) NOT NULL,
  `file_name` varchar(150) NOT NULL,
  `rec_date` date NOT NULL,
  `officer` varchar(13) NOT NULL,
  PRIMARY KEY (`id`)
) ENGINE=MyISAM DEFAULT CHARSET=utf8 COLLATE=utf8_general_ci;

--
-- Dumping data for table `budget_document`
--


--
-- Table structure for table `budget_main`
--

CREATE TABLE `budget_main` (
  `id` int(11) NOT NULL AUTO_INCREMENT,
  `budget_year` int(11) NOT NULL,
  `doc` varchar(30) NOT NULL,
  `refer_wd_id` int(11) DEFAULT NULL,
  `type_id` int(11) NOT NULL,
  `item` varchar(100) NOT NULL,
  `receive_amount` double DEFAULT NULL,
  `pay_amount` double DEFAULT NULL,
  `payed_person` varchar(50) NOT NULL,
  `change_amount` double DEFAULT NULL,
  `pay_group` int(4) DEFAULT NULL,
  `status` tinyint(4) NOT NULL,
  `rec_date` date NOT NULL,
  `officer` varchar(13) DEFAULT NULL,
  PRIMARY KEY (`id`)
) ENGINE=MyISAM AUTO_INCREMENT=110 DEFAULT CHARSET=utf8 COLLATE=utf8_general_ci;

--
-- Dumping data for table `budget_main`
--

INSERT INTO `budget_main` VALUES (1,2557,'1/2557',NULL,118,'ยอดยกมา',100000,NULL,'',NULL,NULL,2,'2014-07-14','3349900649437'),(2,2557,'1/2557',NULL,118,'ยอดยกมา',100000,NULL,'',NULL,NULL,2,'2014-07-14','3349900649437'),(3,2557,'118',NULL,118,'ค่าอาหารกลางวันประจำวัน',NULL,NULL,'',1720,NULL,7,'2014-07-14','3349900649437'),(4,2557,'001',1,118,'ค่าประกอบอาหารกลางวัน',NULL,1720,'นางพรรณี  จันทรดี',NULL,203,3,'2014-07-14','3349800019661'),(5,2558,'บร 001/6ก  1234',NULL,108,'ภาคเรียนที่  1 / 2558',20000,NULL,'',NULL,NULL,2,'2015-08-09','3349800019661'),(6,2558,'บร002/6ก1234',NULL,118,'ภาคเรียนที่ 1/2558',100000,NULL,'',NULL,NULL,2,'2015-08-09','3349800019661'),(7,2558,'บร003/6ก  1234',NULL,101,'ค่าขายพัสดุชำรุด',123,NULL,'',NULL,NULL,1,'2015-08-09','3349800019661'),(10,2559,'ยอดยกมา',NULL,118,'เงินอหารกลางวัน',11900,NULL,'',NULL,NULL,2,'2016-06-17','3349800120027'),(11,2559,'ยอดยกมา',NULL,117,'เรียนฟรี15ปี(ค่ากิจกรรมพัฒนาผ้เรียน)',29285,NULL,'',NULL,NULL,2,'2016-06-17','3349800120027'),(12,2559,'ยอดยกมา',NULL,112,'เงินอุดหนุนทั่วไป(ปัจจัยพ้นฐานนักเรียนยากจนประถมศึกษา',28342,NULL,'',NULL,NULL,2,'2016-06-17','3349800120027'),(13,2559,'01',NULL,118,'ค่าอาหารกลางวัน',NULL,NULL,'',1700,NULL,5,'2016-06-17','3349800120027'),(14,2559,'01',2,118,'ค่าอาหารกลางวัน',NULL,1700,'นางอรดี',NULL,203,3,'2016-06-17','3349800120027'),(15,2562,'1/2563',NULL,109,'ยอดยกมา',30000,NULL,'',NULL,NULL,2,'2020-07-20','1349900542181'),(29,2563,'1/2563',NULL,109,'ยอดยกมา',25834.9,NULL,'',NULL,NULL,2,'2020-07-30','1349900542181'),(27,2563,'1/2563',NULL,112,'ยอดยกมา',46149,NULL,'',NULL,NULL,2,'2020-07-30','1349900542181'),(28,2563,'1/2563',NULL,108,'ยอดยกมา',14940.97,NULL,'',NULL,NULL,2,'2020-07-30','1349900542181'),(26,2563,'1/2563',NULL,118,'ยอดยกมา',21436,NULL,'',NULL,NULL,2,'2020-07-30','1349900542181'),(30,2563,'1/2563',NULL,114,'ยอดยกมา',0,NULL,'',NULL,NULL,2,'2020-07-30','1349900542181'),(31,2563,'1/2563',NULL,115,'ยอดยกมา',0,NULL,'',NULL,NULL,2,'2020-07-30','1349900542181'),(32,2563,'1/2563',NULL,116,'ยอดยกมา',0,NULL,'',NULL,NULL,2,'2020-07-30','1349900542181'),(33,2563,'1/2563',NULL,117,'ยอดยกมา',8004.07,NULL,'',NULL,NULL,2,'2020-07-30','1349900542181'),(34,2563,'1/2563',NULL,104,'ยอดยกมา',35034.81,NULL,'',NULL,NULL,2,'2020-07-30','1349900542181'),(35,2563,'1/2563',NULL,105,'ยอดยกมา',62015.45,NULL,'',NULL,NULL,2,'2020-07-30','1349900542181'),(36,2563,'1/2563',NULL,101,'ยอดยกมา',52076.49,NULL,'',NULL,NULL,2,'2020-07-30','1349900542181'),(38,2563,'1/2563',NULL,301,'ยอดยกมา',749.15,NULL,'',NULL,NULL,2,'2020-07-30','1349900542181'),(39,2564,'บท 1/64',NULL,118,'ยอดยกมา',21436,NULL,'',NULL,NULL,2,'2020-10-01','1349900542181'),(41,2564,'บท 3/64',NULL,118,'ถอนเงินฝากธนาคารเป็นเงินสด',NULL,NULL,'',18000,NULL,7,'2020-11-13','1349900542181'),(42,2564,'บค 1/64',0,118,'ขอเบิกอาหารกลางวัน',NULL,5000,'ครูอาภรณ์',NULL,203,3,'2020-11-13','1349900542181'),(43,2564,'บร',NULL,109,'เงินอุดหนุนทั่วไป ภาคเรียนท่ี 2/ 2563',87284.9,NULL,'',NULL,NULL,2,'2021-01-29','3341501588844'),(44,2564,'บร',NULL,108,'เงินอุดหนุนรายหัวก่อนประถม ภาคเรียนท่ี 2/2563',38082.97,NULL,'',NULL,NULL,2,'2021-01-29','3341501588844'),(45,2564,'บช',NULL,105,'เงินกองทุนเลี้ยงไก่ไข่คงเหลือยกมาจากปีการศึกษา 2562',59084.03,NULL,'',NULL,NULL,2,'2021-01-29','3341501588844'),(46,2564,'บร',NULL,115,'รับเงิน 70% (ค่าอุปกรณ์การเรียน)',11155,NULL,'',NULL,NULL,2,'2020-12-03','1349900542181'),(47,2564,'บร',NULL,117,'รับเงิน 70% (พัฒนาผู้เรียน)',15200,NULL,'',NULL,NULL,2,'2020-12-03','1349900542181'),(48,2564,'ขอเบิกท่ี 25/2564',30,118,'อาหารกลางวัน',NULL,18000,'นางอาภรณ์  เมืองเหนือ',NULL,203,3,'2020-11-30','3341501588844'),(49,2564,'ขอเบิกท่ี 1/2564',5,109,'วัสดุฝึกวิทยาศาสตร์',NULL,1200,'นางวริสา  เหลากลม',NULL,203,3,'2020-10-09','3341501588844'),(50,2564,'ขอเบิกท่ี 2/2564',6,108,'ค่าซ่อมคอมพิวเตอร์',NULL,1498,'นางอาภรณ์  เมืองเหนือ',NULL,202,3,'2020-10-21','3341501588844'),(51,2564,'ขอเบิกท่ี 3/2564',7,105,'อาหารปลา',NULL,3430,'นายประเสริฐศักดิ์  ไชยกุมาร',NULL,202,3,'2020-10-21','3341501588844'),(52,2564,'ขอเบิกท่ี 4/2564',8,109,'วัสดุการศึกษา',NULL,2120,'นางวริสา  เหลากลม',NULL,203,3,'2020-10-27','3341501588844'),(53,2564,'ขอเบิกท่ี 5/2564',9,109,'ไวนิล',NULL,700,'นางวริสา  เหลากลม',NULL,201,3,'2020-11-09','3341501588844'),(54,2564,'ขอเบิกท่ี 6/2564',10,108,'สื่อการเรียน',NULL,630,'นางอาภรณ์  เมืองเหนือ',NULL,203,3,'2020-11-09','3341501588844'),(55,2564,'ขอเบิกท่ี 7/2564',11,108,'สื่อการเรียน',NULL,1087,'นางอาภรณ์  เมืองเหนือ',NULL,203,3,'2020-11-09','3341501588844'),(56,2564,'ขอเบิกท่ี 8/2564',12,108,'สีทาห้องเรียน',NULL,760,'นายประเสริฐศักดิ์  ไชยกุมาร',NULL,202,3,'2020-11-30','3341501588844'),(57,2564,'ขอเบิกท่ี 9/2564',14,109,'วัสดุการศึกษา',NULL,1080,'นางวริสา  เหลากลม',NULL,203,3,'2020-12-14','3341501588844'),(58,2564,'ขอเบิกท่ี 9/2564',13,108,'แบบฝึก',NULL,3823,'นางอาภรณ์  เมืองเหนือ',NULL,203,3,'2020-12-02','3341501588844'),(59,2564,'ขอเบิกท่ี 11/2564',15,109,'วัสดุการศึกษา',NULL,6000,'นายวันชัย  ราชวงศ์',NULL,202,3,'2020-12-14','3341501588844'),(83,2564,'ขอเบิกท่ี 33/2564',38,108,'เอกสารแบบฝึก',NULL,846,'นางอาภรณ์  เมืองเหนือ',NULL,202,3,'2021-02-15','3341501588844'),(82,2564,'ขอเบิกท่ี 32/2564',37,109,'จัดซื้อหมึกเครื่องปริ้น',NULL,690,'นางสาวจันทร์อำไพ ปะวะภูโต',NULL,202,3,'2021-02-15','3341501588844'),(62,2564,'ขอเบิกท่ี 12/2564',16,108,'ค่าอินเตอร์เนต',NULL,636.82,'นางอาภรณ์  เมืองเหนือ',NULL,204,3,'2020-12-17','3341501588844'),(63,2564,'ขอเบิกท่ี 13/2564',17,109,'ค่าวัสดุทำความสะอาด',NULL,5000,'นางวริสา  เหลากลม',NULL,203,3,'2020-12-22','3341501588844'),(64,2564,'ขอเบิกท่ี 14/2564',18,108,'สื่อการเรียน',NULL,3000,'นางอาภรณ์  เมืองเหนือ',NULL,202,3,'2020-12-28','3341501588844'),(65,2564,'ขอเบิกท่ี 15/2564',19,108,'ค่าไฟฟ้า',NULL,3804.41,'นายวันชัย  ราชวงศ์',NULL,204,3,'2021-01-05','3341501588844'),(66,2564,'ขอเบิกท่ี 16/2564',20,109,'วัสดุการศึกษา',NULL,1025,'นางสาวจันทร์อำไพ ปะวะภูโต',NULL,203,3,'2021-01-05','3341501588844'),(67,2564,'ขอเบิกท่ี 17/2564',21,109,'วัสดุการศึกษา',NULL,2200,'นายวันชัย  ราชวงศ์',NULL,203,3,'2021-01-08','3341501588844'),(68,2564,'ขอเบิกท่ี1 8/2564',22,109,'ซ่อมเครื่องปริ้น',NULL,950,'นายวันชัย  ราชวงศ์',NULL,201,3,'2021-01-26','3341501588844'),(69,2564,'ขอเบิกท่ี1 9/2564',23,109,'ซ่อมโน๊ตบุค',NULL,321,'นางสาวจันทร์อำไพ ปะวะภูโต',NULL,201,3,'2021-01-26','3341501588844'),(70,2564,'ขอเบิกท่ี 20/2564',24,118,'อาหารกลางวัน',NULL,18000,'นางอาภรณ์  เมืองเหนือ',NULL,202,3,'2020-11-09','3341501588844'),(71,2564,'ขอเบิกท่ี 21/2564',26,118,'อาหารกลางวัน',NULL,19800,'นางอาภรณ์  เมืองเหนือ',NULL,203,3,'2020-12-17','3341501588844'),(72,2564,'ขอเบิกท่ี 22/2564',27,118,'อาหารกลางวัน',NULL,18000,'นางอาภรณ์  เมืองเหนือ',NULL,203,3,'2021-01-08','3341501588844'),(73,2564,'ขอเบิกท่ี 23/2564',28,118,'อาหารกลางวัน',NULL,18000,'นางอาภรณ์  เมืองเหนือ',NULL,203,3,'2021-01-21','3341501588844'),(74,2564,'ขอเบิกท่ี 24/2564',29,118,'อาหารกลางวัน',NULL,17800,'นางอาภรณ์  เมืองเหนือ',NULL,203,3,'2021-02-01','3341501588844'),(75,2564,'ขอเบิกท่ี 25/2564',30,118,'อาหารกลางวัน',NULL,18000,'นางอาภรณ์  เมืองเหนือ',NULL,203,3,'2020-11-30','3341501588844'),(76,2564,'ขอเบิกท่ี 26/2564',31,105,'พันธ์ปลาดุก อาหารปลาดุก',NULL,5000,'นางวริสา  เหลากลม',NULL,202,3,'2020-12-17','3341501588844'),(77,2564,'ขอเบิกท่ี 27/2564',32,109,'วัสดุการศึกษา',NULL,1540,'นางสาวสุทธิชา  มาลีศรี',NULL,203,3,'2021-02-10','3341501588844'),(78,2564,'ขอเบิกท่ี 28/2564',33,109,'ค่าซ่อมเครื่องปริ้นเตอร์',NULL,268,'นางสาวสุทธิชา  มาลีศรี',NULL,201,3,'2021-02-10','3341501588844'),(79,2564,'ขอเบิกท่ี 29/2564',34,109,'ซ่อมแซมประดูรั้ว',NULL,2200,'นางวริสา  เหลากลม',NULL,201,3,'2021-02-10','3341501588844'),(80,2564,'ขอเบิกท่ี 30/2564',35,108,'ค่าซ่อมเครื่องปริ้นเตอร์',NULL,1600,'นางอาภรณ์  เมืองเหนือ',NULL,202,3,'2020-11-09','3341501588844'),(84,2564,'บรท่ี',NULL,115,'ค่าอุปกรณ์การเรียน 30% ภาคเรียนท่ี 2/ 2563',4305,NULL,'',NULL,NULL,2,'2021-02-01','3341501588844'),(85,2564,'บรท่ี',NULL,117,'กิจกรรมพัฒนาผู้เรียน',5850,NULL,'',NULL,NULL,2,'2021-02-01','3341501588844'),(86,2565,'พิเศษ/2565',NULL,101,'ยอดยกมา',234506,NULL,'',NULL,NULL,2,'2022-05-17','1349900542181'),(91,2565,'พิเศษ/2565',NULL,108,'ยอดยกมา',41443.85,NULL,'',NULL,NULL,2,'2022-05-17','1349900542181'),(88,2565,'พิเศษ/2565',NULL,104,'ยอดยกมา',18058.07,NULL,'',NULL,NULL,2,'2022-05-17','1349900542181'),(89,2565,'พิเศษ/2565',NULL,105,'ยอดยกมา',35847.34,NULL,'',NULL,NULL,2,'2022-05-17','1349900542181'),(90,2565,'พิเศษ/2565',NULL,106,'ยอดยกมา',1860.24,NULL,'',NULL,NULL,2,'2022-05-17','1349900542181'),(92,2565,'พิเศษ/2565',NULL,109,'ยอดยกมา',38221.91,NULL,'',NULL,NULL,2,'2022-05-17','1349900542181'),(93,2565,'พิเศษ/2565',NULL,112,'ยอดยกมา',52000,NULL,'',NULL,NULL,2,'2022-05-17','1349900542181'),(94,2565,'พิเศษ/2565',NULL,118,'ยอดยกมา',16401,NULL,'',NULL,NULL,2,'2022-05-17','1349900542181'),(97,2565,'พิเศษ/2565',NULL,121,'ยอดยกมา',20960.07,NULL,'',NULL,NULL,2,'2022-05-17','1349900542181'),(96,2565,'พิเศษ/2565',NULL,122,'ยอดยกมา',50401,NULL,'',NULL,NULL,2,'2022-05-17','1349900542181'),(98,2566,'พิเศษ/2566',NULL,101,'ยอดยกมา',186657.85,NULL,'',NULL,NULL,2,'2022-10-01','1349900542181'),(99,2566,'พิเศษ/2566',NULL,104,'ยอดยกมา',18058.07,NULL,'',NULL,NULL,2,'2022-10-01','1349900542181'),(100,2566,'พิเศษ/2566',NULL,105,'ยอดยกมา',35847.34,NULL,'',NULL,NULL,2,'2022-10-01','1349900542181'),(101,2566,'พิเศษ/2566',NULL,106,'ยอดยกมา',1860.24,NULL,'',NULL,NULL,2,'2022-10-01','1349900542181'),(102,2566,'พิเศษ/2566',NULL,109,'ยอดยกมา',38221.91,NULL,'',NULL,NULL,2,'2022-10-01','1349900542181'),(103,2566,'พิเศษ/2565',NULL,108,'ยอดยกมา',41443.85,NULL,'',NULL,NULL,2,'2022-10-01','1349900542181'),(104,2566,'พิเศษ/2566',NULL,112,'ยอดยกมา',59510,NULL,'',NULL,NULL,2,'2022-10-01','1349900542181'),(105,2566,'พิเศษ/2566',NULL,118,'ยอดยกมา',16401,NULL,'',NULL,NULL,2,'2022-10-01','1349900542181'),(106,2566,'พิเศษ/2566',NULL,121,'ยอดยกมา',20960.07,NULL,'',NULL,NULL,2,'2022-10-01','1349900542181'),(107,2566,'พิเศษ/2566',NULL,122,'ยอดยกมา',50401,NULL,'',NULL,NULL,2,'2022-10-01','1349900542181');

--
-- Table structure for table `budget_money_return`
--

CREATE TABLE `budget_money_return` (
  `id` int(11) NOT NULL AUTO_INCREMENT,
  `budget_year` int(11) DEFAULT NULL,
  `document` varchar(30) NOT NULL DEFAULT '',
  `item` varchar(100) NOT NULL DEFAULT '',
  `pj_activity` varchar(20) NOT NULL DEFAULT '',
  `money` double NOT NULL DEFAULT 0,
  `pay_type` varchar(10) NOT NULL,
  `p_request` varchar(13) NOT NULL DEFAULT '',
  `officer` varchar(13) NOT NULL DEFAULT '',
  `rec_date` date NOT NULL,
  PRIMARY KEY (`id`)
) ENGINE=MyISAM DEFAULT CHARSET=utf8 COLLATE=utf8_general_ci;

--
-- Dumping data for table `budget_money_return`
--


--
-- Table structure for table `budget_pay_type`
--

CREATE TABLE `budget_pay_type` (
  `id` int(11) NOT NULL AUTO_INCREMENT,
  `pay_type_id` int(11) NOT NULL,
  `pay_group_id` tinyint(4) NOT NULL,
  `pay_type_name` varchar(30) NOT NULL,
  PRIMARY KEY (`id`),
  UNIQUE KEY `pay_type_id` (`pay_type_id`)
) ENGINE=MyISAM AUTO_INCREMENT=16 DEFAULT CHARSET=utf8 COLLATE=utf8_general_ci;

--
-- Dumping data for table `budget_pay_type`
--

INSERT INTO `budget_pay_type` VALUES (1,101,1,'เงินเดือน'),(15,102,1,'ค่าจ้างประจำ'),(3,103,1,'ค่าจ้างชั่วคราว'),(4,104,1,'ค่าตอบแทนพนักงานราชการ'),(5,201,2,'ค่าตอบแทน'),(6,202,2,'ค่าใช้สอย'),(7,203,2,'ค่าวัสดุ'),(8,204,2,'ค่าสาธารณูปโภค'),(9,301,3,'ค่าครุภัณฑ์'),(10,302,3,'ค่าที่ดินและสิ่งก่อสร้าง');

--
-- Table structure for table `budget_permission`
--

CREATE TABLE `budget_permission` (
  `id` int(11) NOT NULL AUTO_INCREMENT,
  `person_id` varchar(13) NOT NULL,
  `p1` tinyint(4) NOT NULL,
  `p2` tinyint(4) NOT NULL,
  `p3` tinyint(4) NOT NULL,
  `p4` tinyint(4) NOT NULL,
  `officer` varchar(13) NOT NULL,
  `rec_date` date NOT NULL,
  PRIMARY KEY (`id`)
) ENGINE=MyISAM AUTO_INCREMENT=9 DEFAULT CHARSET=utf8 COLLATE=utf8_general_ci;

--
-- Dumping data for table `budget_permission`
--

INSERT INTO `budget_permission` VALUES (8,'3340101233321',1,1,1,1,'3340101233321','2025-08-22'),(5,'3341501452730',1,1,1,1,'3341501452730','2015-11-11'),(7,'3341500467521',1,1,1,1,'3340101233321','2025-08-22');

--
-- Table structure for table `budget_project`
--

CREATE TABLE `budget_project` (
  `id` int(11) NOT NULL AUTO_INCREMENT,
  `budget_year` int(11) NOT NULL,
  `code` varchar(16) NOT NULL DEFAULT '',
  `name` varchar(80) NOT NULL DEFAULT '',
  PRIMARY KEY (`id`)
) ENGINE=MyISAM DEFAULT CHARSET=utf8 COLLATE=utf8_general_ci;

--
-- Dumping data for table `budget_project`
--


--
-- Table structure for table `budget_receive`
--

CREATE TABLE `budget_receive` (
  `id` int(11) NOT NULL AUTO_INCREMENT,
  `budget_year` int(11) NOT NULL,
  `num` float NOT NULL DEFAULT 0,
  `book_number` varchar(30) NOT NULL DEFAULT '',
  `out_date` varchar(50) NOT NULL DEFAULT '',
  `book_ref` varchar(30) NOT NULL DEFAULT '',
  `plan` char(1) NOT NULL DEFAULT '',
  `project` varchar(16) NOT NULL DEFAULT '',
  `activity` varchar(50) NOT NULL DEFAULT '',
  `activity2` varchar(200) NOT NULL DEFAULT '',
  `m_source` varchar(7) NOT NULL DEFAULT '',
  `account` varchar(30) NOT NULL DEFAULT '',
  `m_pay` char(3) NOT NULL DEFAULT '',
  `item` varchar(250) NOT NULL DEFAULT '',
  `detail` varchar(250) NOT NULL DEFAULT '',
  `money` double NOT NULL DEFAULT 0,
  `rec_date` date DEFAULT NULL,
  `officer` varchar(13) NOT NULL DEFAULT '',
  PRIMARY KEY (`id`),
  UNIQUE KEY `num` (`num`)
) ENGINE=MyISAM DEFAULT CHARSET=utf8 COLLATE=utf8_general_ci;

--
-- Dumping data for table `budget_receive`
--


--
-- Table structure for table `budget_type`
--

CREATE TABLE `budget_type` (
  `id` int(11) NOT NULL AUTO_INCREMENT,
  `type_id` int(11) NOT NULL,
  `category_id` int(11) NOT NULL,
  `type_name` varchar(70) NOT NULL,
  PRIMARY KEY (`id`),
  UNIQUE KEY `type_id` (`type_id`)
) ENGINE=MyISAM AUTO_INCREMENT=53 DEFAULT CHARSET=utf8 COLLATE=utf8_general_ci;

--
-- Dumping data for table `budget_type`
--

INSERT INTO `budget_type` VALUES (1,101,1,'เงินรายได้สถานศึกษา'),(2,102,1,'เงินบริจาค'),(33,103,1,'เงินภาษีหัก ณ ที่จ่าย'),(49,104,1,'กสศ.เพื่อโรงเรียนบ้านแฮหนามแท่ง'),(34,105,1,'โครงการกองทุนเพื่ออาหารกลางวัน เลี้ยงไก่ใข่'),(6,106,1,'ดอกเบี้ยเงินฝาก'),(8,108,1,'เงินอุดหนุนทั่วไป(ค่าใช้จ่ายรายหัวก่อนประถมศึกษา)'),(47,119,1,'เงินบริจาคมีวัตถุประสงค์'),(14,301,3,'ดอกเบี้ยเงินฝาก'),(29,109,1,'เงินอุดหนุนทั่วไป(ค่าใช้จ่ายรายหัวประถมศึกษา)'),(23,112,1,'เงินอุดหนุนทั่วไป(ปัจจัยพื้นฐานนักเรียนยากจนประถมศึกษา)'),(25,114,1,'เรียนฟรี15ปี(ค่าหนังสือเรียน)'),(26,115,1,'เรียนฟรี15ปี(ค่าอุปกรณ์การเรียน)'),(27,116,1,'เรียนฟรี15ปี(ค่าเครื่องแบบนักเรียน)'),(50,121,1,'เรียนฟรี 15 ปี (พัฒนาผู้เรียน ปฐมวัย)'),(51,122,1,'เรียนฟรี 15 ปี (พัฒนาผู้เรียน ประถมศึกษา่)'),(52,123,1,'เรียนฟรี 15 ปี (พัฒนาผู้เรียน )'),(35,118,1,'เงินอาหารกลางวัน'),(48,120,1,'เงินอุดหนุนที่ได้รับจากอบต./เทศบาล');

--
-- Table structure for table `budget_withdraw`
--

CREATE TABLE `budget_withdraw` (
  `id` int(11) NOT NULL AUTO_INCREMENT,
  `budget_year` int(11) DEFAULT NULL,
  `document` varchar(30) NOT NULL DEFAULT '',
  `item` varchar(100) NOT NULL DEFAULT '',
  `pj_activity` varchar(20) NOT NULL DEFAULT '',
  `money` double NOT NULL DEFAULT 0,
  `money_type` varchar(3) NOT NULL,
  `pay_type` varchar(10) NOT NULL,
  `p_request` varchar(50) NOT NULL,
  `status` tinyint(4) DEFAULT 0,
  `officer` varchar(13) NOT NULL DEFAULT '',
  `rec_date` date NOT NULL,
  `borrowed_rec_date` date NOT NULL,
  `withdraw_rec_date` date NOT NULL,
  PRIMARY KEY (`id`)
) ENGINE=MyISAM AUTO_INCREMENT=135 DEFAULT CHARSET=utf8 COLLATE=utf8_general_ci;

--
-- Dumping data for table `budget_withdraw`
--

INSERT INTO `budget_withdraw` VALUES (1,2557,'001','ชื่อโครงการอาหาร','118001',1720,'','203','นางพรรณี  จันทรดี',1,'3349800019661','2014-07-14','2014-07-14','2014-07-14'),(2,2559,'01','ค่าอาหารกลางวัน','001001',1700,'118','203','นางพรรณั   จันทรดี',1,'3349800120027','2016-06-17','0000-00-00','2016-06-17'),(5,2564,'ขอเบิกท่ี 1/ 2564','วัสดุฝึกวิทยาศาสตร์','012001',1200,'109','203','นางวริสา  เหลากลม',1,'3341501588844','2020-10-09','0000-01-01','2021-02-09'),(6,2564,'ขอเบิกท่ี 2/ 2564','ค่าซ่อมคอมพิวเตอร์','002001',1498,'108','202','นางอาภรณ์  เมืองเหนือ',1,'3341501588844','2020-10-21','0000-01-01','2021-10-21'),(7,2564,'ขอเบิกท่ี 3/2564','อาหารปลา','008001',3430,'105','202','นายประเสริฐศักดิ์  ไชยกุมาร',1,'3341501588844','2020-10-21','0000-01-01','2021-10-21'),(8,2564,'ขอเบิกท่ี 4/2564','วัสดุการศึกษา','012001',2120,'109','203','นางวริสา  เหลากลม',1,'3341501588844','2020-10-27','0000-01-01','2021-10-27'),(9,2564,'ขอเบิกท่ี 5/2564','ไวนิล','012001',700,'109','201','นางวริสา  เหลากลม',1,'3341501588844','2020-11-09','0000-01-01','2021-11-09'),(10,2564,'ขอเบิกท่ี 6/2564','สื่อการเรียน','002001',630,'108','203','นางอาภรณ์  เมืองเหนือ',1,'3341501588844','2020-11-09','0000-01-01','2021-11-09'),(11,2564,'ขอเบิกท่ี 7/2564','สื่อการเรียน','002001',1087,'108','203','นางอาภรณ์  เมืองเหนือ',1,'3341501588844','2020-11-09','0000-01-01','2021-11-09'),(12,2564,'ขอเบิกท่ี 8/2564','สีทาห้องเรียน','013001',760,'108','202','นายประเสริฐศักดิ์  ไชยกุมาร',1,'3341501588844','2020-11-30','0000-01-01','2021-02-09'),(13,2564,'ขอเบิกท่ี 9/2564','แบบฝึก','002001',3823,'108','203','นางอาภรณ์  เมืองเหนือ',1,'3341501588844','2020-12-02','0000-01-01','2021-02-09'),(14,2564,'ขอเบิกท่ี 10/2564','วัสดุการศึกษา','007001',1080,'109','203','นางวริสา  เหลากลม',1,'3341501588844','2020-12-14','2021-12-14','2021-12-14'),(15,2564,'ขอเบิกท่ี 11/2564','วัสดุการศึกษา','007001',6000,'109','202','นายวันชัย  ราชวงศ์',1,'3341501588844','2020-12-14','0000-01-01','2021-12-14'),(16,2564,'ขอเบิกท่ี 12/ 2564','ค่าอินเตอร์เนต','002001',636.82,'108','204','นางอาภรณ์  เมืองเหนือ',1,'3341501588844','2020-12-17','0000-01-01','2020-12-17'),(17,2564,'ขอเบิกท่ี 13/ 2564','ค่าวัสดุทำความสะอาด','003001',5000,'109','203','นางวริสา  เหลากลม',1,'3341501588844','2020-12-22','0000-01-01','2020-12-22'),(18,2564,'ขอเบิกท่ี 14/2564','สื่อการเรียน','002001',3000,'108','202','นางอาภรณ์  เมืองเหนือ',1,'3341501588844','2020-12-28','0000-01-01','2020-12-22'),(19,2564,'ขอเบิกท่ี 15/2564','ค่าไฟฟ้า','018001',3804.41,'108','204','นายวันชัย  ราชวงศ์',1,'3341501588844','2021-01-05','0000-01-01','2021-01-05'),(20,2564,'ขอเบิกท่ี 16/2564','วัสดุการศึกษา','014001',1025,'109','203','นางสาวจันทร์อำไพ ปะวะภูโต',1,'3341501588844','2021-01-05','0000-01-01','2021-01-05'),(21,2564,'ขอเบิกท่ี 17/2564','วัสดุการศึกษา','013002',2200,'109','203','นายวันชัย  ราชวงศ์',1,'3341501588844','2021-01-08','0000-01-01','2021-02-09'),(22,2564,'ขอเบิกท่ี 18/2564','ซ่อมเครื่องปริ้น','012001',950,'109','201','นายวันชัย  ราชวงศ์',1,'3341501588844','2021-01-26','0000-01-01','2021-02-09'),(23,2564,'ขอเบิกท่ี 19/2564','ซ่อมโน๊ตบุค','012001',321,'109','201','นางสาวจันทร์อำไพ ปะวะภูโต',1,'3341501588844','2021-01-26','0000-01-01','2021-01-26'),(24,2564,'ขอเบิกท่ี     20  / 2563','อาหารกลางวัน','001001',18000,'118','202','นางอาภรณ์  เมืองเหนือ',1,'3341501588844','2020-11-09','0000-01-01','2020-11-09'),(30,2564,'ขอเบิกท่ี 25  /2564','อาหารกลางวัน','001001',18000,'118','203','นางอาภรณ์  เมืองเหนือ',1,'3341501588844','2020-11-30','0000-01-01','2020-11-30'),(26,2564,'ขอเบิกท่ี 21/2564','อาหารกลางวัน','001001',19800,'118','203','นางอาภรณ์  เมืองเหนือ',1,'3341501588844','2020-12-17','0000-01-01','2020-12-17'),(27,2564,'ขอเบิกท่ี 22/2564','อาหารกลางวัน','001001',18000,'118','203','นางอาภรณ์  เมืองเหนือ',1,'3341501588844','2021-01-08','0000-01-01','2021-01-08'),(28,2564,'ขอเบิกท่ี 23/2564','อาหารกลางวัน','001001',18000,'118','203','นางอาภรณ์  เมืองเหนือ',1,'3341501588844','2021-01-21','0000-01-01','2021-02-21'),(29,2564,'ขอเบิกท่ี 24/2564','อาหารกลางวัน','001001',17800,'118','203','นางอาภรณ์  เมืองเหนือ',1,'3341501588844','2021-02-01','0000-01-01','2021-02-01'),(31,2564,'ขอเบิกท่ี 26/2564','พันธ์ปลาดุก อาหารปลาดุก','008001',5000,'105','202','นางวริสา  เหลากลม',1,'3341501588844','2021-02-10','0000-01-01','2021-02-10'),(32,2564,'ขอเบิกท่ี 27/2564','วัสดุการศึกษา','013002',1540,'109','203','นางสาวสุทธิชา  มาลีศรี',1,'3341501588844','2021-02-10','0000-01-01','2021-02-10'),(33,2564,'ขอเบิกท่ี 28/2564','ค่าซ่อมเครื่องปริ้นเตอร์','013002',268,'109','201','นางสาวสุทธิชา  มาลีศรี',1,'3341501588844','2021-02-10','0000-01-01','2021-02-11'),(34,2564,'ขอเบิกท่ี 29/2564','ซ่อมแซมประดูรั้ว','013001',2200,'109','201','นางวริสา  เหลากลม',1,'3341501588844','2021-02-10','2021-02-10','2021-02-10'),(35,2564,'ขอเบิกท่ี 30/2564','ค่าซ่อมเครื่องปริ้นเตอร์','002001',1600,'108','202','นางอาภรณ์  เมืองเหนือ',1,'3341501588844','2020-11-09','0000-01-01','2020-11-09'),(36,2564,'ขอเบิกท่ี 31/2564','อาหารกลางวัน','001001',17800,'118','203','นางอาภรณ์  เมืองเหนือ',1,'3341501588844','2021-02-16','0000-01-01','2021-02-16'),(37,2564,'ขอเบิกท่ี 32/2564','จัดซื้อหมึกเครื่องปริ้น','013002',690,'109','202','นางสาวจันทร์อำไพ ปะวะภูโต',1,'3341501588844','2021-02-16','0000-01-01','2021-02-16'),(38,2564,'ขอเบิกท่ี 33/2564','เอกสารแบบฝึก','002001',846,'108','202','นางอาภรณ์  เมืองเหนือ',1,'3341501588844','2021-02-16','0000-01-01','2021-02-16'),(39,2564,'ขอเบิกท่ี3 4/2564','อุปกรณ์การเรียน','017001',2200,'115','203','นายวันชัย  ราชวงศ์',1,'3341501588844','2020-12-14','0000-01-01','2021-02-16'),(40,2564,'ขอเบิกท่ี 35/2564','อุปกรณ์การเรียน','017001',13260,'115','203','นายวันชัย  ราชวงศ์',1,'3341501588844','2020-12-14','0000-01-01','2021-02-16'),(41,2564,'ขอเบิกท่ี 36/2564','ค่าไฟฟ้า','018001',2293.88,'109','204','นายวันชัย  ราชวงศ์',1,'3341501588844','2021-02-24','0000-01-01','2021-02-24'),(42,2564,'ขอเบิกท่ี 37/2564','อาหารกลางวัน','001001',17800,'118','203','นางอาภรณ์  เมืองเหนือ',1,'3341501588844','2021-02-24','0000-01-01','2021-02-24'),(43,2564,'ขอเบิกท่ี 38/2564','แผนภูมิโครงสร้าการบริหาร','013001',1350,'109','203','นางสาวจันทร์อำไพ ปะวะภูโต',1,'3341501588844','2021-02-24','0000-01-01','2021-02-24'),(44,2564,'ขอเบิกท่ี 39/2564','ค่าจ้างจัดทำแปลงดอกไม้','013001',3123,'109','202','นางวริสา  เหลากลม',1,'3341501588844','2021-03-02','0000-01-01','2021-03-02'),(45,2564,'ขอเบิกท่ี 40/2564','เอกสารแบบฝึก','015001',1077,'109','203','นายวันชัย  ราชวงศ์',1,'3341501588844','2021-03-02','0000-01-01','2021-03-02'),(46,2564,'ขอเบิกท่ี 41/2564','ไวนิลรับนักเรียน','012001',500,'109','202','นางสาวจันทร์อำไพ ปะวะภูโต',1,'3341501588844','2021-03-02','0000-01-01','2021-03-02'),(47,2564,'ขอเบิกท่ี 42/2564','ไวนิลการป้องกันโควิด','003001',300,'109','202','นางวริสา  เหลากลม',1,'3341501588844','2021-03-02','0000-01-01','2021-03-11'),(48,2565,'พิเศษ/2565','งบรายห้อง','001001',3000,'108','202','นางอาภรณ์ เมืองเหนือ',1,'1349900542181','2022-05-17','0000-01-01','2022-05-17'),(49,2565,'พิเศษ/2565','ของเล่นอนุบาล','001001',4000,'108','202','นางอาภรณ์ เมืองเหนือ',1,'1349900542181','2022-05-30','0000-01-01','2022-05-30'),(50,2565,'พิเศษ/2565','ค่าถ่ายเอกสาร','001001',440,'108','202','นางอาภรณ์ เมืองเหนือ',1,'1349900542181','2022-06-14','0000-01-01','2022-06-14'),(51,2565,'พิเศษ/2565','ค่าถ่ายเอกสาร','001001',613,'108','202','นางอาภรณ์ เมืองเหนือ',1,'1349900542181','2022-07-14','0000-01-01','2022-07-14'),(52,2565,'พิเศษ/2565','งบรายห้อง','001001',3000,'108','202','นางอาภรณ์ เมืองเหนือ',1,'1349900542181','2022-09-28','0000-01-01','2022-09-28'),(117,2566,'พิเศษ/2566','ค่าเอกสารข้อสอบ RT','015001',341,'109','202','นายวันชัย ราชวงศ์',1,'1349900542181','2023-02-06','0000-01-01','2023-02-06'),(116,2566,'พิเศษ/2566','ค่าถ่ายเอกสาร NT','015001',528,'109','202','นายวันชัย ราชวงศ์',1,'1349900542181','2023-02-06','0000-01-01','2023-02-06'),(115,2566,'พิเศษ/2566','ค่าถ่ายเอกสาร NT','015001',990,'109','202','นายวันชัย ราชวงศ์',1,'1349900542181','2023-01-19','0000-01-01','2023-01-19'),(56,2565,'พิเศษ/2565','วัสดุจัดเลี้ยงพระ','003001',2000,'109','202','นายวันชัย ราชวงศ',1,'1349900542181','2022-06-21','0000-01-01','2022-06-21'),(57,2565,'พิเศษ/2565','วัสดุทำบุญ','003001',2000,'109','202','นายวันชัย ราชวงศ์',1,'1349900542181','2022-07-14','0000-01-01','2022-07-14'),(58,2565,'พิเศษ/2565','ไวนิลโครงการ','003001',1000,'109','202','นายวันชัย ราชวงศ์',1,'1349900542181','2022-06-14','0000-01-01','2022-06-14'),(59,2565,'พิเศษ/2565','ขาตั้งรูปพระบรมฉายาลักษณ์','003001',450,'109','202','นายวันชัย ราชวงศ์',1,'1349900542181','2022-06-14','0000-01-01','2022-06-14'),(60,2565,'พิเศษ/2565','วัสดุจัดเลี้ยงพระ','003001',2000,'109','202','นายวันชัย ราชวงศ์',1,'1349900542181','2022-06-21','0000-01-01','2022-06-21'),(114,2566,'พิเศษ/2566','วัสดุกระดาษ','015001',3823,'109','202','นายวันชัย ราชวงศ์',1,'1349900542181','2022-11-04','0000-01-01','2022-11-04'),(62,2565,'พิเศษ/2565','ไวนิลโครงการ','014001',550,'109','202','นายวันชัย ราชวงศ์',1,'1349900542181','2022-05-30','0000-01-01','2022-06-30'),(63,2565,'พิเศษ/2565','ไวนิลโครงการ','014001',450,'109','202','นายวันชัย ราชวงศ์',1,'1349900542181','2022-06-14','0000-01-01','2022-06-14'),(113,2566,'พิเศษ/2566','ค่าเบี้ยเลี้ยงศิลปหัตถกรรม','015001',3050,'109','202','นายวันชัย ราชวงศ์',1,'1349900542181','2022-12-19','0000-01-01','2022-12-19'),(112,2566,'พิเศษ/2566','ค่าชีทติวโอเน็ต','015001',390,'109','202','นายวันชัย ราชวงศ์',1,'1349900542181','2022-12-19','0000-01-01','2022-12-19'),(111,2566,'พิเศษ/2566','ค่าเข้าเล่มศิลปหัตถกรรม','015001',490,'109','202','นายวันชัย ราชวงศ์',1,'1349900542181','2022-12-19','0000-01-01','2022-12-19'),(68,2565,'พิเศษ/2565','ไวนิลโครงการ และ รางวัล','015001',2650,'109','202','นายวันชัย ราชวงศ์',1,'1349900542181','2022-06-27','0000-01-01','2022-06-27'),(110,2566,'พิเศษ/2566','ค่ารถไปแข่งศิลปหัตถกรรมนักเรียน','015001',1200,'109','202','นายวันชัย ราชวงศ์',1,'1349900542181','2022-11-30','0000-01-01','2022-11-30'),(109,2566,'พิเศษ/2566','ค่าชีทติวโอเน็ต','015001',490,'109','202','นายวันชัย ราชวงศ์',1,'1349900542181','2022-11-30','0000-01-01','2022-11-30'),(108,2566,'พิเศษ/2566','อุปกรณสภา','014001',1065,'109','202','นายวันชัย ราชวงศ์',1,'1349900542181','2022-12-19','0000-01-01','2022-12-19'),(107,2566,'พิเศษ/2566','ป้ายสภา','014001',4000,'109','202','นายวันชัย ราชวงศ์',1,'1349900542181','2022-11-30','0000-01-01','2022-11-30'),(106,2566,'พิเศษ/2566','ไวนิลโครงการ','014001',550,'109','201','นายวันชัย ราชวงศ์',1,'1349900542181','2022-10-05','0000-01-01','2022-10-05'),(105,2566,'พิเศษ/2566','พระบรมฉายาลักษณ์','003001',800,'109','202','นายวันชัย ราชวงศ์',1,'1349900542181','2022-12-29','0000-01-01','2022-12-29'),(104,2566,'พิเศษ/2566','วัสดุจัดงานปีใหม่','003001',500,'109','202','นายวันชัย ราชวงศ์',1,'1349900542181','2022-12-29','0000-01-01','2022-12-29'),(103,2566,'พิเศษ/2566','ซ่อมเครื่องปริ้น','001001',800,'108','202','นางอาภรณ์ เมืองเหนือ',1,'1349900542181','2023-02-14','0000-01-01','2023-02-14'),(77,2565,'พิเศษ/2565','ซ้ออุปกรณ์ Cross word','015001',2250,'109','202','นายวันชัย ราชวงศ์',1,'1349900542181','2022-07-22','0000-01-01','2022-07-22'),(102,2566,'พิเศษ/2566','งบรายห้อง','001001',3000,'108','202','นางอาภรณ์ เมืองเหนือ',1,'1349900542181','2023-01-19','0000-01-01','2023-01-19'),(79,2565,'พิเศษ/2565','อุปกรณทำความสะอาด','002001',4517,'109','202','นางวริศา เหลากรม',1,'1349900542181','2022-05-10','0000-01-01','2022-05-10'),(80,2565,'พิเศษ/2565','ค่าจ้างช่าง','002001',2000,'109','202','นางวริศา เหลากรม',1,'1349900542181','2022-06-21','0000-01-01','2022-06-21'),(81,2565,'พิเศษ/2565','อุปกรณ์ล้างจาน','002001',540,'109','202','540',1,'1349900542181','2022-06-27','0000-01-01','2022-06-27'),(82,2565,'พิเศษ/2565','อุปกรณ์ทำความสะอาด','002001',800,'109','202','นางวริศา เหลากรม',1,'1349900542181','2022-07-22','0000-01-01','2022-07-22'),(101,2566,'พิเศษ/2566','ค่าไอศกรีม','001001',1284,'108','202','นางอาภรณ์ เมืองเหนือ',1,'1349900542181','2022-12-29','0000-01-01','2022-12-29'),(84,2565,'พิเศษ/2565','ค่าซ่อมเคร่องกรองน้ำ','002001',4900,'109','202','นางวริศา เหลากรม',1,'1349900542181','2022-11-30','0000-01-01','2022-11-30'),(85,2565,'พิเศษ/2565','ซ่อมเครื่องปริ้น','011001',1200,'109','202','นางวริศา เหลากรม',1,'1349900542181','2022-05-17','0000-01-01','2022-05-17'),(86,2565,'พิเศษ/2565','ซ่อมเครื่องปริ้น','011001',10157,'109','202','นางวริศา เหลากรม',1,'1349900542181','2022-05-30','0000-01-01','2022-05-30'),(87,2565,'พิเศษ/2565','ซ่อมเครื่องปริ้น','011001',820,'109','202','นางวริศา เหลากรม',1,'1349900542181','2022-09-02','0000-01-01','2022-09-02'),(88,2565,'พิเศษ/2565','ซ่อมเครื่องปริ้น','011001',749,'109','202','นางวริศา เหลากรม',1,'1349900542181','2022-09-26','0000-01-01','2022-09-26'),(100,2566,'พิเศษ/2566','งบรายห้อง','001001',3000,'108','202','นางอาภรณ์ เมืองเหนือ',1,'1349900542181','2022-10-28','0000-01-01','2022-10-28'),(90,2565,'พิเศษ/2565','ค่าไม้กวาดแข็ง','012001',680,'109','202','นางวริศา เหลากรม',1,'1349900542181','2022-05-17','0000-01-01','2022-05-17'),(91,2565,'พิเศษ/2565','วัสดุทำโรงอาหาร','012001',8000,'109','202','นางวริศา เหลากรม',1,'1349900542181','2022-05-17','0000-01-01','2022-05-17'),(92,2565,'พิเศษ/2565','วัสดุส่งเสริมการอ่าน','004001',4700,'109','202','นางสาวสุทธิชา มาลีศรี',1,'1349900542181','2022-08-26','0000-01-01','2022-08-26'),(93,2565,'พิเศษ/2565','งบรายห้อง','006001',17500,'109','202','นางสาวเพ็ญพิชา ศิริวงษ์',1,'1349900542181','2022-05-10','0000-01-01','2022-05-10'),(94,2565,'พิเศษ/2565','กระดาษ','006001',5000,'109','202','นางสาวเพ็ญพิชา ศิริวงษ์',1,'1349900542181','2022-05-17','0000-01-01','2022-05-17'),(95,2565,'พิเศษ/2565','วัสดุเลี้ยงปลา','007001',6000,'109','202','นางสาวเพ็ญพิชา ศิริวงษ์',1,'1349900542181','2022-06-06','0000-01-01','2022-06-06'),(96,2565,'พิเศษ/2565','ค่าอบรม PA','008001',600,'109','202','นางสาวเพ็ญพิชา ศิริวงษ์',1,'1349900542181','2022-05-10','0000-01-01','2022-05-10'),(97,2565,'พิเศษ/2565','สร้างขวัญกำลังใจ','008001',2530,'109','202','นางสาวเพ็ญพิชา ศิริวงษ์',1,'1349900542181','2022-07-22','0000-01-01','2022-07-22'),(98,2565,'พิเศษ/2565','ศึกษาดูงาน','008001',6480,'109','202','นางสาวเพ็ญพิชา ศิริวงษ์',1,'1349900542181','2022-09-02','0000-01-01','2022-09-02'),(99,2565,'พิเศษ/2565','ค่าวัสดุเอกสาร','013001',2500,'109','202','นางสุชาดา วรรณสาย',1,'1349900542181','2022-05-17','0000-01-01','2022-05-17'),(118,2566,'พิเศษ/2566','วัสดุงานอนามัย','002001',2925,'109','202','นางวริศา เหลากรม',1,'1349900542181','2022-11-04','0000-01-01','2022-11-04'),(119,2566,'พิเศษ/2566','ค่าซ่อมเครื่องกรองน้ำ','002001',4900,'109','202','นางวริศา เหลากรม',1,'1349900542181','2022-11-30','0000-01-01','2022-11-30'),(120,2566,'พิเศษ/2566','ซ่อมเครื่องปริ้น','011001',820,'109','202','นางวริศา เหลากรม',1,'1349900542181','2022-11-04','0000-01-01','2022-11-04'),(121,2566,'พิเศษ/2566','ค่าล้างหัวหมึก','011001',200,'109','202','นางวริศา เหลากรม',1,'1349900542181','2022-12-19','0000-01-01','2022-12-19'),(122,2566,'พิเศษ/2566','ค่าหมึกเครื้องปริ้น','011001',970,'109','202','นางวริศา เหลากรม',1,'1349900542181','2023-01-06','0000-01-01','2023-01-06'),(123,2566,'พิเศษ/2566','ค่าหัวหมึกเครื่องปริ้น','011001',3690,'109','202','นางวริศา เหลากรม',1,'1349900542181','2023-01-06','0000-01-01','2023-01-06'),(124,2566,'พิเศษ/2566','ซ่อมเครื่องปริ้น','011001',1500,'109','202','นางวริศา เหลากรม',1,'1349900542181','2023-02-14','0000-01-01','2023-02-14'),(125,2566,'พิเศษ/2566','เงินกีฬากลุ่ม','011001',1660,'109','202','นางสาวเพ็ญพิชา ศิริวงษ์',1,'1349900542181','2023-02-27','0000-01-01','2023-02-27'),(126,2566,'พิเศษ/2566','เปลี่ยนหมึกเครื่องปริ้น','011001',800,'109','202','นางสาวเพ็ญพิชา ศิริวงษ์',1,'1349900542181','2023-02-27','0000-01-01','2023-02-27'),(127,2566,'พิเศษ/2566','ค่ารถนักเรียน','013001',3000,'109','202','นางสาวเพ็ญพิชา ศิริวงษ์',1,'1349900542181','2023-02-27','0000-01-01','2023-02-27'),(128,2566,'พิเศษ/2566','ค่าป้ายโรงเรียน','006001',800,'109','202','นางสาวเพ็ญพิชา ศิริวงษ์',1,'1349900542181','2023-02-27','0000-01-01','2023-02-27'),(129,2566,'พิเศษ/2566','ค่าป้ายไวนิลสภา','014001',1080,'109','202','นายวันชัย ราชวงศ์',1,'1349900542181','2023-02-27','0000-01-01','2023-02-27'),(130,2566,'พิเศษ/2566','อุปกรณ์เลือกตั้ง','014001',288,'109','202','นายวันชัย ราชวงศ์',1,'1349900542181','2023-02-27','0000-01-01','2023-02-27'),(131,2566,'พิเศษ/2566','ไวนิลขบวนพาเหรด','014001',900,'109','202','นายวันชัย ราชวงศ์',1,'1349900542181','2023-02-27','0000-01-01','2023-02-27'),(132,2566,'พิเศษ/2566','ค่ารรับส่งนักเรียน','006001',600,'122','202','นางสาวเพ็ญพิชา ศิริวงษ์',1,'1349900542181','2023-03-08','0000-01-01','2023-03-08'),(133,2566,'พิเศษ/2566','เจาะน้ำบาดาล','012001',2500,'109','202','นางวริศา เหลากรม',1,'1349900542181','2023-03-08','0000-01-01','2023-03-08'),(134,2566,'พิเศษ/2566','ค่าเข้าค่ายลูกเสือ','006001',1540,'109','202','นายวันชัย ราชวงศ์',1,'1349900542181','2023-03-08','0000-01-01','2023-03-08');

--
-- Table structure for table `budget_year`
--

CREATE TABLE `budget_year` (
  `id` int(11) NOT NULL AUTO_INCREMENT,
  `budget_year` int(11) NOT NULL,
  `year_active` tinyint(1) NOT NULL,
  PRIMARY KEY (`id`),
  UNIQUE KEY `budget_year` (`budget_year`)
) ENGINE=MyISAM AUTO_INCREMENT=11 DEFAULT CHARSET=utf8 COLLATE=utf8_general_ci;

--
-- Dumping data for table `budget_year`
--

INSERT INTO `budget_year` VALUES (1,2557,0),(2,2558,0),(3,2559,0),(4,2562,0),(5,2563,0),(6,2564,0),(7,2565,0),(9,2566,0),(10,2568,1);

--
-- Table structure for table `cabinet_cabinet`
--

CREATE TABLE `cabinet_cabinet` (
  `id` int(11) NOT NULL AUTO_INCREMENT,
  `cabinet_id` int(11) NOT NULL,
  `cabinet_type` tinyint(4) NOT NULL,
  `cabinet_name` varchar(100) NOT NULL,
  `cabinet_size` double NOT NULL,
  `tray_size` double NOT NULL,
  `cabinet_person` varchar(13) NOT NULL,
  PRIMARY KEY (`id`),
  UNIQUE KEY `cabinet_id` (`cabinet_id`)
) ENGINE=MyISAM AUTO_INCREMENT=9 DEFAULT CHARSET=utf8 COLLATE=utf8_general_ci;

--
-- Dumping data for table `cabinet_cabinet`
--

INSERT INTO `cabinet_cabinet` VALUES (2,2,2,'ส่วนบุคคล',1000,1000,'3349900649437'),(3,1,1,'บริหารบุคคล',1000,50,'3341501452667'),(4,3,1,'การเงิน',1000,100,'3349800019661'),(5,4,1,'กิจกรรมผู้เรียน',1000,100,'3340100156829'),(6,5,1,'วิชาการ',1000,100,'3349800120027'),(7,6,1,'อนามัยโรงเรียน',1000,100,'3349900943416'),(8,7,1,'อาหารกลางวัน',1000,100,'3341500020381');

--
-- Table structure for table `cabinet_file`
--

CREATE TABLE `cabinet_file` (
  `id` int(11) NOT NULL AUTO_INCREMENT,
  `file_id` int(11) NOT NULL,
  `tray_id` bigint(11) NOT NULL,
  `cabinet_id` int(11) NOT NULL,
  `file_name` varchar(100) NOT NULL,
  PRIMARY KEY (`id`)
) ENGINE=MyISAM AUTO_INCREMENT=34 DEFAULT CHARSET=utf8 COLLATE=utf8_general_ci;

--
-- Dumping data for table `cabinet_file`
--

INSERT INTO `cabinet_file` VALUES (1,1,1,5,'หลักสูตรปฐมวัย'),(2,1,1,5,'หลักสูตรการศึกษาขั้นพื้นฐาน'),(3,1,3349900649437,2,'บุคคล'),(4,2,3349900649437,2,'ทะเบียนนักเรียน'),(5,2,2,5,'หลักสูตรเพิ่มเติม ป.1 - 3'),(6,2,2,5,'หลักสูตรเพิ่มเติม  ป.4-6'),(7,1,1,6,'น้ำหนักส่วนสูง'),(8,2,1,6,'ทันตสุขภาพ'),(9,3,3,5,'คุณลักษณะอันพึงประสงค์ปฐมวัย'),(10,3,3,5,'คุณลักษณะอันพึงประสงค์การศึกษาขั้นพื้นฐาน'),(11,1,2,6,'น้ำหนักส่วนสูง'),(12,2,2,6,'ทันตสุขภาพ'),(13,1,3,6,'น้ำหนักส่วนสูง'),(14,2,3,6,'ทันตสุขภาพ'),(15,1,4,6,'น้ำหนักส่วนสูง'),(16,2,4,6,'ทันตสุขภาพ'),(17,1,5,6,'ทันตสุขภาพ'),(18,2,5,6,'ทันตสุขภาพ'),(19,1,6,6,'น้ำหนักส่วนสุง'),(20,2,6,6,'ทันตสุขภาพ'),(21,1,7,6,'น้ำหนักส่วนสูง'),(22,2,7,6,'ทันตสุขภาพ'),(23,1,1,4,'รายงานการคัดกรอง'),(24,1,1,7,'ภาคเรียนที่ 1'),(25,2,1,7,'ภาคเรียนที่ 2'),(26,1,2,4,'กิจรรมวันสุนทรภู่'),(27,2,1,4,'ชั้นอนุบาล 1,2'),(28,3,1,4,'ชั้นประถมศึกษาปีที่ 1'),(29,4,1,4,'ชั้นประถมศึกษาปีที่ 2'),(30,5,1,4,'ชั้นประถมศึกษาปีที่ 3'),(31,6,1,4,'ชั้นประถมศึกษาปีที่ 4'),(32,7,1,4,'ชั้นประถมศึกษาปีที่ 5'),(33,8,1,4,'ชั้นประถมศึกษาปีที่ 6');

--
-- Table structure for table `cabinet_main`
--

CREATE TABLE `cabinet_main` (
  `id` int(11) NOT NULL AUTO_INCREMENT,
  `file_id` int(11) NOT NULL,
  `tray_id` bigint(11) NOT NULL,
  `cabinet_id` int(11) NOT NULL,
  `cabinet_type` tinyint(4) NOT NULL,
  `doc_subject` varchar(150) NOT NULL,
  `doc_size` double NOT NULL,
  `doc_name` varchar(100) NOT NULL,
  `doc_type` varchar(10) NOT NULL,
  `status` tinyint(4) NOT NULL DEFAULT 0,
  `person_id` varchar(13) NOT NULL,
  `rec_date` datetime NOT NULL,
  PRIMARY KEY (`id`)
) ENGINE=MyISAM AUTO_INCREMENT=8 DEFAULT CHARSET=utf8 COLLATE=utf8_general_ci;

--
-- Dumping data for table `cabinet_main`
--

INSERT INTO `cabinet_main` VALUES (1,1,3349900649437,2,2,'ข้อมูลครู',22832,'33499006494371404545475.docx','docx',0,'3349900649437','2014-07-05 14:31:15'),(2,2,3349900649437,2,2,'รายชื่อนักเรียนรับทุน',1028320,'33499006494371404545672.docx','docx',0,'3349900649437','2014-07-05 14:34:32'),(3,1,1,6,1,'น้ำหนักส่วนสูง',17321,'33499009434161404545735.docx','docx',0,'3349900943416','2014-07-05 14:35:35'),(4,2,1,6,1,'ทันตสุขภาพ',130363,'33499009434161404546138.docx','docx',0,'3349900943416','2014-07-05 14:42:18'),(5,1,1,7,1,'อ่านออกเขียนได้',336896,'33415000203811404717780.doc','doc',0,'3341500020381','2014-07-07 14:23:00'),(6,1,3349900649437,2,2,'แผน57',855040,'33499006494371405259546.doc','doc',0,'3349900649437','2014-07-13 20:52:26'),(7,2,3349900649437,2,2,'เปิดกีฬา',30720,'33499006494371406102195.doc','doc',0,'3349900649437','2014-07-23 14:56:35');

--
-- Table structure for table `cabinet_permission`
--

CREATE TABLE `cabinet_permission` (
  `id` int(11) NOT NULL AUTO_INCREMENT,
  `person_id` varchar(13) NOT NULL,
  `p1` tinyint(4) DEFAULT NULL,
  `officer` varchar(13) NOT NULL,
  `rec_date` date NOT NULL,
  PRIMARY KEY (`id`),
  UNIQUE KEY `person_id` (`person_id`)
) ENGINE=MyISAM AUTO_INCREMENT=13 DEFAULT CHARSET=utf8 COLLATE=utf8_general_ci;

--
-- Dumping data for table `cabinet_permission`
--

INSERT INTO `cabinet_permission` VALUES (12,'1349900734152',1,'3341501452730','2020-01-31'),(2,'3341500020381',1,'3341500020381','2014-07-05'),(11,'1349900670154',1,'3341501452730','2020-01-31'),(10,'3341501588844',1,'3341501452730','2020-01-31'),(5,'3340100156829',1,'3349900943416','2014-07-05'),(6,'3349800120027',1,'3349900943416','2014-07-05'),(9,'1349900542181',1,'3341501452730','2020-01-31'),(8,'3341501452730',1,'3341501452730','2020-01-31');

--
-- Table structure for table `cabinet_tray`
--

CREATE TABLE `cabinet_tray` (
  `id` int(11) NOT NULL AUTO_INCREMENT,
  `tray_id` bigint(20) NOT NULL,
  `cabinet_id` int(11) NOT NULL,
  `tray_name` varchar(100) NOT NULL,
  PRIMARY KEY (`id`)
) ENGINE=MyISAM AUTO_INCREMENT=17 DEFAULT CHARSET=utf8 COLLATE=utf8_general_ci;

--
-- Dumping data for table `cabinet_tray`
--

INSERT INTO `cabinet_tray` VALUES (1,1,5,'หลักสูตรสถานศึกษา'),(2,1,6,'อนุบาล 1 . 2'),(3,2,6,'ป.1'),(4,3,6,'ป.2'),(5,4,6,'ป,3'),(6,3349900649437,2,'ปริพัตร_บุปผาพรหม'),(7,5,6,'ป.4'),(8,6,6,'ป.5'),(9,7,6,'ป.6'),(10,2,5,'หลักสูตรเพิ่มเติม'),(11,3,5,'คุณลักษณะอันพึงประสงค์หลักสูตร'),(12,1,7,'รายการจัดซื้ออาหารกลางวัน'),(13,2,7,'รายชื้ออาหารกลางวันแต่ละวัน'),(14,1,4,'ระบบดูแลนักเรียน'),(15,2,4,'ห้องสมุด'),(16,7,4,'ชั้นประถมศึกษาปีที่ 5');

--
-- Table structure for table `delegate_main`
--

CREATE TABLE `delegate_main` (
  `id` int(11) NOT NULL AUTO_INCREMENT,
  `person_id` varchar(13) NOT NULL,
  `start` date NOT NULL,
  `finish` date NOT NULL,
  `remark` varchar(250) NOT NULL,
  `officer` varchar(13) NOT NULL,
  `rec_date` date NOT NULL,
  PRIMARY KEY (`id`)
) ENGINE=MyISAM AUTO_INCREMENT=4 DEFAULT CHARSET=utf8 COLLATE=utf8_general_ci;

--
-- Dumping data for table `delegate_main`
--

INSERT INTO `delegate_main` VALUES (1,'3349800120027','2019-05-23','2019-05-23','','3341501588844','2019-05-23'),(2,'3340100156829','2020-10-01','2023-09-14','','3341501588844','2021-01-14'),(3,'3341500467521','2020-10-01','2023-09-01','','3341501588844','2021-01-14');

--
-- Table structure for table `delegate_permission`
--

CREATE TABLE `delegate_permission` (
  `id` int(11) NOT NULL AUTO_INCREMENT,
  `person_id` varchar(13) NOT NULL,
  `p1` tinyint(4) NOT NULL,
  `officer` varchar(13) NOT NULL,
  `rec_date` date NOT NULL,
  PRIMARY KEY (`id`)
) ENGINE=MyISAM DEFAULT CHARSET=utf8 COLLATE=utf8_general_ci;

--
-- Dumping data for table `delegate_permission`
--


--
-- Table structure for table `health_age_height`
--

CREATE TABLE `health_age_height` (
  `id` int(11) NOT NULL AUTO_INCREMENT,
  `type` tinyint(4) NOT NULL DEFAULT 1,
  `sex` tinyint(4) NOT NULL DEFAULT 2,
  `age` double NOT NULL,
  `height_1` double NOT NULL,
  `height_2` double NOT NULL,
  `height_3` double NOT NULL,
  `height_4` double NOT NULL,
  PRIMARY KEY (`id`)
) ENGINE=MyISAM AUTO_INCREMENT=63 DEFAULT CHARSET=utf8 COLLATE=utf8_general_ci;

--
-- Dumping data for table `health_age_height`
--

INSERT INTO `health_age_height` VALUES (1,0,1,1,70,71.5,80,81),(2,0,1,1.25,72.5,73.5,83.5,85),(3,0,1,1.5,75,77,86.5,88),(4,0,1,1.75,77.5,79.5,89.5,91),(5,0,1,2,80,81.5,92,93.5),(6,0,1,2.25,82,84,94,96),(7,0,1,2.5,83.5,84.5,96.5,98),(8,0,1,2.75,85.5,87.5,98.5,100),(9,0,1,3,87,89.5,100.5,102),(10,0,1,3.25,89,91,102.5,104),(11,0,1,3.5,90.5,93,104.5,106),(12,0,1,3.75,92,94.5,106.5,108),(13,0,1,4,93.5,96,108,110),(14,0,1,4.25,95,96.5,110,112),(15,0,1,4.5,97,99,112,113.5),(16,0,1,4.75,98.5,100.5,113.5,115),(17,0,1,5,100,102,115,117.7),(18,0,2,1,67,69,79,80.5),(19,0,2,1.25,70,72,82.5,84.5),(20,0,2,1.5,73,74.5,85,87.5),(21,0,2,1.75,75.5,77,88,89.5),(22,0,2,2,78,79.5,90.5,92),(23,0,2,2.25,80,82,92.5,94.5),(24,0,2,2.5,82,84,95,96.5),(25,0,2,2.75,84,86,97,98.5),(26,0,2,3,85.5,88,99,100.5),(27,0,2,3.25,87.5,89.5,100.5,102.5),(28,0,2,3.5,89,91.5,102.5,104.5),(29,0,2,3.75,90.5,93,104.5,106),(30,0,2,4,92.5,94.5,106.5,108.5),(31,0,2,4.25,94,96,108.5,110.5),(32,0,2,4.5,95.5,98,110.5,112.5),(33,0,2,4.75,97.5,99.5,112.5,114),(34,0,2,5,99,101,114,116),(35,1,1,5,100,102,115,117.5),(36,1,1,6,105.5,107.5,121.5,123.5),(37,1,1,7,110.5,113,127.5,130),(38,1,1,8,114.5,117.5,133.5,136),(39,1,1,9,119,122,138,141),(40,1,1,10,123.5,126.5,143.5,145.5),(41,1,1,11,127.5,130.5,149.5,153),(42,1,1,12,131.5,135,157,161),(43,1,1,13,135,139,162,166),(44,1,1,14,143,147.5,170,173),(45,1,1,15,149.5,153.5,173,176.5),(46,1,1,16,155,158.5,176,178.5),(47,1,1,17,157.5,160.5,177,179.5),(48,1,1,18,158.5,161.5,177.5,180),(49,1,2,5,99,101,114,116),(50,1,2,6,105,107.5,120.5,123),(51,1,2,7,109.5,112.5,126.5,129),(52,1,2,8,114.5,117,132.5,135),(53,1,2,9,119,122,139,142),(54,1,2,10,124,127,146,149.5),(55,1,2,11,129.5,133,152.5,155.5),(56,1,2,12,135.5,138.5,157,159.5),(57,1,2,13,140.5,143.5,160,162.5),(58,1,2,14,144.5,147,162,164.5),(59,1,2,15,146,148,163.5,166),(60,1,2,16,146.5,149,164,166.5),(61,1,2,17,147,149,164,166.5),(62,1,2,18,147,149.5,164,166.5);

--
-- Table structure for table `health_age_weight`
--

CREATE TABLE `health_age_weight` (
  `id` int(11) NOT NULL AUTO_INCREMENT,
  `type` tinyint(4) NOT NULL DEFAULT 1,
  `sex` tinyint(4) NOT NULL DEFAULT 2,
  `age` double NOT NULL,
  `weight_1` double NOT NULL,
  `weight_2` double NOT NULL,
  `weight_3` double NOT NULL,
  `weight_4` double NOT NULL,
  PRIMARY KEY (`id`)
) ENGINE=MyISAM AUTO_INCREMENT=63 DEFAULT CHARSET=utf8 COLLATE=utf8_general_ci;

--
-- Dumping data for table `health_age_weight`
--

INSERT INTO `health_age_weight` VALUES (1,0,1,1,7.8,8.3,11.5,11.5),(2,0,1,1.25,8.5,9,12,12.5),(3,0,1,1.5,8.9,9.4,12.9,13.5),(4,0,1,1.75,9.4,10,13.7,14.4),(5,0,1,2,9.8,10.5,14.5,15.2),(6,0,1,2.25,10.2,11,15,15.8),(7,0,1,2.5,10.6,11.4,15.8,16.7),(8,0,1,2.75,11,11.8,16.6,17.4),(9,0,1,3,11.4,12.2,17.3,18.2),(10,0,1,3.25,11.7,12.6,18,19),(11,0,1,3.5,12,12.8,18.7,19.8),(12,0,1,3.75,12.4,13.3,19.3,20.6),(13,0,1,4,12.7,13.6,20,21.3),(14,0,1,4.25,13.2,13.9,20.7,22),(15,0,1,4.5,13.4,14.3,21.3,22.7),(16,0,1,4.75,13.8,14.6,21.9,23.7),(17,0,1,5,14,15,23,24),(18,0,2,1,7.3,7.7,10.5,11),(19,0,2,1.25,7.8,8.3,11.3,11.9),(20,0,2,1.5,8.3,8.8,12,12.8),(21,0,2,1.75,8.8,9.3,12.9,13.6),(22,0,2,2,9,9.8,13.6,14.4),(23,0,2,2.25,9.5,10.2,14.4,15.2),(24,0,2,2.5,9.8,10.7,15.2,15.9),(25,0,2,2.75,10.3,11.2,15.9,16.9),(26,0,2,3,10.7,11.5,16.6,17.4),(27,0,2,3.25,11.2,11.9,17.3,18.2),(28,0,2,3.5,11.5,12.3,17.9,18.9),(29,0,2,3.75,11.8,12.7,18.5,19.7),(30,0,2,4,12.2,13,19.3,20.5),(31,0,2,4.25,12.4,13.4,19.7,21),(32,0,2,4.5,12.8,13.7,20.3,21.7),(33,0,2,4.75,13,13.9,20.9,22.3),(34,0,2,5,13.5,14,22,23.5),(35,1,1,5,14,15,23,24),(36,1,1,6,15.5,16.5,25.5,27),(37,1,1,7,17,18.5,28.5,31),(38,1,1,8,18.5,20,32,35),(39,1,1,9,20,21.5,36,39.5),(40,1,1,10,21.5,23.5,40.5,44.5),(41,1,1,11,23,25.5,45,49.5),(42,1,1,12,25.5,28,50,54.5),(43,1,1,13,28,31.5,54.5,58.5),(44,1,1,14,32,35.5,58.5,63.5),(45,1,1,15,36.5,40,62,65.5),(46,1,1,16,40.5,44,64,67.5),(47,1,1,17,43,46,66,69),(48,1,1,18,45,48,67,70),(49,1,2,5,13.5,14,22,23.5),(50,1,2,6,15,16,24.5,26.5),(51,1,2,7,16.5,17.5,28.5,31),(52,1,2,8,17.5,19,32.5,35.5),(53,1,2,9,19.5,21,37.5,41),(54,1,2,10,21.5,23.5,42,46),(55,1,2,11,23.5,26,46.5,50.5),(56,1,2,12,26.5,29,50,54),(57,1,2,13,29.5,33,53,55.5),(58,1,2,14,33.5,36.5,55,58.5),(59,1,2,15,36.5,38.5,56.5,59.5),(60,1,2,16,37.5,40,57,60),(61,1,2,17,38,41,57.5,60.5),(62,1,2,18,38.5,41,57.5,60.5);

--
-- Table structure for table `health_base`
--

CREATE TABLE `health_base` (
  `base_id` int(5) NOT NULL AUTO_INCREMENT,
  `study_year` int(5) NOT NULL,
  `term` int(3) NOT NULL,
  `status` int(2) NOT NULL,
  PRIMARY KEY (`base_id`)
) ENGINE=MyISAM AUTO_INCREMENT=19 DEFAULT CHARSET=utf8 COLLATE=utf8_general_ci;

--
-- Dumping data for table `health_base`
--

INSERT INTO `health_base` VALUES (18,2568,2,1),(17,2568,1,0),(6,2560,2,0),(7,2562,1,0),(8,2562,2,0),(9,2563,1,0),(10,2564,1,0),(11,2565,1,0),(12,2565,2,0),(13,2566,1,0),(14,2566,2,0),(15,2567,1,0),(16,2567,2,0);

--
-- Table structure for table `health_checking`
--

CREATE TABLE `health_checking` (
  `check_id` int(11) NOT NULL AUTO_INCREMENT,
  `student_id` int(11) NOT NULL,
  `student_number` varchar(13) NOT NULL,
  `year_std` varchar(5) NOT NULL,
  `term_std` varchar(3) NOT NULL,
  `class_now` tinyint(4) NOT NULL,
  `room` tinyint(4) NOT NULL,
  `number_check` int(5) NOT NULL,
  `gum` varchar(100) NOT NULL,
  `iodine` varchar(100) NOT NULL,
  `tooth` varchar(100) NOT NULL,
  `weight` varchar(10) NOT NULL,
  `tall` varchar(10) NOT NULL,
  `comment` text NOT NULL,
  `day` datetime NOT NULL,
  `usenull` text DEFAULT NULL,
  `life` varchar(10) NOT NULL,
  `push` varchar(10) NOT NULL,
  `sit` varchar(10) NOT NULL,
  `roll` varchar(10) NOT NULL,
  `run` varchar(10) NOT NULL,
  `person_check` varchar(255) NOT NULL,
  PRIMARY KEY (`check_id`)
) ENGINE=MyISAM AUTO_INCREMENT=1229 DEFAULT CHARSET=utf8 COLLATE=utf8_general_ci;

--
-- Dumping data for table `health_checking`
--

INSERT INTO `health_checking` VALUES (1,1569,'1','2562','1',1,1,1,'ไม่มี','ปกติ','ไม่ผุ','15','98','','2562-07-25 09:48:55','','','','','','','3341501452730'),(2,1570,'2','2562','1',1,1,1,'ไม่มี','ปกติ','ไม่ผุ','11.5','89','','2562-07-25 09:49:15','','','','','','','3341501452730'),(3,1571,'3','2562','1',1,1,1,'ไม่มี','ปกติ','ไม่ผุ','14','96','','2562-07-25 09:49:23','','','','','','','3341501452730'),(4,1585,'4','2562','1',1,1,1,'ไม่มี','ปกติ','ไม่ผุ','13','95','','2562-07-25 09:56:53','','','','','','','3341501452730'),(5,1561,'1','2562','1',2,1,1,'ไม่มี','ปกติ','ไม่ผุ','29','113','','2562-07-25 10:04:37','','','','','','','3341501452730'),(6,1563,'2','2562','1',2,1,1,'ไม่มี','ปกติ','ไม่ผุ','13','98.5','','2562-07-25 10:04:48','','','','','','','3341501452730'),(7,1572,'3','2562','1',2,1,1,'ไม่มี','ปกติ','ไม่ผุ','14','98','','2562-07-25 10:04:57','','','','','','','3341501452730'),(8,1573,'4','2562','1',2,1,1,'ไม่มี','ปกติ','ไม่ผุ','11','95','','2562-07-25 10:05:03','','','','','','','3341501452730'),(9,1574,'5','2562','1',2,1,1,'ไม่มี','ปกติ','ไม่ผุ','27','111','','2562-07-25 10:05:14','','','','','','','3341501452730'),(10,1575,'6','2562','1',2,1,1,'ไม่มี','ปกติ','ไม่ผุ','15','101','','2562-07-25 10:05:24','','','','','','','3341501452730'),(11,1576,'7','2562','1',2,1,1,'ไม่มี','ปกติ','ไม่ผุ','14','102','','2562-07-25 10:14:40','','','','','','','3341501452730'),(12,1564,'8','2562','1',2,1,1,'ไม่มี','ปกติ','ไม่ผุ','20','109','','2562-07-25 10:14:59','','','','','','','3341501452730'),(13,1577,'9','2562','1',2,1,1,'ไม่มี','ปกติ','ไม่ผุ','16','105','','2562-07-25 10:15:09','','','','','','','3341501452730'),(14,1586,'10','2562','1',2,1,1,'ไม่มี','ปกติ','ไม่ผุ','15','113','','2562-07-25 10:15:20','','','','','','','3341501452730'),(15,1587,'11','2562','1',2,1,1,'ไม่มี','ปกติ','ไม่ผุ','17','115','','2562-07-25 10:15:27','','','','','','','3341501452730'),(16,1552,'1','2562','1',3,1,1,'ไม่มี','ปกติ','ไม่ผุ','19','112','','2562-07-25 10:15:52','','','','','','','3341501452730'),(17,1553,'2','2562','1',3,1,1,'ไม่มี','ปกติ','ไม่ผุ','16','116','','2562-07-25 10:16:05','','','','','','','3341501452730'),(18,1554,'3','2562','1',3,1,1,'ไม่มี','ปกติ','ไม่ผุ','15','105','','2562-07-25 10:16:13','','','','','','','3341501452730'),(19,1555,'4','2562','1',3,1,1,'ไม่มี','ปกติ','ไม่ผุ','16','106','','2562-07-25 10:16:20','','','','','','','3341501452730'),(20,1556,'5','2562','1',3,1,1,'ไม่มี','ปกติ','ไม่ผุ','18','112','','2562-07-25 10:16:27','','','','','','','3341501452730'),(21,1557,'6','2562','1',3,1,1,'ไม่มี','ปกติ','ไม่ผุ','15','113','','2562-07-25 10:16:35','','','','','','','3341501452730'),(22,1578,'7','2562','1',3,1,1,'ไม่มี','ปกติ','ไม่ผุ','15','118','','2562-07-25 10:16:55','','','','','','','3341501452730'),(23,1558,'8','2562','1',3,1,1,'ไม่มี','ปกติ','ไม่ผุ','14','102','','2562-07-25 10:17:03','','','','','','','3341501452730'),(24,1559,'9','2562','1',3,1,1,'ไม่มี','ปกติ','ไม่ผุ','14','108','','2562-07-25 10:17:12','','','','','','','3341501452730'),(25,1560,'10','2562','1',3,1,1,'ไม่มี','ปกติ','ไม่ผุ','15','106','','2562-07-25 10:17:22','','','','','','','3341501452730'),(26,1541,'1','2562','1',4,1,1,'ไม่มี','ปกติ','ไม่ผุ','26','121','','2562-07-25 10:18:16','','','','','','','3341501452730'),(27,1542,'2','2562','1',4,1,1,'ไม่มี','ปกติ','ไม่ผุ','18','115','','2562-07-25 10:18:23','','','','','','','3341501452730'),(28,1550,'3','2562','1',4,1,1,'ไม่มี','ปกติ','ไม่ผุ','22','118','','2562-07-25 10:18:39','','','','','','','3341501452730'),(29,1579,'4','2562','1',4,1,1,'ไม่มี','ปกติ','ไม่ผุ','19.5','116','','2562-07-25 10:18:49','','','','','','','3341501452730'),(30,1580,'5','2562','1',4,1,1,'ไม่มี','ปกติ','ไม่ผุ','18','115','','2562-07-25 10:18:58','','','','','','','3341501452730'),(31,1543,'6','2562','1',4,1,1,'ไม่มี','ปกติ','ไม่ผุ','24','120','','2562-07-25 10:19:07','','','','','','','3341501452730'),(32,1544,'7','2562','1',4,1,1,'ไม่มี','ปกติ','ไม่ผุ','19','118','','2562-07-25 10:19:27','','','','','','','3341501452730'),(33,1545,'8','2562','1',4,1,1,'ไม่มี','ปกติ','ไม่ผุ','17','113','','2562-07-25 10:19:35','','','','','','','3341501452730'),(34,1581,'9','2562','1',4,1,1,'ไม่มี','ปกติ','ไม่ผุ','22','110','','2562-07-25 10:19:41','','','','','','','3341501452730'),(35,1522,'1','2562','1',5,1,1,'ไม่มี','ปกติ','ไม่ผุ','25','121','','2562-07-25 10:20:01','','','','','','','3341501452730'),(36,1526,'4','2562','1',5,1,1,'ไม่มี','ปกติ','ไม่ผุ','23','119','','2562-07-25 10:20:34','','','','','','','3341501452730'),(37,1527,'5','2562','1',5,1,1,'ไม่มี','ปกติ','ไม่ผุ','26','126','','2562-07-25 10:20:41','','','','','','','3341501452730'),(38,1528,'6','2562','1',5,1,1,'ไม่มี','ปกติ','ไม่ผุ','25','121','','2562-07-25 10:20:47','','','','','','','3341501452730'),(39,1582,'7','2562','1',5,1,1,'ไม่มี','ปกติ','ไม่ผุ','23','120','','2562-07-25 10:21:01','','','','','','','3341501452730'),(40,1530,'8','2562','1',5,1,1,'ไม่มี','ปกติ','ไม่ผุ','23','120','','2562-07-25 10:21:09','','','','','','','3341501452730'),(41,1531,'9','2562','1',5,1,1,'ไม่มี','ปกติ','ไม่ผุ','21','127','','2562-07-25 10:21:17','','','','','','','3341501452730'),(42,1532,'10','2562','1',5,1,1,'ไม่มี','ปกติ','ไม่ผุ','23','126','','2562-07-25 10:21:27','','','','','','','3341501452730'),(43,1533,'11','2562','1',5,1,1,'ไม่มี','ปกติ','ไม่ผุ','37','127','','2562-07-25 10:21:36','','','','','','','3341501452730'),(44,1510,'1','2562','1',6,1,1,'ไม่มี','ปกติ','ไม่ผุ','21','123','','2562-07-25 10:35:26','','','','','','','3341501452730'),(45,1521,'2','2562','1',6,1,1,'ไม่มี','ปกติ','ไม่ผุ','26','131','','2562-07-25 10:35:33','','','','','','','3341501452730'),(46,1583,'3','2562','1',6,1,1,'ไม่มี','ปกติ','ไม่ผุ','22','121','','2562-07-25 10:35:54','','','','','','','3341501452730'),(47,1511,'4','2562','1',6,1,1,'ไม่มี','ปกติ','ไม่ผุ','25','131','','2562-07-25 10:36:14','','','','','','','3341501452730'),(48,1512,'5','2562','1',6,1,1,'ไม่มี','ปกติ','ไม่ผุ','40','131','','2562-07-25 10:36:23','','','','','','','3341501452730'),(49,1547,'6','2562','1',6,1,1,'ไม่มี','ปกติ','ไม่ผุ','24','130','','2562-07-25 10:36:30','','','','','','','3341501452730'),(50,1567,'7','2562','1',6,1,1,'ไม่มี','ปกติ','ไม่ผุ','24','135','','2562-07-25 10:37:10','','','','','','','3341501452730'),(51,1497,'1','2562','1',7,1,1,'ไม่มี','ปกติ','ไม่ผุ','61','145','','2562-07-25 10:38:09','','','','','','','3341501452730'),(52,1499,'2','2562','1',7,1,1,'ไม่มี','ปกติ','ไม่ผุ','24','134','','2562-07-25 10:38:44','','','','','','','3341501452730'),(53,1500,'3','2562','1',7,1,1,'ไม่มี','ปกติ','ไม่ผุ','24','135','','2562-07-25 10:38:51','','','','','','','3341501452730'),(54,1548,'4','2562','1',7,1,1,'ไม่มี','ปกติ','ไม่ผุ','28','135','','2562-07-25 10:38:59','','','','','','','3341501452730'),(55,1568,'5','2562','1',7,1,1,'ไม่มี','ปกติ','ไม่ผุ','44','143','','2562-07-25 10:40:06','','','','','','','3341501452730'),(56,1501,'6','2562','1',7,1,1,'ไม่มี','ปกติ','ไม่ผุ','26','133','','2562-07-25 10:40:15','','','','','','','3341501452730'),(57,1502,'7','2562','1',7,1,1,'ไม่มี','ปกติ','ไม่ผุ','31','130','','2562-07-25 10:40:36','','','','','','','3341501452730'),(58,1503,'8','2562','1',7,1,1,'ไม่มี','ปกติ','ไม่ผุ','31','138','','2562-07-25 10:40:43','','','','','','','3341501452730'),(59,1504,'9','2562','1',7,1,1,'ไม่มี','ปกติ','ไม่ผุ','29','135','','2562-07-25 10:40:51','','','','','','','3341501452730'),(60,1519,'10','2562','1',7,1,1,'ไม่มี','ปกติ','ไม่ผุ','54','144','','2562-07-25 10:41:00','','','','','','','3341501452730'),(61,1584,'11','2562','1',7,1,1,'ไม่มี','ปกติ','ไม่ผุ','66','140','','2562-07-25 10:41:09','','','','','','','3341501452730'),(62,1481,'1','2562','1',8,1,1,'ไม่มี','ปกติ','ไม่ผุ','23','130','','2562-07-25 10:41:31','','','','','','','3341501452730'),(63,1482,'2','2562','1',8,1,1,'ไม่มี','ปกติ','ไม่ผุ','61','148','','2562-07-25 10:41:44','','','','','','','3341501452730'),(64,1483,'3','2562','1',8,1,1,'ไม่มี','ปกติ','ไม่ผุ','55','139','','2562-07-25 10:41:52','','','','','','','3341501452730'),(65,1484,'4','2562','1',8,1,1,'ไม่มี','ปกติ','ไม่ผุ','28','136','','2562-07-25 10:42:10','','','','','','','3341501452730'),(66,1485,'5','2562','1',8,1,1,'ไม่มี','ปกติ','ไม่ผุ','32','139','','2562-07-25 10:42:18','','','','','','','3341501452730'),(67,1486,'6','2562','1',8,1,1,'ไม่มี','ปกติ','ไม่ผุ','59','146','','2562-07-25 10:42:42','','','','','','','3341501452730'),(68,1487,'7','2562','1',8,1,1,'ไม่มี','ปกติ','ไม่ผุ','32','132','','2562-07-25 10:42:56','','','','','','','3341501452730'),(69,1495,'8','2562','1',8,1,1,'ไม่มี','ปกติ','ไม่ผุ','25','140','','2562-07-25 10:43:09','','','','','','','3341501452730'),(70,1488,'9','2562','1',8,1,1,'ไม่มี','ปกติ','ไม่ผุ','75','154','','2562-07-25 10:43:18','','','','','','','3341501452730'),(71,1489,'10','2562','1',8,1,1,'ไม่มี','ปกติ','ไม่ผุ','35','139','','2562-07-25 10:43:29','','','','','','','3341501452730'),(72,1490,'11','2562','1',8,1,1,'ไม่มี','ปกติ','ไม่ผุ','22','132','','2562-07-25 10:43:40','','','','','','','3341501452730'),(73,1491,'12','2562','1',8,1,1,'ไม่มี','ปกติ','ไม่ผุ','50','159','','2562-07-25 10:43:50','','','','','','','3341501452730'),(74,1492,'13','2562','1',8,1,1,'ไม่มี','ปกติ','ไม่ผุ','35','140','','2562-07-25 10:44:08','','','','','','','3341501452730'),(75,1493,'14','2562','1',8,1,1,'ไม่มี','ปกติ','ไม่ผุ','61','152','','2562-07-25 10:44:17','','','','','','','3341501452730'),(76,1494,'15','2562','1',8,1,1,'ไม่มี','ปกติ','ไม่ผุ','57','151','','2562-07-25 10:44:25','','','','','','','3341501452730'),(77,1515,'16','2562','1',8,1,1,'ไม่มี','ปกติ','ไม่ผุ','30','138','','2562-07-25 10:44:37','','','','','','','3341501452730'),(78,1461,'1','2562','1',9,1,1,'ไม่มี','ปกติ','ไม่ผุ','41','135','','2562-07-25 10:44:57','','','','','','','3341501452730'),(79,1462,'2','2562','1',9,1,1,'ไม่มี','ปกติ','ไม่ผุ','51','147','','2562-07-25 10:45:04','','','','','','','3341501452730'),(80,1465,'3','2562','1',9,1,1,'ไม่มี','ปกติ','ไม่ผุ','44','146','','2562-07-25 10:45:11','','','','','','','3341501452730'),(81,1466,'4','2562','1',9,1,1,'ไม่มี','ปกติ','ไม่ผุ','29','137','','2562-07-25 10:45:20','','','','','','','3341501452730'),(82,1468,'5','2562','1',9,1,1,'ไม่มี','ปกติ','ไม่ผุ','30','137','','2562-07-25 10:45:28','','','','','','','3341501452730'),(83,1474,'6','2562','1',9,1,1,'ไม่มี','ปกติ','ไม่ผุ','36','147','','2562-07-25 10:45:34','','','','','','','3341501452730'),(84,1540,'7','2562','1',9,1,1,'ไม่มี','ปกติ','ไม่ผุ','50','153','','2562-07-25 10:45:51','','','','','','','3341501452730'),(85,1469,'8','2562','1',9,1,1,'ไม่มี','ปกติ','ไม่ผุ','44','150','','2562-07-25 10:45:59','','','','','','','3341501452730'),(86,1471,'9','2562','1',9,1,1,'ไม่มี','ปกติ','ไม่ผุ','44','153','','2562-07-25 10:46:08','','','','','','','3341501452730'),(87,1472,'10','2562','1',9,1,1,'ไม่มี','ปกติ','ไม่ผุ','31','138','','2562-07-25 10:46:15','','','','','','','3341501452730'),(88,1473,'11','2562','1',9,1,1,'ไม่มี','ปกติ','ไม่ผุ','36','150','','2562-07-25 10:46:24','','','','','','','3341501452730'),(89,1549,'12','2562','1',9,1,1,'ไม่มี','ปกติ','ไม่ผุ','30','142','','2562-07-25 10:46:31','','','','','','','3341501452730'),(90,1463,'13','2562','1',9,1,1,'ไม่มี','ปกติ','ไม่ผุ','36','149','','2562-07-25 10:46:46','','','','','','','3341501452730'),(91,1569,'1','2562','1',1,1,2,'ไม่มี','ปกติ','ไม่ผุ','15','100','','2562-08-16 03:21:38','','','','','','','3341501452730'),(92,1570,'2','2562','1',1,1,2,'ไม่มี','ปกติ','ไม่ผุ','11.5','90','','2562-08-16 03:21:50','','','','','','','3341501452730'),(93,1571,'3','2562','1',1,1,2,'ไม่มี','ปกติ','ไม่ผุ','15','99','','2562-08-16 03:21:58','','','','','','','3341501452730'),(94,1585,'4','2562','1',1,1,2,'ไม่มี','ปกติ','ไม่ผุ','13','98','','2562-08-16 03:22:06','','','','','','','3341501452730'),(95,1561,'1','2562','1',2,1,2,'ไม่มี','ปกติ','ไม่ผุ','30','115','','2562-08-16 03:23:24','','','','','','','3341501452730'),(96,1563,'2','2562','1',2,1,2,'ไม่มี','ปกติ','ไม่ผุ','14','100','','2562-08-16 03:23:34','','','','','','','3341501452730'),(97,1572,'3','2562','1',2,1,2,'ไม่มี','ปกติ','ไม่ผุ','15','99','','2562-08-16 03:23:41','','','','','','','3341501452730'),(98,1573,'4','2562','1',2,1,2,'ไม่มี','ปกติ','ไม่ผุ','11.5','95.5','','2562-08-16 03:24:07','','','','','','','3341501452730'),(99,1574,'5','2562','1',2,1,2,'ไม่มี','ปกติ','ไม่ผุ','30.5','114','','2562-08-16 03:24:20','','','','','','','3341501452730'),(100,1575,'6','2562','1',2,1,2,'ไม่มี','ปกติ','ไม่ผุ','16','102','','2562-08-16 03:24:32','','','','','','','3341501452730'),(101,1576,'7','2562','1',2,1,2,'ไม่มี','ปกติ','ไม่ผุ','15','104','','2562-08-16 03:25:55','','','','','','','3341501452730'),(102,1564,'8','2562','1',2,1,2,'ไม่มี','ปกติ','ไม่ผุ','20.5','111','','2562-08-16 03:26:04','','','','','','','3341501452730'),(103,1577,'9','2562','1',2,1,2,'ไม่มี','ปกติ','ไม่ผุ','16','108','','2562-08-16 03:26:11','','','','','','','3341501452730'),(104,1586,'10','2562','1',2,1,2,'ไม่มี','ปกติ','ไม่ผุ','14.5','113','','2562-09-18 10:59:49','','','','','','','3341501452730'),(105,1587,'11','2562','1',2,1,2,'ไม่มี','ปกติ','ไม่ผุ','18','115','','2562-09-18 11:00:05','','','','','','','3341501452730'),(106,1552,'1','2562','1',3,1,2,'ไม่มี','ปกติ','ไม่ผุ','19.5','114','','2562-08-16 03:26:58','','','','','','','3341501452730'),(107,1553,'2','2562','1',3,1,2,'ไม่มี','ปกติ','ไม่ผุ','17','118','','2562-09-18 11:02:04','','','','','','','3341501452730'),(108,1554,'3','2562','1',3,1,2,'ไม่มี','ปกติ','ไม่ผุ','17','107','','2562-08-16 03:27:12','','','','','','','3341501452730'),(109,1555,'4','2562','1',3,1,2,'ไม่มี','ปกติ','ไม่ผุ','17','108','','2562-08-16 03:27:19','','','','','','','3341501452730'),(110,1556,'5','2562','1',3,1,2,'ไม่มี','ปกติ','ไม่ผุ','20.5','114','','2562-08-16 03:27:28','','','','','','','3341501452730'),(111,1557,'6','2562','1',3,1,2,'ไม่มี','ปกติ','ไม่ผุ','16','115','','2562-09-18 11:02:38','','','','','','','3341501452730'),(112,1578,'7','2562','1',3,1,2,'ไม่มี','ปกติ','ไม่ผุ','16','119','','2562-09-18 11:02:48','','','','','','','3341501452730'),(113,1558,'8','2562','1',3,1,2,'ไม่มี','ปกติ','ไม่ผุ','15.5','104','','2562-08-16 03:28:12','','','','','','','3341501452730'),(114,1559,'9','2562','1',3,1,2,'ไม่มี','ปกติ','ไม่ผุ','18','110','','2562-08-16 03:28:18','','','','','','','3341501452730'),(115,1560,'10','2562','1',3,1,2,'ไม่มี','ปกติ','ไม่ผุ','16.5','107','','2562-08-16 03:28:25','','','','','','','3341501452730'),(116,1541,'1','2562','1',4,1,2,'ไม่มี','ปกติ','ไม่ผุ','28','123','','2562-08-16 03:29:03','','','','','','','3341501452730'),(117,1542,'2','2562','1',4,1,2,'ไม่มี','ปกติ','ไม่ผุ','19','115','','2562-08-16 03:29:12','','','','','','','3341501452730'),(118,1550,'3','2562','1',4,1,2,'ไม่มี','ปกติ','ไม่ผุ','23.5','120','','2562-08-16 03:29:21','','','','','','','3341501452730'),(119,1579,'4','2562','1',4,1,2,'ไม่มี','ปกติ','ไม่ผุ','20','116','','2562-08-16 03:29:29','','','','','','','3341501452730'),(120,1580,'5','2562','1',4,1,2,'ไม่มี','ปกติ','ไม่ผุ','19','116','','2562-08-16 03:29:49','','','','','','','3341501452730'),(121,1543,'6','2562','1',4,1,2,'ไม่มี','ปกติ','ไม่ผุ','25','122','','2562-08-16 03:35:13','','','','','','','3341501452730'),(122,1544,'7','2562','1',4,1,2,'ไม่มี','ปกติ','ไม่ผุ','20','118','','2562-08-16 03:35:28','','','','','','','3341501452730'),(123,1545,'8','2562','1',4,1,2,'ไม่มี','ปกติ','ไม่ผุ','18','114','','2562-08-16 03:35:41','','','','','','','3341501452730'),(124,1581,'9','2562','1',4,1,2,'ไม่มี','ปกติ','ไม่ผุ','22','112','','2562-08-16 03:35:52','','','','','','','3341501452730'),(125,1522,'1','2562','1',5,1,2,'ไม่มี','ปกติ','ไม่ผุ','25','122','','2562-08-16 03:38:26','','','','','','','3341501452730'),(126,1526,'4','2562','1',5,1,2,'ไม่มี','ปกติ','ไม่ผุ','24','120','','2562-08-16 03:38:35','','','','','','','3341501452730'),(127,1527,'5','2562','1',5,1,2,'ไม่มี','ปกติ','ไม่ผุ','26','128','','2562-08-16 03:38:41','','','','','','','3341501452730'),(128,1528,'6','2562','1',5,1,2,'ไม่มี','ปกติ','ไม่ผุ','27','121','','2562-08-16 03:38:49','','','','','','','3341501452730'),(129,1582,'7','2562','1',5,1,2,'ไม่มี','ปกติ','ไม่ผุ','24','121','','2562-08-16 03:39:02','','','','','','','3341501452730'),(130,1530,'8','2562','1',5,1,2,'ไม่มี','ปกติ','ไม่ผุ','24','121','','2562-08-16 03:39:09','','','','','','','3341501452730'),(131,1531,'9','2562','1',5,1,2,'ไม่มี','ปกติ','ไม่ผุ','22','129','','2562-08-16 03:39:16','','','','','','','3341501452730'),(132,1532,'10','2562','1',5,1,2,'ไม่มี','ปกติ','ไม่ผุ','24.5','127','','2562-08-16 03:39:26','','','','','','','3341501452730'),(133,1533,'11','2562','1',5,1,2,'ไม่มี','ปกติ','ไม่ผุ','39','124','','2562-08-16 03:39:34','','','','','','','3341501452730'),(134,1510,'1','2562','1',6,1,2,'ไม่มี','ปกติ','ไม่ผุ','22','124','','2562-08-16 03:40:11','','','','','','','3341501452730'),(135,1521,'2','2562','1',6,1,2,'ไม่มี','ปกติ','ไม่ผุ','27','133','','2562-08-16 03:40:19','','','','','','','3341501452730'),(136,1583,'3','2562','1',6,1,2,'ไม่มี','ปกติ','ไม่ผุ','23.5','123','','2562-08-16 03:40:27','','','','','','','3341501452730'),(137,1511,'4','2562','1',6,1,2,'ไม่มี','ปกติ','ไม่ผุ','25','132','','2562-08-16 03:40:35','','','','','','','3341501452730'),(138,1512,'5','2562','1',6,1,2,'ไม่มี','ปกติ','ไม่ผุ','41','133','','2562-08-16 03:40:42','','','','','','','3341501452730'),(139,1547,'6','2562','1',6,1,2,'ไม่มี','ปกติ','ไม่ผุ','25','131','','2562-08-16 03:40:49','','','','','','','3341501452730'),(140,1567,'7','2562','1',6,1,2,'ไม่มี','ปกติ','ไม่ผุ','25','137','','2562-08-16 03:41:19','','','','','','','3341501452730'),(141,1497,'1','2562','1',7,1,2,'ไม่มี','ปกติ','ไม่ผุ','62','147','','2562-08-16 03:42:45','','','','','','','3341501452730'),(142,1499,'2','2562','1',7,1,2,'ไม่มี','ปกติ','ไม่ผุ','25','135','','2562-08-16 03:42:53','','','','','','','3341501452730'),(143,1500,'3','2562','1',7,1,2,'ไม่มี','ปกติ','ไม่ผุ','25','136','','2562-08-16 03:43:01','','','','','','','3341501452730'),(144,1548,'4','2562','1',7,1,2,'ไม่มี','ปกติ','ไม่ผุ','29','136','','2562-08-16 03:43:13','','','','','','','3341501452730'),(145,1568,'5','2562','1',7,1,2,'ไม่มี','ปกติ','ไม่ผุ','46','142','','2562-08-16 03:43:21','','','','','','','3341501452730'),(146,1501,'6','2562','1',7,1,2,'ไม่มี','ปกติ','ไม่ผุ','28','136','','2562-08-16 03:43:29','','','','','','','3341501452730'),(147,1502,'7','2562','1',7,1,2,'ไม่มี','ปกติ','ไม่ผุ','32','132','','2562-08-16 03:43:43','','','','','','','3341501452730'),(148,1503,'8','2562','1',7,1,2,'ไม่มี','ปกติ','ไม่ผุ','32','140','','2562-08-16 03:43:52','','','','','','','3341501452730'),(149,1504,'9','2562','1',7,1,2,'ไม่มี','ปกติ','ไม่ผุ','29','137','','2562-08-16 03:44:00','','','','','','','3341501452730'),(150,1519,'10','2562','1',7,1,2,'ไม่มี','ปกติ','ไม่ผุ','54','146','','2562-08-16 03:44:09','','','','','','','3341501452730'),(151,1584,'11','2562','1',7,1,2,'ไม่มี','ปกติ','ไม่ผุ','66','142','','2562-08-16 03:44:18','','','','','','','3341501452730'),(152,1481,'1','2562','1',8,1,2,'ไม่มี','ปกติ','ไม่ผุ','23','131','','2562-08-16 03:44:52','','','','','','','3341501452730'),(153,1482,'2','2562','1',8,1,2,'ไม่มี','ปกติ','ไม่ผุ','63','150','','2562-08-16 03:45:04','','','','','','','3341501452730'),(154,1483,'3','2562','1',8,1,2,'ไม่มี','ปกติ','ไม่ผุ','52','142','','2562-08-16 03:45:15','','','','','','','3341501452730'),(155,1484,'4','2562','1',8,1,2,'ไม่มี','ปกติ','ไม่ผุ','27','136','','2562-08-16 03:45:27','','','','','','','3341501452730'),(156,1485,'5','2562','1',8,1,2,'ไม่มี','ปกติ','ไม่ผุ','35','140','','2562-08-16 03:45:34','','','','','','','3341501452730'),(157,1486,'6','2562','1',8,1,2,'ไม่มี','ปกติ','ไม่ผุ','63','151','','2562-08-16 03:45:41','','','','','','','3341501452730'),(158,1487,'7','2562','1',8,1,2,'ไม่มี','ปกติ','ไม่ผุ','35','135','','2562-08-16 03:46:26','','','','','','','3341501452730'),(159,1495,'8','2562','1',8,1,2,'ไม่มี','ปกติ','ไม่ผุ','28','142','','2562-08-16 03:46:34','','','','','','','3341501452730'),(160,1488,'9','2562','1',8,1,2,'ไม่มี','ปกติ','ไม่ผุ','76','156','','2562-08-16 03:46:42','','','','','','','3341501452730'),(161,1489,'10','2562','1',8,1,2,'ไม่มี','ปกติ','ไม่ผุ','35','149','','2562-08-16 03:46:56','','','','','','','3341501452730'),(162,1490,'11','2562','1',8,1,2,'ไม่มี','ปกติ','ไม่ผุ','22.5','134','','2562-08-16 03:47:14','','','','','','','3341501452730'),(163,1491,'12','2562','1',8,1,2,'ไม่มี','ปกติ','ไม่ผุ','59','160','','2562-08-16 03:47:25','','','','','','','3341501452730'),(164,1492,'13','2562','1',8,1,2,'ไม่มี','ปกติ','ไม่ผุ','39','142','','2562-08-16 03:48:22','','','','','','','3341501452730'),(165,1493,'14','2562','1',8,1,2,'ไม่มี','ปกติ','ไม่ผุ','64','155','','2562-08-16 03:48:32','','','','','','','3341501452730'),(166,1494,'15','2562','1',8,1,2,'ไม่มี','ปกติ','ไม่ผุ','56','153','','2562-08-16 03:48:38','','','','','','','3341501452730'),(167,1515,'16','2562','1',8,1,2,'ไม่มี','ปกติ','ไม่ผุ','30','140','','2562-08-16 03:48:47','','','','','','','3341501452730'),(168,1461,'1','2562','1',9,1,2,'ไม่มี','ปกติ','ไม่ผุ','43','135','','2562-08-16 03:49:17','','','','','','','3341501452730'),(169,1462,'2','2562','1',9,1,2,'ไม่มี','ปกติ','ไม่ผุ','50','147','','2562-08-16 03:49:24','','','','','','','3341501452730'),(170,1465,'3','2562','1',9,1,2,'ไม่มี','ปกติ','ไม่ผุ','45','146','','2562-08-16 03:49:31','','','','','','','3341501452730'),(171,1466,'4','2562','1',9,1,2,'ไม่มี','ปกติ','ไม่ผุ','30','138','','2562-08-16 03:49:39','','','','','','','3341501452730'),(172,1468,'5','2562','1',9,1,2,'ไม่มี','ปกติ','ไม่ผุ','31','138','','2562-08-16 03:49:46','','','','','','','3341501452730'),(173,1474,'6','2562','1',9,1,2,'ไม่มี','ปกติ','ไม่ผุ','39','149','','2562-08-16 03:50:02','','','','','','','3341501452730'),(174,1540,'7','2562','1',9,1,2,'ไม่มี','ปกติ','ไม่ผุ','55','155','','2562-08-16 03:50:16','','','','','','','3341501452730'),(175,1469,'8','2562','1',9,1,2,'ไม่มี','ปกติ','ไม่ผุ','45','153','','2562-08-16 03:50:23','','','','','','','3341501452730'),(176,1471,'9','2562','1',9,1,2,'ไม่มี','ปกติ','ไม่ผุ','45','155','','2562-08-16 03:50:32','','','','','','','3341501452730'),(177,1472,'10','2562','1',9,1,2,'ไม่มี','ปกติ','ไม่ผุ','35','140','','2562-08-16 03:50:40','','','','','','','3341501452730'),(178,1473,'11','2562','1',9,1,2,'ไม่มี','ปกติ','ไม่ผุ','36','152','','2562-08-16 03:50:47','','','','','','','3341501452730'),(179,1549,'12','2562','1',9,1,2,'ไม่มี','ปกติ','ไม่ผุ','30','143','','2562-08-16 03:50:55','','','','','','','3341501452730'),(180,1463,'13','2562','1',9,1,2,'ไม่มี','ปกติ','ไม่ผุ','37','148','','2562-08-16 03:51:04','','','','','','','3341501452730'),(181,1569,'1','2562','2',1,1,1,'ไม่มี','ปกติ','ไม่ผุ','15','100','','2562-11-13 01:30:14','','','','','','','3341501452730'),(182,1570,'2','2562','2',1,1,1,'ไม่มี','ปกติ','ไม่ผุ','12','90','','2562-11-13 01:30:23','','','','','','','3341501452730'),(183,1571,'3','2562','2',1,1,1,'ไม่มี','ปกติ','ไม่ผุ','16','99','','2562-11-13 01:30:32','','','','','','','3341501452730'),(184,1585,'4','2562','2',1,1,1,'ไม่มี','ปกติ','ไม่ผุ','13','98','','2562-11-13 01:30:40','','','','','','','3341501452730'),(185,1561,'1','2562','2',2,1,1,'ไม่มี','ปกติ','ไม่ผุ','31','115','','2562-11-13 01:31:06','','','','','','','3341501452730'),(186,1563,'2','2562','2',2,1,1,'ไม่มี','ปกติ','ไม่ผุ','14','100','','2562-11-13 01:31:14','','','','','','','3341501452730'),(187,1572,'3','2562','2',2,1,1,'ไม่มี','ปกติ','ไม่ผุ','15','99','','2562-11-13 01:31:21','','','','','','','3341501452730'),(188,1573,'4','2562','2',2,1,1,'ไม่มี','ปกติ','ไม่ผุ','11.5','96','','2562-11-13 01:31:29','','','','','','','3341501452730'),(189,1574,'5','2562','2',2,1,1,'ไม่มี','ปกติ','ไม่ผุ','30.5','115','','2562-11-13 01:31:39','','','','','','','3341501452730'),(190,1575,'6','2562','2',2,1,1,'ไม่มี','ปกติ','ไม่ผุ','16','102','','2562-11-13 01:31:48','','','','','','','3341501452730'),(191,1576,'7','2562','2',2,1,1,'ไม่มี','ปกติ','ไม่ผุ','16','104','','2562-11-13 01:32:01','','','','','','','3341501452730'),(192,1564,'8','2562','2',2,1,1,'ไม่มี','ปกติ','ไม่ผุ','21','112','','2562-11-13 01:32:10','','','','','','','3341501452730'),(193,1577,'9','2562','2',2,1,1,'ไม่มี','ปกติ','ไม่ผุ','17','108','','2562-11-13 01:32:18','','','','','','','3341501452730'),(194,1586,'10','2562','2',2,1,1,'ไม่มี','ปกติ','ไม่ผุ','14.5','103','','2562-11-13 01:32:31','','','','','','','3341501452730'),(195,1587,'11','2562','2',2,1,1,'ไม่มี','ปกติ','ไม่ผุ','20','110','','2562-11-13 01:32:41','','','','','','','3341501452730'),(196,1589,'12','2562','2',2,1,1,'ไม่มี','ปกติ','ไม่ผุ','15','106','','2562-11-13 01:41:55','','','','','','','3341501452730'),(197,1552,'1','2562','2',3,1,1,'ไม่มี','ปกติ','ไม่ผุ','20','114','','2562-11-13 01:42:30','','','','','','','3341501452730'),(198,1553,'2','2562','2',3,1,1,'ไม่มี','ปกติ','ไม่ผุ','17','109','','2562-11-13 01:42:38','','','','','','','3341501452730'),(199,1554,'3','2562','2',3,1,1,'ไม่มี','ปกติ','ไม่ผุ','18','107','','2562-11-13 01:42:57','','','','','','','3341501452730'),(200,1555,'4','2562','2',3,1,1,'ไม่มี','ปกติ','ไม่ผุ','17','108','','2562-11-13 01:43:10','','','','','','','3341501452730'),(201,1556,'5','2562','2',3,1,1,'ไม่มี','ปกติ','ไม่ผุ','21','115','','2562-11-13 01:43:18','','','','','','','3341501452730'),(202,1557,'6','2562','2',3,1,1,'ไม่มี','ปกติ','ไม่ผุ','17','105','','2562-11-13 01:43:25','','','','','','','3341501452730'),(203,1578,'7','2562','2',3,1,1,'ไม่มี','ปกติ','ไม่ผุ','16','109','','2562-11-13 01:44:13','','','','','','','3341501452730'),(204,1558,'8','2562','2',3,1,1,'ไม่มี','ปกติ','ไม่ผุ','15.5','104','','2562-11-13 01:44:22','','','','','','','3341501452730'),(205,1559,'9','2562','2',3,1,1,'ไม่มี','ปกติ','ไม่ผุ','18','110','','2562-11-13 01:44:30','','','','','','','3341501452730'),(206,1560,'10','2562','2',3,1,1,'ไม่มี','ปกติ','ไม่ผุ','17','108','','2562-11-13 01:44:39','','','','','','','3341501452730'),(207,1541,'1','2562','2',4,1,1,'ไม่มี','ปกติ','ไม่ผุ','29','124','','2562-11-16 02:36:31','','','','','','','3341501452730'),(208,1542,'2','2562','2',4,1,1,'ไม่มี','ปกติ','ไม่ผุ','19','116','','2562-11-16 02:36:40','','','','','','','3341501452730'),(209,1550,'3','2562','2',4,1,1,'ไม่มี','ปกติ','ไม่ผุ','24','121','','2562-11-16 02:36:54','','','','','','','3341501452730'),(210,1579,'4','2562','2',4,1,1,'ไม่มี','ปกติ','ไม่ผุ','20','117','','2562-11-16 02:37:05','','','','','','','3341501452730'),(211,1580,'5','2562','2',4,1,1,'ไม่มี','ปกติ','ไม่ผุ','19','116','','2562-11-16 02:37:12','','','','','','','3341501452730'),(212,1543,'6','2562','2',4,1,1,'ไม่มี','ปกติ','ไม่ผุ','26','123','','2562-11-16 02:37:21','','','','','','','3341501452730'),(213,1544,'7','2562','2',4,1,1,'ไม่มี','ปกติ','ไม่ผุ','20','119','','2562-11-16 02:38:15','','','','','','','3341501452730'),(214,1545,'8','2562','2',4,1,1,'ไม่มี','ปกติ','ไม่ผุ','18','115','','2562-11-16 02:38:23','','','','','','','3341501452730'),(215,1581,'9','2562','2',4,1,1,'ไม่มี','ปกติ','ไม่ผุ','23','113','','2562-11-16 02:38:31','','','','','','','3341501452730'),(216,1588,'10','2562','2',4,1,1,'ไม่มี','ปกติ','ไม่ผุ','22','125','','2562-11-16 02:38:41','','','','','','','3341501452730'),(217,1522,'1','2562','2',5,1,1,'ไม่มี','ปกติ','ไม่ผุ','25','122','','2562-11-16 02:39:15','','','','','','','3341501452730'),(218,1526,'4','2562','2',5,1,1,'ไม่มี','ปกติ','ไม่ผุ','24','121','','2562-11-16 02:41:06','','','','','','','3341501452730'),(219,1527,'5','2562','2',5,1,1,'ไม่มี','ปกติ','ไม่ผุ','27','128','','2562-11-16 02:41:16','','','','','','','3341501452730'),(220,1528,'6','2562','2',5,1,1,'ไม่มี','ปกติ','ไม่ผุ','27','121','','2562-11-16 02:41:29','','','','','','','3341501452730'),(221,1582,'7','2562','2',5,1,1,'ไม่มี','ปกติ','ไม่ผุ','24.5','121','','2562-11-16 02:41:51','','','','','','','3341501452730'),(222,1530,'8','2562','2',5,1,1,'ไม่มี','ปกติ','ไม่ผุ','24','121','','2562-11-16 02:42:02','','','','','','','3341501452730'),(223,1531,'9','2562','2',5,1,1,'ไม่มี','ปกติ','ไม่ผุ','23','130','','2562-11-16 02:42:12','','','','','','','3341501452730'),(224,1532,'10','2562','2',5,1,1,'ไม่มี','ปกติ','ไม่ผุ','25','127','','2562-11-16 02:42:23','','','','','','','3341501452730'),(225,1533,'11','2562','2',5,1,1,'ไม่มี','ปกติ','ไม่ผุ','40','124','','2562-11-16 02:42:32','','','','','','','3341501452730'),(226,1510,'1','2562','2',6,1,1,'ไม่มี','ปกติ','ไม่ผุ','23','125','','2562-11-16 02:42:59','','','','','','','3341501452730'),(227,1521,'2','2562','2',6,1,1,'ไม่มี','ปกติ','ไม่ผุ','27','133','','2562-11-16 02:43:06','','','','','','','3341501452730'),(228,1583,'3','2562','2',6,1,1,'ไม่มี','ปกติ','ไม่ผุ','24','123','','2562-11-16 02:43:15','','','','','','','3341501452730'),(229,1511,'4','2562','2',6,1,1,'ไม่มี','ปกติ','ไม่ผุ','25','132','','2562-11-16 02:43:23','','','','','','','3341501452730'),(230,1512,'5','2562','2',6,1,1,'ไม่มี','ปกติ','ไม่ผุ','42','134','','2562-11-16 02:43:30','','','','','','','3341501452730'),(231,1547,'6','2562','2',6,1,1,'ไม่มี','ปกติ','ไม่ผุ','25','131','','2562-11-16 02:43:41','','','','','','','3341501452730'),(232,1567,'7','2562','2',6,1,1,'ไม่มี','ปกติ','ไม่ผุ','25','137','','2562-11-16 02:43:55','','','','','','','3341501452730'),(233,1497,'1','2562','2',7,1,1,'ไม่มี','ปกติ','ไม่ผุ','71','151','','2562-11-16 02:45:11','','','','','','','3341501452730'),(234,1499,'2','2562','2',7,1,1,'ไม่มี','ปกติ','ไม่ผุ','25','137','','2562-11-16 02:45:18','','','','','','','3341501452730'),(235,1500,'3','2562','2',7,1,1,'ไม่มี','ปกติ','ไม่ผุ','26','137','','2562-11-16 02:45:28','','','','','','','3341501452730'),(236,1548,'4','2562','2',7,1,1,'ไม่มี','ปกติ','ไม่ผุ','29','138','','2562-11-16 02:45:40','','','','','','','3341501452730'),(237,1568,'5','2562','2',7,1,1,'ไม่มี','ปกติ','ไม่ผุ','48','144','','2562-11-16 02:45:54','','','','','','','3341501452730'),(238,1501,'6','2562','2',7,1,1,'ไม่มี','ปกติ','ไม่ผุ','30','137','','2562-11-16 02:46:04','','','','','','','3341501452730'),(239,1502,'7','2562','2',7,1,1,'ไม่มี','ปกติ','ไม่ผุ','35','133','','2562-11-16 02:46:31','','','','','','','3341501452730'),(240,1503,'8','2562','2',7,1,1,'ไม่มี','ปกติ','ไม่ผุ','34','141','','2562-11-16 02:46:45','','','','','','','3341501452730'),(241,1504,'9','2562','2',7,1,1,'ไม่มี','ปกติ','ไม่ผุ','30','138','','2562-11-16 02:46:55','','','','','','','3341501452730'),(242,1519,'10','2562','2',7,1,1,'ไม่มี','ปกติ','ไม่ผุ','55','146','','2562-11-16 02:47:05','','','','','','','3341501452730'),(243,1584,'11','2562','2',7,1,1,'ไม่มี','ปกติ','ไม่ผุ','67','143','','2562-11-16 02:47:19','','','','','','','3341501452730'),(244,1481,'1','2562','2',8,1,1,'ไม่มี','ปกติ','ไม่ผุ','24','132','','2562-11-16 02:47:51','','','','','','','3341501452730'),(245,1482,'2','2562','2',8,1,1,'ไม่มี','ปกติ','ไม่ผุ','65','150','','2562-11-16 02:47:59','','','','','','','3341501452730'),(246,1483,'3','2562','2',8,1,1,'ไม่มี','ปกติ','ไม่ผุ','56','143','','2562-11-16 02:48:13','','','','','','','3341501452730'),(247,1484,'4','2562','2',8,1,1,'ไม่มี','ปกติ','ไม่ผุ','27','136','','2562-11-16 02:48:24','','','','','','','3341501452730'),(248,1485,'5','2562','2',8,1,1,'ไม่มี','ปกติ','ไม่ผุ','39','143','','2562-11-16 02:48:33','','','','','','','3341501452730'),(249,1486,'6','2562','2',8,1,1,'ไม่มี','ปกติ','ไม่ผุ','65','152','','2562-11-16 02:48:44','','','','','','','3341501452730'),(250,1487,'7','2562','2',8,1,1,'ไม่มี','ปกติ','ไม่ผุ','37','137','','2562-11-16 02:49:04','','','','','','','3341501452730'),(251,1495,'8','2562','2',8,1,1,'ไม่มี','ปกติ','ไม่ผุ','30','143','','2562-11-16 02:49:13','','','','','','','3341501452730'),(252,1488,'9','2562','2',8,1,1,'ไม่มี','ปกติ','ไม่ผุ','79','158','','2562-11-16 02:49:52','','','','','','','3341501452730'),(253,1489,'10','2562','2',8,1,1,'ไม่มี','ปกติ','ไม่ผุ','38','144','','2562-11-16 02:50:03','','','','','','','3341501452730'),(254,1490,'11','2562','2',8,1,1,'ไม่มี','ปกติ','ไม่ผุ','24.5','135','','2562-11-16 02:50:19','','','','','','','3341501452730'),(255,1491,'12','2562','2',8,1,1,'ไม่มี','ปกติ','ไม่ผุ','58','161','','2562-11-16 02:50:28','','','','','','','3341501452730'),(256,1492,'13','2562','2',8,1,1,'ไม่มี','ปกติ','ไม่ผุ','37','143','','2562-11-16 02:50:50','','','','','','','3341501452730'),(257,1493,'14','2562','2',8,1,1,'ไม่มี','ปกติ','ไม่ผุ','66','154','','2562-11-16 02:51:02','','','','','','','3341501452730'),(258,1494,'15','2562','2',8,1,1,'ไม่มี','ปกติ','ไม่ผุ','57','155','','2562-11-16 02:51:14','','','','','','','3341501452730'),(259,1515,'16','2562','2',8,1,1,'ไม่มี','ปกติ','ไม่ผุ','32','143','','2562-11-16 02:51:23','','','','','','','3341501452730'),(260,1461,'1','2562','2',9,1,1,'ไม่มี','ปกติ','ไม่ผุ','44','136','','2562-11-16 02:51:45','','','','','','','3341501452730'),(261,1462,'2','2562','2',9,1,1,'ไม่มี','ปกติ','ไม่ผุ','55','153','','2562-11-16 02:51:54','','','','','','','3341501452730'),(262,1465,'3','2562','2',9,1,1,'ไม่มี','ปกติ','ไม่ผุ','45','148','','2562-11-16 02:52:06','','','','','','','3341501452730'),(263,1466,'4','2562','2',9,1,1,'ไม่มี','ปกติ','ไม่ผุ','34','140','','2562-11-16 02:52:17','','','','','','','3341501452730'),(264,1468,'5','2562','2',9,1,1,'ไม่มี','ปกติ','ไม่ผุ','34','140','','2562-11-16 02:52:28','','','','','','','3341501452730'),(265,1474,'6','2562','2',9,1,1,'ไม่มี','ปกติ','ไม่ผุ','40','151','','2562-11-16 02:52:37','','','','','','','3341501452730'),(266,1540,'7','2562','2',9,1,1,'ไม่มี','ปกติ','ไม่ผุ','55','157','','2562-11-16 02:53:15','','','','','','','3341501452730'),(267,1469,'8','2562','2',9,1,1,'ไม่มี','ปกติ','ไม่ผุ','50','155','','2562-11-16 02:53:26','','','','','','','3341501452730'),(268,1471,'9','2562','2',9,1,1,'ไม่มี','ปกติ','ไม่ผุ','50','155','','2562-11-16 02:53:36','','','','','','','3341501452730'),(269,1472,'10','2562','2',9,1,1,'ไม่มี','ปกติ','ไม่ผุ','37','140','','2562-11-16 02:53:46','','','','','','','3341501452730'),(270,1473,'11','2562','2',9,1,1,'ไม่มี','ปกติ','ไม่ผุ','38','153','','2562-11-16 02:53:56','','','','','','','3341501452730'),(271,1549,'12','2562','2',9,1,1,'ไม่มี','ปกติ','ไม่ผุ','32','146','','2562-11-16 02:54:07','','','','','','','3341501452730'),(272,1463,'13','2562','2',9,1,1,'ไม่มี','ปกติ','ไม่ผุ','40','150','','2562-11-16 02:54:20','','','','','','','3341501452730'),(273,1590,'1','2563','1',1,1,1,'ไม่มี','ปกติ','ไม่ผุ','12','98','','2563-08-03 04:26:43','','','','','','','3341501452730'),(274,1590,'1','2562','2',1,1,1,'ไม่มี','ปกติ','ไม่ผุ','12','98','','2563-08-03 04:26:54','','','','','','','3341501452730'),(275,1591,'2','2562','2',1,1,1,'ไม่มี','ปกติ','ไม่ผุ','10','80','','2563-08-03 04:27:03','','','','','','','3341501452730'),(276,1592,'3','2562','2',1,1,1,'ไม่มี','ปกติ','ไม่ผุ','12','96','','2563-08-03 04:27:13','','','','','','','3341501452730'),(277,1569,'1','2563','1',2,1,1,'ไม่มี','ปกติ','ไม่ผุ','17','105','','2563-08-03 04:29:33','','','','','','','3341501452730'),(278,1569,'1','2562','2',2,1,1,'ไม่มี','ปกติ','ไม่ผุ','17','105','','2563-08-03 04:29:42','','','','','','','3341501452730'),(279,1585,'2','2562','2',2,1,1,'ไม่มี','ปกติ','ไม่ผุ','14','103','','2563-08-03 04:29:53','','','','','','','3341501452730'),(280,1593,'3','2562','2',2,1,1,'ไม่มี','ปกติ','ไม่ผุ','16','102','','2563-08-03 04:30:04','','','','','','','3341501452730'),(281,1570,'4','2562','2',2,1,1,'ไม่มี','ปกติ','ไม่ผุ','14','97','','2563-08-03 04:30:15','','','','','','','3341501452730'),(282,1571,'5','2562','2',2,1,1,'ไม่มี','ปกติ','ไม่ผุ','16','106','','2563-08-03 04:30:27','','','','','','','3341501452730'),(283,1594,'6','2562','2',2,1,1,'ไม่มี','ปกติ','ไม่ผุ','15','100','','2563-08-03 04:32:02','','','','','','','3341501452730'),(284,1595,'7','2562','2',2,1,1,'ไม่มี','ปกติ','ไม่ผุ','15','107','','2563-08-03 04:32:25','','','','','','','3341501452730'),(285,1596,'8','2562','2',2,1,1,'ไม่มี','ปกติ','ไม่ผุ','24','103','','2563-08-03 04:32:35','','','','','','','3341501452730'),(286,1591,'2','2563','1',1,1,1,'ไม่มี','ปกติ','ไม่ผุ','10','80','','2563-08-03 04:33:25','','','','','','','3341501452730'),(287,1592,'3','2563','1',1,1,1,'ไม่มี','ปกติ','ไม่ผุ','12','96','','2563-08-03 04:33:34','','','','','','','3341501452730'),(288,1585,'2','2563','1',2,1,1,'ไม่มี','ปกติ','ไม่ผุ','14','103','','2563-08-03 04:36:57','','','','','','','3341501452730'),(289,1593,'3','2563','1',2,1,1,'ไม่มี','ปกติ','ไม่ผุ','16','102','','2563-08-03 04:37:08','','','','','','','3341501452730'),(290,1570,'4','2563','1',2,1,1,'ไม่มี','ปกติ','ไม่ผุ','14','97','','2563-08-03 04:37:17','','','','','','','3341501452730'),(291,1571,'5','2563','1',2,1,1,'ไม่มี','ปกติ','ไม่ผุ','16','106','','2563-08-03 04:37:27','','','','','','','3341501452730'),(292,1594,'6','2563','1',2,1,1,'ไม่มี','ปกติ','ไม่ผุ','15','100','','2563-08-03 04:38:02','','','','','','','3341501452730'),(293,1595,'7','2563','1',2,1,1,'ไม่มี','ปกติ','ไม่ผุ','15','107','','2563-08-03 04:38:22','','','','','','','3341501452730'),(294,1596,'8','2563','1',2,1,1,'ไม่มี','ปกติ','ไม่ผุ','24','103','','2563-08-03 04:38:35','','','','','','','3341501452730'),(295,1561,'1','2563','1',3,1,1,'ไม่มี','ปกติ','ไม่ผุ','36','123','','2563-08-03 04:39:23','','','','','','','3341501452730'),(296,1563,'2','2563','1',3,1,1,'ไม่มี','ปกติ','ไม่ผุ','15','106','','2563-08-03 04:39:34','','','','','','','3341501452730'),(297,1572,'3','2563','1',3,1,1,'ไม่มี','ปกติ','ไม่ผุ','16','104','','2563-08-03 04:39:44','','','','','','','3341501452730'),(298,1573,'4','2563','1',3,1,1,'ไม่มี','ปกติ','ไม่ผุ','14','100','','2563-08-03 04:41:04','','','','','','','3341501452730'),(299,1574,'5','2563','1',3,1,1,'ไม่มี','ปกติ','ไม่ผุ','34','120','','2563-08-03 04:41:18','','','','','','','3341501452730'),(300,1575,'6','2563','1',3,1,1,'ไม่มี','ปกติ','ไม่ผุ','17','108','','2563-08-03 04:41:29','','','','','','','3341501452730'),(301,1576,'7','2563','1',3,1,1,'ไม่มี','ปกติ','ไม่ผุ','17','110','','2563-08-03 04:41:53','','','','','','','3341501452730'),(302,1564,'8','2563','1',3,1,1,'ไม่มี','ปกติ','ไม่ผุ','23','117','','2563-08-03 04:42:02','','','','','','','3341501452730'),(303,1577,'9','2563','1',3,1,1,'ไม่มี','ปกติ','ไม่ผุ','18','113','','2563-08-03 04:42:14','','','','','','','3341501452730'),(304,1589,'12','2563','1',3,1,1,'ไม่มี','ปกติ','ไม่ผุ','17','111','','2563-08-03 04:42:25','','','','','','','3341501452730'),(305,1552,'1','2563','1',4,1,1,'ไม่มี','ปกติ','ไม่ผุ','21','119','','2563-08-03 04:42:57','','','','','','','3341501452730'),(306,1553,'2','2563','1',4,1,1,'ไม่มี','ปกติ','ไม่ผุ','18','113','','2563-08-03 04:43:04','','','','','','','3341501452730'),(307,1554,'3','2563','1',4,1,1,'ไม่มี','ปกติ','ไม่ผุ','18','112','','2563-08-03 04:43:11','','','','','','','3341501452730'),(308,1555,'4','2563','1',4,1,1,'ไม่มี','ปกติ','ไม่ผุ','18','113','','2563-08-03 04:43:19','','','','','','','3341501452730'),(309,1556,'5','2563','1',4,1,1,'ไม่มี','ปกติ','ไม่ผุ','22','118','','2563-08-03 04:43:28','','','','','','','3341501452730'),(310,1557,'6','2563','1',4,1,1,'ไม่มี','ปกติ','ไม่ผุ','16','110','','2563-08-03 04:43:36','','','','','','','3341501452730'),(311,1578,'7','2563','1',4,1,1,'ไม่มี','ปกติ','ไม่ผุ','17','115','','2563-08-03 04:44:16','','','','','','','3341501452730'),(312,1558,'8','2563','1',4,1,1,'ไม่มี','ปกติ','ไม่ผุ','17','109','','2563-08-03 04:44:26','','','','','','','3341501452730'),(313,1559,'9','2563','1',4,1,1,'ไม่มี','ปกติ','ไม่ผุ','19','114','','2563-08-03 04:44:36','','','','','','','3341501452730'),(314,1560,'10','2563','1',4,1,1,'ไม่มี','ปกติ','ไม่ผุ','17','114','','2563-08-03 04:44:55','','','','','','','3341501452730'),(315,1597,'11','2563','1',4,1,1,'ไม่มี','ปกติ','ไม่ผุ','38','134','','2563-08-03 04:45:02','','','','','','','3341501452730'),(316,1541,'1','2563','1',5,1,1,'ไม่มี','ปกติ','ไม่ผุ','35','130','','2563-08-03 04:58:00','','','','','','','3341501452730'),(317,1542,'2','2563','1',5,1,1,'ไม่มี','ปกติ','ไม่ผุ','22','121','','2563-08-03 04:58:11','','','','','','','3341501452730'),(318,1550,'3','2563','1',5,1,1,'ไม่มี','ปกติ','ไม่ผุ','28','122','','2563-08-03 04:58:29','','','','','','','3341501452730'),(319,1579,'4','2563','1',5,1,1,'ไม่มี','ปกติ','ไม่ผุ','21','123','','2563-08-03 04:58:42','','','','','','','3341501452730'),(320,1580,'5','2563','1',5,1,1,'ไม่มี','ปกติ','ไม่ผุ','21','121','','2563-08-03 04:59:45','','','','','','','3341501452730'),(321,1544,'7','2563','1',5,1,1,'ไม่มี','ปกติ','ไม่ผุ','22','123','','2563-08-03 04:59:58','','','','','','','3341501452730'),(322,1545,'8','2563','1',5,1,1,'ไม่มี','ปกติ','ไม่ผุ','21','120.5','','2563-08-03 05:00:20','','','','','','','3341501452730'),(323,1581,'9','2563','1',5,1,1,'ไม่มี','ปกติ','ไม่ผุ','25','116','','2563-08-03 05:00:31','','','','','','','3341501452730'),(324,1598,'10','2563','1',5,1,1,'ไม่มี','ปกติ','ไม่ผุ','22','120','','2563-08-03 05:00:40','','','','','','','3341501452730'),(325,1522,'1','2563','1',6,1,1,'ไม่มี','ปกติ','ไม่ผุ','29','128','','2563-08-03 05:01:10','','','','','','','3341501452730'),(326,1526,'4','2563','1',6,1,1,'ไม่มี','ปกติ','ไม่ผุ','30','127','','2563-08-03 05:01:23','','','','','','','3341501452730'),(327,1527,'5','2563','1',6,1,1,'ไม่มี','ปกติ','ไม่ผุ','34','136','','2563-08-03 05:01:30','','','','','','','3341501452730'),(328,1528,'6','2563','1',6,1,1,'ไม่มี','ปกติ','ไม่ผุ','35','127','','2563-08-03 05:01:43','','','','','','','3341501452730'),(329,1582,'7','2563','1',6,1,1,'ไม่มี','ปกติ','ไม่ผุ','28','128','','2563-08-03 05:01:53','','','','','','','3341501452730'),(330,1530,'8','2563','1',6,1,1,'ไม่มี','ปกติ','ไม่ผุ','25','127','','2563-08-03 05:02:08','','','','','','','3341501452730'),(331,1531,'9','2563','1',6,1,1,'ไม่มี','ปกติ','ไม่ผุ','25','135','','2563-08-03 05:02:28','','','','','','','3341501452730'),(332,1532,'10','2563','1',6,1,1,'ไม่มี','ปกติ','ไม่ผุ','28','135','','2563-08-03 05:02:39','','','','','','','3341501452730'),(333,1599,'10','2563','1',6,1,1,'ไม่มี','ปกติ','ไม่ผุ','39','132','','2563-08-03 05:02:48','','','','','','','3341501452730'),(334,1533,'11','2563','1',6,1,1,'ไม่มี','ปกติ','ไม่ผุ','40','131','','2563-08-03 05:03:00','','','','','','','3341501452730'),(335,1510,'1','2563','1',7,1,1,'ไม่มี','ปกติ','ไม่ผุ','22','128','','2563-08-03 05:03:28','','','','','','','3341501452730'),(336,1521,'2','2563','1',7,1,1,'ไม่มี','ปกติ','ไม่ผุ','29','137','','2563-08-03 05:03:37','','','','','','','3341501452730'),(337,1583,'3','2563','1',7,1,1,'ไม่มี','ปกติ','ไม่ผุ','24','128','','2563-08-03 05:03:49','','','','','','','3341501452730'),(338,1600,'4','2563','1',7,1,1,'ไม่มี','ปกติ','ไม่ผุ','31','138','','2563-08-03 05:03:58','','','','','','','3341501452730'),(339,1511,'5','2563','1',7,1,1,'ไม่มี','ปกติ','ไม่ผุ','28','143','','2563-08-03 05:04:09','','','','','','','3341501452730'),(340,1512,'6','2563','1',7,1,1,'ไม่มี','ปกติ','ไม่ผุ','48','140','','2563-08-03 05:04:21','','','','','','','3341501452730'),(341,1547,'7','2563','1',7,1,1,'ไม่มี','ปกติ','ไม่ผุ','26','135','','2563-08-03 05:04:36','','','','','','','3341501452730'),(342,1497,'1','2563','1',8,1,1,'ไม่มี','ปกติ','ไม่ผุ','69','151','','2563-08-03 05:04:57','','','','','','','3341501452730'),(343,1499,'2','2563','1',8,1,1,'ไม่มี','ปกติ','ไม่ผุ','26','138','','2563-08-03 05:05:06','','','','','','','3341501452730'),(344,1500,'3','2563','1',8,1,1,'ไม่มี','ปกติ','ไม่ผุ','27','140','','2563-08-03 05:05:15','','','','','','','3341501452730'),(345,1548,'4','2563','1',8,1,1,'ไม่มี','ปกติ','ไม่ผุ','45','142','','2563-08-03 05:05:31','','','','','','','3341501452730'),(346,1568,'5','2563','1',8,1,1,'ไม่มี','ปกติ','ไม่ผุ','45','153','','2563-08-03 05:06:21','','','','','','','3341501452730'),(347,1601,'6','2563','1',8,1,1,'ไม่มี','ปกติ','ไม่ผุ','46','140','','2563-08-03 05:06:31','','','','','','','3341501452730'),(348,1501,'7','2563','1',8,1,1,'ไม่มี','ปกติ','ไม่ผุ','36','141','','2563-08-03 05:07:15','','','','','','','3341501452730'),(349,1502,'8','2563','1',8,1,1,'ไม่มี','ปกติ','ไม่ผุ','40','138','','2563-08-03 05:07:24','','','','','','','3341501452730'),(350,1503,'9','2563','1',8,1,1,'ไม่มี','ปกติ','ไม่ผุ','40','148','','2563-08-03 05:07:34','','','','','','','3341501452730'),(351,1504,'10','2563','1',8,1,1,'ไม่มี','ปกติ','ไม่ผุ','35','140','','2563-08-03 05:07:43','','','','','','','3341501452730'),(352,1519,'11','2563','1',8,1,1,'ไม่มี','ปกติ','ไม่ผุ','59','150','','2563-08-03 05:07:51','','','','','','','3341501452730'),(353,1584,'12','2563','1',8,1,1,'ไม่มี','ปกติ','ไม่ผุ','70','150','','2563-08-03 05:07:58','','','','','','','3341501452730'),(354,1602,'13','2563','1',8,1,1,'ไม่มี','ปกติ','ไม่ผุ','28','135','','2563-08-03 05:08:17','','','','','','','3341501452730'),(355,1481,'1','2563','1',9,1,1,'ไม่มี','ปกติ','ไม่ผุ','26','135','','2563-08-03 05:08:42','','','','','','','3341501452730'),(356,1482,'2','2563','1',9,1,1,'ไม่มี','ปกติ','ไม่ผุ','68','157','','2563-08-03 05:08:52','','','','','','','3341501452730'),(357,1483,'3','2563','1',9,1,1,'ไม่มี','ปกติ','ไม่ผุ','50','147','','2563-08-03 05:09:02','','','','','','','3341501452730'),(358,1484,'4','2563','1',9,1,1,'ไม่มี','ปกติ','ไม่ผุ','30','141','','2563-08-03 05:09:12','','','','','','','3341501452730'),(359,1485,'5','2563','1',9,1,1,'ไม่มี','ปกติ','ไม่ผุ','40','149','','2563-08-03 05:09:28','','','','','','','3341501452730'),(360,1486,'6','2563','1',9,1,1,'ไม่มี','ปกติ','ไม่ผุ','75','158','','2563-08-03 05:09:36','','','','','','','3341501452730'),(361,1487,'7','2563','1',9,1,1,'ไม่มี','ปกติ','ไม่ผุ','37','141','','2563-08-03 05:09:58','','','','','','','3341501452730'),(362,1495,'8','2563','1',9,1,1,'ไม่มี','ปกติ','ไม่ผุ','34','147','','2563-08-03 05:10:29','','','','','','','3341501452730'),(363,1488,'9','2563','1',9,1,1,'ไม่มี','ปกติ','ไม่ผุ','85','161','','2563-08-03 05:10:38','','','','','','','3341501452730'),(364,1489,'10','2563','1',9,1,1,'ไม่มี','ปกติ','ไม่ผุ','45','150','','2563-08-03 05:10:49','','','','','','','3341501452730'),(365,1490,'11','2563','1',9,1,1,'ไม่มี','ปกติ','ไม่ผุ','27','140','','2563-08-03 05:11:02','','','','','','','3341501452730'),(366,1491,'12','2563','1',9,1,1,'ไม่มี','ปกติ','ไม่ผุ','65','164','','2563-08-03 05:11:14','','','','','','','3341501452730'),(367,1492,'13','2563','1',9,1,1,'ไม่มี','ปกติ','ไม่ผุ','43','147','','2563-08-03 05:11:30','','','','','','','3341501452730'),(368,1493,'14','2563','1',9,1,1,'ไม่มี','ปกติ','ไม่ผุ','64','161','','2563-08-03 05:11:41','','','','','','','3341501452730'),(369,1494,'15','2563','1',9,1,1,'ไม่มี','ปกติ','ไม่ผุ','64','156','','2563-08-03 05:11:49','','','','','','','3341501452730'),(370,1514,'16','2563','1',9,1,1,'ไม่มี','ปกติ','ไม่ผุ','35','150','','2563-08-03 05:11:58','','','','','','','3341501452730'),(371,1515,'17','2563','1',9,1,1,'ไม่มี','ปกติ','ไม่ผุ','35','149','','2563-08-03 05:12:07','','','','','','','3341501452730'),(372,1624,'1','2565','1',1,1,1,'ไม่มี','ปกติ','ไม่ผุ','14','95','','2565-06-06 01:58:18','','','','','','','3341501452730'),(373,1625,'2','2565','1',1,1,1,'ไม่มี','ปกติ','ไม่ผุ','12','75','','2565-06-06 01:58:27','','','','','','','3341501452730'),(374,1626,'3','2565','1',1,1,1,'ไม่มี','ปกติ','ไม่ผุ','14','98','','2565-06-06 01:58:42','','','','','','','3341501452730'),(375,1614,'1','2565','1',2,1,1,'ไม่มี','ปกติ','ไม่ผุ','16','104','','2565-06-06 01:59:08','','','','','','','3341501452730'),(376,1615,'2','2565','1',2,1,1,'ไม่มี','ปกติ','ไม่ผุ','15','102','','2565-06-06 01:59:15','','','','','','','3341501452730'),(377,1616,'3','2565','1',2,1,1,'ไม่มี','ปกติ','ไม่ผุ','14','104','','2565-06-06 01:59:23','','','','','','','3341501452730'),(378,1617,'4','2565','1',2,1,1,'ไม่มี','ปกติ','ไม่ผุ','13','95','','2565-06-06 01:59:30','','','','','','','3341501452730'),(379,1620,'5','2565','1',2,1,1,'ไม่มี','ปกติ','ไม่ผุ','23','119','','2565-06-06 01:59:38','','','','','','','3341501452730'),(380,1621,'6','2565','1',2,1,1,'ไม่มี','ปกติ','ไม่ผุ','15','94','','2565-06-06 01:59:45','','','','','','','3341501452730'),(381,1622,'7','2565','1',2,1,1,'ไม่มี','ปกติ','ไม่ผุ','25','106','','2565-06-06 01:59:58','','','','','','','3341501452730'),(382,1623,'8','2565','1',2,1,1,'ไม่มี','ปกติ','ไม่ผุ','17','109','','2565-06-06 02:00:04','','','','','','','3341501452730'),(383,1627,'9','2565','1',2,1,1,'ไม่มี','ปกติ','ไม่ผุ','25','107','','2565-06-06 02:00:11','','','','','','','3341501452730'),(384,1590,'1','2565','1',3,1,1,'ไม่มี','ปกติ','ไม่ผุ','16','110','','2565-06-06 02:00:28','','','','','','','3341501452730'),(385,1591,'2','2565','1',3,1,1,'ไม่มี','ปกติ','ไม่ผุ','14','105','','2565-06-06 02:00:39','','','','','','','3341501452730'),(386,1592,'3','2565','1',3,1,1,'ไม่มี','ปกติ','ไม่ผุ','15','106','','2565-06-06 02:01:01','','','','','','','3341501452730'),(387,1608,'4','2565','1',3,1,1,'ไม่มี','ปกติ','ไม่ผุ','24','116','','2565-06-06 02:01:22','','','','','','','3341501452730'),(388,1609,'5','2565','1',3,1,1,'ไม่มี','ปกติ','ไม่ผุ','47','117','','2565-06-06 02:01:47','','','','','','','3341501452730'),(389,1610,'6','2565','1',3,1,1,'ไม่มี','ปกติ','ไม่ผุ','16','108','','2565-06-06 02:01:55','','','','','','','3341501452730'),(390,1611,'7','2565','1',3,1,1,'ไม่มี','ปกติ','ไม่ผุ','30','117','','2565-06-06 02:02:09','','','','','','','3341501452730'),(391,1612,'8','2565','1',3,1,1,'ไม่มี','ปกติ','ไม่ผุ','17','110','','2565-06-06 02:02:15','','','','','','','3341501452730'),(392,1613,'9','2565','1',3,1,1,'ไม่มี','ปกติ','ไม่ผุ','34','126','','2565-06-06 02:02:22','','','','','','','3341501452730'),(393,1569,'1','2565','1',4,1,1,'ไม่มี','ปกติ','ไม่ผุ','20','114','','2565-06-06 02:04:24','','','','','','','3341501452730'),(394,1570,'2','2565','1',4,1,1,'ไม่มี','ปกติ','ไม่ผุ','18','110','','2565-06-06 02:04:31','','','','','','','3341501452730'),(395,1571,'3','2565','1',4,1,1,'ไม่มี','ปกติ','ไม่ผุ','18','116','','2565-06-06 02:04:38','','','','','','','3341501452730'),(396,1585,'4','2565','1',4,1,1,'ไม่มี','ปกติ','ไม่ผุ','17','115','','2565-06-06 02:04:44','','','','','','','3341501452730'),(397,1593,'5','2565','1',4,1,1,'ไม่มี','ปกติ','ไม่ผุ','19','113.5','','2565-06-06 02:04:54','','','','','','','3341501452730'),(398,1594,'6','2565','1',4,1,1,'ไม่มี','ปกติ','ไม่ผุ','16','112','','2565-06-06 02:05:01','','','','','','','3341501452730'),(399,1595,'7','2565','1',4,1,1,'ไม่มี','ปกติ','ไม่ผุ','19','119','','2565-06-06 02:05:14','','','','','','','3341501452730'),(400,1596,'8','2565','1',4,1,1,'ไม่มี','ปกติ','ไม่ผุ','24','114','','2565-06-06 02:05:21','','','','','','','3341501452730'),(401,1607,'9','2565','1',4,1,1,'ไม่มี','ปกติ','ไม่ผุ','19','111','','2565-06-06 02:05:26','','','','','','','3341501452730'),(402,1561,'1','2565','1',5,1,1,'ไม่มี','ปกติ','ไม่ผุ','54','134','','2565-06-06 02:05:51','','','','','','','3341501452730'),(403,1563,'2','2565','1',5,1,1,'ไม่มี','ปกติ','ไม่ผุ','19','117','','2565-06-06 02:05:58','','','','','','','3341501452730'),(404,1564,'3','2565','1',5,1,1,'ไม่มี','ปกติ','ไม่ผุ','34','131','','2565-06-06 02:06:05','','','','','','','3341501452730'),(405,1572,'4','2565','1',5,1,1,'ไม่มี','ปกติ','ไม่ผุ','19','115','','2565-06-06 02:06:12','','','','','','','3341501452730'),(406,1573,'5','2565','1',5,1,1,'ไม่มี','ปกติ','ไม่ผุ','17','113','','2565-06-06 02:06:20','','','','','','','3341501452730'),(407,1574,'6','2565','1',5,1,1,'ไม่มี','ปกติ','ไม่ผุ','45','131','','2565-06-06 02:06:27','','','','','','','3341501452730'),(408,1575,'7','2565','1',5,1,1,'ไม่มี','ปกติ','ไม่ผุ','23','120','','2565-06-06 02:06:44','','','','','','','3341501452730'),(409,1576,'8','2565','1',5,1,1,'ไม่มี','ปกติ','ไม่ผุ','20','122','','2565-06-06 02:06:50','','','','','','','3341501452730'),(410,1577,'9','2565','1',5,1,1,'ไม่มี','ปกติ','ไม่ผุ','24','125','','2565-06-06 02:06:58','','','','','','','3341501452730'),(411,1586,'10','2565','1',5,1,1,'ไม่มี','ปกติ','ไม่ผุ','22','119','','2565-06-06 02:07:06','','','','','','','3341501452730'),(412,1589,'11','2565','1',5,1,1,'ไม่มี','ปกติ','ไม่ผุ','23','122','','2565-06-06 02:07:14','','','','','','','3341501452730'),(413,1605,'12','2565','1',5,1,1,'ไม่มี','ปกติ','ไม่ผุ','34','131','','2565-06-06 02:07:21','','','','','','','3341501452730'),(414,1606,'13','2565','1',5,1,1,'ไม่มี','ปกติ','ไม่ผุ','35','126','','2565-06-06 02:07:34','','','','','','','3341501452730'),(415,1619,'14','2565','1',5,1,1,'ไม่มี','ปกติ','ไม่ผุ','21','120','','2565-06-06 02:07:41','','','','','','','3341501452730'),(416,1552,'1','2565','1',6,1,1,'ไม่มี','ปกติ','ไม่ผุ','28','130.5','','2565-06-06 02:07:59','','','','','','','3341501452730'),(417,1553,'2','2565','1',6,1,1,'ไม่มี','ปกติ','ไม่ผุ','24','124','','2565-06-06 02:08:04','','','','','','','3341501452730'),(418,1554,'3','2565','1',6,1,1,'ไม่มี','ปกติ','ไม่ผุ','13','125','','2565-06-06 02:08:14','','','','','','','3341501452730'),(419,1555,'4','2565','1',6,1,1,'ไม่มี','ปกติ','ไม่ผุ','21','125','','2565-06-06 02:08:20','','','','','','','3341501452730'),(420,1556,'5','2565','1',6,1,1,'ไม่มี','ปกติ','ไม่ผุ','26','131','','2565-06-06 02:08:25','','','','','','','3341501452730'),(421,1557,'6','2565','1',6,1,1,'ไม่มี','ปกติ','ไม่ผุ','20','120','','2565-06-06 02:08:32','','','','','','','3341501452730'),(422,1558,'7','2565','1',6,1,1,'ไม่มี','ปกติ','ไม่ผุ','29','124','','2565-06-06 02:08:43','','','','','','','3341501452730'),(423,1559,'8','2565','1',6,1,1,'ไม่มี','ปกติ','ไม่ผุ','26','129','','2565-06-06 02:08:51','','','','','','','3341501452730'),(424,1560,'9','2565','1',6,1,1,'ไม่มี','ปกติ','ไม่ผุ','22','125','','2565-06-06 02:08:58','','','','','','','3341501452730'),(425,1565,'10','2565','1',6,1,1,'ไม่มี','ปกติ','ไม่ผุ','18','117','','2565-06-06 02:09:05','','','','','','','3341501452730'),(426,1578,'11','2565','1',6,1,1,'ไม่มี','ปกติ','ไม่ผุ','23','127','','2565-06-06 02:09:15','','','','','','','3341501452730'),(427,1597,'12','2565','1',6,1,1,'ไม่มี','ปกติ','ไม่ผุ','54','150','','2565-06-06 02:09:22','','','','','','','3341501452730'),(428,1541,'1','2565','1',7,1,1,'ไม่มี','ปกติ','ไม่ผุ','50','143','','2565-06-06 02:09:37','','','','','','','3341501452730'),(429,1542,'2','2565','1',7,1,1,'ไม่มี','ปกติ','ไม่ผุ','25','130','','2565-06-06 02:09:44','','','','','','','3341501452730'),(430,1544,'3','2565','1',7,1,1,'ไม่มี','ปกติ','ไม่ผุ','25.5','134','','2565-06-06 02:09:54','','','','','','','3341501452730'),(431,1545,'4','2565','1',7,1,1,'ไม่มี','ปกติ','ไม่ผุ','25.5','131','','2565-06-06 02:10:03','','','','','','','3341501452730'),(432,1550,'5','2565','1',7,1,1,'ไม่มี','ปกติ','ไม่ผุ','41','138','','2565-06-06 02:10:16','','','','','','','3341501452730'),(433,1579,'6','2565','1',7,1,1,'ไม่มี','ปกติ','ไม่ผุ','30','136','','2565-06-06 02:10:22','','','','','','','3341501452730'),(434,1580,'7','2565','1',7,1,1,'ไม่มี','ปกติ','ไม่ผุ','25.5','135','','2565-06-06 02:10:40','','','','','','','3341501452730'),(435,1581,'8','2565','1',7,1,1,'ไม่มี','ปกติ','ไม่ผุ','36','127','','2565-06-06 02:10:51','','','','','','','3341501452730'),(436,1598,'9','2565','1',7,1,1,'ไม่มี','ปกติ','ไม่ผุ','25','129','','2565-06-06 02:10:58','','','','','','','3341501452730'),(437,1618,'10','2565','1',7,1,1,'ไม่มี','ปกติ','ไม่ผุ','30','133','','2565-06-06 02:11:05','','','','','','','3341501452730'),(438,1522,'1','2565','1',8,1,1,'ไม่มี','ปกติ','ไม่ผุ','45','137','','2565-06-06 02:11:21','','','','','','','3341501452730'),(439,1526,'2','2565','1',8,1,1,'ไม่มี','ปกติ','ไม่ผุ','42','137','','2565-06-06 02:11:28','','','','','','','3341501452730'),(440,1528,'3','2565','1',8,1,1,'ไม่มี','ปกติ','ไม่ผุ','44','137','','2565-06-06 02:11:35','','','','','','','3341501452730'),(441,1530,'4','2565','1',8,1,1,'ไม่มี','ปกติ','ไม่ผุ','35','136','','2565-06-06 02:11:41','','','','','','','3341501452730'),(442,1531,'5','2565','1',8,1,1,'ไม่มี','ปกติ','ไม่ผุ','34','150','','2565-06-06 02:11:49','','','','','','','3341501452730'),(443,1532,'6','2565','1',8,1,1,'ไม่มี','ปกติ','ไม่ผุ','37','148','','2565-06-06 02:11:56','','','','','','','3341501452730'),(444,1533,'7','2565','1',8,1,1,'ไม่มี','ปกติ','ไม่ผุ','54','140','','2565-06-06 02:12:08','','','','','','','3341501452730'),(445,1582,'8','2565','1',8,1,1,'ไม่มี','ปกติ','ไม่ผุ','40','136','','2565-06-06 02:12:15','','','','','','','3341501452730'),(446,1599,'9','2565','1',8,1,1,'ไม่มี','ปกติ','ไม่ผุ','58','145','','2565-06-06 02:12:22','','','','','','','3341501452730'),(447,1604,'10','2565','1',8,1,1,'ไม่มี','ปกติ','ไม่ผุ','73','156','','2565-06-06 02:12:30','','','','','','','3341501452730'),(448,1510,'1','2565','1',9,1,1,'ไม่มี','ปกติ','ไม่ผุ','31','143','','2565-06-06 02:12:47','','','','','','','3341501452730'),(449,1511,'2','2565','1',9,1,1,'ไม่มี','ปกติ','ไม่ผุ','37','155','','2565-06-06 02:12:54','','','','','','','3341501452730'),(450,1512,'3','2565','1',9,1,1,'ไม่มี','ปกติ','ไม่ผุ','70','152','','2565-06-06 02:13:01','','','','','','','3341501452730'),(451,1521,'4','2565','1',9,1,1,'ไม่มี','ปกติ','ไม่ผุ','37','148','','2565-06-06 02:13:08','','','','','','','3341501452730'),(452,1547,'5','2565','1',9,1,1,'ไม่มี','ปกติ','ไม่ผุ','41','150','','2565-06-06 02:13:14','','','','','','','3341501452730'),(453,1583,'6','2565','1',9,1,1,'ไม่มี','ปกติ','ไม่ผุ','31','139','','2565-06-06 02:13:21','','','','','','','3341501452730'),(454,1600,'7','2565','1',9,1,1,'ไม่มี','ปกติ','ไม่ผุ','39','150','','2565-06-06 02:13:32','','','','','','','3341501452730'),(455,1624,'1','2565','1',1,0,1,'ไม่มี','ปกติ','ไม่ผุ','14','95','','2566-02-23 10:30:24','','','','','','','3341501452730'),(456,1625,'2','2565','1',1,0,1,'ไม่มี','ปกติ','ไม่ผุ','12','75','','2566-02-23 10:30:38','','','','','','','3341501452730'),(457,1626,'3','2565','1',1,0,1,'ไม่มี','ปกติ','ไม่ผุ','14','98','','2566-02-23 10:30:47','','','','','','','3341501452730'),(458,1624,'1','2565','1',1,0,2,'ไม่มี','ปกติ','ไม่ผุ','14','96','','2566-02-23 10:31:01','','','','','','','3341501452730'),(459,1625,'2','2565','1',1,0,2,'ไม่มี','ปกติ','ไม่ผุ','12','76','','2566-02-23 10:31:23','','','','','','','3341501452730'),(460,1626,'3','2565','1',1,0,2,'ไม่มี','ปกติ','ไม่ผุ','14','98','','2566-02-23 10:31:31','','','','','','','3341501452730'),(461,1624,'1','2565','2',1,0,1,'ไม่มี','ปกติ','ไม่ผุ','14','100','','2566-02-23 10:32:05','','','','','','','3341501452730'),(462,1614,'1','2565','1',2,0,1,'ไม่มี','ปกติ','ไม่ผุ','16','104','','2566-02-23 10:35:55','','','','','','','3341501452730'),(463,1615,'2','2565','1',2,0,1,'ไม่มี','ปกติ','ไม่ผุ','15','102','','2566-02-23 10:36:03','','','','','','','3341501452730'),(464,1616,'3','2565','1',2,0,1,'ไม่มี','ปกติ','ไม่ผุ','14','104','','2566-02-23 10:36:11','','','','','','','3341501452730'),(465,1617,'4','2565','1',2,0,1,'ไม่มี','ปกติ','ไม่ผุ','13','95','','2566-02-23 10:36:20','','','','','','','3341501452730'),(466,1620,'5','2565','1',2,0,1,'ไม่มี','ปกติ','ไม่ผุ','23','119','','2566-02-23 10:36:30','','','','','','','3341501452730'),(467,1621,'6','2565','1',2,0,1,'ไม่มี','ปกติ','ไม่ผุ','15','94','','2566-02-23 10:36:44','','','','','','','3341501452730'),(468,1614,'1','2565','1',2,0,2,'ไม่มี','ปกติ','ไม่ผุ','17','107','','2566-02-23 10:37:05','','','','','','','3341501452730'),(469,1615,'2','2565','1',2,0,2,'ไม่มี','ปกติ','ไม่ผุ','16','104','','2566-02-23 10:37:12','','','','','','','3341501452730'),(470,1616,'3','2565','1',2,0,2,'ไม่มี','ปกติ','ไม่ผุ','15','106','','2566-02-23 10:37:21','','','','','','','3341501452730'),(471,1617,'4','2565','1',2,0,2,'ไม่มี','ปกติ','ไม่ผุ','13','95','','2566-02-23 10:37:36','','','','','','','3341501452730'),(472,1620,'5','2565','1',2,0,2,'ไม่มี','ปกติ','ไม่ผุ','22','121','','2566-02-23 10:38:20','','','','','','','3341501452730'),(473,1621,'6','2565','1',2,0,2,'ไม่มี','ปกติ','ไม่ผุ','15','100','','2566-02-23 10:38:28','','','','','','','3341501452730'),(474,1622,'7','2565','1',2,0,2,'ไม่มี','ปกติ','ไม่ผุ','27','107','','2566-02-23 10:38:47','','','','','','','3341501452730'),(475,1623,'8','2565','1',2,0,2,'ไม่มี','ปกติ','ไม่ผุ','17','110','','2566-02-23 10:39:06','','','','','','','3341501452730'),(476,1628,'9','2565','1',2,0,2,'ไม่มี','ปกติ','ไม่ผุ','17','108','','2566-02-23 10:39:13','','','','','','','3341501452730'),(477,1622,'7','2565','1',2,0,1,'ไม่มี','ปกติ','ไม่ผุ','25','106','','2566-02-23 10:39:30','','','','','','','3341501452730'),(478,1623,'8','2565','1',2,0,1,'ไม่มี','ปกติ','ไม่ผุ','17','109','','2566-02-23 10:39:38','','','','','','','3341501452730'),(479,1628,'9','2565','1',2,0,1,'ไม่มี','ปกติ','ไม่ผุ','16','107','','2566-02-23 10:39:46','','','','','','','3341501452730'),(480,1590,'1','2565','1',3,0,1,'ไม่มี','ปกติ','ไม่ผุ','16','110','','2566-02-23 10:40:56','','','','','','','3341501452730'),(481,1591,'2','2565','1',3,0,1,'ไม่มี','ปกติ','ไม่ผุ','14','105','','2566-02-23 10:41:04','','','','','','','3341501452730'),(482,1592,'3','2565','1',3,0,1,'ไม่มี','ปกติ','ไม่ผุ','15','106','','2566-02-23 10:41:14','','','','','','','3341501452730'),(483,1609,'4','2565','1',3,0,1,'ไม่มี','ปกติ','ไม่ผุ','47','117','','2566-02-23 10:41:33','','','','','','','3341501452730'),(484,1610,'5','2565','1',3,0,1,'ไม่มี','ปกติ','ไม่ผุ','16','108','','2566-02-23 10:41:40','','','','','','','3341501452730'),(485,1611,'6','2565','1',3,0,1,'ไม่มี','ปกติ','ไม่ผุ','30','117','','2566-02-23 10:42:01','','','','','','','3341501452730'),(486,1612,'7','2565','1',3,0,1,'ไม่มี','ปกติ','ไม่ผุ','17','110','','2566-02-23 10:42:08','','','','','','','3341501452730'),(487,1613,'8','2565','1',3,0,1,'ไม่มี','ปกติ','ไม่ผุ','34','126','','2566-02-23 10:42:15','','','','','','','3341501452730'),(488,1613,'8','2565','1',3,0,2,'ไม่มี','ปกติ','ไม่ผุ','32','127','','2566-02-23 10:42:30','','','','','','','3341501452730'),(489,1612,'7','2565','1',3,0,2,'ไม่มี','ปกติ','ไม่ผุ','17','112','','2566-02-23 10:42:38','','','','','','','3341501452730'),(490,1611,'6','2565','1',3,0,2,'ไม่มี','ปกติ','ไม่ผุ','30','118','','2566-02-23 10:42:48','','','','','','','3341501452730'),(491,1610,'5','2565','1',3,0,2,'ไม่มี','ปกติ','ไม่ผุ','16','110','','2566-02-23 10:43:11','','','','','','','3341501452730'),(492,1609,'4','2565','1',3,0,2,'ไม่มี','ปกติ','ไม่ผุ','48','119','','2566-02-23 10:43:26','','','','','','','3341501452730'),(493,1592,'3','2565','1',3,0,2,'ไม่มี','ปกติ','ไม่ผุ','15','108','','2566-02-23 10:43:36','','','','','','','3341501452730'),(494,1591,'2','2565','1',3,0,2,'ไม่มี','ปกติ','ไม่ผุ','14','105','','2566-02-23 10:43:43','','','','','','','3341501452730'),(495,1590,'1','2565','1',3,0,2,'ไม่มี','ปกติ','ไม่ผุ','16','112','','2566-02-23 10:43:49','','','','','','','3341501452730'),(496,1569,'1','2565','1',4,0,1,'ไม่มี','ปกติ','ไม่ผุ','20','114','','2566-02-23 10:45:42','','','','','','','3341501452730'),(497,1570,'2','2565','1',4,0,1,'ไม่มี','ปกติ','ไม่ผุ','18','110','','2566-02-23 10:45:49','','','','','','','3341501452730'),(498,1571,'3','2565','1',4,0,1,'ไม่มี','ปกติ','ไม่ผุ','18','116','','2566-02-23 10:45:57','','','','','','','3341501452730'),(499,1585,'4','2565','1',4,0,1,'ไม่มี','ปกติ','ไม่ผุ','17','115','','2566-02-23 10:46:07','','','','','','','3341501452730'),(500,1593,'5','2565','1',4,0,1,'ไม่มี','ปกติ','ไม่ผุ','19','113.5','','2566-02-23 10:46:15','','','','','','','3341501452730'),(501,1594,'6','2565','1',4,0,1,'ไม่มี','ปกติ','ไม่ผุ','16','112','','2566-02-23 10:46:23','','','','','','','3341501452730'),(502,1595,'7','2565','1',4,0,1,'ไม่มี','ปกติ','ไม่ผุ','19','119','','2566-02-23 10:46:39','','','','','','','3341501452730'),(503,1596,'8','2565','1',4,0,1,'ไม่มี','ปกติ','ไม่ผุ','24','114','','2566-02-23 10:46:46','','','','','','','3341501452730'),(504,1607,'9','2565','1',4,0,1,'ไม่มี','ปกติ','ไม่ผุ','19','111','','2566-02-23 10:46:51','','','','','','','3341501452730'),(505,1595,'7','2565','1',4,0,2,'ไม่มี','ปกติ','ไม่ผุ','20','120','','2566-02-23 10:47:04','','','','','','','3341501452730'),(506,1596,'8','2565','1',4,0,2,'ไม่มี','ปกติ','ไม่ผุ','25','115','','2566-02-23 10:47:11','','','','','','','3341501452730'),(507,1607,'9','2565','1',4,0,2,'ไม่มี','ปกติ','ไม่ผุ','20','112','','2566-02-23 10:47:19','','','','','','','3341501452730'),(508,1569,'1','2565','1',4,0,2,'ไม่มี','ปกติ','ไม่ผุ','21','115','','2566-02-23 10:47:31','','','','','','','3341501452730'),(509,1570,'2','2565','1',4,0,2,'ไม่มี','ปกติ','ไม่ผุ','19','112','','2566-02-23 10:47:39','','','','','','','3341501452730'),(510,1571,'3','2565','1',4,0,2,'ไม่มี','ปกติ','ไม่ผุ','20','117','','2566-02-23 10:47:47','','','','','','','3341501452730'),(511,1585,'4','2565','1',4,0,2,'ไม่มี','ปกติ','ไม่ผุ','17','116','','2566-02-23 10:47:54','','','','','','','3341501452730'),(512,1593,'5','2565','1',4,0,2,'ไม่มี','ปกติ','ไม่ผุ','20','114','','2566-02-23 10:48:01','','','','','','','3341501452730'),(513,1594,'6','2565','1',4,0,2,'ไม่มี','ปกติ','ไม่ผุ','16','113','','2566-02-23 10:48:07','','','','','','','3341501452730'),(514,1561,'1','2565','1',5,0,1,'ไม่มี','ปกติ','ไม่ผุ','54','134','','2566-02-23 10:53:49','','','','','','','3341501452730'),(515,1563,'2','2565','1',5,0,1,'ไม่มี','ปกติ','ไม่ผุ','19','117','','2566-02-23 10:53:56','','','','','','','3341501452730'),(516,1564,'3','2565','1',5,0,1,'ไม่มี','ปกติ','ไม่ผุ','34','131','','2566-02-23 10:54:04','','','','','','','3341501452730'),(517,1572,'4','2565','1',5,0,1,'ไม่มี','ปกติ','ไม่ผุ','19','115','','2566-02-23 10:54:11','','','','','','','3341501452730'),(518,1573,'5','2565','1',5,0,1,'ไม่มี','ปกติ','ไม่ผุ','17','113','','2566-02-23 10:56:46','','','','','','','3341501452730'),(519,1574,'6','2565','1',5,0,1,'ไม่มี','ปกติ','ไม่ผุ','45','131','','2566-02-23 10:56:53','','','','','','','3341501452730'),(520,1575,'7','2565','1',5,0,1,'ไม่มี','ปกติ','ไม่ผุ','23','120','','2566-02-23 10:57:29','','','','','','','3341501452730'),(521,1576,'8','2565','1',5,0,1,'ไม่มี','ปกติ','ไม่ผุ','20','122','','2566-02-23 11:07:21','','','','','','','3341501452730'),(522,1577,'9','2565','1',5,0,1,'ไม่มี','ปกติ','ไม่ผุ','24','125','','2566-02-23 11:07:31','','','','','','','3341501452730'),(523,1586,'10','2565','1',5,0,1,'ไม่มี','ปกติ','ไม่ผุ','22','119','','2566-02-23 11:07:38','','','','','','','3341501452730'),(524,1589,'11','2565','1',5,0,1,'ไม่มี','ปกติ','ไม่ผุ','23','122','','2566-02-23 11:07:46','','','','','','','3341501452730'),(525,1605,'12','2565','1',5,0,1,'ไม่มี','ปกติ','ไม่ผุ','34','131','','2566-02-23 11:07:54','','','','','','','3341501452730'),(526,1606,'13','2565','1',5,0,1,'ไม่มี','ปกติ','ไม่ผุ','35','126','','2566-02-23 11:08:15','','','','','','','3341501452730'),(527,1619,'14','2565','1',5,0,1,'ไม่มี','ปกติ','ไม่ผุ','21','120','','2566-02-23 11:08:22','','','','','','','3341501452730'),(528,1619,'14','2565','1',5,0,2,'ไม่มี','ปกติ','ไม่ผุ','22','120','','2566-02-23 11:08:35','','','','','','','3341501452730'),(529,1606,'13','2565','1',5,0,2,'ไม่มี','ปกติ','ไม่ผุ','36','126','','2566-02-23 11:08:43','','','','','','','3341501452730'),(530,1605,'12','2565','1',5,0,2,'ไม่มี','ปกติ','ไม่ผุ','35','131','','2566-02-23 11:09:05','','','','','','','3341501452730'),(531,1589,'11','2565','1',5,0,2,'ไม่มี','ปกติ','ไม่ผุ','24','123','','2566-02-23 11:09:15','','','','','','','3341501452730'),(532,1586,'10','2565','1',5,0,2,'ไม่มี','ปกติ','ไม่ผุ','23','119','','2566-02-23 11:09:24','','','','','','','3341501452730'),(533,1577,'9','2565','1',5,0,2,'ไม่มี','ปกติ','ไม่ผุ','25','125','','2566-02-23 11:09:32','','','','','','','3341501452730'),(534,1576,'8','2565','1',5,0,2,'ไม่มี','ปกติ','ไม่ผุ','21','122','','2566-02-23 11:09:40','','','','','','','3341501452730'),(535,1575,'7','2565','1',5,0,2,'ไม่มี','ปกติ','ไม่ผุ','24','120','','2566-02-23 11:09:48','','','','','','','3341501452730'),(536,1574,'6','2565','1',5,0,2,'ไม่มี','ปกติ','ไม่ผุ','46','131','','2566-02-23 11:10:00','','','','','','','3341501452730'),(537,1573,'5','2565','1',5,0,2,'ไม่มี','ปกติ','ไม่ผุ','18','113','','2566-02-23 11:10:30','','','','','','','3341501452730'),(538,1572,'4','2565','1',5,0,2,'ไม่มี','ปกติ','ไม่ผุ','20','115','','2566-02-23 11:10:39','','','','','','','3341501452730'),(539,1564,'3','2565','1',5,0,2,'ไม่มี','ปกติ','ไม่ผุ','35','131','','2566-02-23 11:10:48','','','','','','','3341501452730'),(540,1563,'2','2565','1',5,0,2,'ไม่มี','ปกติ','ไม่ผุ','20','117','','2566-02-23 11:10:56','','','','','','','3341501452730'),(541,1561,'1','2565','1',5,0,2,'ไม่มี','ปกติ','ไม่ผุ','55','131','','2566-02-23 11:11:07','','','','','','','3341501452730'),(542,1552,'1','2565','1',6,0,1,'ไม่มี','ปกติ','ไม่ผุ','28','130.5','','2566-02-23 11:12:18','','','','','','','3341501452730'),(543,1553,'2','2565','1',6,0,1,'ไม่มี','ปกติ','ไม่ผุ','24','124','','2566-02-23 11:12:29','','','','','','','3341501452730'),(544,1554,'3','2565','1',6,0,1,'ไม่มี','ปกติ','ไม่ผุ','23','125','','2566-02-23 11:13:14','','','','','','','3341501452730'),(545,1555,'4','2565','1',6,0,1,'ไม่มี','ปกติ','ไม่ผุ','21','124','','2566-02-23 11:13:22','','','','','','','3341501452730'),(546,1556,'5','2565','1',6,0,1,'ไม่มี','ปกติ','ไม่ผุ','26','131','','2566-02-23 11:15:10','','','','','','','3341501452730'),(547,1557,'6','2565','1',6,0,1,'ไม่มี','ปกติ','ไม่ผุ','20','120','','2566-02-23 11:15:24','','','','','','','3341501452730'),(548,1558,'7','2565','1',6,0,1,'ไม่มี','ปกติ','ไม่ผุ','29','124','','2566-02-23 11:17:21','','','','','','','3341501452730'),(549,1559,'8','2565','1',6,0,1,'ไม่มี','ปกติ','ไม่ผุ','26','129','','2566-02-23 11:17:31','','','','','','','3341501452730'),(550,1560,'9','2565','1',6,0,1,'ไม่มี','ปกติ','ไม่ผุ','22','125','','2566-02-23 11:17:41','','','','','','','3341501452730'),(551,1565,'10','2565','1',6,0,1,'ไม่มี','ปกติ','ไม่ผุ','18','117','','2566-02-23 11:17:50','','','','','','','3341501452730'),(552,1578,'11','2565','1',6,0,1,'ไม่มี','ปกติ','ไม่ผุ','23','127','','2566-02-23 11:17:58','','','','','','','3341501452730'),(553,1597,'12','2565','1',6,0,1,'ไม่มี','ปกติ','ไม่ผุ','54','150','','2566-02-23 11:18:08','','','','','','','3341501452730'),(554,1558,'7','2565','1',6,0,2,'ไม่มี','ปกติ','ไม่ผุ','29','124','','2566-02-23 11:18:30','','','','','','','3341501452730'),(555,1559,'8','2565','1',6,0,2,'ไม่มี','ปกติ','ไม่ผุ','28','129','','2566-02-23 11:18:39','','','','','','','3341501452730'),(556,1560,'9','2565','1',6,0,2,'ไม่มี','ปกติ','ไม่ผุ','22','125','','2566-02-23 11:18:51','','','','','','','3341501452730'),(557,1565,'10','2565','1',6,0,2,'ไม่มี','ปกติ','ไม่ผุ','19','117','','2566-02-23 11:18:59','','','','','','','3341501452730'),(558,1578,'11','2565','1',6,0,2,'ไม่มี','ปกติ','ไม่ผุ','24','127','','2566-02-23 11:19:05','','','','','','','3341501452730'),(559,1597,'12','2565','1',6,0,2,'ไม่มี','ปกติ','ไม่ผุ','58','150','','2566-02-23 11:19:15','','','','','','','3341501452730'),(560,1552,'1','2565','1',6,0,2,'ไม่มี','ปกติ','ไม่ผุ','28','130.5','','2566-02-23 11:19:30','','','','','','','3341501452730'),(561,1553,'2','2565','1',6,0,2,'ไม่มี','ปกติ','ไม่ผุ','26','125','','2566-02-23 11:19:55','','','','','','','3341501452730'),(562,1554,'3','2565','1',6,0,2,'ไม่มี','ปกติ','ไม่ผุ','24','125','','2566-02-23 11:20:02','','','','','','','3341501452730'),(563,1555,'4','2565','1',6,0,2,'ไม่มี','ปกติ','ไม่ผุ','22','124','','2566-02-23 11:20:08','','','','','','','3341501452730'),(564,1556,'5','2565','1',6,0,2,'ไม่มี','ปกติ','ไม่ผุ','29','131','','2566-02-23 11:20:16','','','','','','','3341501452730'),(565,1557,'6','2565','1',6,0,2,'ไม่มี','ปกติ','ไม่ผุ','20','120','','2566-02-23 11:20:24','','','','','','','3341501452730'),(566,1541,'1','2565','1',7,0,1,'ไม่มี','ปกติ','ไม่ผุ','50','143','','2566-02-23 11:21:52','','','','','','','3341501452730'),(567,1542,'2','2565','1',7,0,1,'ไม่มี','ปกติ','ไม่ผุ','25','130','','2566-02-23 11:21:59','','','','','','','3341501452730'),(568,1544,'3','2565','1',7,0,1,'ไม่มี','ปกติ','ไม่ผุ','25','134','','2566-02-23 11:22:22','','','','','','','3341501452730'),(569,1545,'4','2565','1',7,0,1,'ไม่มี','ปกติ','ไม่ผุ','28','131','','2566-02-23 11:22:44','','','','','','','3341501452730'),(570,1550,'5','2565','1',7,0,1,'ไม่มี','ปกติ','ไม่ผุ','41','138','','2566-02-23 11:22:54','','','','','','','3341501452730'),(571,1579,'6','2565','1',7,0,1,'ไม่มี','ปกติ','ไม่ผุ','30','136','','2566-02-23 11:23:00','','','','','','','3341501452730'),(572,1580,'7','2565','1',7,0,1,'ไม่มี','ปกติ','ไม่ผุ','26','135','','2566-02-23 11:23:51','','','','','','','3341501452730'),(573,1581,'8','2565','1',7,0,1,'ไม่มี','ปกติ','ไม่ผุ','36','127','','2566-02-23 11:24:00','','','','','','','3341501452730'),(574,1598,'9','2565','1',7,0,1,'ไม่มี','ปกติ','ไม่ผุ','25','129','','2566-02-23 11:24:15','','','','','','','3341501452730'),(575,1618,'10','2565','1',7,0,1,'ไม่มี','ปกติ','ไม่ผุ','30','133','','2566-02-23 11:24:23','','','','','','','3341501452730'),(576,1580,'7','2565','1',7,0,2,'ไม่มี','ปกติ','ไม่ผุ','31','137','','2566-02-23 11:25:40','','','','','','','3341501452730'),(577,1581,'8','2565','1',7,0,2,'ไม่มี','ปกติ','ไม่ผุ','36','128','','2566-02-23 11:25:52','','','','','','','3341501452730'),(578,1598,'9','2565','1',7,0,2,'ไม่มี','ปกติ','ไม่ผุ','25','130','','2566-02-23 11:26:02','','','','','','','3341501452730'),(579,1618,'10','2565','1',7,0,2,'ไม่มี','ปกติ','ไม่ผุ','34','136','','2566-02-23 11:26:13','','','','','','','3341501452730'),(580,1541,'1','2565','1',7,0,2,'ไม่มี','ปกติ','ไม่ผุ','57','144.5','','2566-02-23 11:26:51','','','','','','','3341501452730'),(581,1542,'2','2565','1',7,0,2,'ไม่มี','ปกติ','ไม่ผุ','25','131','','2566-02-23 11:26:59','','','','','','','3341501452730'),(582,1544,'3','2565','1',7,0,2,'ไม่มี','ปกติ','ไม่ผุ','25','135','','2566-02-23 11:27:09','','','','','','','3341501452730'),(583,1545,'4','2565','1',7,0,2,'ไม่มี','ปกติ','ไม่ผุ','29','133','','2566-02-23 11:27:16','','','','','','','3341501452730'),(584,1550,'5','2565','1',7,0,2,'ไม่มี','ปกติ','ไม่ผุ','41','141','','2566-02-23 11:27:29','','','','','','','3341501452730'),(585,1579,'6','2565','1',7,0,2,'ไม่มี','ปกติ','ไม่ผุ','30','137','','2566-02-23 11:27:54','','','','','','','3341501452730'),(586,1522,'1','2565','1',8,0,1,'ไม่มี','ปกติ','ไม่ผุ','45','137','','2566-02-23 11:32:45','','','','','','','3341501452730'),(587,1526,'2','2565','1',8,0,1,'ไม่มี','ปกติ','ไม่ผุ','42','137','','2566-02-23 11:32:55','','','','','','','3341501452730'),(588,1528,'3','2565','1',8,0,1,'ไม่มี','ปกติ','ไม่ผุ','44','137','','2566-02-23 11:33:03','','','','','','','3341501452730'),(589,1530,'4','2565','1',8,0,1,'ไม่มี','ปกติ','ไม่ผุ','35','136','','2566-02-23 11:33:11','','','','','','','3341501452730'),(590,1531,'5','2565','1',8,0,1,'ไม่มี','ปกติ','ไม่ผุ','34','150','','2566-02-23 11:33:19','','','','','','','3341501452730'),(591,1532,'6','2565','1',8,0,1,'ไม่มี','ปกติ','ไม่ผุ','37','148','','2566-02-23 11:33:26','','','','','','','3341501452730'),(592,1533,'7','2565','1',8,0,1,'ไม่มี','ปกติ','ไม่ผุ','54','140','','2566-02-23 11:33:39','','','','','','','3341501452730'),(593,1582,'8','2565','1',8,0,1,'ไม่มี','ปกติ','ไม่ผุ','40','136','','2566-02-23 11:33:46','','','','','','','3341501452730'),(594,1599,'9','2565','1',8,0,1,'ไม่มี','ปกติ','ไม่ผุ','58','145','','2566-02-23 11:33:54','','','','','','','3341501452730'),(595,1604,'10','2565','1',8,0,1,'ไม่มี','ปกติ','ไม่ผุ','73','156','','2566-02-23 11:34:03','','','','','','','3341501452730'),(596,1533,'7','2565','1',8,0,2,'ไม่มี','ปกติ','ไม่ผุ','55','142','','2566-02-23 11:34:15','','','','','','','3341501452730'),(597,1582,'8','2565','1',8,0,2,'ไม่มี','ปกติ','ไม่ผุ','40','140','','2566-02-23 11:34:22','','','','','','','3341501452730'),(598,1599,'9','2565','1',8,0,2,'ไม่มี','ปกติ','ไม่ผุ','55','145','','2566-02-23 11:34:29','','','','','','','3341501452730'),(599,1604,'10','2565','1',8,0,2,'ไม่มี','ปกติ','ไม่ผุ','73','157','','2566-02-23 11:34:36','','','','','','','3341501452730'),(600,1522,'1','2565','1',8,0,2,'ไม่มี','ปกติ','ไม่ผุ','47','140','','2566-02-23 11:35:09','','','','','','','3341501452730'),(601,1526,'2','2565','1',8,0,2,'ไม่มี','ปกติ','ไม่ผุ','44','138','','2566-02-23 11:35:19','','','','','','','3341501452730'),(602,1528,'3','2565','1',8,0,2,'ไม่มี','ปกติ','ไม่ผุ','46','139','','2566-02-23 11:35:28','','','','','','','3341501452730'),(603,1530,'4','2565','1',8,0,2,'ไม่มี','ปกติ','ไม่ผุ','38','140','','2566-02-23 11:35:37','','','','','','','3341501452730'),(604,1531,'5','2565','1',8,0,2,'ไม่มี','ปกติ','ไม่ผุ','35','152','','2566-02-23 11:35:44','','','','','','','3341501452730'),(605,1532,'6','2565','1',8,0,2,'ไม่มี','ปกติ','ไม่ผุ','38','150','','2566-02-23 11:35:54','','','','','','','3341501452730'),(606,1510,'1','2565','1',9,0,1,'ไม่มี','ปกติ','ไม่ผุ','31','143','','2566-02-23 11:36:41','','','','','','','3341501452730'),(607,1511,'2','2565','1',9,0,1,'ไม่มี','ปกติ','ไม่ผุ','37','155','','2566-02-23 11:37:20','','','','','','','3341501452730'),(608,1512,'3','2565','1',9,0,1,'ไม่มี','ปกติ','ไม่ผุ','70','152','','2566-02-23 11:38:09','','','','','','','3341501452730'),(609,1521,'4','2565','1',9,0,1,'ไม่มี','ปกติ','ไม่ผุ','37','148','','2566-02-23 11:38:18','','','','','','','3341501452730'),(610,1547,'5','2565','1',9,0,1,'ไม่มี','ปกติ','ไม่ผุ','41','150','','2566-02-23 11:38:24','','','','','','','3341501452730'),(611,1583,'6','2565','1',9,0,1,'ไม่มี','ปกติ','ไม่ผุ','31','139','','2566-02-23 11:38:30','','','','','','','3341501452730'),(612,1600,'7','2565','1',9,0,1,'ไม่มี','ปกติ','ไม่ผุ','39','150','','2566-02-23 11:38:39','','','','','','','3341501452730'),(613,1510,'1','2565','1',9,0,2,'ไม่มี','ปกติ','ไม่ผุ','34','146','','2566-02-23 11:38:53','','','','','','','3341501452730'),(614,1511,'2','2565','1',9,0,2,'ไม่มี','ปกติ','ไม่ผุ','37','155','','2566-02-23 11:39:05','','','','','','','3341501452730'),(615,1512,'3','2565','1',9,0,2,'ไม่มี','ปกติ','ไม่ผุ','72','153','','2566-02-23 11:39:17','','','','','','','3341501452730'),(616,1521,'4','2565','1',9,0,2,'ไม่มี','ปกติ','ไม่ผุ','37','149','','2566-02-23 11:39:25','','','','','','','3341501452730'),(617,1547,'5','2565','1',9,0,2,'ไม่มี','ปกติ','ไม่ผุ','42','152','','2566-02-23 11:39:35','','','','','','','3341501452730'),(618,1583,'6','2565','1',9,0,2,'ไม่มี','ปกติ','ไม่ผุ','30','140','','2566-02-23 11:39:41','','','','','','','3341501452730'),(619,1600,'7','2565','1',9,0,2,'ไม่มี','ปกติ','ไม่ผุ','40','152','','2566-02-23 11:39:50','','','','','','','3341501452730'),(620,1625,'2','2565','2',1,0,1,'ไม่มี','ปกติ','ไม่ผุ','13','77','','2566-02-23 11:41:00','','','','','','','3341501452730'),(621,1626,'3','2565','2',1,0,1,'ไม่มี','ปกติ','ไม่ผุ','15','98','','2566-02-23 11:41:07','','','','','','','3341501452730'),(622,1614,'1','2565','2',2,0,1,'ไม่มี','ปกติ','ไม่ผุ','18','109','','2566-02-23 11:41:29','','','','','','','3341501452730'),(623,1615,'2','2565','2',2,0,1,'ไม่มี','ปกติ','ไม่ผุ','15','104','','2566-02-23 11:41:35','','','','','','','3341501452730'),(624,1616,'3','2565','2',2,0,1,'ไม่มี','ปกติ','ไม่ผุ','15','106','','2566-02-23 11:41:42','','','','','','','3341501452730'),(625,1617,'4','2565','2',2,0,1,'ไม่มี','ปกติ','ไม่ผุ','14','96','','2566-02-23 11:41:51','','','','','','','3341501452730'),(626,1620,'5','2565','2',2,0,1,'ไม่มี','ปกติ','ไม่ผุ','24','121','','2566-02-23 11:41:59','','','','','','','3341501452730'),(627,1621,'6','2565','2',2,0,1,'ไม่มี','ปกติ','ไม่ผุ','14','103','','2566-02-23 11:42:05','','','','','','','3341501452730'),(628,1622,'7','2565','2',2,0,1,'ไม่มี','ปกติ','ไม่ผุ','29','110','','2566-02-23 11:42:29','','','','','','','3341501452730'),(629,1623,'8','2565','2',2,0,1,'ไม่มี','ปกติ','ไม่ผุ','18','111','','2566-02-23 11:42:36','','','','','','','3341501452730'),(630,1628,'9','2565','2',2,0,1,'ไม่มี','ปกติ','ไม่ผุ','18','109','','2566-02-23 11:43:05','','','','','','','3341501452730'),(631,1590,'1','2565','2',3,0,1,'ไม่มี','ปกติ','ไม่ผุ','17','113','','2566-02-23 11:43:36','','','','','','','3341501452730'),(632,1591,'2','2565','2',3,0,1,'ไม่มี','ปกติ','ไม่ผุ','15','106','','2566-02-23 11:43:42','','','','','','','3341501452730'),(633,1592,'3','2565','2',3,0,1,'ไม่มี','ปกติ','ไม่ผุ','16','109','','2566-02-23 11:43:49','','','','','','','3341501452730'),(634,1609,'4','2565','2',3,0,1,'ไม่มี','ปกติ','ไม่ผุ','48','120','','2566-02-23 11:44:04','','','','','','','3341501452730'),(635,1610,'5','2565','2',3,0,1,'ไม่มี','ปกติ','ไม่ผุ','17','111','','2566-02-23 11:44:10','','','','','','','3341501452730'),(636,1611,'6','2565','2',3,0,1,'ไม่มี','ปกติ','ไม่ผุ','32','112','','2566-02-23 11:44:21','','','','','','','3341501452730'),(637,1612,'7','2565','2',3,0,1,'ไม่มี','ปกติ','ไม่ผุ','18','113','','2566-02-23 11:44:37','','','','','','','3341501452730'),(638,1613,'8','2565','2',3,0,1,'ไม่มี','ปกติ','ไม่ผุ','34','129','','2566-02-23 11:44:44','','','','','','','3341501452730'),(639,1569,'1','2565','2',4,0,1,'ไม่มี','ปกติ','ไม่ผุ','21','116','','2566-02-23 11:45:01','','','','','','','3341501452730'),(640,1570,'2','2565','2',4,0,1,'ไม่มี','ปกติ','ไม่ผุ','19','112','','2566-02-23 11:45:08','','','','','','','3341501452730'),(641,1571,'3','2565','2',4,0,1,'ไม่มี','ปกติ','ไม่ผุ','20','118','','2566-02-23 11:45:15','','','','','','','3341501452730'),(642,1585,'4','2565','2',4,0,1,'ไม่มี','ปกติ','ไม่ผุ','17','116','','2566-02-23 11:45:22','','','','','','','3341501452730'),(643,1593,'5','2565','2',4,0,1,'ไม่มี','ปกติ','ไม่ผุ','19','115.5','','2566-02-23 11:45:31','','','','','','','3341501452730'),(644,1594,'6','2565','2',4,0,1,'ไม่มี','ปกติ','ไม่ผุ','18','115','','2566-02-23 11:45:40','','','','','','','3341501452730'),(645,1595,'7','2565','2',4,0,1,'ไม่มี','ปกติ','ไม่ผุ','20','120','','2566-02-23 11:45:54','','','','','','','3341501452730'),(646,1596,'8','2565','2',4,0,1,'ไม่มี','ปกติ','ไม่ผุ','25','117','','2566-02-23 11:46:04','','','','','','','3341501452730'),(647,1607,'9','2565','2',4,0,1,'ไม่มี','ปกติ','ไม่ผุ','20','115','','2566-02-23 11:46:10','','','','','','','3341501452730'),(648,1561,'1','2565','2',5,0,1,'ไม่มี','ปกติ','ไม่ผุ','56','132','','2566-02-23 11:46:22','','','','','','','3341501452730'),(649,1563,'2','2565','2',5,0,1,'ไม่มี','ปกติ','ไม่ผุ','21','118','','2566-02-23 11:46:29','','','','','','','3341501452730'),(650,1564,'3','2565','2',5,0,1,'ไม่มี','ปกติ','ไม่ผุ','36','132','','2566-02-23 11:46:35','','','','','','','3341501452730'),(651,1572,'4','2565','2',5,0,1,'ไม่มี','ปกติ','ไม่ผุ','21','116','','2566-02-23 11:46:41','','','','','','','3341501452730'),(652,1573,'5','2565','2',5,0,1,'ไม่มี','ปกติ','ไม่ผุ','19','115','','2566-02-23 11:46:46','','','','','','','3341501452730'),(653,1574,'6','2565','2',5,0,1,'ไม่มี','ปกติ','ไม่ผุ','47','131','','2566-02-23 11:46:53','','','','','','','3341501452730'),(654,1575,'7','2565','2',5,0,1,'ไม่มี','ปกติ','ไม่ผุ','25','122','','2566-02-23 11:47:08','','','','','','','3341501452730'),(655,1576,'8','2565','2',5,0,1,'ไม่มี','ปกติ','ไม่ผุ','22','123','','2566-02-23 11:47:16','','','','','','','3341501452730'),(656,1577,'9','2565','2',5,0,1,'ไม่มี','ปกติ','ไม่ผุ','26','126','','2566-02-23 11:47:24','','','','','','','3341501452730'),(657,1586,'10','2565','2',5,0,1,'ไม่มี','ปกติ','ไม่ผุ','24','120','','2566-02-23 11:47:37','','','','','','','3341501452730'),(658,1589,'11','2565','2',5,0,1,'ไม่มี','ปกติ','ไม่ผุ','25','124','','2566-02-23 11:47:45','','','','','','','3341501452730'),(659,1605,'12','2565','2',5,0,1,'ไม่มี','ปกติ','ไม่ผุ','36','131','','2566-02-23 11:47:53','','','','','','','3341501452730'),(660,1606,'13','2565','2',5,0,1,'ไม่มี','ปกติ','ไม่ผุ','37','128','','2566-02-23 11:48:01','','','','','','','3341501452730'),(661,1619,'14','2565','2',5,0,1,'ไม่มี','ปกติ','ไม่ผุ','23','121','','2566-02-23 11:48:08','','','','','','','3341501452730'),(662,1552,'1','2565','2',6,0,1,'ไม่มี','ปกติ','ไม่ผุ','27','132','','2566-02-23 11:48:24','','','','','','','3341501452730'),(663,1553,'2','2565','2',6,0,1,'ไม่มี','ปกติ','ไม่ผุ','25','125','','2566-02-23 11:48:30','','','','','','','3341501452730'),(664,1554,'3','2565','2',6,0,1,'ไม่มี','ปกติ','ไม่ผุ','25','126','','2566-02-23 11:48:35','','','','','','','3341501452730'),(665,1555,'4','2565','2',6,0,1,'ไม่มี','ปกติ','ไม่ผุ','23','124','','2566-02-23 11:48:41','','','','','','','3341501452730'),(666,1556,'5','2565','2',6,0,1,'ไม่มี','ปกติ','ไม่ผุ','29','132','','2566-02-23 11:48:49','','','','','','','3341501452730'),(667,1557,'6','2565','2',6,0,1,'ไม่มี','ปกติ','ไม่ผุ','20','121','','2566-02-23 11:48:54','','','','','','','3341501452730'),(668,1558,'7','2565','2',6,0,1,'ไม่มี','ปกติ','ไม่ผุ','29','125','','2566-02-23 11:49:03','','','','','','','3341501452730'),(669,1559,'8','2565','2',6,0,1,'ไม่มี','ปกติ','ไม่ผุ','26','131','','2566-02-23 11:49:10','','','','','','','3341501452730'),(670,1560,'9','2565','2',6,0,1,'ไม่มี','ปกติ','ไม่ผุ','24','127','','2566-02-23 11:49:18','','','','','','','3341501452730'),(671,1565,'10','2565','2',6,0,1,'ไม่มี','ปกติ','ไม่ผุ','19','119','','2566-02-23 11:49:25','','','','','','','3341501452730'),(672,1578,'11','2565','2',6,0,1,'ไม่มี','ปกติ','ไม่ผุ','22','127','','2566-02-23 11:49:31','','','','','','','3341501452730'),(673,1597,'12','2565','2',6,0,1,'ไม่มี','ปกติ','ไม่ผุ','59','151','','2566-02-23 11:49:40','','','','','','','3341501452730'),(674,1541,'1','2565','2',7,0,1,'ไม่มี','ปกติ','ไม่ผุ','54','146','','2566-02-23 12:53:44','','','','','','','3341501452730'),(675,1542,'2','2565','2',7,0,1,'ไม่มี','ปกติ','ไม่ผุ','25','132','','2566-02-23 12:53:53','','','','','','','3341501452730'),(676,1544,'3','2565','2',7,0,1,'ไม่มี','ปกติ','ไม่ผุ','25','136','','2566-02-23 12:54:00','','','','','','','3341501452730'),(677,1545,'4','2565','2',7,0,1,'ไม่มี','ปกติ','ไม่ผุ','30','133','','2566-02-23 12:54:08','','','','','','','3341501452730'),(678,1550,'5','2565','2',7,0,1,'ไม่มี','ปกติ','ไม่ผุ','42','142','','2566-02-23 12:54:20','','','','','','','3341501452730'),(679,1579,'6','2565','2',7,0,1,'ไม่มี','ปกติ','ไม่ผุ','32','139','','2566-02-23 12:54:30','','','','','','','3341501452730'),(680,1580,'7','2565','2',7,0,1,'ไม่มี','ปกติ','ไม่ผุ','38','138','','2566-02-23 12:54:47','','','','','','','3341501452730'),(681,1581,'8','2565','2',7,0,1,'ไม่มี','ปกติ','ไม่ผุ','36','130','','2566-02-23 12:54:56','','','','','','','3341501452730'),(682,1598,'9','2565','2',7,0,1,'ไม่มี','ปกติ','ไม่ผุ','25','131','','2566-02-23 12:55:03','','','','','','','3341501452730'),(683,1618,'10','2565','2',7,0,1,'ไม่มี','ปกติ','ไม่ผุ','30','136','','2566-02-23 12:55:10','','','','','','','3341501452730'),(684,1522,'1','2565','2',8,0,1,'ไม่มี','ปกติ','ไม่ผุ','45','140','','2566-02-23 12:55:34','','','','','','','3341501452730'),(685,1526,'2','2565','2',8,0,1,'ไม่มี','ปกติ','ไม่ผุ','44','140','','2566-02-23 12:55:52','','','','','','','3341501452730'),(686,1528,'3','2565','2',8,0,1,'ไม่มี','ปกติ','ไม่ผุ','48','141','','2566-02-23 12:56:05','','','','','','','3341501452730'),(687,1530,'4','2565','2',8,0,1,'ไม่มี','ปกติ','ไม่ผุ','38','140','','2566-02-23 12:56:13','','','','','','','3341501452730'),(688,1531,'5','2565','2',8,0,1,'ไม่มี','ปกติ','ไม่ผุ','36','154','','2566-02-23 12:56:22','','','','','','','3341501452730'),(689,1532,'6','2565','2',8,0,1,'ไม่มี','ปกติ','ไม่ผุ','38','151','','2566-02-23 12:56:30','','','','','','','3341501452730'),(690,1533,'7','2565','2',8,0,1,'ไม่มี','ปกติ','ไม่ผุ','53','143','','2566-02-23 12:57:12','','','','','','','3341501452730'),(691,1582,'8','2565','2',8,0,1,'ไม่มี','ปกติ','ไม่ผุ','42','144','','2566-02-23 12:57:35','','','','','','','3341501452730'),(692,1599,'9','2565','2',8,0,1,'ไม่มี','ปกติ','ไม่ผุ','60','149','','2566-02-23 12:57:48','','','','','','','3341501452730'),(693,1604,'10','2565','2',8,0,1,'ไม่มี','ปกติ','ไม่ผุ','72','158','','2566-02-23 12:57:55','','','','','','','3341501452730'),(694,1510,'1','2565','2',9,0,1,'ไม่มี','ปกติ','ไม่ผุ','36','148','','2566-02-23 12:58:16','','','','','','','3341501452730'),(695,1511,'2','2565','2',9,0,1,'ไม่มี','ปกติ','ไม่ผุ','40','156','','2566-02-23 12:58:26','','','','','','','3341501452730'),(696,1512,'3','2565','2',9,0,1,'ไม่มี','ปกติ','ไม่ผุ','75','154','','2566-02-23 12:58:33','','','','','','','3341501452730'),(697,1521,'4','2565','2',9,0,1,'ไม่มี','ปกติ','ไม่ผุ','35','150','','2566-02-23 12:58:48','','','','','','','3341501452730'),(698,1547,'5','2565','2',9,0,1,'ไม่มี','ปกติ','ไม่ผุ','44','152','','2566-02-23 12:58:54','','','','','','','3341501452730'),(699,1583,'6','2565','2',9,0,1,'ไม่มี','ปกติ','ไม่ผุ','32','142','','2566-02-23 12:59:01','','','','','','','3341501452730'),(700,1600,'7','2565','2',9,0,1,'ไม่มี','ปกติ','ไม่ผุ','41','153','','2566-02-23 12:59:12','','','','','','','3341501452730'),(701,1624,'1','2565','2',1,0,2,'ไม่มี','ปกติ','ไม่ผุ','15','102','','2566-03-20 01:33:40','','','','','','','3341501452730'),(702,1625,'2','2565','2',1,0,2,'ไม่มี','ปกติ','ไม่ผุ','14','78','','2566-03-20 01:33:46','','','','','','','3341501452730'),(703,1626,'3','2565','2',1,0,2,'ไม่มี','ปกติ','ไม่ผุ','16','100','','2566-03-20 01:33:53','','','','','','','3341501452730'),(704,1614,'1','2565','2',2,0,2,'ไม่มี','ปกติ','ไม่ผุ','19','110','','2566-03-20 01:34:22','','','','','','','3341501452730'),(705,1615,'2','2565','2',2,0,2,'ไม่มี','ปกติ','ไม่ผุ','16','106','','2566-03-20 01:34:30','','','','','','','3341501452730'),(706,1616,'3','2565','2',2,0,2,'ไม่มี','ปกติ','ไม่ผุ','17','108','','2566-03-20 01:44:14','','','','','','','3341501452730'),(707,1617,'4','2565','2',2,0,2,'ไม่มี','ปกติ','ไม่ผุ','15','97','','2566-03-20 01:45:01','','','','','','','3341501452730'),(708,1620,'5','2565','2',2,0,2,'ไม่มี','ปกติ','ไม่ผุ','25','122','','2566-03-20 01:45:12','','','','','','','3341501452730'),(709,1621,'6','2565','2',2,0,2,'ไม่มี','ปกติ','ไม่ผุ','15','104','','2566-03-20 01:45:18','','','','','','','3341501452730'),(710,1622,'7','2565','2',2,0,2,'ไม่มี','ปกติ','ไม่ผุ','29','112','','2566-03-20 01:46:06','','','','','','','3341501452730'),(711,1623,'8','2565','2',2,0,2,'ไม่มี','ปกติ','ไม่ผุ','19','112','','2566-03-20 01:46:14','','','','','','','3341501452730'),(712,1628,'9','2565','2',2,0,2,'ไม่มี','ปกติ','ไม่ผุ','19','110','','2566-03-20 01:46:23','','','','','','','3341501452730'),(713,1590,'1','2565','2',3,0,2,'ไม่มี','ปกติ','ไม่ผุ','18','115','','2566-03-20 01:48:16','','','','','','','3341501452730'),(714,1591,'2','2565','2',3,0,2,'ไม่มี','ปกติ','ไม่ผุ','16','108','','2566-03-20 01:48:24','','','','','','','3341501452730'),(715,1592,'3','2565','2',3,0,2,'ไม่มี','ปกติ','ไม่ผุ','17','110','','2566-03-20 01:48:31','','','','','','','3341501452730'),(716,1609,'4','2565','2',3,0,2,'ไม่มี','ปกติ','ไม่ผุ','48','122','','2566-03-20 01:48:41','','','','','','','3341501452730'),(717,1610,'5','2565','2',3,0,2,'ไม่มี','ปกติ','ไม่ผุ','18','112','','2566-03-20 01:48:48','','','','','','','3341501452730'),(718,1611,'6','2565','2',3,0,2,'ไม่มี','ปกติ','ไม่ผุ','32','113','','2566-03-20 01:49:35','','','','','','','3341501452730'),(719,1612,'7','2565','2',3,0,2,'ไม่มี','ปกติ','ไม่ผุ','19','114','','2566-03-20 01:49:41','','','','','','','3341501452730'),(720,1613,'8','2565','2',3,0,2,'ไม่มี','ปกติ','ไม่ผุ','34','130','','2566-03-20 01:49:48','','','','','','','3341501452730'),(721,1569,'1','2565','2',4,0,2,'ไม่มี','ปกติ','ไม่ผุ','23','120','','2566-03-20 01:50:11','','','','','','','3341501452730'),(722,1570,'2','2565','2',4,0,2,'ไม่มี','ปกติ','ไม่ผุ','20','114','','2566-03-20 01:50:18','','','','','','','3341501452730'),(723,1571,'3','2565','2',4,0,2,'ไม่มี','ปกติ','ไม่ผุ','21','121','','2566-03-20 01:50:25','','','','','','','3341501452730'),(724,1585,'4','2565','2',4,0,2,'ไม่มี','ปกติ','ไม่ผุ','18.5','118','','2566-03-20 01:50:34','','','','','','','3341501452730'),(725,1593,'5','2565','2',4,0,2,'ไม่มี','ปกติ','ไม่ผุ','20','116.5','','2566-03-20 01:50:45','','','','','','','3341501452730'),(726,1594,'6','2565','2',4,0,2,'ไม่มี','ปกติ','ไม่ผุ','19','115','','2566-03-20 01:50:53','','','','','','','3341501452730'),(727,1595,'7','2565','2',4,0,2,'ไม่มี','ปกติ','ไม่ผุ','21','112.5','','2566-03-20 01:51:08','','','','','','','3341501452730'),(728,1596,'8','2565','2',4,0,2,'ไม่มี','ปกติ','ไม่ผุ','27','118','','2566-03-20 01:51:18','','','','','','','3341501452730'),(729,1607,'9','2565','2',4,0,2,'ไม่มี','ปกติ','ไม่ผุ','18.5','116.5','','2566-03-20 01:51:28','','','','','','','3341501452730'),(730,1561,'1','2565','2',5,0,2,'ไม่มี','ปกติ','ไม่ผุ','54','134','','2566-03-20 01:53:14','','','','','','','3341501452730'),(731,1563,'2','2565','2',5,0,2,'ไม่มี','ปกติ','ไม่ผุ','21','120','','2566-03-20 01:53:21','','','','','','','3341501452730'),(732,1564,'3','2565','2',5,0,2,'ไม่มี','ปกติ','ไม่ผุ','36','133','','2566-03-20 01:53:29','','','','','','','3341501452730'),(733,1572,'4','2565','2',5,0,2,'ไม่มี','ปกติ','ไม่ผุ','21','117','','2566-03-20 01:53:42','','','','','','','3341501452730'),(734,1573,'5','2565','2',5,0,2,'ไม่มี','ปกติ','ไม่ผุ','19','116','','2566-03-20 01:53:51','','','','','','','3341501452730'),(735,1574,'6','2565','2',5,0,2,'ไม่มี','ปกติ','ไม่ผุ','45','132','','2566-03-20 01:53:58','','','','','','','3341501452730'),(736,1575,'7','2565','2',5,0,2,'ไม่มี','ปกติ','ไม่ผุ','25','123','','2566-03-20 01:54:11','','','','','','','3341501452730'),(737,1576,'8','2565','2',5,0,2,'ไม่มี','ปกติ','ไม่ผุ','22','124','','2566-03-20 01:54:22','','','','','','','3341501452730'),(738,1577,'9','2565','2',5,0,2,'ไม่มี','ปกติ','ไม่ผุ','26','127','','2566-03-20 01:54:30','','','','','','','3341501452730'),(739,1586,'10','2565','2',5,0,2,'ไม่มี','ปกติ','ไม่ผุ','25','121','','2566-03-20 01:54:38','','','','','','','3341501452730'),(740,1589,'11','2565','2',5,0,2,'ไม่มี','ปกติ','ไม่ผุ','26','125','','2566-03-20 01:54:46','','','','','','','3341501452730'),(741,1605,'12','2565','2',5,0,2,'ไม่มี','ปกติ','ไม่ผุ','36','132','','2566-03-20 01:54:56','','','','','','','3341501452730'),(742,1606,'13','2565','2',5,0,2,'ไม่มี','ปกติ','ไม่ผุ','36','129','','2566-03-20 01:55:07','','','','','','','3341501452730'),(743,1619,'14','2565','2',5,0,2,'ไม่มี','ปกติ','ไม่ผุ','23','122','','2566-03-20 01:55:14','','','','','','','3341501452730'),(744,1552,'1','2565','2',6,0,2,'ไม่มี','ปกติ','ไม่ผุ','28','133','','2566-03-20 01:57:46','','','','','','','3341501452730'),(745,1553,'2','2565','2',6,0,2,'ไม่มี','ปกติ','ไม่ผุ','26','126','','2566-03-20 01:57:53','','','','','','','3341501452730'),(746,1554,'3','2565','2',6,0,2,'ไม่มี','ปกติ','ไม่ผุ','25','127','','2566-03-20 01:58:00','','','','','','','3341501452730'),(747,1555,'4','2565','2',6,0,2,'ไม่มี','ปกติ','ไม่ผุ','23','125','','2566-03-20 01:58:09','','','','','','','3341501452730'),(748,1556,'5','2565','2',6,0,2,'ไม่มี','ปกติ','ไม่ผุ','29','133','','2566-03-20 01:58:15','','','','','','','3341501452730'),(749,1557,'6','2565','2',6,0,2,'ไม่มี','ปกติ','ไม่ผุ','20','122','','2566-03-20 02:15:19','','','','','','','3341501452730'),(750,1558,'7','2565','2',6,0,2,'ไม่มี','ปกติ','ไม่ผุ','29','126','','2566-03-20 02:44:28','','','','','','','3341501452730'),(751,1559,'8','2565','2',6,0,2,'ไม่มี','ปกติ','ไม่ผุ','26','132','','2566-03-20 02:44:36','','','','','','','3341501452730'),(752,1560,'9','2565','2',6,0,2,'ไม่มี','ปกติ','ไม่ผุ','24','128','','2566-03-20 02:44:45','','','','','','','3341501452730'),(753,1565,'10','2565','2',6,0,2,'ไม่มี','ปกติ','ไม่ผุ','19','120','','2566-03-20 02:44:56','','','','','','','3341501452730'),(754,1578,'11','2565','2',6,0,2,'ไม่มี','ปกติ','ไม่ผุ','22','128','','2566-03-20 02:45:03','','','','','','','3341501452730'),(755,1597,'12','2565','2',6,0,2,'ไม่มี','ปกติ','ไม่ผุ','59','152','','2566-03-20 02:45:13','','','','','','','3341501452730'),(756,1541,'1','2565','2',7,0,2,'ไม่มี','ปกติ','ไม่ผุ','54','147','','2566-03-20 02:45:33','','','','','','','3341501452730'),(757,1542,'2','2565','2',7,0,2,'ไม่มี','ปกติ','ไม่ผุ','26','133','','2566-03-20 02:45:40','','','','','','','3341501452730'),(758,1544,'3','2565','2',7,0,2,'ไม่มี','ปกติ','ไม่ผุ','26','137','','2566-03-20 02:45:49','','','','','','','3341501452730'),(759,1545,'4','2565','2',7,0,2,'ไม่มี','ปกติ','ไม่ผุ','30','134','','2566-03-20 02:45:57','','','','','','','3341501452730'),(760,1550,'5','2565','2',7,0,2,'ไม่มี','ปกติ','ไม่ผุ','42','143','','2566-03-20 02:46:12','','','','','','','3341501452730'),(761,1579,'6','2565','2',7,0,2,'ไม่มี','ปกติ','ไม่ผุ','32','140','','2566-03-20 02:46:18','','','','','','','3341501452730'),(762,1580,'7','2565','2',7,0,2,'ไม่มี','ปกติ','ไม่ผุ','38','139','','2566-03-20 02:46:29','','','','','','','3341501452730'),(763,1581,'8','2565','2',7,0,2,'ไม่มี','ปกติ','ไม่ผุ','36','131','','2566-03-20 02:46:38','','','','','','','3341501452730'),(764,1598,'9','2565','2',7,0,2,'ไม่มี','ปกติ','ไม่ผุ','26','132','','2566-03-20 02:46:46','','','','','','','3341501452730'),(765,1618,'10','2565','2',7,0,2,'ไม่มี','ปกติ','ไม่ผุ','31','138','','2566-03-20 02:47:11','','','','','','','3341501452730'),(766,1522,'1','2565','2',8,0,2,'ไม่มี','ปกติ','ไม่ผุ','47','141','','2566-03-20 02:47:29','','','','','','','3341501452730'),(767,1526,'2','2565','2',8,0,2,'ไม่มี','ปกติ','ไม่ผุ','45','141','','2566-03-20 02:47:37','','','','','','','3341501452730'),(768,1528,'3','2565','2',8,0,2,'ไม่มี','ปกติ','ไม่ผุ','49','143','','2566-03-20 02:47:48','','','','','','','3341501452730'),(769,1530,'4','2565','2',8,0,2,'ไม่มี','ปกติ','ไม่ผุ','39','141','','2566-03-20 02:47:57','','','','','','','3341501452730'),(770,1531,'5','2565','2',8,0,2,'ไม่มี','ปกติ','ไม่ผุ','38','157','','2566-03-20 02:48:13','','','','','','','3341501452730'),(771,1532,'6','2565','2',8,0,2,'ไม่มี','ปกติ','ไม่ผุ','38','152','','2566-03-20 02:48:29','','','','','','','3341501452730'),(772,1533,'7','2565','2',8,0,2,'ไม่มี','ปกติ','ไม่ผุ','58','144','','2566-03-20 02:48:41','','','','','','','3341501452730'),(773,1582,'8','2565','2',8,0,2,'ไม่มี','ปกติ','ไม่ผุ','44','148','','2566-03-20 02:48:48','','','','','','','3341501452730'),(774,1599,'9','2565','2',8,0,2,'ไม่มี','ปกติ','ไม่ผุ','61','146','','2566-03-20 02:48:55','','','','','','','3341501452730'),(775,1604,'10','2565','2',8,0,2,'ไม่มี','ปกติ','ไม่ผุ','74','160','','2566-03-20 02:49:03','','','','','','','3341501452730'),(776,1510,'1','2565','2',9,0,2,'ไม่มี','ปกติ','ไม่ผุ','38','151','','2566-03-20 02:49:21','','','','','','','3341501452730'),(777,1511,'2','2565','2',9,0,2,'ไม่มี','ปกติ','ไม่ผุ','40','151','','2566-03-20 02:49:30','','','','','','','3341501452730'),(778,1512,'3','2565','2',9,0,2,'ไม่มี','ปกติ','ไม่ผุ','75','155','','2566-03-20 02:49:37','','','','','','','3341501452730'),(779,1521,'4','2565','2',9,0,2,'ไม่มี','ปกติ','ไม่ผุ','39','153','','2566-03-20 02:49:45','','','','','','','3341501452730'),(780,1547,'5','2565','2',9,0,2,'ไม่มี','ปกติ','ไม่ผุ','44','154','','2566-03-20 02:49:52','','','','','','','3341501452730'),(781,1583,'6','2565','2',9,0,2,'ไม่มี','ปกติ','ไม่ผุ','34','142','','2566-03-20 02:49:59','','','','','','','3341501452730'),(782,1600,'7','2565','2',9,0,2,'ไม่มี','ปกติ','ไม่ผุ','42','156','','2566-03-20 02:50:10','','','','','','','3341501452730'),(783,1650,'2','2566','1',1,0,1,'ไม่มี','ปกติ','ไม่ผุ','14','103','','2566-06-29 11:21:37','','','','','','','3341501452730'),(784,1651,'3','2566','1',1,0,1,'ไม่มี','ปกติ','ไม่ผุ','13','102','','2566-06-29 11:22:13','','','','','','','3341501452730'),(785,1624,'1','2566','1',2,0,1,'ไม่มี','ปกติ','ไม่ผุ','14','108','','2566-06-29 11:26:55','','','','','','','3341501452730'),(786,1625,'2','2566','1',2,0,1,'ไม่มี','ปกติ','ไม่ผุ','16','107','','2566-06-29 11:27:06','','','','','','','3341501452730'),(787,1626,'3','2566','1',2,0,1,'ไม่มี','ปกติ','ไม่ผุ','14','103','','2566-06-29 11:27:13','','','','','','','3341501452730'),(788,1634,'4','2566','1',2,0,1,'ไม่มี','ปกติ','ไม่ผุ','16','106','','2566-06-29 11:27:20','','','','','','','3341501452730'),(789,1635,'5','2566','1',2,0,1,'ไม่มี','ปกติ','ไม่ผุ','16','106','','2566-06-29 11:27:27','','','','','','','3341501452730'),(790,1636,'6','2566','1',2,0,1,'ไม่มี','ปกติ','ไม่ผุ','17','113','','2566-06-29 11:27:35','','','','','','','3341501452730'),(791,1637,'7','2566','1',2,0,1,'ไม่มี','ปกติ','ไม่ผุ','18','113','','2566-06-29 11:28:18','','','','','','','3341501452730'),(792,1638,'8','2566','1',2,0,1,'ไม่มี','ปกติ','ไม่ผุ','13','99','','2566-06-29 11:28:25','','','','','','','3341501452730'),(793,1639,'9','2566','1',2,0,1,'ไม่มี','ปกติ','ไม่ผุ','16','105','','2566-06-29 11:28:33','','','','','','','3341501452730'),(794,1640,'10','2566','1',2,0,1,'ไม่มี','ปกติ','ไม่ผุ','32','122','','2566-06-29 11:28:41','','','','','','','3341501452730'),(795,1641,'11','2566','1',2,0,1,'ไม่มี','ปกติ','ไม่ผุ','14','102','','2566-06-29 11:28:49','','','','','','','3341501452730'),(796,1642,'12','2566','1',2,0,1,'ไม่มี','ปกติ','ไม่ผุ','14','108','','2566-06-29 11:28:56','','','','','','','3341501452730'),(797,1643,'13','2566','1',2,0,1,'ไม่มี','ปกติ','ไม่ผุ','19','114','','2566-06-29 11:29:40','','','','','','','3341501452730'),(798,1644,'14','2566','1',2,0,1,'ไม่มี','ปกติ','ไม่ผุ','18','109','','2566-06-29 11:29:47','','','','','','','3341501452730'),(799,1645,'15','2566','1',2,0,1,'ไม่มี','ปกติ','ไม่ผุ','13','105','','2566-06-29 11:29:55','','','','','','','3341501452730'),(800,1646,'16','2566','1',2,0,1,'ไม่มี','ปกติ','ไม่ผุ','14','105','','2566-06-29 11:30:03','','','','','','','3341501452730'),(801,1647,'17','2566','1',2,0,1,'ไม่มี','ปกติ','ไม่ผุ','13','105','','2566-06-29 11:30:10','','','','','','','3341501452730'),(802,1648,'18','2566','1',2,0,1,'ไม่มี','ปกติ','ไม่ผุ','28','114','','2566-06-29 11:30:18','','','','','','','3341501452730'),(803,1653,'19','2566','1',2,0,1,'ไม่มี','ปกติ','ไม่ผุ','22','109','','2566-06-29 11:30:29','','','','','','','3341501452730'),(804,1614,'1','2566','1',3,0,1,'ไม่มี','ปกติ','ไม่ผุ','18','115','','2566-06-29 11:31:13','','','','','','','3341501452730'),(805,1615,'2','2566','1',3,0,1,'ไม่มี','ปกติ','ไม่ผุ','17','110','','2566-06-29 11:31:19','','','','','','','3341501452730'),(806,1616,'3','2566','1',3,0,1,'ไม่มี','ปกติ','ไม่ผุ','15','111','','2566-06-29 11:31:25','','','','','','','3341501452730'),(807,1620,'4','2566','1',3,0,1,'ไม่มี','ปกติ','ไม่ผุ','25','128','','2566-06-29 11:31:33','','','','','','','3341501452730'),(808,1621,'5','2566','1',3,0,1,'ไม่มี','ปกติ','ไม่ผุ','14','107','','2566-06-29 11:31:39','','','','','','','3341501452730'),(809,1622,'6','2566','1',3,0,1,'ไม่มี','ปกติ','ไม่ผุ','31','116','','2566-06-29 11:31:47','','','','','','','3341501452730'),(810,1623,'7','2566','1',3,0,1,'ไม่มี','ปกติ','ไม่ผุ','17','119','','2566-06-29 11:32:03','','','','','','','3341501452730'),(811,1590,'1','2566','1',4,0,1,'ไม่มี','ปกติ','ไม่ผุ','17.5','115','','2566-06-29 11:32:44','','','','','','','3341501452730'),(812,1591,'2','2566','1',4,0,1,'ไม่มี','ปกติ','ไม่ผุ','14','108.5','','2566-06-29 11:32:52','','','','','','','3341501452730'),(813,1592,'3','2566','1',4,0,1,'ไม่มี','ปกติ','ไม่ผุ','16','110','','2566-06-29 11:32:58','','','','','','','3341501452730'),(814,1609,'4','2566','1',4,0,1,'ไม่มี','ปกติ','ไม่ผุ','45','121','','2566-06-29 11:33:04','','','','','','','3341501452730'),(815,1610,'5','2566','1',4,0,1,'ไม่มี','ปกติ','ไม่ผุ','18','122','','2566-06-29 11:33:11','','','','','','','3341501452730'),(816,1611,'6','2566','1',4,0,1,'ไม่มี','ปกติ','ไม่ผุ','36','122','','2566-06-29 11:33:18','','','','','','','3341501452730'),(817,1612,'7','2566','1',4,0,1,'ไม่มี','ปกติ','ไม่ผุ','19','116','','2566-06-29 11:33:29','','','','','','','3341501452730'),(818,1613,'8','2566','1',4,0,1,'ไม่มี','ปกติ','ไม่ผุ','34','131','','2566-06-29 11:33:36','','','','','','','3341501452730'),(819,1569,'1','2566','1',5,0,1,'ไม่มี','ปกติ','ไม่ผุ','21.5','120.5','','2566-06-29 11:33:53','','','','','','','3341501452730'),(820,1570,'2','2566','1',5,0,1,'ไม่มี','ปกติ','ไม่ผุ','18','117.5','','2566-06-29 11:34:00','','','','','','','3341501452730'),(821,1571,'3','2566','1',5,0,1,'ไม่มี','ปกติ','ไม่ผุ','20','122','','2566-06-29 11:34:06','','','','','','','3341501452730'),(822,1585,'4','2566','1',5,0,1,'ไม่มี','ปกติ','ไม่ผุ','18','118','','2566-06-29 11:34:12','','','','','','','3341501452730'),(823,1593,'5','2566','1',5,0,1,'ไม่มี','ปกติ','ไม่ผุ','19','117','','2566-06-29 11:34:22','','','','','','','3341501452730'),(824,1594,'6','2566','1',5,0,1,'ไม่มี','ปกติ','ไม่ผุ','18','117','','2566-06-29 11:34:28','','','','','','','3341501452730'),(825,1595,'7','2566','1',5,0,1,'ไม่มี','ปกติ','ไม่ผุ','19','123','','2566-06-29 11:43:22','','','','','','','3341501452730'),(826,1596,'8','2566','1',5,0,1,'ไม่มี','ปกติ','ไม่ผุ','24','119','','2566-06-29 11:43:31','','','','','','','3341501452730'),(827,1607,'9','2566','1',5,0,1,'ไม่มี','ปกติ','ไม่ผุ','18','117','','2566-06-29 11:44:20','','','','','','','3341501452730'),(828,1561,'1','2566','1',6,0,1,'ไม่มี','ปกติ','ไม่ผุ','60','141','','2566-06-29 11:44:44','','','','','','','3341501452730'),(829,1564,'2','2566','1',6,0,1,'ไม่มี','ปกติ','ไม่ผุ','39','136','','2566-06-29 11:44:50','','','','','','','3341501452730'),(830,1572,'3','2566','1',6,0,1,'ไม่มี','ปกติ','ไม่ผุ','22','119','','2566-06-29 11:44:59','','','','','','','3341501452730'),(831,1573,'4','2566','1',6,0,1,'ไม่มี','ปกติ','ไม่ผุ','19','116','','2566-06-29 11:45:07','','','','','','','3341501452730'),(832,1574,'5','2566','1',6,0,1,'ไม่มี','ปกติ','ไม่ผุ','49','136','','2566-06-29 11:45:22','','','','','','','3341501452730'),(833,1575,'6','2566','1',6,0,1,'ไม่มี','ปกติ','ไม่ผุ','24','123','','2566-06-29 11:45:30','','','','','','','3341501452730'),(834,1576,'7','2566','1',6,0,1,'ไม่มี','ปกติ','ไม่ผุ','26','126','','2566-06-29 11:45:42','','','','','','','3341501452730'),(835,1577,'8','2566','1',6,0,1,'ไม่มี','ปกติ','ไม่ผุ','26','130','','2566-06-29 11:45:50','','','','','','','3341501452730'),(836,1586,'9','2566','1',6,0,1,'ไม่มี','ปกติ','ไม่ผุ','22','124','','2566-06-29 11:45:58','','','','','','','3341501452730'),(837,1589,'10','2566','1',6,0,1,'ไม่มี','ปกติ','ไม่ผุ','25','131','','2566-06-29 11:46:34','','','','','','','3341501452730'),(838,1605,'11','2566','1',6,0,1,'ไม่มี','ปกติ','ไม่ผุ','38','135','','2566-06-29 11:46:47','','','','','','','3341501452730'),(839,1619,'12','2566','1',6,0,1,'ไม่มี','ปกติ','ไม่ผุ','23','124','','2566-06-29 11:46:54','','','','','','','3341501452730'),(840,1552,'1','2566','1',7,0,1,'ไม่มี','ปกติ','ไม่ผุ','30','134','','2566-06-29 12:44:22','','','','','','','3341501452730'),(841,1553,'2','2566','1',7,0,1,'ไม่มี','ปกติ','ไม่ผุ','29','130','','2566-06-29 12:44:29','','','','','','','3341501452730'),(842,1554,'3','2566','1',7,0,1,'ไม่มี','ปกติ','ไม่ผุ','31','129','','2566-06-29 12:44:35','','','','','','','3341501452730'),(843,1555,'4','2566','1',7,0,1,'ไม่มี','ปกติ','ไม่ผุ','22','127','','2566-06-29 12:44:40','','','','','','','3341501452730'),(844,1556,'5','2566','1',7,0,1,'ไม่มี','ปกติ','ไม่ผุ','30','137','','2566-06-29 12:44:46','','','','','','','3341501452730'),(845,1557,'6','2566','1',7,0,1,'ไม่มี','ปกติ','ไม่ผุ','21','123','','2566-06-29 12:44:53','','','','','','','3341501452730'),(846,1558,'7','2566','1',7,0,1,'ไม่มี','ปกติ','ไม่ผุ','30','128','','2566-06-29 12:45:07','','','','','','','3341501452730'),(847,1559,'8','2566','1',7,0,1,'ไม่มี','ปกติ','ไม่ผุ','27','134','','2566-06-29 12:45:17','','','','','','','3341501452730'),(848,1560,'9','2566','1',7,0,1,'ไม่มี','ปกติ','ไม่ผุ','26','130','','2566-06-29 12:45:25','','','','','','','3341501452730'),(849,1565,'10','2566','1',7,0,1,'ไม่มี','ปกติ','ไม่ผุ','23','120','','2566-06-29 12:45:32','','','','','','','3341501452730'),(850,1578,'11','2566','1',7,0,1,'ไม่มี','ปกติ','ไม่ผุ','25','135','','2566-06-29 12:45:39','','','','','','','3341501452730'),(851,1597,'12','2566','1',7,0,1,'ไม่มี','ปกติ','ไม่ผุ','45','155','','2566-06-29 12:45:46','','','','','','','3341501452730'),(852,1632,'13','2566','1',7,0,1,'ไม่มี','ปกติ','ไม่ผุ','25','127','','2566-06-29 12:46:00','','','','','','','3341501452730'),(853,1633,'14','2566','1',7,0,1,'ไม่มี','ปกติ','ไม่ผุ','22','126','','2566-06-29 12:46:07','','','','','','','3341501452730'),(854,1652,'15','2566','1',7,0,1,'ไม่มี','ปกติ','ไม่ผุ','28','140','','2566-06-29 12:46:13','','','','','','','3341501452730'),(855,1541,'1','2566','1',8,0,1,'ไม่มี','ปกติ','ไม่ผุ','55','140','','2566-06-29 12:46:44','','','','','','','3341501452730'),(856,1542,'2','2566','1',8,0,1,'ไม่มี','ปกติ','ไม่ผุ','26','134','','2566-06-29 12:46:51','','','','','','','3341501452730'),(857,1543,'3','2566','1',8,0,1,'ไม่มี','ปกติ','ไม่ผุ','35','152','','2566-06-29 12:46:57','','','','','','','3341501452730'),(858,1544,'4','2566','1',8,0,1,'ไม่มี','ปกติ','ไม่ผุ','30','140','','2566-06-29 12:47:03','','','','','','','3341501452730'),(859,1545,'5','2566','1',8,0,1,'ไม่มี','ปกติ','ไม่ผุ','32','137','','2566-06-29 12:47:10','','','','','','','3341501452730'),(860,1550,'6','2566','1',8,0,1,'ไม่มี','ปกติ','ไม่ผุ','47','147','','2566-06-29 12:47:17','','','','','','','3341501452730'),(861,1579,'7','2566','1',8,0,1,'ไม่มี','ปกติ','ไม่ผุ','37','142','','2566-06-29 12:47:28','','','','','','','3341501452730'),(862,1580,'8','2566','1',8,0,1,'ไม่มี','ปกติ','ไม่ผุ','29','145','','2566-06-29 12:47:33','','','','','','','3341501452730'),(863,1581,'9','2566','1',8,0,1,'ไม่มี','ปกติ','ไม่ผุ','39','132','','2566-06-29 12:47:41','','','','','','','3341501452730'),(864,1598,'10','2566','1',8,0,1,'ไม่มี','ปกติ','ไม่ผุ','27','135','','2566-06-29 12:47:49','','','','','','','3341501452730'),(865,1618,'11','2566','1',8,0,1,'ไม่มี','ปกติ','ไม่ผุ','29','137','','2566-06-29 12:47:56','','','','','','','3341501452730'),(866,1522,'1','2566','1',9,0,1,'ไม่มี','ปกติ','ไม่ผุ','50','143','','2566-06-29 12:48:11','','','','','','','3341501452730'),(867,1526,'2','2566','1',9,0,1,'ไม่มี','ปกติ','ไม่ผุ','45','143','','2566-06-29 12:48:18','','','','','','','3341501452730'),(868,1528,'3','2566','1',9,0,1,'ไม่มี','ปกติ','ไม่ผุ','51','143','','2566-06-29 12:48:43','','','','','','','3341501452730'),(869,1530,'4','2566','1',9,0,1,'ไม่มี','ปกติ','ไม่ผุ','35','142','','2566-06-29 12:48:50','','','','','','','3341501452730'),(870,1531,'5','2566','1',9,0,1,'ไม่มี','ปกติ','ไม่ผุ','42','159','','2566-06-29 12:48:57','','','','','','','3341501452730'),(871,1532,'6','2566','1',9,0,1,'ไม่มี','ปกติ','ไม่ผุ','40','156','','2566-06-29 12:49:02','','','','','','','3341501452730'),(872,1533,'7','2566','1',9,0,1,'ไม่มี','ปกติ','ไม่ผุ','58','146','','2566-06-29 12:49:17','','','','','','','3341501452730'),(873,1582,'8','2566','1',9,0,1,'ไม่มี','ปกติ','ไม่ผุ','44','150','','2566-06-29 12:49:24','','','','','','','3341501452730'),(874,1599,'9','2566','1',9,0,1,'ไม่มี','ปกติ','ไม่ผุ','65','151','','2566-06-29 12:49:32','','','','','','','3341501452730'),(875,1604,'10','2566','1',9,0,1,'ไม่มี','ปกติ','ไม่ผุ','75','163','','2566-06-29 12:49:41','','','','','','','3341501452730'),(876,1629,'11','2566','1',9,0,1,'ไม่มี','ปกติ','ไม่ผุ','75.5','159','','2566-06-29 12:49:54','','','','','','','3341501452730'),(877,1630,'12','2566','1',9,0,1,'ไม่มี','ปกติ','ไม่ผุ','60','160','','2566-06-29 12:50:01','','','','','','','3341501452730'),(878,1631,'13','2566','1',9,0,1,'ไม่มี','ปกติ','ไม่ผุ','35','148','','2566-06-29 12:50:18','','','','','','','3341501452730'),(879,1591,'1','2567','2',5,0,1,'ไม่มี','ปกติ','ไม่ผุ','18','118','','2567-11-06 03:18:46','','','','','','','1342200005623'),(880,1592,'2','2567','2',5,0,1,'ไม่มี','ปกติ','ไม่ผุ','20','123','','2567-11-06 03:19:09','','','','','','','1342200005623'),(881,1609,'3','2567','2',5,0,1,'ไม่มี','ปกติ','ไม่ผุ','54','128','','2567-11-06 03:19:23','','','','','','','1342200005623'),(882,1610,'4','2567','2',5,0,1,'ไม่มี','ปกติ','ไม่ผุ','24','122','','2567-11-06 03:19:49','','','','','','','1342200005623'),(883,1611,'5','2567','2',5,0,1,'ไม่มี','ปกติ','ไม่ผุ','48','132','','2567-11-06 03:20:00','','','','','','','1342200005623'),(884,1612,'6','2567','2',5,0,1,'ไม่มี','ปกติ','ไม่ผุ','22','124','','2567-11-06 03:20:11','','','','','','','1342200005623'),(885,1613,'7','2567','2',5,0,1,'ไม่มี','ปกติ','ไม่ผุ','40','138','','2567-11-06 03:20:27','','','','','','','1342200005623'),(886,1650,'2','2567','2',2,0,1,'ไม่มี','ปกติ','ไม่ผุ','16','112','','2567-11-08 10:19:45','','','','','','','1341501357323'),(887,1651,'3','2567','2',2,0,1,'ไม่มี','ปกติ','ไม่ผุ','14','104','','2567-11-08 10:20:50','','','','','','','1341501357323'),(888,1552,'1','2567','2',8,0,1,'ไม่มี','ปกติ','ไม่ผุ','36','143','','2567-11-08 11:06:05','','','','','','','3341500467521'),(889,1553,'2','2567','2',8,0,1,'ไม่มี','ปกติ','ไม่ผุ','34','136','','2567-11-08 11:06:32','','','','','','','3341500467521'),(890,1555,'4','2567','2',8,0,1,'ไม่มี','ปกติ','ไม่ผุ','37','135','','2567-11-08 11:06:46','','','','','','','3341500467521'),(891,1558,'7','2567','2',8,0,1,'ไม่มี','ปกติ','ไม่ผุ','37','136','','2567-11-08 11:06:59','','','','','','','3341500467521'),(892,1559,'8','2567','2',8,0,1,'ไม่มี','ปกติ','ไม่ผุ','37','147','','2567-11-08 11:07:09','','','','','','','3341500467521'),(893,1560,'9','2567','2',8,0,1,'ไม่มี','ปกติ','ไม่ผุ','30','143','','2567-11-08 11:07:18','','','','','','','3341500467521'),(894,1565,'10','2567','2',8,0,1,'ไม่มี','ปกติ','ไม่ผุ','23','139','','2567-11-08 11:07:30','','','','','','','3341500467521'),(895,1597,'11','2567','2',8,0,1,'ไม่มี','ปกติ','ไม่ผุ','50','166','','2567-11-08 11:07:53','','','','','','','3341500467521'),(896,1632,'12','2567','2',8,0,1,'ไม่มี','ปกติ','ไม่ผุ','27','138','','2567-11-08 11:08:03','','','','','','','3341500467521'),(897,1554,'3','2567','2',8,0,1,'ไม่มี','ปกติ','ไม่ผุ','39','142','','2567-11-08 11:08:13','','','','','','','3341500467521'),(898,1556,'5','2567','2',8,0,1,'ไม่มี','ปกติ','ไม่ผุ','38','142','','2567-11-08 11:08:33','','','','','','','3341500467521'),(899,1557,'6','2567','2',8,0,1,'ไม่มี','ปกติ','ไม่ผุ','25','134','','2567-11-08 11:08:59','','','','','','','3341500467521'),(900,1658,'3','2567','2',2,0,1,'ไม่มี','ปกติ','ไม่ผุ','16','102','','2567-11-08 04:52:52','','','','','','','1341501357323'),(901,1659,'4','2567','2',2,0,1,'ไม่มี','ปกติ','ไม่ผุ','20','114','','2567-11-08 04:53:00','','','','','','','1341501357323'),(902,1660,'5','2567','2',2,0,1,'ไม่มี','ปกติ','ไม่ผุ','20','113','','2567-11-08 04:53:11','','','','','','','1341501357323'),(903,1661,'6','2567','2',2,0,1,'ไม่มี','ปกติ','ไม่ผุ','25','118','','2567-11-08 04:53:26','','','','','','','1341501357323'),(904,1662,'7','2567','2',2,0,1,'ไม่มี','ปกติ','ไม่ผุ','16','110','','2567-11-08 04:53:38','','','','','','','1341501357323'),(905,1663,'8','2567','2',2,0,1,'ไม่มี','ปกติ','ไม่ผุ','18','114','','2567-11-08 04:53:52','','','','','','','1341501357323'),(906,1664,'9','2567','2',2,0,1,'ไม่มี','ปกติ','ไม่ผุ','15','98','','2567-11-08 04:54:16','','','','','','','1341501357323'),(907,1665,'10','2567','2',2,0,1,'ไม่มี','ปกติ','ไม่ผุ','16','107','','2567-11-08 04:54:27','','','','','','','1341501357323'),(908,1666,'11','2567','2',2,0,1,'ไม่มี','ปกติ','ไม่ผุ','23','113','','2567-11-08 04:54:38','','','','','','','1341501357323'),(909,1667,'12','2567','2',2,0,1,'ไม่มี','ปกติ','ไม่ผุ','21','113','','2567-11-08 04:54:48','','','','','','','1341501357323'),(910,1668,'13','2567','2',2,0,1,'ไม่มี','ปกติ','ไม่ผุ','19','106','','2567-11-08 04:54:59','','','','','','','1341501357323'),(911,1669,'14','2567','2',2,0,1,'ไม่มี','ปกติ','ไม่ผุ','14','97','','2567-11-08 04:55:09','','','','','','','1341501357323'),(912,1673,'15','2567','2',2,0,1,'ไม่มี','ปกติ','ไม่ผุ','12','101','','2567-11-08 04:55:21','','','','','','','1341501357323'),(913,1624,'1','2567','2',3,0,1,'ไม่มี','ปกติ','ไม่ผุ','16','110','','2567-11-08 05:02:57','','','','','','','1341501357323'),(914,1625,'2','2567','2',3,0,1,'ไม่มี','ปกติ','ไม่ผุ','20','118','','2567-11-08 05:03:12','','','','','','','1341501357323'),(915,1626,'3','2567','2',3,0,1,'ไม่มี','ปกติ','ไม่ผุ','17','110','','2567-11-08 05:04:05','','','','','','','1341501357323'),(916,1634,'4','2567','2',3,0,1,'ไม่มี','ปกติ','ไม่ผุ','18','113','','2567-11-08 05:04:24','','','','','','','1341501357323'),(917,1635,'5','2567','2',3,0,1,'ไม่มี','ปกติ','ไม่ผุ','19','117','','2567-11-08 05:04:34','','','','','','','1341501357323'),(918,1636,'6','2567','2',3,0,1,'ไม่มี','ปกติ','ไม่ผุ','19','118','','2567-11-08 05:04:55','','','','','','','1341501357323'),(919,1637,'7','2567','2',3,0,1,'ไม่มี','ปกติ','ไม่ผุ','31','124','','2567-11-08 05:05:07','','','','','','','1341501357323'),(920,1638,'8','2567','2',3,0,1,'ไม่มี','ปกติ','ไม่ผุ','14','102','','2567-11-08 05:05:18','','','','','','','1341501357323'),(921,1639,'9','2567','2',3,0,1,'ไม่มี','ปกติ','ไม่ผุ','20','115','','2567-11-08 05:05:28','','','','','','','1341501357323'),(922,1640,'10','2567','2',3,0,1,'ไม่มี','ปกติ','ไม่ผุ','36','126','','2567-11-08 05:05:38','','','','','','','1341501357323'),(923,1641,'11','2567','2',3,0,1,'ไม่มี','ปกติ','ไม่ผุ','17','107','','2567-11-08 05:05:57','','','','','','','1341501357323'),(924,1642,'12','2567','2',3,0,1,'ไม่มี','ปกติ','ไม่ผุ','17','114','','2567-11-08 05:06:14','','','','','','','1341501357323'),(925,1643,'13','2567','2',3,0,1,'ไม่มี','ปกติ','ไม่ผุ','26','120','','2567-11-08 05:06:39','','','','','','','1341501357323'),(926,1644,'14','2567','2',3,0,1,'ไม่มี','ปกติ','ไม่ผุ','18','116','','2567-11-08 05:06:56','','','','','','','1341501357323'),(927,1645,'15','2567','2',3,0,1,'ไม่มี','ปกติ','ไม่ผุ','16','111','','2567-11-08 05:07:07','','','','','','','1341501357323'),(928,1647,'17','2567','2',3,0,1,'ไม่มี','ปกติ','ไม่ผุ','14','111','','2567-11-08 05:07:16','','','','','','','1341501357323'),(929,1648,'18','2567','2',3,0,1,'ไม่มี','ปกติ','ไม่ผุ','34','120','','2567-11-08 05:07:25','','','','','','','1341501357323'),(930,1657,'19','2567','2',3,0,1,'ไม่มี','ปกติ','ไม่ผุ','23','122','','2567-11-08 05:08:16','','','','','','','1341501357323'),(931,1653,'19','2567','2',3,0,1,'ไม่มี','ปกติ','ไม่ผุ','33','121','','2567-11-08 05:08:04','','','','','','','1341501357323'),(962,1605,'10','2567','2',7,0,1,'ไม่มี','ปกติ','ไม่ผุ','42','152','','2567-11-10 01:57:05','','','','','','','3341500151183'),(961,1589,'9','2567','2',7,0,1,'ไม่มี','ปกติ','ไม่ผุ','32','143','','2567-11-10 02:03:16','','','','','','','3341500151183'),(960,1586,'8','2567','2',7,0,1,'ไม่มี','ปกติ','ไม่ผุ','30','139','','2567-11-10 01:55:50','','','','','','','3341500151183'),(959,1576,'6','2567','2',7,0,1,'ไม่มี','ปกติ','ไม่ผุ','38','138','','2567-11-10 02:03:58','','','','','','','3341500151183'),(958,1575,'5','2567','2',7,0,1,'ไม่มี','ปกติ','ไม่ผุ','28','128','','2567-11-10 01:54:44','','','','','','','3341500151183'),(957,1574,'4','2567','2',7,0,1,'ไม่มี','ปกติ','ไม่ผุ','62','156','','2567-11-10 01:53:34','','','','','','','3341500151183'),(956,1573,'3','2567','2',7,0,1,'ไม่มี','ปกติ','ไม่ผุ','23','123','','2567-11-10 01:52:31','','','','','','','3341500151183'),(955,1572,'2','2567','2',7,0,1,'ไม่มี','ปกติ','ไม่ผุ','26','124','','2567-11-10 01:52:04','','','','','','','3341500151183'),(954,1577,'7','2567','2',7,0,1,'ไม่มี','ปกติ','ไม่ผุ','32','141','','2567-11-10 01:51:04','','','','','','','3341500151183'),(953,1561,'1','2567','2',7,0,1,'ไม่มี','ปกติ','ไม่ผุ','68','160','','2567-11-10 01:53:50','','','','','','','3341500151183'),(942,1569,'1','2567','2',6,0,1,'ไม่มี','ปกติ','ไม่ผุ','26','127','','2567-11-10 01:10:53','','','','','','','1560200090996'),(943,1570,'2','2567','2',6,0,1,'ไม่มี','ปกติ','ไม่ผุ','23','121','','2567-11-10 01:11:04','','','','','','','1560200090996'),(944,1571,'3','2567','2',6,0,1,'ไม่มี','ปกติ','ไม่ผุ','23','129','','2567-11-10 01:11:16','','','','','','','1560200090996'),(945,1585,'4','2567','2',6,0,1,'ไม่มี','ปกติ','ไม่ผุ','20','122','','2567-11-10 01:11:30','','','','','','','1560200090996'),(946,1593,'5','2567','2',6,0,1,'ไม่มี','ปกติ','ไม่ผุ','23','123','','2567-11-10 01:11:41','','','','','','','1560200090996'),(947,1594,'6','2567','2',6,0,1,'ไม่มี','ปกติ','ไม่ผุ','20','121','','2567-11-10 01:11:53','','','','','','','1560200090996'),(948,1595,'7','2567','2',6,0,1,'ไม่มี','ปกติ','ไม่ผุ','24','129','','2567-11-10 01:12:04','','','','','','','1560200090996'),(949,1596,'8','2567','2',6,0,1,'ไม่มี','ปกติ','ไม่ผุ','26','123','','2567-11-10 01:12:16','','','','','','','1560200090996'),(950,1607,'9','2567','2',6,0,1,'ไม่มี','ปกติ','ไม่ผุ','20','122','','2567-11-10 01:12:37','','','','','','','1560200090996'),(951,1656,'11','2567','2',6,0,1,'ไม่มี','ปกติ','ไม่ผุ','25','124','','2567-11-10 01:12:48','','','','','','','1560200090996'),(963,1619,'11','2567','2',7,0,1,'ไม่มี','ปกติ','ไม่ผุ','30','138','','2567-11-10 02:04:38','','','','','','','3341500151183'),(964,1615,'2','2567','2',4,0,1,'ไม่มี','ปกติ','ไม่ผุ','19','113','','2567-11-10 02:21:28','','','','','','','1340700533708'),(965,1614,'1','2567','2',4,0,1,'ไม่มี','ปกติ','ไม่ผุ','21','120','','2567-11-10 02:21:47','','','','','','','1340700533708'),(966,1616,'3','2567','2',4,0,1,'ไม่มี','ปกติ','ไม่ผุ','16','114','','2567-11-10 02:21:56','','','','','','','1340700533708'),(967,1620,'4','2567','2',4,0,1,'ไม่มี','ปกติ','ไม่ผุ','35','131','','2567-11-10 02:22:06','','','','','','','1340700533708'),(968,1621,'5','2567','2',4,0,1,'ไม่มี','ปกติ','ไม่ผุ','17','110','','2567-11-10 02:22:18','','','','','','','1340700533708'),(969,1622,'6','2567','2',4,0,1,'ไม่มี','ปกติ','ไม่ผุ','36','120','','2567-11-10 02:22:28','','','','','','','1340700533708'),(970,1623,'7','2567','2',4,0,1,'ไม่มี','ปกติ','ไม่ผุ','20','123','','2567-11-10 02:22:38','','','','','','','1340700533708'),(971,1672,'8','2567','2',4,0,1,'ไม่มี','ปกติ','ไม่ผุ','23','120','','2567-11-10 02:22:49','','','','','','','1340700533708'),(972,1541,'1','2567','2',9,0,1,'ไม่มี','ปกติ','ไม่ผุ','63','158','','2567-11-10 04:00:56','','','','','','','1339900018228'),(973,1542,'2','2567','2',9,0,1,'ไม่มี','ปกติ','ไม่ผุ','45','153','','2567-11-10 04:01:16','','','','','','','1339900018228'),(974,1543,'3','2567','2',9,0,1,'ไม่มี','ปกติ','ไม่ผุ','60','159','','2567-11-10 04:01:30','','','','','','','1339900018228'),(975,1544,'4','2567','2',9,0,1,'ไม่มี','ปกติ','ไม่ผุ','40','153','','2567-11-10 04:01:38','','','','','','','1339900018228'),(976,1545,'5','2567','2',9,0,1,'ไม่มี','ปกติ','ไม่ผุ','41','154','','2567-11-10 04:01:55','','','','','','','1339900018228'),(977,1550,'6','2567','2',9,0,1,'ไม่มี','ปกติ','ไม่ผุ','50','155','','2567-11-10 04:02:10','','','','','','','1339900018228'),(978,1579,'7','2567','2',9,0,1,'ไม่มี','ปกติ','ไม่ผุ','49','154','','2567-11-10 04:02:29','','','','','','','1339900018228'),(979,1580,'8','2567','2',9,0,1,'ไม่มี','ปกติ','ไม่ผุ','46','154','','2567-11-10 04:02:50','','','','','','','1339900018228'),(980,1581,'9','2567','2',9,0,1,'ไม่มี','ปกติ','ไม่ผุ','48','151','','2567-11-10 04:04:28','','','','','','','1339900018228'),(981,1598,'10','2567','2',9,0,1,'ไม่มี','ปกติ','ไม่ผุ','40','152','','2567-11-10 04:03:26','','','','','','','1339900018228'),(982,1618,'11','2567','2',9,0,1,'ไม่มี','ปกติ','ไม่ผุ','46','157','','2567-11-10 04:03:43','','','','','','','1339900018228'),(983,1591,'1','2567','2',5,0,2,'ไม่มี','ปกติ','ไม่ผุ','19','121','','2568-03-06 03:48:59','','','','','','','1342200005623'),(984,1592,'2','2567','2',5,0,2,'ไม่มี','ปกติ','ไม่ผุ','21','127','','2568-03-06 03:49:12','','','','','','','1342200005623'),(985,1609,'3','2567','2',5,0,2,'ไม่มี','ปกติ','ไม่ผุ','58','129','','2568-03-06 03:49:25','','','','','','','1342200005623'),(986,1610,'4','2567','2',5,0,2,'ไม่มี','ปกติ','ไม่ผุ','27','125','','2568-03-06 03:49:35','','','','','','','1342200005623'),(987,1611,'5','2567','2',5,0,2,'ไม่มี','ปกติ','ไม่ผุ','51','134','','2568-03-06 03:49:46','','','','','','','1342200005623'),(988,1612,'6','2567','2',5,0,2,'ไม่มี','ปกติ','ไม่ผุ','23','126','','2568-03-06 03:49:55','','','','','','','1342200005623'),(989,1613,'7','2567','2',5,0,2,'ไม่มี','ปกติ','ไม่ผุ','43','141','','2568-03-06 03:50:06','','','','','','','1342200005623'),(990,1552,'1','2567','2',8,0,2,'ไม่มี','ปกติ','ไม่ผุ','35','144','','2568-03-27 07:30:16','','','','','','','3341500467521'),(991,1553,'2','2567','2',8,0,2,'ไม่มี','ปกติ','ไม่ผุ','32','137','','2568-03-27 07:30:33','','','','','','','3341500467521'),(992,1554,'3','2567','2',8,0,2,'ไม่มี','ปกติ','ไม่ผุ','38','140','','2568-03-27 07:30:43','','','','','','','3341500467521'),(993,1555,'4','2567','2',8,0,2,'ไม่มี','ปกติ','ไม่ผุ','30','136','','2568-03-27 07:30:54','','','','','','','3341500467521'),(994,1556,'5','2567','2',8,0,2,'ไม่มี','ปกติ','ไม่ผุ','38','142','','2568-03-27 07:31:30','','','','','','','3341500467521'),(995,1557,'6','2567','2',8,0,2,'ไม่มี','ปกติ','ไม่ผุ','31','133','','2568-03-27 07:31:42','','','','','','','3341500467521'),(996,1558,'7','2567','2',8,0,2,'ไม่มี','ปกติ','ไม่ผุ','39','138','','2568-03-27 07:31:51','','','','','','','3341500467521'),(997,1559,'8','2567','2',8,0,2,'ไม่มี','ปกติ','ไม่ผุ','38','149','','2568-03-27 07:32:01','','','','','','','3341500467521'),(998,1560,'9','2567','2',8,0,2,'ไม่มี','ปกติ','ไม่ผุ','31','144','','2568-03-27 07:32:11','','','','','','','3341500467521'),(999,1565,'10','2567','2',8,0,2,'ไม่มี','ปกติ','ไม่ผุ','20','128','','2568-03-27 07:32:19','','','','','','','3341500467521'),(1000,1597,'11','2567','2',8,0,2,'ไม่มี','ปกติ','ไม่ผุ','60','166','','2568-03-27 07:32:29','','','','','','','3341500467521'),(1001,1632,'12','2567','2',8,0,2,'ไม่มี','ปกติ','ไม่ผุ','22','136','','2568-03-27 07:32:54','','','','','','','3341500467521'),(1002,1541,'1','2567','2',9,0,2,'ไม่มี','ปกติ','ไม่ผุ','64','160','','2568-03-27 10:17:49','','','','','','','1339900018228'),(1003,1542,'2','2567','2',9,0,2,'ไม่มี','ปกติ','ไม่ผุ','46','155','','2568-03-27 10:18:11','','','','','','','1339900018228'),(1004,1543,'3','2567','2',9,0,2,'ไม่มี','ปกติ','ไม่ผุ','62','160','','2568-03-27 10:18:29','','','','','','','1339900018228'),(1005,1544,'4','2567','2',9,0,2,'ไม่มี','ปกติ','ไม่ผุ','42','155','','2568-03-27 10:18:59','','','','','','','1339900018228'),(1006,1545,'5','2567','2',9,0,2,'ไม่มี','ปกติ','ไม่ผุ','43','155','','2568-03-27 10:20:06','','','','','','','1339900018228'),(1007,1550,'6','2567','2',9,0,2,'ไม่มี','ปกติ','ไม่ผุ','53','158','','2568-03-27 10:20:21','','','','','','','1339900018228'),(1008,1579,'7','2567','2',9,0,2,'ไม่มี','ปกติ','ไม่ผุ','52','157','','2568-03-27 10:20:33','','','','','','','1339900018228'),(1009,1569,'1','2567','2',6,0,2,'ไม่มี','ปกติ','ไม่ผุ','26','127','','2568-03-27 10:20:35','','','','','','','1560200090996'),(1010,1569,'1','2567','2',6,0,2,'ไม่มี','ปกติ','ไม่ผุ','26','127','','2568-03-27 10:20:39','','','','','','','1560200090996'),(1011,1580,'8','2567','2',9,0,2,'ไม่มี','ปกติ','ไม่ผุ','46','156','','2568-03-27 10:20:49','','','','','','','1339900018228'),(1012,1570,'2','2567','2',6,0,2,'ไม่มี','ปกติ','ไม่ผุ','23','122','','2568-03-27 10:20:52','','','','','','','1560200090996'),(1013,1581,'9','2567','2',9,0,2,'ไม่มี','ปกติ','ไม่ผุ','49','152','','2568-03-27 10:21:06','','','','','','','1339900018228'),(1014,1571,'3','2567','2',6,0,2,'ไม่มี','ปกติ','ไม่ผุ','24','129','','2568-03-27 10:21:15','','','','','','','1560200090996'),(1015,1598,'10','2567','2',9,0,2,'ไม่มี','ปกติ','ไม่ผุ','42','154','','2568-03-27 10:21:28','','','','','','','1339900018228'),(1016,1618,'11','2567','2',9,0,2,'ไม่มี','ปกติ','ไม่ผุ','47','157','','2568-03-27 10:21:40','','','','','','','1339900018228'),(1017,1585,'4','2567','2',6,0,2,'ไม่มี','ปกติ','ไม่ผุ','20','123','','2568-03-27 10:25:09','','','','','','','1560200090996'),(1018,1593,'5','2567','2',6,0,2,'ไม่มี','ปกติ','ไม่ผุ','22','123','','2568-03-27 10:21:58','','','','','','','1560200090996'),(1019,1594,'6','2567','2',6,0,2,'ไม่มี','ปกติ','ไม่ผุ','20','120','','2568-03-27 10:22:27','','','','','','','1560200090996'),(1020,1595,'7','2567','2',6,0,2,'ไม่มี','ปกติ','ไม่ผุ','24','128','','2568-03-27 10:22:56','','','','','','','1560200090996'),(1021,1596,'8','2567','2',6,0,2,'ไม่มี','ปกติ','ไม่ผุ','26','124','','2568-03-27 10:23:14','','','','','','','1560200090996'),(1022,1607,'9','2567','2',6,0,2,'ไม่มี','ปกติ','ไม่ผุ','21','122','','2568-03-27 10:23:28','','','','','','','1560200090996'),(1023,1656,'10','2567','2',6,0,2,'ไม่มี','ปกติ','ไม่ผุ','25','123','','2568-03-27 10:23:46','','','','','','','1560200090996'),(1024,1670,'1','2567','2',1,0,1,'ไม่มี','ปกติ','ไม่ผุ','16','96','','2568-03-27 10:38:12','','','','','','','1341501357323'),(1025,1671,'2','2567','2',1,0,1,'ไม่มี','ปกติ','ไม่ผุ','18','104','','2568-03-27 10:38:26','','','','','','','1341501357323'),(1026,1670,'1','2567','2',1,0,2,'ไม่มี','ปกติ','ไม่ผุ','18','97','','2568-03-27 10:44:37','','','','','','','1341501357323'),(1027,1671,'2','2567','2',1,0,2,'ไม่มี','ปกติ','ไม่ผุ','20','105','','2568-03-27 10:45:05','','','','','','','1341501357323'),(1028,1650,'1','2567','2',2,0,2,'ไม่มี','ปกติ','ไม่ผุ','18','113','','2568-03-27 10:47:51','','','','','','','1341501357323'),(1029,1651,'2','2567','2',2,0,2,'ไม่มี','ปกติ','ไม่ผุ','15','105','','2568-03-27 10:48:01','','','','','','','1341501357323'),(1030,1658,'3','2567','2',2,0,2,'ไม่มี','ปกติ','ไม่ผุ','18','103','','2568-03-27 10:48:16','','','','','','','1341501357323'),(1031,1659,'4','2567','2',2,0,2,'ไม่มี','ปกติ','ไม่ผุ','22','115','','2568-03-27 10:48:33','','','','','','','1341501357323'),(1032,1660,'5','2567','2',2,0,2,'ไม่มี','ปกติ','ไม่ผุ','21','114','','2568-03-27 10:48:43','','','','','','','1341501357323'),(1033,1661,'6','2567','2',2,0,2,'ไม่มี','ปกติ','ไม่ผุ','26','119','','2568-03-27 10:48:52','','','','','','','1341501357323'),(1034,1662,'7','2567','2',2,0,2,'ไม่มี','ปกติ','ไม่ผุ','17','111','','2568-03-27 10:49:03','','','','','','','1341501357323'),(1035,1663,'8','2567','2',2,0,2,'ไม่มี','ปกติ','ไม่ผุ','19','115','','2568-03-27 10:49:14','','','','','','','1341501357323'),(1036,1664,'9','2567','2',2,0,2,'ไม่มี','ปกติ','ไม่ผุ','16','99','','2568-03-27 10:49:26','','','','','','','1341501357323'),(1037,1665,'10','2567','2',2,0,2,'ไม่มี','ปกติ','ไม่ผุ','18','108','','2568-03-27 10:49:41','','','','','','','1341501357323'),(1038,1666,'11','2567','2',2,0,2,'ไม่มี','ปกติ','ไม่ผุ','24','114','','2568-03-27 10:49:55','','','','','','','1341501357323'),(1039,1667,'12','2567','2',2,0,2,'ไม่มี','ปกติ','ไม่ผุ','23','114','','2568-03-27 10:50:06','','','','','','','1341501357323'),(1040,1668,'13','2567','2',2,0,2,'ไม่มี','ปกติ','ไม่ผุ','21','107','','2568-03-27 10:50:22','','','','','','','1341501357323'),(1041,1669,'14','2567','2',2,0,2,'ไม่มี','ปกติ','ไม่ผุ','15','98','','2568-03-27 10:50:30','','','','','','','1341501357323'),(1042,1673,'15','2567','2',2,0,2,'ไม่มี','ปกติ','ไม่ผุ','14','102','','2568-03-27 10:50:53','','','','','','','1341501357323'),(1043,1624,'1','2567','2',3,0,2,'ไม่มี','ปกติ','ไม่ผุ','18','111','','2568-03-27 10:53:05','','','','','','','1341501357323'),(1044,1625,'2','2567','2',3,0,2,'ไม่มี','ปกติ','ไม่ผุ','22','120','','2568-03-27 10:53:15','','','','','','','1341501357323'),(1045,1626,'3','2567','2',3,0,2,'ไม่มี','ปกติ','ไม่ผุ','18','111','','2568-03-27 10:53:31','','','','','','','1341501357323'),(1046,1634,'4','2567','2',3,0,2,'ไม่มี','ปกติ','ไม่ผุ','20','114','','2568-03-27 10:53:40','','','','','','','1341501357323'),(1047,1635,'5','2567','2',3,0,2,'ไม่มี','ปกติ','ไม่ผุ','20','118','','2568-03-27 10:53:48','','','','','','','1341501357323'),(1048,1636,'6','2567','2',3,0,2,'ไม่มี','ปกติ','ไม่ผุ','20','119','','2568-03-27 10:54:06','','','','','','','1341501357323'),(1049,1637,'7','2567','2',3,0,2,'ไม่มี','ปกติ','ไม่ผุ','33','125','','2568-03-27 10:54:17','','','','','','','1341501357323'),(1050,1638,'8','2567','2',3,0,2,'ไม่มี','ปกติ','ไม่ผุ','16','104','','2568-03-27 10:54:29','','','','','','','1341501357323'),(1051,1639,'9','2567','2',3,0,2,'ไม่มี','ปกติ','ไม่ผุ','22','116','','2568-03-27 10:54:37','','','','','','','1341501357323'),(1052,1640,'10','2567','2',3,0,2,'ไม่มี','ปกติ','ไม่ผุ','38','128','','2568-03-27 10:54:47','','','','','','','1341501357323'),(1053,1641,'11','2567','2',3,0,2,'ไม่มี','ปกติ','ไม่ผุ','19','109','','2568-03-27 10:54:56','','','','','','','1341501357323'),(1054,1642,'12','2567','2',3,0,2,'ไม่มี','ปกติ','ไม่ผุ','19','116','','2568-03-27 10:55:14','','','','','','','1341501357323'),(1055,1643,'13','2567','2',3,0,2,'ไม่มี','ปกติ','ไม่ผุ','28','122','','2568-03-27 10:55:27','','','','','','','1341501357323'),(1056,1644,'14','2567','2',3,0,2,'ไม่มี','ปกติ','ไม่ผุ','20','118','','2568-03-27 10:55:43','','','','','','','1341501357323'),(1057,1645,'15','2567','2',3,0,2,'ไม่มี','ปกติ','ไม่ผุ','18','113','','2568-03-27 10:56:01','','','','','','','1341501357323'),(1058,1647,'16','2567','2',3,0,2,'ไม่มี','ปกติ','ไม่ผุ','16','113','','2568-03-27 10:56:09','','','','','','','1341501357323'),(1059,1648,'17','2567','2',3,0,2,'ไม่มี','ปกติ','ไม่ผุ','36','121','','2568-03-27 10:56:18','','','','','','','1341501357323'),(1060,1653,'18','2567','2',3,0,2,'ไม่มี','ปกติ','ไม่ผุ','35','123','','2568-03-27 10:56:27','','','','','','','1341501357323'),(1061,1657,'19','2567','2',3,0,2,'ไม่มี','ปกติ','ไม่ผุ','25','124','','2568-03-27 10:56:37','','','','','','','1341501357323'),(1062,1614,'1','2567','2',4,0,2,'ไม่มี','ปกติ','ไม่ผุ','22','122','','2568-03-28 11:27:31','','','','','','','1340700533708'),(1063,1615,'2','2567','2',4,0,2,'ไม่มี','ปกติ','ไม่ผุ','20','114','','2568-03-28 11:27:50','','','','','','','1340700533708'),(1064,1616,'3','2567','2',4,0,2,'ไม่มี','ปกติ','ไม่ผุ','18','116','','2568-03-28 11:27:57','','','','','','','1340700533708'),(1065,1620,'4','2567','2',4,0,2,'ไม่มี','ปกติ','ไม่ผุ','34','133','','2568-03-28 11:28:03','','','','','','','1340700533708'),(1066,1621,'5','2567','2',4,0,2,'ไม่มี','ปกติ','ไม่ผุ','19','112','','2568-03-28 11:28:08','','','','','','','1340700533708'),(1067,1622,'6','2567','2',4,0,2,'ไม่มี','ปกติ','ไม่ผุ','36','122','','2568-03-28 11:28:12','','','','','','','1340700533708'),(1068,1623,'7','2567','2',4,0,2,'ไม่มี','ปกติ','ไม่ผุ','22','125','','2568-03-28 11:28:16','','','','','','','1340700533708'),(1069,1672,'8','2567','2',4,0,2,'ไม่มี','ปกติ','ไม่ผุ','25','123','','2568-03-28 11:28:20','','','','','','','1340700533708'),(1070,1561,'1','2567','2',7,0,2,'ไม่มี','ปกติ','ไม่ผุ','70','150','','2568-03-31 01:01:42','','','','','','','3341500151183'),(1071,1572,'2','2567','2',7,0,2,'ไม่มี','ปกติ','ไม่ผุ','30','138','','2568-03-31 01:03:08','','','','','','','3341500151183'),(1072,1573,'3','2567','2',7,0,2,'ไม่มี','ปกติ','ไม่ผุ','31','145','','2568-03-31 01:03:26','','','','','','','3341500151183'),(1073,1574,'4','2567','2',7,0,2,'ไม่มี','ปกติ','ไม่ผุ','50','145','','2568-03-31 01:03:45','','','','','','','3341500151183'),(1074,1575,'5','2567','2',7,0,2,'ไม่มี','ปกติ','ไม่ผุ','35','140','','2568-03-31 01:04:38','','','','','','','3341500151183'),(1075,1576,'6','2567','2',7,0,2,'ไม่มี','ปกติ','ไม่ผุ','39','142','','2568-03-31 01:05:15','','','','','','','3341500151183'),(1076,1577,'7','2567','2',7,0,2,'ไม่มี','ปกติ','ไม่ผุ','35','141','','2568-03-31 01:05:31','','','','','','','3341500151183'),(1077,1586,'8','2567','2',7,0,2,'ไม่มี','ปกติ','ไม่ผุ','32','140','','2568-03-31 01:05:56','','','','','','','3341500151183'),(1078,1589,'9','2567','2',7,0,2,'ไม่มี','ปกติ','ไม่ผุ','36','145','','2568-03-31 01:06:35','','','','','','','3341500151183'),(1079,1605,'10','2567','2',7,0,2,'ไม่มี','ปกติ','ไม่ผุ','56','146','','2568-03-31 01:06:54','','','','','','','3341500151183'),(1080,1619,'11','2567','2',7,0,2,'ไม่มี','ปกติ','ไม่ผุ','30','140','','2568-03-31 01:07:07','','','','','','','3341500151183'),(1081,1682,'1','2568','1',1,0,1,'ไม่มี','ปกติ','ไม่ผุ','12','91','','2568-05-19 10:21:03','','','','','','','1341501357323'),(1082,1683,'2','2568','1',1,0,1,'ไม่มี','ปกติ','ไม่ผุ','14','94','','2568-05-19 10:21:16','','','','','','','1341501357323'),(1083,1684,'3','2568','1',1,0,1,'ไม่มี','ปกติ','ไม่ผุ','12','93','','2568-05-19 10:21:41','','','','','','','1341501357323'),(1084,1685,'4','2568','1',1,0,1,'ไม่มี','ปกติ','ไม่ผุ','12','94','','2568-05-19 10:21:49','','','','','','','1341501357323'),(1085,1670,'1','2568','1',2,0,1,'ไม่มี','ปกติ','ไม่ผุ','16','104','','2568-05-19 10:24:17','','','','','','','1341501357323'),(1086,1671,'2','2568','1',2,0,1,'ไม่มี','ปกติ','ไม่ผุ','21','111','','2568-05-19 10:24:29','','','','','','','1341501357323'),(1087,1675,'3','2568','1',2,0,1,'ไม่มี','ปกติ','ไม่ผุ','14','101','','2568-05-19 10:24:59','','','','','','','1341501357323'),(1088,1676,'4','2568','1',2,0,1,'ไม่มี','ปกติ','ไม่ผุ','20','106','','2568-05-19 10:25:48','','','','','','','1341501357323'),(1089,1677,'5','2568','1',2,0,1,'ไม่มี','ปกติ','ไม่ผุ','18','107','','2568-05-19 10:26:01','','','','','','','1341501357323'),(1090,1678,'6','2568','1',2,0,1,'ไม่มี','ปกติ','ไม่ผุ','16','101','','2568-05-19 10:26:10','','','','','','','1341501357323'),(1091,1679,'7','2568','1',2,0,1,'ไม่มี','ปกติ','ไม่ผุ','16','104','','2568-05-19 10:26:27','','','','','','','1341501357323'),(1092,1680,'8','2568','1',2,0,1,'ไม่มี','ปกติ','ไม่ผุ','21','116','','2568-05-19 10:27:30','','','','','','','1341501357323'),(1093,1681,'9','2568','1',2,0,1,'ไม่มี','ปกติ','ไม่ผุ','14','98','','2568-05-19 10:27:51','','','','','','','1341501357323'),(1094,1650,'1','2568','1',3,0,1,'ไม่มี','ปกติ','ไม่ผุ','19','115','','2568-05-19 12:37:18','','','','','','','1341501357323'),(1095,1651,'2','2568','1',3,0,1,'ไม่มี','ปกติ','ไม่ผุ','15','108','','2568-05-19 12:37:27','','','','','','','1341501357323'),(1096,1659,'4','2568','1',3,0,1,'ไม่มี','ปกติ','ไม่ผุ','21','118','','2568-05-19 12:37:35','','','','','','','1341501357323'),(1097,1661,'6','2568','1',3,0,1,'ไม่มี','ปกติ','ไม่ผุ','26','122','','2568-05-19 12:37:47','','','','','','','1341501357323'),(1098,1662,'7','2568','1',3,0,1,'ไม่มี','ปกติ','ไม่ผุ','17','112','','2568-05-19 12:37:57','','','','','','','1341501357323'),(1099,1658,'3','2568','1',3,0,1,'ไม่มี','ปกติ','ไม่ผุ','16','111','','2568-05-19 12:38:08','','','','','','','1341501357323'),(1100,1663,'8','2568','1',3,0,1,'ไม่มี','ปกติ','ไม่ผุ','20','117','','2568-05-19 12:38:16','','','','','','','1341501357323'),(1101,1664,'9','2568','1',3,0,1,'ไม่มี','ปกติ','ไม่ผุ','14','99','','2568-05-19 12:38:22','','','','','','','1341501357323'),(1102,1665,'10','2568','1',3,0,1,'ไม่มี','ปกติ','ไม่ผุ','16','108','','2568-05-19 12:38:31','','','','','','','1341501357323'),(1103,1667,'12','2568','1',3,0,1,'ไม่มี','ปกติ','ไม่ผุ','25','115','','2568-05-19 12:38:40','','','','','','','1341501357323'),(1104,1666,'11','2568','1',3,0,1,'ไม่มี','ปกติ','ไม่ผุ','26','116','','2568-05-19 12:38:54','','','','','','','1341501357323'),(1105,1668,'13','2568','1',3,0,1,'ไม่มี','ปกติ','ไม่ผุ','24','109','','2568-05-19 12:39:02','','','','','','','1341501357323'),(1106,1669,'14','2568','1',3,0,1,'ไม่มี','ปกติ','ไม่ผุ','16','100','','2568-05-19 12:39:10','','','','','','','1341501357323'),(1107,1614,'1','2568','1',5,0,1,'ไม่มี','ปกติ','ไม่ผุ','23','124','','2568-05-28 02:45:35','','','','','','','1342200005623'),(1108,1615,'2','2568','1',5,0,1,'ไม่มี','ปกติ','ไม่ผุ','21','116','','2568-05-28 02:45:47','','','','','','','1342200005623'),(1109,1616,'3','2568','1',5,0,1,'ไม่มี','ปกติ','ไม่ผุ','18','119','','2568-05-28 02:46:00','','','','','','','1342200005623'),(1110,1620,'4','2568','1',5,0,1,'ไม่มี','ปกติ','ไม่ผุ','31','135','','2568-05-28 02:46:16','','','','','','','1342200005623'),(1111,1621,'5','2568','1',5,0,1,'ไม่มี','ปกติ','ไม่ผุ','19','115','','2568-05-28 02:46:30','','','','','','','1342200005623'),(1112,1622,'6','2568','1',5,0,1,'ไม่มี','ปกติ','ไม่ผุ','36','126','','2568-05-28 02:46:42','','','','','','','1342200005623'),(1113,1623,'7','2568','1',5,0,1,'ไม่มี','ปกติ','ไม่ผุ','23','129','','2568-05-28 02:46:55','','','','','','','1342200005623'),(1114,1672,'8','2568','1',5,0,1,'ไม่มี','ปกติ','ไม่ผุ','24','124','','2568-05-28 02:47:06','','','','','','','1342200005623'),(1115,1624,'1','2568','1',4,0,1,'ไม่มี','ปกติ','ไม่ผุ','17','113','','2568-06-17 01:47:07','','','','','','','3341501452730'),(1116,1686,'4','2568','1',1,0,1,'ไม่มี','ปกติ','ไม่ผุ','13','103','','2568-06-17 01:47:50','','','','','','','3341501452730'),(1117,1591,'1','2568','1',6,0,1,'ไม่มี','ปกติ','ไม่ผุ','20','121','','2568-06-17 02:30:28','','','','','','','3341501452730'),(1118,1592,'2','2568','1',6,0,1,'ไม่มี','ปกติ','ไม่ผุ','24','128','','2568-06-17 02:30:38','','','','','','','3341501452730'),(1119,1609,'3','2568','1',6,0,1,'ไม่มี','ปกติ','ไม่ผุ','57','130','','2568-06-17 02:30:48','','','','','','','3341501452730'),(1120,1610,'4','2568','1',6,0,1,'ไม่มี','ปกติ','ไม่ผุ','28','125','','2568-06-17 02:30:58','','','','','','','3341501452730'),(1121,1611,'5','2568','1',6,0,1,'ไม่มี','ปกติ','ไม่ผุ','55','135','','2568-06-17 02:31:06','','','','','','','3341501452730'),(1122,1612,'6','2568','1',6,0,1,'ไม่มี','ปกติ','ไม่ผุ','24','126','','2568-06-17 02:31:16','','','','','','','3341501452730'),(1123,1613,'7','2568','1',6,0,1,'ไม่มี','ปกติ','ไม่ผุ','44','142','','2568-06-17 02:31:26','','','','','','','3341501452730'),(1124,1625,'2','2568','1',4,0,1,'ไม่มี','ปกติ','ไม่ผุ','22','120','','2568-06-17 02:32:26','','','','','','','3341501452730'),(1125,1626,'3','2568','1',4,0,1,'ไม่มี','ปกติ','ไม่ผุ','19','111','','2568-06-17 02:32:35','','','','','','','3341501452730'),(1126,1634,'4','2568','1',4,0,1,'ไม่มี','ปกติ','ไม่ผุ','19','114','','2568-06-17 02:32:48','','','','','','','3341501452730'),(1127,1635,'5','2568','1',4,0,1,'ไม่มี','ปกติ','ไม่ผุ','19','120','','2568-06-17 02:32:58','','','','','','','3341501452730'),(1128,1636,'6','2568','1',4,0,1,'ไม่มี','ปกติ','ไม่ผุ','20','115','','2568-06-17 02:33:07','','','','','','','3341501452730'),(1129,1637,'7','2568','1',4,0,1,'ไม่มี','ปกติ','ไม่ผุ','33','125','','2568-06-17 02:36:35','','','','','','','3341501452730'),(1130,1638,'8','2568','1',4,0,1,'ไม่มี','ปกติ','ไม่ผุ','14','104','','2568-06-17 02:37:04','','','','','','','3341501452730'),(1131,1639,'9','2568','1',4,0,1,'ไม่มี','ปกติ','ไม่ผุ','25','117','','2568-06-17 02:37:15','','','','','','','3341501452730'),(1132,1640,'10','2568','1',4,0,1,'ไม่มี','ปกติ','ไม่ผุ','40','127','','2568-06-17 02:37:28','','','','','','','3341501452730'),(1133,1641,'11','2568','1',4,0,1,'ไม่มี','ปกติ','ไม่ผุ','18','109','','2568-06-17 02:40:41','','','','','','','3341501452730'),(1134,1642,'12','2568','1',4,0,1,'ไม่มี','ปกติ','ไม่ผุ','17','114','','2568-06-17 02:40:53','','','','','','','3341501452730'),(1135,1643,'13','2568','1',4,0,1,'ไม่มี','ปกติ','ไม่ผุ','27','122','','2568-06-17 02:41:02','','','','','','','3341501452730'),(1136,1644,'14','2568','1',4,0,1,'ไม่มี','ปกติ','ไม่ผุ','19','115','','2568-06-17 02:41:14','','','','','','','3341501452730'),(1137,1645,'15','2568','1',4,0,1,'ไม่มี','ปกติ','ไม่ผุ','16','112','','2568-06-17 02:41:23','','','','','','','3341501452730'),(1138,1648,'17','2568','1',4,0,1,'ไม่มี','ปกติ','ไม่ผุ','34','121','','2568-06-17 02:41:33','','','','','','','3341501452730'),(1139,1653,'18','2568','1',4,0,1,'ไม่มี','ปกติ','ไม่ผุ','37','123','','2568-06-17 02:41:45','','','','','','','3341501452730'),(1140,1657,'19','2568','1',4,0,1,'ไม่มี','ปกติ','ไม่ผุ','25','125','','2568-06-17 02:42:02','','','','','','','3341501452730'),(1141,1569,'1','2568','1',7,0,1,'ไม่มี','ปกติ','ไม่ผุ','27','132','','2568-06-17 02:42:34','','','','','','','3341501452730'),(1142,1570,'2','2568','1',7,0,1,'ไม่มี','ปกติ','ไม่ผุ','26','129','','2568-06-17 02:42:43','','','','','','','3341501452730'),(1143,1571,'3','2568','1',7,0,1,'ไม่มี','ปกติ','ไม่ผุ','28','136','','2568-06-17 02:42:52','','','','','','','3341501452730'),(1144,1593,'4','2568','1',7,0,1,'ไม่มี','ปกติ','ไม่ผุ','23','126','','2568-06-17 02:43:01','','','','','','','3341501452730'),(1145,1594,'5','2568','1',7,0,1,'ไม่มี','ปกติ','ไม่ผุ','22','125','','2568-06-17 02:43:09','','','','','','','3341501452730'),(1146,1595,'6','2568','1',7,0,1,'ไม่มี','ปกติ','ไม่ผุ','26','132','','2568-06-17 02:43:17','','','','','','','3341501452730'),(1147,1596,'7','2568','1',7,0,1,'ไม่มี','ปกติ','ไม่ผุ','30','130','','2568-06-17 02:43:25','','','','','','','3341501452730'),(1148,1607,'8','2568','1',7,0,1,'ไม่มี','ปกติ','ไม่ผุ','23','126','','2568-06-17 02:43:35','','','','','','','3341501452730'),(1149,1656,'9','2568','1',7,0,1,'ไม่มี','ปกติ','ไม่ผุ','29','128','','2568-06-17 02:43:43','','','','','','','3341501452730'),(1150,1674,'10','2568','1',7,0,1,'ไม่มี','ปกติ','ไม่ผุ','35','134','','2568-06-17 02:43:50','','','','','','','3341501452730'),(1151,1561,'1','2568','1',8,0,1,'ไม่มี','ปกติ','ไม่ผุ','76','154','','2568-06-17 02:44:07','','','','','','','3341501452730'),(1152,1572,'2','2568','1',8,0,1,'ไม่มี','ปกติ','ไม่ผุ','30','134','','2568-06-17 02:44:14','','','','','','','3341501452730'),(1153,1573,'3','2568','1',8,0,1,'ไม่มี','ปกติ','ไม่ผุ','25','127','','2568-06-17 02:44:36','','','','','','','3341501452730'),(1154,1574,'4','2568','1',8,0,1,'ไม่มี','ปกติ','ไม่ผุ','65','149','','2568-06-17 02:44:46','','','','','','','3341501452730'),(1155,1575,'5','2568','1',8,0,1,'ไม่มี','ปกติ','ไม่ผุ','30','134','','2568-06-17 02:44:55','','','','','','','3341501452730'),(1156,1576,'6','2568','1',8,0,1,'ไม่มี','ปกติ','ไม่ผุ','40','143','','2568-06-17 02:45:06','','','','','','','3341501452730'),(1157,1577,'7','2568','1',8,0,1,'ไม่มี','ปกติ','ไม่ผุ','39','147','','2568-06-17 02:45:15','','','','','','','3341501452730'),(1158,1586,'8','2568','1',8,0,1,'ไม่มี','ปกติ','ไม่ผุ','36','147','','2568-06-17 02:45:23','','','','','','','3341501452730'),(1159,1589,'9','2568','1',8,0,1,'ไม่มี','ปกติ','ไม่ผุ','30','136','','2568-06-17 02:45:31','','','','','','','3341501452730'),(1160,1605,'10','2568','1',8,0,1,'ไม่มี','ปกติ','ไม่ผุ','59','148','','2568-06-17 02:45:42','','','','','','','3341501452730'),(1161,1619,'11','2568','1',8,0,1,'ไม่มี','ปกติ','ไม่ผุ','35','141','','2568-06-17 02:45:50','','','','','','','3341501452730'),(1162,1552,'1','2568','1',9,0,1,'ไม่มี','ปกติ','ไม่ผุ','37','147','','2568-06-17 02:46:04','','','','','','','3341501452730'),(1163,1553,'2','2568','1',9,0,1,'ไม่มี','ปกติ','ไม่ผุ','35','141','','2568-06-17 02:46:12','','','','','','','3341501452730'),(1164,1554,'3','2568','1',9,0,1,'ไม่มี','ปกติ','ไม่ผุ','36','142','','2568-06-17 02:46:44','','','','','','','3341501452730'),(1165,1555,'4','2568','1',9,0,1,'ไม่มี','ปกติ','ไม่ผุ','29','138','','2568-06-17 02:46:51','','','','','','','3341501452730'),(1166,1556,'5','2568','1',9,0,1,'ไม่มี','ปกติ','ไม่ผุ','39','148','','2568-06-17 02:46:59','','','','','','','3341501452730'),(1167,1557,'6','2568','1',9,0,1,'ไม่มี','ปกติ','ไม่ผุ','31','135','','2568-06-17 02:47:09','','','','','','','3341501452730'),(1168,1558,'7','2568','1',9,0,1,'ไม่มี','ปกติ','ไม่ผุ','40','141','','2568-06-17 02:47:16','','','','','','','3341501452730'),(1169,1559,'8','2568','1',9,0,1,'ไม่มี','ปกติ','ไม่ผุ','39','152','','2568-06-17 02:47:23','','','','','','','3341501452730'),(1170,1560,'9','2568','1',9,0,1,'ไม่มี','ปกติ','ไม่ผุ','32','147','','2568-06-17 02:47:30','','','','','','','3341501452730'),(1171,1565,'10','2568','1',9,0,1,'ไม่มี','ปกติ','ไม่ผุ','25','132','','2568-06-17 02:47:37','','','','','','','3341501452730'),(1172,1569,'1','2568','1',7,0,2,'ไม่มี','ปกติ','ไม่ผุ','27','133','','2568-08-21 10:24:05','','','','','','','3341500151183'),(1173,1570,'2','2568','1',7,0,2,'ไม่มี','ปกติ','ไม่ผุ','26','130','','2568-08-21 10:24:24','','','','','','','3341500151183'),(1174,1571,'3','2568','1',7,0,2,'ไม่มี','ปกติ','ไม่ผุ','28','136','','2568-08-21 10:24:42','','','','','','','3341500151183'),(1175,1593,'4','2568','1',7,0,2,'ไม่มี','ปกติ','ไม่ผุ','23','132','','2568-08-21 10:24:57','','','','','','','3341500151183'),(1176,1594,'5','2568','1',7,0,2,'ไม่มี','ปกติ','ไม่ผุ','21','126','','2568-08-21 10:25:12','','','','','','','3341500151183'),(1177,1595,'6','2568','1',7,0,2,'ไม่มี','ปกติ','ไม่ผุ','24','133','','2568-08-21 10:25:28','','','','','','','3341500151183'),(1178,1596,'7','2568','1',7,0,2,'ไม่มี','ปกติ','ไม่ผุ','30','132','','2568-08-21 10:25:38','','','','','','','3341500151183'),(1179,1607,'8','2568','1',7,0,2,'ไม่มี','ปกติ','ไม่ผุ','22','128','','2568-08-21 10:26:01','','','','','','','3341500151183'),(1180,1656,'9','2568','1',7,0,2,'ไม่มี','ปกติ','ไม่ผุ','29','132','','2568-08-21 10:26:57','','','','','','','3341500151183'),(1181,1674,'10','2568','1',7,0,2,'ไม่มี','ปกติ','ไม่ผุ','35','137','','2568-08-21 10:27:13','','','','','','','3341500151183'),(1182,1614,'1','2568','1',5,0,2,'ไม่มี','ปกติ','ไม่ผุ','23','125','','2568-10-03 01:46:44','','','','','','','1342200005623'),(1183,1615,'2','2568','1',5,0,2,'ไม่มี','ปกติ','ไม่ผุ','21','119','','2568-10-03 01:46:55','','','','','','','1342200005623'),(1184,1616,'3','2568','1',5,0,2,'ไม่มี','ปกติ','ไม่ผุ','18','120','','2568-10-03 01:47:22','','','','','','','1342200005623'),(1185,1620,'4','2568','1',5,0,2,'ไม่มี','ปกติ','ไม่ผุ','30','137','','2568-10-03 01:47:37','','','','','','','1342200005623'),(1186,1621,'5','2568','1',5,0,2,'ไม่มี','ปกติ','ไม่ผุ','16','117','','2568-10-03 01:47:52','','','','','','','1342200005623'),(1187,1622,'6','2568','1',5,0,2,'ไม่มี','ปกติ','ไม่ผุ','37','127','','2568-10-03 01:48:03','','','','','','','1342200005623'),(1188,1623,'7','2568','1',5,0,2,'ไม่มี','ปกติ','ไม่ผุ','28','131','','2568-10-03 01:48:15','','','','','','','1342200005623'),(1189,1672,'8','2568','1',5,0,2,'ไม่มี','ปกติ','ไม่ผุ','25','126','','2568-10-03 01:48:26','','','','','','','1342200005623'),(1190,1591,'1','2568','1',6,0,2,'ไม่มี','ปกติ','ไม่ผุ','20','122','','2568-10-09 01:59:41','','','','','','','1560200090996'),(1191,1592,'2','2568','1',6,0,2,'ไม่มี','ปกติ','ไม่ผุ','25','129','','2568-10-09 02:00:05','','','','','','','1560200090996'),(1192,1609,'3','2568','1',6,0,2,'ไม่มี','ปกติ','ไม่ผุ','58','130','','2568-10-09 02:00:48','','','','','','','1560200090996'),(1193,1610,'4','2568','1',6,0,2,'ไม่มี','ปกติ','ไม่ผุ','29','126','','2568-10-09 02:01:05','','','','','','','1560200090996'),(1194,1611,'5','2568','1',6,0,2,'ไม่มี','ปกติ','ไม่ผุ','56','136','','2568-10-09 02:01:24','','','','','','','1560200090996'),(1195,1612,'6','2568','1',6,0,2,'ไม่มี','ปกติ','ไม่ผุ','25','129','','2568-10-09 02:01:44','','','','','','','1560200090996'),(1196,1613,'7','2568','1',6,0,2,'ไม่มี','ปกติ','ไม่ผุ','45','143','','2568-10-09 02:01:58','','','','','','','1560200090996'),(1197,1683,'2','2568','2',1,0,1,'ไม่มี','ปกติ','ไม่ผุ','15','97','','2568-11-13 09:28:38','','','','','','','1341501357323'),(1198,1686,'4','2568','2',1,0,1,'ไม่มี','ปกติ','ไม่ผุ','15','107','','2568-11-13 09:28:44','','','','','','','1341501357323'),(1199,1682,'1','2568','2',1,0,1,'ไม่มี','ปกติ','ไม่ผุ','13','93','','2568-11-13 09:50:36','','','','','','','1341501357323'),(1200,1684,'3','2568','2',1,0,1,'ไม่มี','ปกติ','ไม่ผุ','13','95','','2568-11-13 09:51:01','','','','','','','1341501357323'),(1201,1670,'1','2568','2',2,0,1,'ไม่มี','ปกติ','ไม่ผุ','19','107','','2568-11-13 09:53:49','','','','','','','1341501357323'),(1202,1671,'2','2568','2',2,0,1,'ไม่มี','ปกติ','ไม่ผุ','22','115','','2568-11-13 09:53:56','','','','','','','1341501357323'),(1203,1675,'3','2568','2',2,0,1,'ไม่มี','ปกติ','ไม่ผุ','16','104','','2568-11-13 09:58:51','','','','','','','1341501357323'),(1204,1676,'4','2568','2',2,0,1,'ไม่มี','ปกติ','ไม่ผุ','22','108','','2568-11-13 09:57:15','','','','','','','1341501357323'),(1205,1677,'5','2568','2',2,0,1,'ไม่มี','ปกติ','ไม่ผุ','20','109','','2568-11-13 09:57:38','','','','','','','1341501357323'),(1206,1678,'6','2568','2',2,0,1,'ไม่มี','ปกติ','ไม่ผุ','14','102','','2568-11-13 09:59:12','','','','','','','1341501357323'),(1207,1679,'7','2568','2',2,0,1,'ไม่มี','ปกติ','ไม่ผุ','17','107','','2568-11-13 09:59:30','','','','','','','1341501357323'),(1208,1680,'8','2568','2',2,0,1,'ไม่มี','ปกติ','ไม่ผุ','21','119','','2568-11-13 09:59:40','','','','','','','1341501357323'),(1209,1681,'9','2568','2',2,0,1,'ไม่มี','ปกติ','ไม่ผุ','15','102','','2568-11-13 09:59:47','','','','','','','1341501357323'),(1210,1650,'1','2568','2',3,0,1,'ไม่มี','ปกติ','ไม่ผุ','20','118','','2568-11-13 10:03:44','','','','','','','1341501357323'),(1211,1651,'2','2568','2',3,0,1,'ไม่มี','ปกติ','ไม่ผุ','16','111','','2568-11-13 10:03:51','','','','','','','1341501357323'),(1212,1658,'3','2568','2',3,0,1,'ไม่มี','ปกติ','ไม่ผุ','16','108','','2568-11-13 10:03:59','','','','','','','1341501357323'),(1213,1659,'4','2568','2',3,0,1,'ไม่มี','ปกติ','ไม่ผุ','23','121','','2568-11-13 10:04:06','','','','','','','1341501357323'),(1214,1661,'6','2568','2',3,0,1,'ไม่มี','ปกติ','ไม่ผุ','30','126','','2568-11-13 10:06:32','','','','','','','1341501357323'),(1215,1662,'7','2568','2',3,0,1,'ไม่มี','ปกติ','ไม่ผุ','19','116','','2568-11-13 10:06:40','','','','','','','1341501357323'),(1216,1663,'8','2568','2',3,0,1,'ไม่มี','ปกติ','ไม่ผุ','24','121','','2568-11-13 10:06:51','','','','','','','1341501357323'),(1217,1664,'9','2568','2',3,0,1,'ไม่มี','ปกติ','ไม่ผุ','14','101','','2568-11-13 10:06:59','','','','','','','1341501357323'),(1218,1665,'10','2568','2',3,0,1,'ไม่มี','ปกติ','ไม่ผุ','17','109','','2568-11-13 10:07:06','','','','','','','1341501357323'),(1219,1666,'11','2568','2',3,0,1,'ไม่มี','ปกติ','ไม่ผุ','29','121','','2568-11-13 10:08:30','','','','','','','1341501357323'),(1220,1667,'12','2568','2',3,0,1,'ไม่มี','ปกติ','ไม่ผุ','26','119','','2568-11-13 10:07:42','','','','','','','1341501357323'),(1221,1668,'13','2568','2',3,0,1,'ไม่มี','ปกติ','ไม่ผุ','26','111','','2568-11-13 10:09:16','','','','','','','1341501357323'),(1222,1591,'1','2568','2',6,0,1,'ไม่มี','ปกติ','ไม่ผุ','21','124','','2568-11-14 10:07:49','','','','','','','1560200090996'),(1223,1592,'2','2568','2',6,0,1,'ไม่มี','ปกติ','ไม่ผุ','25','132','','2568-11-14 10:08:00','','','','','','','1560200090996'),(1224,1609,'3','2568','2',6,0,1,'ไม่มี','ปกติ','ไม่ผุ','57','133','','2568-11-14 10:08:11','','','','','','','1560200090996'),(1225,1610,'4','2568','2',6,0,1,'ไม่มี','ปกติ','ไม่ผุ','32','129','','2568-11-14 10:08:23','','','','','','','1560200090996'),(1226,1611,'5','2568','2',6,0,1,'ไม่มี','ปกติ','ไม่ผุ','60','140','','2568-11-14 10:08:36','','','','','','','1560200090996'),(1227,1612,'6','2568','2',6,0,1,'ไม่มี','ปกติ','ไม่ผุ','25','131','','2568-11-14 10:08:47','','','','','','','1560200090996'),(1228,1613,'7','2568','2',6,0,1,'ไม่มี','ปกติ','ไม่ผุ','45','144','','2568-11-14 10:08:57','','','','','','','1560200090996');

--
-- Table structure for table `health_personal`
--

CREATE TABLE `health_personal` (
  `per_id` int(11) NOT NULL AUTO_INCREMENT,
  `personal_code` varchar(13) NOT NULL,
  `per_position` int(3) NOT NULL,
  `per_status` int(3) NOT NULL,
  `person_room` int(3) NOT NULL,
  PRIMARY KEY (`per_id`)
) ENGINE=MyISAM AUTO_INCREMENT=43 DEFAULT CHARSET=utf8 COLLATE=utf8_general_ci;

--
-- Dumping data for table `health_personal`
--

INSERT INTO `health_personal` VALUES (33,'3341501452730',9,1,0),(23,'3341501452730',3,1,0),(22,'3341501452730',2,1,0),(21,'3341501452730',1,1,0),(31,'3341501452730',7,1,0),(26,'3341501452730',6,1,0),(24,'3341501452730',4,1,0),(30,'3341501452730',5,1,0),(32,'3341501452730',8,1,0),(34,'1341501357323',1,1,0),(35,'1341501357323',2,1,0),(36,'1341501357323',3,1,0),(37,'1340700533708',4,1,0),(38,'1342200005623',5,1,0),(39,'1560200090996',6,1,0),(40,'3341500151183',7,1,0),(41,'3341500467521',8,1,0),(42,'1339900018228',9,1,0);

--
-- Table structure for table `health_weight_height`
--

CREATE TABLE `health_weight_height` (
  `id` int(11) NOT NULL AUTO_INCREMENT,
  `type` tinyint(4) NOT NULL DEFAULT 0,
  `sex` tinyint(4) NOT NULL DEFAULT 1,
  `height` int(11) NOT NULL,
  `weight_1` double NOT NULL,
  `weight_2` double NOT NULL,
  `weight_3` double NOT NULL,
  `weight_4` double NOT NULL,
  `weight_5` double NOT NULL,
  PRIMARY KEY (`id`)
) ENGINE=MyISAM AUTO_INCREMENT=75 DEFAULT CHARSET=utf8 COLLATE=utf8_general_ci;

--
-- Dumping data for table `health_weight_height`
--

INSERT INTO `health_weight_height` VALUES (1,0,1,50,2.5,3,3.8,4,4.5),(2,0,1,55,3.5,4,4.8,5,6),(3,0,1,60,4.5,5,6.3,6.5,7.5),(4,0,1,65,5.5,6,7.8,8,9),(5,0,1,70,7,7.5,9.3,9.5,10.5),(6,0,1,75,8,8.5,10.8,11,12),(7,0,1,80,9,9.5,12,12.5,13.5),(8,0,1,85,10,10.5,13.5,14,15.5),(9,0,1,90,11,11.5,15,15.5,17),(10,0,1,95,12,12.5,16.5,17,19),(11,0,1,100,13,14,18.5,19,21),(12,0,1,105,14,15,20,21,22.5),(13,0,1,110,15.5,16.5,22,23,25),(14,0,1,115,17,18,24,25,28),(15,0,1,120,18.5,19.5,26.5,28,31),(16,0,1,125,20.5,21.5,29.5,31,35),(17,0,1,130,22,23.5,33,35,39.5),(18,0,1,135,24,25.5,37,39,45),(19,0,1,140,26.5,28,41,44,50),(20,0,2,50,3,3.1,3.8,4,4.5),(21,0,2,55,3.5,4,4.8,5,6),(22,0,2,60,4.5,5,6.3,6.5,7),(23,0,2,65,5.5,6,7.8,8,8.5),(24,0,2,70,6.5,7.5,8.8,9,10),(25,0,2,75,7.5,8.5,10.8,10.5,11.5),(26,0,2,80,8.5,9,11.5,12.5,13),(27,0,2,85,9.5,10,13,13.5,14.5),(28,0,2,90,10.5,11.5,14.5,15.5,16.5),(29,0,2,95,11.5,13,16.5,17,18.5),(30,0,2,100,13,13.5,18,18.5,20.5),(31,0,2,110,15.5,16,22,23,25),(32,0,2,115,16.5,17.5,24,25,28),(33,0,2,120,18,19,27,28.5,31.5),(34,0,2,125,19.5,21.5,30,31.5,35.5),(35,0,2,130,21.5,23,34,36,41),(36,0,2,135,23.5,25,38,40.5,46),(37,0,2,140,25.5,27.5,42.5,45.5,55.5),(38,0,2,105,14,15,19.5,20.5,22.5),(39,1,1,90,11,11.5,15,16,17),(40,1,1,95,12,12.5,17,17.5,19),(41,1,1,100,13,14,18,19,21),(42,1,1,105,14.5,15,19.5,20.5,22.5),(43,1,1,110,16,16.6,21.5,22.5,24.5),(44,1,1,115,17,18,24,25,27.5),(45,1,1,120,19,19.5,26.5,28,30.5),(46,1,1,125,20,21,29,31,34),(47,1,1,130,22,23,33,35,39),(48,1,1,135,24.5,25.5,37,39.5,45),(49,1,1,140,26.5,28.5,41,44,50),(50,1,1,145,29,31,45,48,54.5),(51,1,1,150,32,34,49,52.5,58.5),(52,1,1,155,35,37,53,56.5,62.5),(53,1,1,160,38.5,41,57,60.5,66.5),(54,1,1,165,42.5,45,61.5,64.5,70),(55,1,1,170,46,48.5,65,68,74.5),(56,1,1,175,49.5,52.5,69,72,77),(57,1,1,180,53,56,72,75,80),(58,1,2,90,11,11.5,15,16,17),(59,1,2,95,12,12.5,16,17,18.5),(60,1,2,100,13,13.5,18,19,20.5),(61,1,2,105,14,15,19.5,20.5,22.5),(62,1,2,110,15.5,16,21.5,22.5,25),(63,1,2,115,17,17.5,24,25,27.5),(64,1,2,120,18.5,19,26.5,28,31),(65,1,2,125,20,21,30,32,36),(66,1,2,130,21.5,22.5,33.5,36,41),(67,1,2,135,23.5,25,38,41,46),(68,1,2,140,26,27.5,42.5,45.5,51.5),(69,1,2,145,29,31,47,50,56.5),(70,1,2,150,32.5,34.5,51.5,54.5,61),(71,1,2,155,36,38.5,55.5,58.5,65),(72,1,2,160,39.5,42,59,62,68),(73,1,2,165,43,45.5,62,65,70.5),(74,1,2,170,47,48.5,65.5,67.5,72.5);

--
-- Table structure for table `idplan_education`
--

CREATE TABLE `idplan_education` (
  `id` int(11) NOT NULL AUTO_INCREMENT,
  `person_id` varchar(15) DEFAULT NULL,
  `class` varchar(30) DEFAULT NULL,
  `initials` varchar(30) DEFAULT NULL,
  `subject_1` varchar(150) DEFAULT NULL,
  `subject` varchar(150) DEFAULT NULL,
  `institute` varchar(200) DEFAULT NULL,
  `province` varchar(50) DEFAULT NULL,
  `finish_year` varchar(10) DEFAULT NULL,
  PRIMARY KEY (`id`)
) ENGINE=MyISAM AUTO_INCREMENT=9 DEFAULT CHARSET=utf8 COLLATE=utf8_general_ci;

--
-- Dumping data for table `idplan_education`
--


--
-- Table structure for table `idplan_list_setting`
--

CREATE TABLE `idplan_list_setting` (
  `id` int(11) NOT NULL AUTO_INCREMENT,
  `rating` int(5) DEFAULT NULL,
  `item_list` char(50) DEFAULT NULL,
  `permission` int(2) DEFAULT NULL,
  PRIMARY KEY (`id`)
) ENGINE=MyISAM AUTO_INCREMENT=12 DEFAULT CHARSET=utf8 COLLATE=utf8_general_ci;

--
-- Dumping data for table `idplan_list_setting`
--


--
-- Table structure for table `idplan_lookbook_1`
--

CREATE TABLE `idplan_lookbook_1` (
  `id` int(11) NOT NULL AUTO_INCREMENT,
  `person_id` varchar(15) DEFAULT NULL,
  `study_year` varchar(5) DEFAULT NULL,
  `term` varchar(2) DEFAULT NULL,
  `office` varchar(200) DEFAULT NULL,
  `school_name` varchar(250) DEFAULT NULL,
  `class` varchar(5) DEFAULT NULL,
  `subject_1` varchar(3) DEFAULT NULL,
  `subject_2` varchar(150) DEFAULT NULL,
  `house` int(3) DEFAULT NULL,
  PRIMARY KEY (`id`)
) ENGINE=MyISAM AUTO_INCREMENT=32 DEFAULT CHARSET=utf8 COLLATE=utf8_general_ci;

--
-- Dumping data for table `idplan_lookbook_1`
--

INSERT INTO `idplan_lookbook_1` VALUES (26,'1349900805572','2563','1','สพป. อบ. 4','โรงเรียนบ้านคำขวาง','5','','ภาษาไทย, คณิตศาสตร์',25),(27,'1349900805572','2563','2','สพป. อบ. 4','โรงเรียนบ้านแฮหนามแท่ง','7','4','ภาษาไทย, คณิตศาสตร์, วิทยาศาสตร์, ภาษาอังกฤษ',30),(28,'1349900805572','2564','1','สพป. อบ. 4','โรงเรียนบ้านแฮหนามแท่ง','5','4','ภาษาไทย, คณิตศาสตร์, วิทยาศาสตร์, ภาษาอังกฤษ, สังคมศึกษา ศาสนาและวัฒนธรรม',30),(29,'1349900805572','2564','2','สพป. อบ. 4','โรงเรียนบ้านแฮหนามแท่ง','5','4','ภาษาไทย, คณิตศาสตร์, วิทยาศาสตร์, ภาษาอังกฤษ, สังคมศึกษา ศาสนาและวัฒนธรรม',30),(30,'1349900805572','2565','1','สพป. อบ. 4','โรงเรียนบ้านแฮหนามแท่ง','5','','ภาษาไทย, คณิตศาสตร์, วิทยาศาสตร์, ภาษาอังกฤษ, สังคมศึกษา ศาสนาและวัฒนธรรม',30),(31,'1349900805572','2565','2','สพป. อบ. 4','โรงเรียนบ้านแฮหนามแท่ง','5','4','ภาษาไทย, คณิตศาสตร์, วิทยาศาสตร์, ภาษาอังกฤษ, สังคมศึกษา ศาสนาและวัฒนธรรม',30);

--
-- Table structure for table `idplan_lookbook_2`
--

CREATE TABLE `idplan_lookbook_2` (
  `id` int(11) NOT NULL AUTO_INCREMENT,
  `person_id` varchar(15) DEFAULT NULL,
  `year` varchar(5) DEFAULT NULL,
  `term` varchar(1) DEFAULT NULL,
  `week` varchar(3) DEFAULT NULL,
  `start_date` date DEFAULT NULL,
  `end_date` date DEFAULT NULL,
  `group_vicha_id` varchar(2) DEFAULT NULL,
  `vicha_name` varchar(200) DEFAULT NULL,
  `vicha_code` varchar(10) DEFAULT NULL,
  `vitaya` varchar(2) DEFAULT NULL,
  `hour_term` varchar(5) DEFAULT NULL,
  `time` varchar(5) DEFAULT NULL,
  `time_unit` varchar(25) DEFAULT NULL,
  `learn_type` varchar(2) DEFAULT NULL,
  `garantee` varchar(2) DEFAULT NULL,
  PRIMARY KEY (`id`)
) ENGINE=MyISAM AUTO_INCREMENT=20 DEFAULT CHARSET=utf8 COLLATE=utf8_general_ci;

--
-- Dumping data for table `idplan_lookbook_2`
--


--
-- Table structure for table `idplan_lookbook_3`
--

CREATE TABLE `idplan_lookbook_3` (
  `id` int(11) NOT NULL AUTO_INCREMENT,
  `person_id` varchar(15) DEFAULT NULL,
  `year` varchar(5) DEFAULT NULL,
  `term` varchar(1) DEFAULT NULL,
  `week` varchar(3) DEFAULT NULL,
  `start_date` date DEFAULT NULL,
  `end_date` date DEFAULT NULL,
  `vicha_support` varchar(200) DEFAULT NULL,
  `hour_week` varchar(5) DEFAULT NULL,
  `garantee` varchar(2) DEFAULT NULL,
  PRIMARY KEY (`id`)
) ENGINE=MyISAM AUTO_INCREMENT=22 DEFAULT CHARSET=utf8 COLLATE=utf8_general_ci;

--
-- Dumping data for table `idplan_lookbook_3`
--


--
-- Table structure for table `idplan_lookbook_4`
--

CREATE TABLE `idplan_lookbook_4` (
  `id` int(11) NOT NULL AUTO_INCREMENT,
  `person_id` varchar(15) DEFAULT NULL,
  `year` varchar(5) DEFAULT NULL,
  `term` varchar(1) DEFAULT NULL,
  `week` varchar(3) DEFAULT NULL,
  `start_date` date DEFAULT NULL,
  `end_date` date DEFAULT NULL,
  `policy` varchar(255) DEFAULT NULL,
  `hour_week` varchar(5) DEFAULT NULL,
  `garantee` varchar(2) DEFAULT NULL,
  PRIMARY KEY (`id`)
) ENGINE=MyISAM AUTO_INCREMENT=24 DEFAULT CHARSET=utf8 COLLATE=utf8_general_ci;

--
-- Dumping data for table `idplan_lookbook_4`
--


--
-- Table structure for table `idplan_lookbook_5`
--

CREATE TABLE `idplan_lookbook_5` (
  `id` int(11) NOT NULL AUTO_INCREMENT,
  `person_id` varchar(15) DEFAULT NULL,
  `rec_date` date DEFAULT NULL,
  `develop_name` varchar(255) DEFAULT NULL,
  `develop_code` varchar(15) DEFAULT NULL,
  `knowledge` varchar(10) DEFAULT NULL,
  `skill` varchar(10) DEFAULT NULL,
  `teacher` varchar(10) DEFAULT NULL,
  `develop_hour` varchar(5) DEFAULT NULL,
  `develop_start_date` date DEFAULT NULL,
  `num_date` int(5) DEFAULT NULL,
  `development` varchar(10) DEFAULT NULL,
  `garantee` varchar(2) DEFAULT NULL,
  PRIMARY KEY (`id`)
) ENGINE=MyISAM AUTO_INCREMENT=4 DEFAULT CHARSET=utf8 COLLATE=utf8_general_ci;

--
-- Dumping data for table `idplan_lookbook_5`
--


--
-- Table structure for table `idplan_lookbook_6`
--

CREATE TABLE `idplan_lookbook_6` (
  `id` int(11) NOT NULL AUTO_INCREMENT,
  `person_id` varchar(15) DEFAULT NULL,
  `group_activities` varchar(255) DEFAULT NULL,
  `num_member` int(5) DEFAULT NULL,
  `activities_name` varchar(255) DEFAULT NULL,
  `round` varchar(3) DEFAULT NULL,
  `date_activities` date DEFAULT NULL,
  `term` varchar(2) DEFAULT NULL,
  `year` varchar(5) DEFAULT NULL,
  `num_hour` varchar(5) DEFAULT NULL,
  `r_character` varchar(3) DEFAULT NULL,
  `income_activities` varchar(5) DEFAULT NULL,
  `issues` varchar(255) DEFAULT NULL,
  `cause` varchar(255) DEFAULT NULL,
  `knowledge` varchar(255) DEFAULT NULL,
  `activities` varchar(255) DEFAULT NULL,
  `r_activities` varchar(255) DEFAULT NULL,
  `reapply` varchar(255) DEFAULT NULL,
  `other` varchar(255) DEFAULT NULL,
  `garantee` varchar(2) DEFAULT NULL,
  PRIMARY KEY (`id`)
) ENGINE=MyISAM AUTO_INCREMENT=6 DEFAULT CHARSET=utf8 COLLATE=utf8_general_ci;

--
-- Dumping data for table `idplan_lookbook_6`
--


--
-- Table structure for table `idplan_lookbook_group_subject`
--

CREATE TABLE `idplan_lookbook_group_subject` (
  `id` int(11) NOT NULL AUTO_INCREMENT,
  `g_subject` varchar(255) DEFAULT NULL,
  PRIMARY KEY (`id`)
) ENGINE=MyISAM AUTO_INCREMENT=21 DEFAULT CHARSET=utf8 COLLATE=utf8_general_ci;

--
-- Dumping data for table `idplan_lookbook_group_subject`
--


--
-- Table structure for table `idplan_management_crown`
--

CREATE TABLE `idplan_management_crown` (
  `id` int(11) NOT NULL AUTO_INCREMENT,
  `crown_name_th` char(100) DEFAULT NULL,
  `crown_shot_name` char(10) DEFAULT NULL,
  `crown_name_en` char(150) DEFAULT NULL,
  PRIMARY KEY (`id`)
) ENGINE=MyISAM AUTO_INCREMENT=37 DEFAULT CHARSET=utf8 COLLATE=utf8_general_ci;

--
-- Dumping data for table `idplan_management_crown`
--


--
-- Table structure for table `idplan_management_crown_year`
--

CREATE TABLE `idplan_management_crown_year` (
  `id` int(11) NOT NULL AUTO_INCREMENT,
  `person_id` varchar(15) DEFAULT NULL,
  `crown_id` varchar(3) DEFAULT NULL,
  `crown_year` varchar(7) DEFAULT NULL,
  PRIMARY KEY (`id`)
) ENGINE=MyISAM AUTO_INCREMENT=4 DEFAULT CHARSET=utf8 COLLATE=utf8_general_ci;

--
-- Dumping data for table `idplan_management_crown_year`
--


--
-- Table structure for table `idplan_management_family`
--

CREATE TABLE `idplan_management_family` (
  `id` int(11) NOT NULL AUTO_INCREMENT,
  `person_id` varchar(15) DEFAULT NULL,
  `family_prename` varchar(20) DEFAULT NULL,
  `family_name` varchar(100) DEFAULT NULL,
  `family_surname` varchar(150) DEFAULT NULL,
  `birth_date` date DEFAULT NULL,
  `family_type` varchar(5) DEFAULT NULL,
  PRIMARY KEY (`id`)
) ENGINE=MyISAM AUTO_INCREMENT=9 DEFAULT CHARSET=utf8 COLLATE=utf8_general_ci;

--
-- Dumping data for table `idplan_management_family`
--


--
-- Table structure for table `idplan_management_marry`
--

CREATE TABLE `idplan_management_marry` (
  `person_id` varchar(15) NOT NULL,
  `m_type` varchar(5) DEFAULT NULL,
  `m_prename` varchar(10) DEFAULT NULL,
  `m_name` varchar(50) DEFAULT NULL,
  `m_surname` varchar(150) DEFAULT NULL,
  PRIMARY KEY (`person_id`)
) ENGINE=MyISAM DEFAULT CHARSET=utf8 COLLATE=utf8_general_ci;

--
-- Dumping data for table `idplan_management_marry`
--


--
-- Table structure for table `idplan_management_member`
--

CREATE TABLE `idplan_management_member` (
  `id` int(11) NOT NULL AUTO_INCREMENT,
  `person_id` varchar(15) DEFAULT NULL,
  `member_name` varchar(255) DEFAULT NULL,
  `member_number` varchar(30) DEFAULT NULL,
  PRIMARY KEY (`id`)
) ENGINE=MyISAM AUTO_INCREMENT=4 DEFAULT CHARSET=utf8 COLLATE=utf8_general_ci;

--
-- Dumping data for table `idplan_management_member`
--


--
-- Table structure for table `idplan_management_portfolio`
--

CREATE TABLE `idplan_management_portfolio` (
  `id` int(11) NOT NULL AUTO_INCREMENT,
  `person_id` varchar(15) DEFAULT NULL,
  `topic` varchar(200) DEFAULT NULL,
  `date` date DEFAULT NULL,
  `address` varchar(255) DEFAULT NULL,
  `pic_upload` varchar(50) DEFAULT NULL,
  PRIMARY KEY (`id`)
) ENGINE=MyISAM AUTO_INCREMENT=16 DEFAULT CHARSET=utf8 COLLATE=utf8_general_ci;

--
-- Dumping data for table `idplan_management_portfolio`
--


--
-- Table structure for table `idplan_management_vitaya`
--

CREATE TABLE `idplan_management_vitaya` (
  `id` int(11) NOT NULL AUTO_INCREMENT,
  `person_id` varchar(15) DEFAULT NULL,
  `vitaya_name` varchar(250) DEFAULT NULL,
  `vitaya_shot` varchar(50) DEFAULT NULL,
  `vitaya_date` date DEFAULT NULL,
  PRIMARY KEY (`id`)
) ENGINE=MyISAM AUTO_INCREMENT=8 DEFAULT CHARSET=utf8 COLLATE=utf8_general_ci;

--
-- Dumping data for table `idplan_management_vitaya`
--


--
-- Table structure for table `idplan_permission`
--

CREATE TABLE `idplan_permission` (
  `per_id` int(5) NOT NULL AUTO_INCREMENT,
  `person_id` char(15) DEFAULT NULL,
  `p1` int(2) DEFAULT NULL,
  `office` char(15) DEFAULT NULL,
  `rec_dat` date DEFAULT NULL,
  PRIMARY KEY (`per_id`)
) ENGINE=MyISAM AUTO_INCREMENT=36 DEFAULT CHARSET=utf8 COLLATE=utf8_general_ci;

--
-- Dumping data for table `idplan_permission`
--


--
-- Table structure for table `idplan_person_sch_profile`
--

CREATE TABLE `idplan_person_sch_profile` (
  `person_id` varchar(15) NOT NULL,
  `birth_date` date DEFAULT NULL,
  `f_date` date DEFAULT NULL,
  `vittaya` varchar(50) DEFAULT NULL,
  `work_old` int(3) DEFAULT NULL,
  `at_home` varchar(10) DEFAULT NULL,
  `moo` varchar(3) DEFAULT NULL,
  `tambun` varchar(50) DEFAULT NULL,
  `ampher` varchar(50) DEFAULT NULL,
  `province` varchar(70) DEFAULT NULL,
  `postcode` varchar(10) DEFAULT NULL,
  `home_phone` varchar(15) DEFAULT NULL,
  `mobile` varchar(15) DEFAULT NULL,
  `salary` int(10) DEFAULT NULL,
  `emoluments` int(10) DEFAULT NULL,
  `money_of_position` int(10) DEFAULT NULL,
  `m_type` varchar(5) DEFAULT NULL,
  `update_date` date DEFAULT NULL,
  PRIMARY KEY (`person_id`)
) ENGINE=MyISAM DEFAULT CHARSET=utf8 COLLATE=utf8_general_ci;

--
-- Dumping data for table `idplan_person_sch_profile`
--

INSERT INTO `idplan_person_sch_profile` VALUES ('1349900542181',NULL,NULL,NULL,NULL,NULL,NULL,NULL,NULL,NULL,NULL,NULL,NULL,NULL,NULL,NULL,NULL,NULL),('3341501452730',NULL,NULL,NULL,NULL,NULL,NULL,NULL,NULL,NULL,NULL,NULL,NULL,NULL,NULL,NULL,NULL,NULL),('3341501588844',NULL,NULL,NULL,NULL,NULL,NULL,NULL,NULL,NULL,NULL,NULL,NULL,NULL,NULL,NULL,NULL,NULL),('1111111111111',NULL,NULL,NULL,NULL,NULL,NULL,NULL,NULL,NULL,NULL,NULL,NULL,NULL,NULL,NULL,NULL,NULL),('1340700533708',NULL,NULL,NULL,NULL,NULL,NULL,NULL,NULL,NULL,NULL,NULL,NULL,NULL,NULL,NULL,NULL,NULL),('1349900805572',NULL,NULL,NULL,NULL,NULL,NULL,NULL,NULL,NULL,NULL,NULL,NULL,NULL,NULL,NULL,NULL,NULL),('1341501357323',NULL,NULL,NULL,NULL,NULL,NULL,NULL,NULL,NULL,NULL,NULL,NULL,NULL,NULL,NULL,NULL,NULL),('1560200090996',NULL,NULL,NULL,NULL,NULL,NULL,NULL,NULL,NULL,NULL,NULL,NULL,NULL,NULL,NULL,NULL,NULL),('1342200005623',NULL,NULL,NULL,NULL,NULL,NULL,NULL,NULL,NULL,NULL,NULL,NULL,NULL,NULL,NULL,NULL,NULL);

--
-- Table structure for table `la_cancel`
--

CREATE TABLE `la_cancel` (
  `id` int(11) NOT NULL AUTO_INCREMENT,
  `person_id` varchar(13) NOT NULL,
  `la_type` tinyint(4) NOT NULL,
  `write_at` varchar(100) DEFAULT NULL,
  `permission_start` date NOT NULL,
  `permission_finish` date NOT NULL,
  `permission_total` int(11) NOT NULL,
  `because` varchar(200) NOT NULL,
  `cancel_la_start` date NOT NULL,
  `cancel_la_finish` date NOT NULL,
  `cancel_la_total` int(11) NOT NULL,
  `no_comment` int(11) NOT NULL DEFAULT 0,
  `grant_p_selected` varchar(13) DEFAULT NULL,
  `rec_date` datetime NOT NULL,
  `officer_comment` varchar(200) DEFAULT NULL,
  `officer_sign` varchar(13) DEFAULT NULL,
  `officer_date` datetime DEFAULT NULL,
  `group_comment` varchar(100) DEFAULT NULL,
  `group_sign` varchar(13) DEFAULT NULL,
  `group_date` datetime DEFAULT NULL,
  `comment_date` datetime DEFAULT NULL,
  `commander_grant` tinyint(4) DEFAULT NULL,
  `commander_comment` varchar(100) DEFAULT NULL,
  `commander_sign` varchar(13) DEFAULT NULL,
  `grant_date` datetime DEFAULT NULL,
  PRIMARY KEY (`id`)
) ENGINE=MyISAM DEFAULT CHARSET=utf8 COLLATE=utf8_general_ci;

--
-- Dumping data for table `la_cancel`
--


--
-- Table structure for table `la_collect`
--

CREATE TABLE `la_collect` (
  `id` int(11) NOT NULL AUTO_INCREMENT,
  `year` int(11) NOT NULL,
  `person_id` varchar(13) NOT NULL,
  `collect_day` tinyint(4) NOT NULL DEFAULT 0,
  `this_year_day` tinyint(4) NOT NULL DEFAULT 0,
  `officer` varchar(13) DEFAULT NULL,
  `rec_date` date DEFAULT NULL,
  PRIMARY KEY (`id`)
) ENGINE=MyISAM DEFAULT CHARSET=utf8 COLLATE=utf8_general_ci;

--
-- Dumping data for table `la_collect`
--


--
-- Table structure for table `la_main`
--

CREATE TABLE `la_main` (
  `id` int(11) NOT NULL AUTO_INCREMENT,
  `person_id` varchar(13) NOT NULL,
  `la_type` tinyint(4) NOT NULL,
  `write_at` varchar(100) DEFAULT NULL,
  `because` varchar(250) DEFAULT NULL,
  `la_start` date NOT NULL,
  `la_finish` date NOT NULL,
  `la_total` int(11) NOT NULL,
  `last_la_start` date DEFAULT NULL,
  `last_la_finish` date DEFAULT NULL,
  `last_la_total` int(11) DEFAULT NULL,
  `contact` varchar(150) DEFAULT NULL,
  `contact_tel` varchar(20) DEFAULT NULL,
  `document` varchar(100) DEFAULT NULL,
  `no_comment` tinyint(4) NOT NULL DEFAULT 0,
  `grant_p_selected` varchar(13) DEFAULT NULL,
  `sick_ago` int(11) DEFAULT NULL,
  `sick_this` int(11) DEFAULT NULL,
  `sick_total` int(11) DEFAULT NULL,
  `privacy_ago` int(11) DEFAULT NULL,
  `privacy_this` int(11) DEFAULT NULL,
  `privacy_total` int(11) DEFAULT NULL,
  `birth_ago` int(11) DEFAULT NULL,
  `birth_this` int(11) DEFAULT NULL,
  `birth_total` int(11) DEFAULT NULL,
  `relax_ago` int(11) DEFAULT NULL,
  `relax_this` int(11) DEFAULT NULL,
  `relax_total` int(11) DEFAULT NULL,
  `relax_collect` tinyint(4) DEFAULT NULL,
  `relax_this_year` tinyint(4) DEFAULT NULL,
  `job_person` varchar(13) DEFAULT NULL,
  `job_person_sign` tinyint(4) NOT NULL DEFAULT 0,
  `rec_date` datetime NOT NULL,
  `officer_comment` varchar(200) DEFAULT NULL,
  `officer_sign` varchar(13) DEFAULT NULL,
  `officer_date` datetime DEFAULT NULL,
  `group_comment` varchar(100) DEFAULT NULL,
  `group_sign` varchar(13) DEFAULT NULL,
  `group_date` datetime DEFAULT NULL,
  `comment_date` datetime DEFAULT NULL,
  `commander_grant` tinyint(4) DEFAULT NULL,
  `commander_comment` varchar(100) DEFAULT NULL,
  `commander_sign` varchar(13) DEFAULT NULL,
  `grant_date` datetime DEFAULT NULL,
  PRIMARY KEY (`id`)
) ENGINE=MyISAM AUTO_INCREMENT=9 DEFAULT CHARSET=utf8 COLLATE=utf8_general_ci;

--
-- Dumping data for table `la_main`
--

INSERT INTO `la_main` VALUES (1,'3349800120027',2,'8  ถนนเทศบาล  24  อำเภอวารินชำราบ  จังหวัดอุบลราชธานี  34190','จะเดินทางไปงานอุปสมบทญาติ','2014-07-05','2014-07-06',2,'2014-07-05','2014-07-05',0,'112  หม่ที่ 5  ตำบลท่าช้าง  อำเภอสว่างวีระวงศ์  จังหวัดอุบลราชธานี','0868749224','',0,'3349900649437',0,0,0,0,0,0,0,0,0,NULL,NULL,NULL,NULL,NULL,NULL,0,'2014-07-05 13:31:30',NULL,NULL,NULL,NULL,NULL,NULL,NULL,1,'','3349900649437','2014-07-05 13:33:40'),(2,'3349900943416',1,'บ้านเลขี่ 18 อ.เมือง จ.อุบลราชธานี','เป็นไข้หวัด','2014-07-05','2014-07-05',1,'2014-06-05','2014-06-05',1,'บ้านเลขที่ 18 อ.เมือง จ.อุบลราชธานี','','',0,'3349900649437',0,0,0,0,0,0,0,0,0,NULL,NULL,NULL,NULL,NULL,NULL,0,'2014-07-05 13:32:12',NULL,NULL,NULL,NULL,NULL,NULL,NULL,1,'','3349900649437','2014-07-05 13:33:52'),(3,'3341500020381',2,'โรงเรียนบ้านแฮหนามแท่ง','ต้องเดินทางเยี่ยมญาติที่ต่างจังหวัด','2014-07-11','2014-07-14',4,'2014-07-05','2014-07-05',0,'98หมู่ 8 ตำบลธาตุ อำเภอวารินชำราบ จังหวัดอุบลราชธานี','087-8684773','',0,'3349900649437',0,0,0,0,0,0,0,0,0,NULL,NULL,NULL,NULL,NULL,NULL,0,'2014-07-05 13:35:44',NULL,NULL,NULL,NULL,NULL,NULL,NULL,1,NULL,'3349900649437','2014-07-30 10:35:16'),(4,'3340100156829',1,'โรงเรียนบ้านแฮหนามแท่ง','เป็นไข้หวัดใหญ่','2014-07-07','2014-07-07',1,'2014-07-07','2014-07-07',1,'25ถ.เทศบาล3ต.วาริน อ.วาริน จ.อุบล','0858573022','',0,'3349900649437',0,0,0,0,0,0,0,0,0,NULL,NULL,NULL,NULL,NULL,NULL,0,'2014-07-07 13:55:38',NULL,NULL,NULL,NULL,NULL,NULL,NULL,1,NULL,'3349900649437','2014-07-30 10:35:16'),(5,'3341501452730',1,'โรงเรียนบ้านแฮหนามแท่ง','ป่วยเป็นไข้หวัด','2014-07-24','2014-07-24',1,'2014-07-25','2014-07-25',0,'34 ม.4 ต.แสนสุข อ.วารินชำราบ จ.อุบลราชธานี 34190','0852034773','',1,'3349900649437',0,0,0,0,0,0,0,0,0,NULL,NULL,NULL,NULL,NULL,NULL,0,'2014-07-25 11:03:36',NULL,NULL,NULL,NULL,NULL,NULL,NULL,1,NULL,'3349900649437','2014-07-30 10:35:16'),(6,'3349800019661',2,'444/66  ถนนวารินศรีสะเกษ','มีกิจธุระ','2014-08-21','2014-08-21',1,'2014-08-25','2014-08-25',0,'444/ุ66  ถนนวารินศรีสะเกษ','0896202074','',0,'',0,0,0,0,1,1,0,0,0,NULL,NULL,NULL,NULL,NULL,NULL,0,'2014-08-25 11:01:49',NULL,NULL,NULL,NULL,NULL,NULL,NULL,NULL,NULL,NULL,NULL),(7,'3341501452730',2,'โรงเรียนบ้านแฮหอนามแท่ง','จะเดินทางไปยัง จ.กรุงเทพ เพื่อสอบแข่งขัน สพฐ. (ส่วนกลาง)','2022-06-24','2022-06-24',1,'2022-05-19','2022-05-23',3,'0852034773','','',0,'3341501588844',3,0,3,0,1,1,0,0,0,NULL,NULL,NULL,NULL,NULL,NULL,0,'2022-06-23 10:20:23',NULL,NULL,NULL,NULL,NULL,NULL,NULL,1,NULL,'3341501588844','2023-03-20 13:00:40'),(8,'3340101233321',2,'โรงเรียนบ้านแฮหอนามแท่ง','จะเดินทางไปต่างจังหวัดเพื่อติดต่อธุระส่วนตัวกับบุตร','2025-07-22','2025-07-24',3,'2025-07-21','2025-07-21',0,'-','0626918445','',0,'',0,0,0,0,0,0,0,0,0,NULL,NULL,NULL,NULL,NULL,NULL,0,'2025-07-21 09:22:05',NULL,NULL,NULL,NULL,NULL,NULL,NULL,NULL,NULL,NULL,NULL);

--
-- Table structure for table `la_permission`
--

CREATE TABLE `la_permission` (
  `id` int(11) NOT NULL AUTO_INCREMENT,
  `person_id` varchar(13) NOT NULL,
  `p1` tinyint(4) NOT NULL,
  `officer` varchar(13) NOT NULL,
  `rec_date` date NOT NULL,
  PRIMARY KEY (`id`)
) ENGINE=MyISAM AUTO_INCREMENT=3 DEFAULT CHARSET=utf8 COLLATE=utf8_general_ci;

--
-- Dumping data for table `la_permission`
--

INSERT INTO `la_permission` VALUES (1,'3341501588844',1,'3341501588844','2022-06-13'),(2,'3340101233321',1,'3340101233321','2025-07-21');

--
-- Table structure for table `la_person_set`
--

CREATE TABLE `la_person_set` (
  `id` int(11) NOT NULL AUTO_INCREMENT,
  `person_id` varchar(13) NOT NULL,
  `comment_person` varchar(13) DEFAULT NULL,
  `grant_person` varchar(13) DEFAULT NULL,
  `officer` varchar(13) DEFAULT NULL,
  `rec_date` date DEFAULT NULL,
  PRIMARY KEY (`id`),
  UNIQUE KEY `person_id` (`person_id`)
) ENGINE=MyISAM AUTO_INCREMENT=3 DEFAULT CHARSET=utf8 COLLATE=utf8_general_ci;

--
